Build Information
Failed to build NFCLocatorCore, reference 0.1.0 (f0e8ab), with Swift 6.1 for Wasm on 24 Sep 2026 03:14:22 UTC.
Build Command
bash -c docker run --pull=always --rm -v "checkouts-53886770-1":/host -w "$PWD" -e JAVA_HOME="/root/.sdkman/candidates/java/current" -e SPI_BUILD="1" -e SPI_PROCESSING="1" registry.gitlab.com/saguaro1/spi-images:wasm-6.1-latest swift build --swift-sdk wasm32-unknown-wasi 2>&1Build Log
========================================
RunAll
========================================
Builder version: 5.1.0
Interrupt handler set up.
========================================
Checkout
========================================
Clone URL: https://github.com/nagarjunavs/NFCLocatoriOS.git
Reference: 0.1.0
Initialized empty Git repository in /host/spi-builder-workspace/.git/
hint: Using 'master' as the name for the initial branch. This default branch name
hint: is subject to change. To configure the initial branch name to use in all
hint: of your new repositories, which will suppress this warning, call:
hint:
hint: git config --global init.defaultBranch <name>
hint:
hint: Names commonly chosen instead of 'master' are 'main', 'trunk' and
hint: 'development'. The just-created branch can be renamed via this command:
hint:
hint: git branch -m <name>
From https://github.com/nagarjunavs/NFCLocatoriOS
* tag 0.1.0 -> FETCH_HEAD
HEAD is now at f0e8abd Refactor CI workflow and update project structure for NFCLocatorCore integration
Cloned https://github.com/nagarjunavs/NFCLocatoriOS.git
Revision (git rev-parse @):
f0e8abda8aae017668e29c598cccf87b08994cbf
SUCCESS checkout https://github.com/nagarjunavs/NFCLocatoriOS.git at 0.1.0
========================================
Build
========================================
Selected platform: wasm
Swift version: 6.1
Building package at path: $PWD
https://github.com/nagarjunavs/NFCLocatoriOS.git
https://github.com/nagarjunavs/NFCLocatoriOS.git
WARNING: environment variable SUPPRESS_SWIFT_6_FLAGS is not set
Running build ...
bash -c docker run --pull=always --rm -v "checkouts-53886770-1":/host -w "$PWD" -e JAVA_HOME="/root/.sdkman/candidates/java/current" -e SPI_BUILD="1" -e SPI_PROCESSING="1" registry.gitlab.com/saguaro1/spi-images:wasm-6.1-latest swift build --swift-sdk wasm32-unknown-wasi -Xswiftc -Xfrontend -Xswiftc -stats-output-dir -Xswiftc -Xfrontend -Xswiftc .stats -Xswiftc -strict-concurrency=complete -Xswiftc -enable-upcoming-feature -Xswiftc StrictConcurrency -Xswiftc -enable-upcoming-feature -Xswiftc DisableOutwardActorInference -Xswiftc -enable-upcoming-feature -Xswiftc GlobalActorIsolatedTypesUsability -Xswiftc -enable-upcoming-feature -Xswiftc InferSendableFromCaptures 2>&1
wasm-6.1-latest: Pulling from saguaro1/spi-images
Digest: sha256:beceeede496da67681f4fa220a6b97cc098a0178841a413735f598dc6bbaf4c8
Status: Image is up to date for registry.gitlab.com/saguaro1/spi-images:wasm-6.1-latest
Building for debugging...
[0/6] Copying PrivacyInfo.xcprivacy
[0/6] Copying Localizable.xcstrings
[0/6] Copying seed_catalog.json
[0/6] Copying Info.plist
[3/6] Write sources
[5/6] Write swift-version-24593BA9C3E375BF.txt
[7/36] Compiling NFCLocatorCore DeviceFingerprintProvider.swift
/host/spi-builder-workspace/NFCLocatorCore/Sources/NFCLocatorCore/Data/Local/AntennaProfileCacheModel.swift:2:8: error: no such module 'SwiftData'
1 | import Foundation
2 | import SwiftData
| `- error: no such module 'SwiftData'
3 |
4 | /// The SwiftData-persisted row shape for a cached catalog entry. `lookupKey` uses the same
[8/36] Compiling NFCLocatorCore NFCLocatorLogger.swift
/host/spi-builder-workspace/NFCLocatorCore/Sources/NFCLocatorCore/Data/Local/AntennaProfileCacheModel.swift:2:8: error: no such module 'SwiftData'
1 | import Foundation
2 | import SwiftData
| `- error: no such module 'SwiftData'
3 |
4 | /// The SwiftData-persisted row shape for a cached catalog entry. `lookupKey` uses the same
[9/36] Compiling NFCLocatorCore Confidence.swift
/host/spi-builder-workspace/NFCLocatorCore/Sources/NFCLocatorCore/Data/Local/AntennaProfileCacheModel.swift:2:8: error: no such module 'SwiftData'
1 | import Foundation
2 | import SwiftData
| `- error: no such module 'SwiftData'
3 |
4 | /// The SwiftData-persisted row shape for a cached catalog entry. `lookupKey` uses the same
[10/36] Compiling NFCLocatorCore DataSource.swift
/host/spi-builder-workspace/NFCLocatorCore/Sources/NFCLocatorCore/Data/Local/AntennaProfileCacheModel.swift:2:8: error: no such module 'SwiftData'
1 | import Foundation
2 | import SwiftData
| `- error: no such module 'SwiftData'
3 |
4 | /// The SwiftData-persisted row shape for a cached catalog entry. `lookupKey` uses the same
[11/40] Compiling NFCLocatorCore RemoteCatalogSource.swift
/host/spi-builder-workspace/NFCLocatorCore/Sources/NFCLocatorCore/Data/Local/AntennaProfileCacheModel.swift:2:8: error: no such module 'SwiftData'
1 | import Foundation
2 | import SwiftData
| `- error: no such module 'SwiftData'
3 |
4 | /// The SwiftData-persisted row shape for a cached catalog entry. `lookupKey` uses the same
[12/40] Compiling NFCLocatorCore BundledSeedCatalogLoader.swift
/host/spi-builder-workspace/NFCLocatorCore/Sources/NFCLocatorCore/Data/Local/AntennaProfileCacheModel.swift:2:8: error: no such module 'SwiftData'
1 | import Foundation
2 | import SwiftData
| `- error: no such module 'SwiftData'
3 |
4 | /// The SwiftData-persisted row shape for a cached catalog entry. `lookupKey` uses the same
[13/40] Compiling NFCLocatorCore BundledSeedCatalogSource.swift
/host/spi-builder-workspace/NFCLocatorCore/Sources/NFCLocatorCore/Data/Local/AntennaProfileCacheModel.swift:2:8: error: no such module 'SwiftData'
1 | import Foundation
2 | import SwiftData
| `- error: no such module 'SwiftData'
3 |
4 | /// The SwiftData-persisted row shape for a cached catalog entry. `lookupKey` uses the same
[14/40] Compiling NFCLocatorCore NFCLocatorAnalytics.swift
/host/spi-builder-workspace/NFCLocatorCore/Sources/NFCLocatorCore/Data/Local/AntennaProfileCacheModel.swift:2:8: error: no such module 'SwiftData'
1 | import Foundation
2 | import SwiftData
| `- error: no such module 'SwiftData'
3 |
4 | /// The SwiftData-persisted row shape for a cached catalog entry. `lookupKey` uses the same
error: emit-module command failed with exit code 1 (use -v to see invocation)
[15/40] Emitting module NFCLocatorCore
/host/spi-builder-workspace/NFCLocatorCore/Sources/NFCLocatorCore/Data/Local/AntennaProfileCacheModel.swift:2:8: error: no such module 'SwiftData'
1 | import Foundation
2 | import SwiftData
| `- error: no such module 'SwiftData'
3 |
4 | /// The SwiftData-persisted row shape for a cached catalog entry. `lookupKey` uses the same
[16/40] Compiling NFCLocatorCore SilhouetteGeometry.swift
/host/spi-builder-workspace/NFCLocatorCore/Sources/NFCLocatorCore/Data/Local/AntennaProfileCacheModel.swift:2:8: error: no such module 'SwiftData'
1 | import Foundation
2 | import SwiftData
| `- error: no such module 'SwiftData'
3 |
4 | /// The SwiftData-persisted row shape for a cached catalog entry. `lookupKey` uses the same
[17/40] Compiling NFCLocatorCore AntennaLocatorUIState.swift
/host/spi-builder-workspace/NFCLocatorCore/Sources/NFCLocatorCore/Data/Local/AntennaProfileCacheModel.swift:2:8: error: no such module 'SwiftData'
1 | import Foundation
2 | import SwiftData
| `- error: no such module 'SwiftData'
3 |
4 | /// The SwiftData-persisted row shape for a cached catalog entry. `lookupKey` uses the same
[18/40] Compiling NFCLocatorCore AntennaLocatorUIStateMapper.swift
/host/spi-builder-workspace/NFCLocatorCore/Sources/NFCLocatorCore/Data/Local/AntennaProfileCacheModel.swift:2:8: error: no such module 'SwiftData'
1 | import Foundation
2 | import SwiftData
| `- error: no such module 'SwiftData'
3 |
4 | /// The SwiftData-persisted row shape for a cached catalog entry. `lookupKey` uses the same
[19/40] Compiling NFCLocatorCore resource_bundle_accessor.swift
/host/spi-builder-workspace/NFCLocatorCore/Sources/NFCLocatorCore/Data/Local/AntennaProfileCacheModel.swift:2:8: error: no such module 'SwiftData'
1 | import Foundation
2 | import SwiftData
| `- error: no such module 'SwiftData'
3 |
4 | /// The SwiftData-persisted row shape for a cached catalog entry. `lookupKey` uses the same
[20/40] Compiling NFCLocatorCore AntennaSilhouette.swift
/host/spi-builder-workspace/NFCLocatorCore/Sources/NFCLocatorCore/Data/Local/AntennaProfileCacheModel.swift:2:8: error: no such module 'SwiftData'
1 | import Foundation
2 | import SwiftData
| `- error: no such module 'SwiftData'
3 |
4 | /// The SwiftData-persisted row shape for a cached catalog entry. `lookupKey` uses the same
[21/40] Compiling NFCLocatorCore ConfidenceBadge.swift
/host/spi-builder-workspace/NFCLocatorCore/Sources/NFCLocatorCore/Data/Local/AntennaProfileCacheModel.swift:2:8: error: no such module 'SwiftData'
1 | import Foundation
2 | import SwiftData
| `- error: no such module 'SwiftData'
3 |
4 | /// The SwiftData-persisted row shape for a cached catalog entry. `lookupKey` uses the same
[22/40] Compiling NFCLocatorCore GuidedSweepAnimation.swift
/host/spi-builder-workspace/NFCLocatorCore/Sources/NFCLocatorCore/Data/Local/AntennaProfileCacheModel.swift:2:8: error: no such module 'SwiftData'
1 | import Foundation
2 | import SwiftData
| `- error: no such module 'SwiftData'
3 |
4 | /// The SwiftData-persisted row shape for a cached catalog entry. `lookupKey` uses the same
[23/40] Compiling NFCLocatorCore RetryGuidanceBanner.swift
/host/spi-builder-workspace/NFCLocatorCore/Sources/NFCLocatorCore/Data/Local/AntennaProfileCacheModel.swift:2:8: error: no such module 'SwiftData'
1 | import Foundation
2 | import SwiftData
| `- error: no such module 'SwiftData'
3 |
4 | /// The SwiftData-persisted row shape for a cached catalog entry. `lookupKey` uses the same
[24/40] Compiling NFCLocatorCore DeviceAntennaProfile.swift
/host/spi-builder-workspace/NFCLocatorCore/Sources/NFCLocatorCore/Data/Local/AntennaProfileCacheModel.swift:2:8: error: no such module 'SwiftData'
1 | import Foundation
2 | import SwiftData
| `- error: no such module 'SwiftData'
3 |
4 | /// The SwiftData-persisted row shape for a cached catalog entry. `lookupKey` uses the same
[25/40] Compiling NFCLocatorCore DeviceFingerprint.swift
/host/spi-builder-workspace/NFCLocatorCore/Sources/NFCLocatorCore/Data/Local/AntennaProfileCacheModel.swift:2:8: error: no such module 'SwiftData'
1 | import Foundation
2 | import SwiftData
| `- error: no such module 'SwiftData'
3 |
4 | /// The SwiftData-persisted row shape for a cached catalog entry. `lookupKey` uses the same
[26/40] Compiling NFCLocatorCore FormFactor.swift
/host/spi-builder-workspace/NFCLocatorCore/Sources/NFCLocatorCore/Data/Local/AntennaProfileCacheModel.swift:2:8: error: no such module 'SwiftData'
1 | import Foundation
2 | import SwiftData
| `- error: no such module 'SwiftData'
3 |
4 | /// The SwiftData-persisted row shape for a cached catalog entry. `lookupKey` uses the same
[27/40] Compiling NFCLocatorCore FormFactorTemplates.swift
/host/spi-builder-workspace/NFCLocatorCore/Sources/NFCLocatorCore/Data/Local/AntennaProfileCacheModel.swift:2:8: error: no such module 'SwiftData'
1 | import Foundation
2 | import SwiftData
| `- error: no such module 'SwiftData'
3 |
4 | /// The SwiftData-persisted row shape for a cached catalog entry. `lookupKey` uses the same
[28/40] Compiling NFCLocatorCore NormalizedRect.swift
/host/spi-builder-workspace/NFCLocatorCore/Sources/NFCLocatorCore/Data/Local/AntennaProfileCacheModel.swift:2:8: error: no such module 'SwiftData'
1 | import Foundation
2 | import SwiftData
| `- error: no such module 'SwiftData'
3 |
4 | /// The SwiftData-persisted row shape for a cached catalog entry. `lookupKey` uses the same
[29/40] Compiling NFCLocatorCore ScreenSizeClass.swift
/host/spi-builder-workspace/NFCLocatorCore/Sources/NFCLocatorCore/Data/Local/AntennaProfileCacheModel.swift:2:8: error: no such module 'SwiftData'
1 | import Foundation
2 | import SwiftData
| `- error: no such module 'SwiftData'
3 |
4 | /// The SwiftData-persisted row shape for a cached catalog entry. `lookupKey` uses the same
[30/40] Compiling NFCLocatorCore CatalogCache.swift
/host/spi-builder-workspace/NFCLocatorCore/Sources/NFCLocatorCore/Data/Local/AntennaProfileCacheModel.swift:2:8: error: no such module 'SwiftData'
1 | import Foundation
2 | import SwiftData
| `- error: no such module 'SwiftData'
3 |
4 | /// The SwiftData-persisted row shape for a cached catalog entry. `lookupKey` uses the same
[31/40] Compiling NFCLocatorCore AntennaLocationSource.swift
/host/spi-builder-workspace/NFCLocatorCore/Sources/NFCLocatorCore/Data/Local/AntennaProfileCacheModel.swift:2:8: error: no such module 'SwiftData'
1 | import Foundation
2 | import SwiftData
| `- error: no such module 'SwiftData'
3 |
4 | /// The SwiftData-persisted row shape for a cached catalog entry. `lookupKey` uses the same
[32/40] Compiling NFCLocatorCore GenericFallbackSource.swift
/host/spi-builder-workspace/NFCLocatorCore/Sources/NFCLocatorCore/Data/Local/AntennaProfileCacheModel.swift:2:8: error: no such module 'SwiftData'
1 | import Foundation
2 | import SwiftData
| `- error: no such module 'SwiftData'
3 |
4 | /// The SwiftData-persisted row shape for a cached catalog entry. `lookupKey` uses the same
[33/40] Compiling NFCLocatorCore ResolveAntennaLocationUseCase.swift
/host/spi-builder-workspace/NFCLocatorCore/Sources/NFCLocatorCore/Data/Local/AntennaProfileCacheModel.swift:2:8: error: no such module 'SwiftData'
1 | import Foundation
2 | import SwiftData
| `- error: no such module 'SwiftData'
3 |
4 | /// The SwiftData-persisted row shape for a cached catalog entry. `lookupKey` uses the same
[34/40] Compiling NFCLocatorCore Bundle+NFCLocatorCore.swift
/host/spi-builder-workspace/NFCLocatorCore/Sources/NFCLocatorCore/Data/Local/AntennaProfileCacheModel.swift:2:8: error: no such module 'SwiftData'
1 | import Foundation
2 | import SwiftData
| `- error: no such module 'SwiftData'
3 |
4 | /// The SwiftData-persisted row shape for a cached catalog entry. `lookupKey` uses the same
[35/40] Compiling NFCLocatorCore AntennaLocatorScreen.swift
/host/spi-builder-workspace/NFCLocatorCore/Sources/NFCLocatorCore/Data/Local/AntennaProfileCacheModel.swift:2:8: error: no such module 'SwiftData'
1 | import Foundation
2 | import SwiftData
| `- error: no such module 'SwiftData'
3 |
4 | /// The SwiftData-persisted row shape for a cached catalog entry. `lookupKey` uses the same
[36/40] Compiling NFCLocatorCore AntennaProfileCacheModel.swift
/host/spi-builder-workspace/NFCLocatorCore/Sources/NFCLocatorCore/Data/Local/AntennaProfileCacheModel.swift:2:8: error: no such module 'SwiftData'
1 | import Foundation
2 | import SwiftData
| `- error: no such module 'SwiftData'
3 |
4 | /// The SwiftData-persisted row shape for a cached catalog entry. `lookupKey` uses the same
[37/40] Compiling NFCLocatorCore SwiftDataCatalogCache.swift
/host/spi-builder-workspace/NFCLocatorCore/Sources/NFCLocatorCore/Data/Local/AntennaProfileCacheModel.swift:2:8: error: no such module 'SwiftData'
1 | import Foundation
2 | import SwiftData
| `- error: no such module 'SwiftData'
3 |
4 | /// The SwiftData-persisted row shape for a cached catalog entry. `lookupKey` uses the same
[38/40] Compiling NFCLocatorCore CatalogRemoteAPI.swift
/host/spi-builder-workspace/NFCLocatorCore/Sources/NFCLocatorCore/Data/Local/AntennaProfileCacheModel.swift:2:8: error: no such module 'SwiftData'
1 | import Foundation
2 | import SwiftData
| `- error: no such module 'SwiftData'
3 |
4 | /// The SwiftData-persisted row shape for a cached catalog entry. `lookupKey` uses the same
[39/40] Compiling NFCLocatorCore CatalogEntryDTO.swift
/host/spi-builder-workspace/NFCLocatorCore/Sources/NFCLocatorCore/Data/Local/AntennaProfileCacheModel.swift:2:8: error: no such module 'SwiftData'
1 | import Foundation
2 | import SwiftData
| `- error: no such module 'SwiftData'
3 |
4 | /// The SwiftData-persisted row shape for a cached catalog entry. `lookupKey` uses the same
[40/40] Compiling NFCLocatorCore CatalogEntryMapper.swift
/host/spi-builder-workspace/NFCLocatorCore/Sources/NFCLocatorCore/Data/Local/AntennaProfileCacheModel.swift:2:8: error: no such module 'SwiftData'
1 | import Foundation
2 | import SwiftData
| `- error: no such module 'SwiftData'
3 |
4 | /// The SwiftData-persisted row shape for a cached catalog entry. `lookupKey` uses the same
Running build ...
bash -c docker run --pull=always --rm -v "checkouts-53886770-1":/host -w "$PWD" -e JAVA_HOME="/root/.sdkman/candidates/java/current" -e SPI_BUILD="1" -e SPI_PROCESSING="1" registry.gitlab.com/saguaro1/spi-images:wasm-6.1-latest swift build --swift-sdk wasm32-unknown-wasi 2>&1
wasm-6.1-latest: Pulling from saguaro1/spi-images
Digest: sha256:beceeede496da67681f4fa220a6b97cc098a0178841a413735f598dc6bbaf4c8
Status: Image is up to date for registry.gitlab.com/saguaro1/spi-images:wasm-6.1-latest
[0/1] Planning build
Building for debugging...
[0/1] Write swift-version-24593BA9C3E375BF.txt
[2/31] Compiling NFCLocatorCore GenericFallbackSource.swift
/host/spi-builder-workspace/NFCLocatorCore/Sources/NFCLocatorCore/Data/Local/AntennaProfileCacheModel.swift:2:8: error: no such module 'SwiftData'
1 | import Foundation
2 | import SwiftData
| `- error: no such module 'SwiftData'
3 |
4 | /// The SwiftData-persisted row shape for a cached catalog entry. `lookupKey` uses the same
[3/31] Compiling NFCLocatorCore ResolveAntennaLocationUseCase.swift
/host/spi-builder-workspace/NFCLocatorCore/Sources/NFCLocatorCore/Data/Local/AntennaProfileCacheModel.swift:2:8: error: no such module 'SwiftData'
1 | import Foundation
2 | import SwiftData
| `- error: no such module 'SwiftData'
3 |
4 | /// The SwiftData-persisted row shape for a cached catalog entry. `lookupKey` uses the same
[4/31] Compiling NFCLocatorCore Bundle+NFCLocatorCore.swift
/host/spi-builder-workspace/NFCLocatorCore/Sources/NFCLocatorCore/Data/Local/AntennaProfileCacheModel.swift:2:8: error: no such module 'SwiftData'
1 | import Foundation
2 | import SwiftData
| `- error: no such module 'SwiftData'
3 |
4 | /// The SwiftData-persisted row shape for a cached catalog entry. `lookupKey` uses the same
[5/31] Compiling NFCLocatorCore AntennaLocatorScreen.swift
/host/spi-builder-workspace/NFCLocatorCore/Sources/NFCLocatorCore/Data/Local/AntennaProfileCacheModel.swift:2:8: error: no such module 'SwiftData'
1 | import Foundation
2 | import SwiftData
| `- error: no such module 'SwiftData'
3 |
4 | /// The SwiftData-persisted row shape for a cached catalog entry. `lookupKey` uses the same
[6/35] Compiling NFCLocatorCore RemoteCatalogSource.swift
/host/spi-builder-workspace/NFCLocatorCore/Sources/NFCLocatorCore/Data/Local/AntennaProfileCacheModel.swift:2:8: error: no such module 'SwiftData'
1 | import Foundation
2 | import SwiftData
| `- error: no such module 'SwiftData'
3 |
4 | /// The SwiftData-persisted row shape for a cached catalog entry. `lookupKey` uses the same
[7/35] Compiling NFCLocatorCore BundledSeedCatalogLoader.swift
/host/spi-builder-workspace/NFCLocatorCore/Sources/NFCLocatorCore/Data/Local/AntennaProfileCacheModel.swift:2:8: error: no such module 'SwiftData'
1 | import Foundation
2 | import SwiftData
| `- error: no such module 'SwiftData'
3 |
4 | /// The SwiftData-persisted row shape for a cached catalog entry. `lookupKey` uses the same
[8/35] Compiling NFCLocatorCore BundledSeedCatalogSource.swift
/host/spi-builder-workspace/NFCLocatorCore/Sources/NFCLocatorCore/Data/Local/AntennaProfileCacheModel.swift:2:8: error: no such module 'SwiftData'
1 | import Foundation
2 | import SwiftData
| `- error: no such module 'SwiftData'
3 |
4 | /// The SwiftData-persisted row shape for a cached catalog entry. `lookupKey` uses the same
[9/35] Compiling NFCLocatorCore NFCLocatorAnalytics.swift
/host/spi-builder-workspace/NFCLocatorCore/Sources/NFCLocatorCore/Data/Local/AntennaProfileCacheModel.swift:2:8: error: no such module 'SwiftData'
1 | import Foundation
2 | import SwiftData
| `- error: no such module 'SwiftData'
3 |
4 | /// The SwiftData-persisted row shape for a cached catalog entry. `lookupKey` uses the same
error: emit-module command failed with exit code 1 (use -v to see invocation)
[10/35] Emitting module NFCLocatorCore
/host/spi-builder-workspace/NFCLocatorCore/Sources/NFCLocatorCore/Data/Local/AntennaProfileCacheModel.swift:2:8: error: no such module 'SwiftData'
1 | import Foundation
2 | import SwiftData
| `- error: no such module 'SwiftData'
3 |
4 | /// The SwiftData-persisted row shape for a cached catalog entry. `lookupKey` uses the same
[11/35] Compiling NFCLocatorCore NormalizedRect.swift
/host/spi-builder-workspace/NFCLocatorCore/Sources/NFCLocatorCore/Data/Local/AntennaProfileCacheModel.swift:2:8: error: no such module 'SwiftData'
1 | import Foundation
2 | import SwiftData
| `- error: no such module 'SwiftData'
3 |
4 | /// The SwiftData-persisted row shape for a cached catalog entry. `lookupKey` uses the same
[12/35] Compiling NFCLocatorCore ScreenSizeClass.swift
/host/spi-builder-workspace/NFCLocatorCore/Sources/NFCLocatorCore/Data/Local/AntennaProfileCacheModel.swift:2:8: error: no such module 'SwiftData'
1 | import Foundation
2 | import SwiftData
| `- error: no such module 'SwiftData'
3 |
4 | /// The SwiftData-persisted row shape for a cached catalog entry. `lookupKey` uses the same
[13/35] Compiling NFCLocatorCore CatalogCache.swift
/host/spi-builder-workspace/NFCLocatorCore/Sources/NFCLocatorCore/Data/Local/AntennaProfileCacheModel.swift:2:8: error: no such module 'SwiftData'
1 | import Foundation
2 | import SwiftData
| `- error: no such module 'SwiftData'
3 |
4 | /// The SwiftData-persisted row shape for a cached catalog entry. `lookupKey` uses the same
[14/35] Compiling NFCLocatorCore AntennaLocationSource.swift
/host/spi-builder-workspace/NFCLocatorCore/Sources/NFCLocatorCore/Data/Local/AntennaProfileCacheModel.swift:2:8: error: no such module 'SwiftData'
1 | import Foundation
2 | import SwiftData
| `- error: no such module 'SwiftData'
3 |
4 | /// The SwiftData-persisted row shape for a cached catalog entry. `lookupKey` uses the same
[15/35] Compiling NFCLocatorCore DeviceFingerprintProvider.swift
/host/spi-builder-workspace/NFCLocatorCore/Sources/NFCLocatorCore/Data/Local/AntennaProfileCacheModel.swift:2:8: error: no such module 'SwiftData'
1 | import Foundation
2 | import SwiftData
| `- error: no such module 'SwiftData'
3 |
4 | /// The SwiftData-persisted row shape for a cached catalog entry. `lookupKey` uses the same
[16/35] Compiling NFCLocatorCore NFCLocatorLogger.swift
/host/spi-builder-workspace/NFCLocatorCore/Sources/NFCLocatorCore/Data/Local/AntennaProfileCacheModel.swift:2:8: error: no such module 'SwiftData'
1 | import Foundation
2 | import SwiftData
| `- error: no such module 'SwiftData'
3 |
4 | /// The SwiftData-persisted row shape for a cached catalog entry. `lookupKey` uses the same
[17/35] Compiling NFCLocatorCore Confidence.swift
/host/spi-builder-workspace/NFCLocatorCore/Sources/NFCLocatorCore/Data/Local/AntennaProfileCacheModel.swift:2:8: error: no such module 'SwiftData'
1 | import Foundation
2 | import SwiftData
| `- error: no such module 'SwiftData'
3 |
4 | /// The SwiftData-persisted row shape for a cached catalog entry. `lookupKey` uses the same
[18/35] Compiling NFCLocatorCore DataSource.swift
/host/spi-builder-workspace/NFCLocatorCore/Sources/NFCLocatorCore/Data/Local/AntennaProfileCacheModel.swift:2:8: error: no such module 'SwiftData'
1 | import Foundation
2 | import SwiftData
| `- error: no such module 'SwiftData'
3 |
4 | /// The SwiftData-persisted row shape for a cached catalog entry. `lookupKey` uses the same
[19/35] Compiling NFCLocatorCore DeviceAntennaProfile.swift
/host/spi-builder-workspace/NFCLocatorCore/Sources/NFCLocatorCore/Data/Local/AntennaProfileCacheModel.swift:2:8: error: no such module 'SwiftData'
1 | import Foundation
2 | import SwiftData
| `- error: no such module 'SwiftData'
3 |
4 | /// The SwiftData-persisted row shape for a cached catalog entry. `lookupKey` uses the same
[20/35] Compiling NFCLocatorCore DeviceFingerprint.swift
/host/spi-builder-workspace/NFCLocatorCore/Sources/NFCLocatorCore/Data/Local/AntennaProfileCacheModel.swift:2:8: error: no such module 'SwiftData'
1 | import Foundation
2 | import SwiftData
| `- error: no such module 'SwiftData'
3 |
4 | /// The SwiftData-persisted row shape for a cached catalog entry. `lookupKey` uses the same
[21/35] Compiling NFCLocatorCore FormFactor.swift
/host/spi-builder-workspace/NFCLocatorCore/Sources/NFCLocatorCore/Data/Local/AntennaProfileCacheModel.swift:2:8: error: no such module 'SwiftData'
1 | import Foundation
2 | import SwiftData
| `- error: no such module 'SwiftData'
3 |
4 | /// The SwiftData-persisted row shape for a cached catalog entry. `lookupKey` uses the same
[22/35] Compiling NFCLocatorCore FormFactorTemplates.swift
/host/spi-builder-workspace/NFCLocatorCore/Sources/NFCLocatorCore/Data/Local/AntennaProfileCacheModel.swift:2:8: error: no such module 'SwiftData'
1 | import Foundation
2 | import SwiftData
| `- error: no such module 'SwiftData'
3 |
4 | /// The SwiftData-persisted row shape for a cached catalog entry. `lookupKey` uses the same
[23/35] Compiling NFCLocatorCore AntennaProfileCacheModel.swift
/host/spi-builder-workspace/NFCLocatorCore/Sources/NFCLocatorCore/Data/Local/AntennaProfileCacheModel.swift:2:8: error: no such module 'SwiftData'
1 | import Foundation
2 | import SwiftData
| `- error: no such module 'SwiftData'
3 |
4 | /// The SwiftData-persisted row shape for a cached catalog entry. `lookupKey` uses the same
[24/35] Compiling NFCLocatorCore SwiftDataCatalogCache.swift
/host/spi-builder-workspace/NFCLocatorCore/Sources/NFCLocatorCore/Data/Local/AntennaProfileCacheModel.swift:2:8: error: no such module 'SwiftData'
1 | import Foundation
2 | import SwiftData
| `- error: no such module 'SwiftData'
3 |
4 | /// The SwiftData-persisted row shape for a cached catalog entry. `lookupKey` uses the same
[25/35] Compiling NFCLocatorCore CatalogRemoteAPI.swift
/host/spi-builder-workspace/NFCLocatorCore/Sources/NFCLocatorCore/Data/Local/AntennaProfileCacheModel.swift:2:8: error: no such module 'SwiftData'
1 | import Foundation
2 | import SwiftData
| `- error: no such module 'SwiftData'
3 |
4 | /// The SwiftData-persisted row shape for a cached catalog entry. `lookupKey` uses the same
[26/35] Compiling NFCLocatorCore CatalogEntryDTO.swift
/host/spi-builder-workspace/NFCLocatorCore/Sources/NFCLocatorCore/Data/Local/AntennaProfileCacheModel.swift:2:8: error: no such module 'SwiftData'
1 | import Foundation
2 | import SwiftData
| `- error: no such module 'SwiftData'
3 |
4 | /// The SwiftData-persisted row shape for a cached catalog entry. `lookupKey` uses the same
[27/35] Compiling NFCLocatorCore CatalogEntryMapper.swift
/host/spi-builder-workspace/NFCLocatorCore/Sources/NFCLocatorCore/Data/Local/AntennaProfileCacheModel.swift:2:8: error: no such module 'SwiftData'
1 | import Foundation
2 | import SwiftData
| `- error: no such module 'SwiftData'
3 |
4 | /// The SwiftData-persisted row shape for a cached catalog entry. `lookupKey` uses the same
[28/35] Compiling NFCLocatorCore SilhouetteGeometry.swift
/host/spi-builder-workspace/NFCLocatorCore/Sources/NFCLocatorCore/Data/Local/AntennaProfileCacheModel.swift:2:8: error: no such module 'SwiftData'
1 | import Foundation
2 | import SwiftData
| `- error: no such module 'SwiftData'
3 |
4 | /// The SwiftData-persisted row shape for a cached catalog entry. `lookupKey` uses the same
[29/35] Compiling NFCLocatorCore AntennaLocatorUIState.swift
/host/spi-builder-workspace/NFCLocatorCore/Sources/NFCLocatorCore/Data/Local/AntennaProfileCacheModel.swift:2:8: error: no such module 'SwiftData'
1 | import Foundation
2 | import SwiftData
| `- error: no such module 'SwiftData'
3 |
4 | /// The SwiftData-persisted row shape for a cached catalog entry. `lookupKey` uses the same
[30/35] Compiling NFCLocatorCore AntennaLocatorUIStateMapper.swift
/host/spi-builder-workspace/NFCLocatorCore/Sources/NFCLocatorCore/Data/Local/AntennaProfileCacheModel.swift:2:8: error: no such module 'SwiftData'
1 | import Foundation
2 | import SwiftData
| `- error: no such module 'SwiftData'
3 |
4 | /// The SwiftData-persisted row shape for a cached catalog entry. `lookupKey` uses the same
[31/35] Compiling NFCLocatorCore resource_bundle_accessor.swift
/host/spi-builder-workspace/NFCLocatorCore/Sources/NFCLocatorCore/Data/Local/AntennaProfileCacheModel.swift:2:8: error: no such module 'SwiftData'
1 | import Foundation
2 | import SwiftData
| `- error: no such module 'SwiftData'
3 |
4 | /// The SwiftData-persisted row shape for a cached catalog entry. `lookupKey` uses the same
[32/35] Compiling NFCLocatorCore AntennaSilhouette.swift
/host/spi-builder-workspace/NFCLocatorCore/Sources/NFCLocatorCore/Data/Local/AntennaProfileCacheModel.swift:2:8: error: no such module 'SwiftData'
1 | import Foundation
2 | import SwiftData
| `- error: no such module 'SwiftData'
3 |
4 | /// The SwiftData-persisted row shape for a cached catalog entry. `lookupKey` uses the same
[33/35] Compiling NFCLocatorCore ConfidenceBadge.swift
/host/spi-builder-workspace/NFCLocatorCore/Sources/NFCLocatorCore/Data/Local/AntennaProfileCacheModel.swift:2:8: error: no such module 'SwiftData'
1 | import Foundation
2 | import SwiftData
| `- error: no such module 'SwiftData'
3 |
4 | /// The SwiftData-persisted row shape for a cached catalog entry. `lookupKey` uses the same
[34/35] Compiling NFCLocatorCore GuidedSweepAnimation.swift
/host/spi-builder-workspace/NFCLocatorCore/Sources/NFCLocatorCore/Data/Local/AntennaProfileCacheModel.swift:2:8: error: no such module 'SwiftData'
1 | import Foundation
2 | import SwiftData
| `- error: no such module 'SwiftData'
3 |
4 | /// The SwiftData-persisted row shape for a cached catalog entry. `lookupKey` uses the same
[35/35] Compiling NFCLocatorCore RetryGuidanceBanner.swift
/host/spi-builder-workspace/NFCLocatorCore/Sources/NFCLocatorCore/Data/Local/AntennaProfileCacheModel.swift:2:8: error: no such module 'SwiftData'
1 | import Foundation
2 | import SwiftData
| `- error: no such module 'SwiftData'
3 |
4 | /// The SwiftData-persisted row shape for a cached catalog entry. `lookupKey` uses the same
BUILD FAILURE 6.1 wasm