Build Information
Failed to build NDArray, reference master (d2513d), with Swift 6.4 for watchOS using Xcode 27.0 on 16 Sep 2026 13:14:40 UTC.
Build Command
env DEVELOPER_DIR=/Applications/Xcode-27.0.0-Release.Candidate.app xcrun xcodebuild -IDEClonedSourcePackagesDirPathOverride=$PWD/.dependencies -skipMacroValidation -skipPackagePluginValidation -derivedDataPath $PWD/.derivedData build -scheme NDArray -destination generic/platform=watchOSBuild Log
========================================
RunAll
========================================
Builder version: 5.1.0
Interrupt handler set up.
========================================
Checkout
========================================
Clone URL: https://github.com/t-ae/ndarray.git
Reference: master
Initialized empty Git repository in /Users/admin/builder/spi-builder-workspace/.git/
From https://github.com/t-ae/ndarray
* branch master -> FETCH_HEAD
* [new branch] master -> origin/master
HEAD is now at d2513d8 SR-10230
Cloned https://github.com/t-ae/ndarray.git
Revision (git rev-parse @):
d2513d897c1853654a5df4eb6549485ec3f7fca6
SUCCESS checkout https://github.com/t-ae/ndarray.git at master
========================================
Build
========================================
Selected platform: watchOS
Swift version: 6.4
Building package at path: $PWD
https://github.com/t-ae/ndarray.git
Command line invocation:
/Applications/Xcode-27.0.0-Release.Candidate.app/Contents/Developer/usr/bin/xcodebuild -IDEClonedSourcePackagesDirPathOverride=/Users/admin/builder/spi-builder-workspace/.dependencies -resolvePackageDependencies
Resolve Package Graph
Fetching from https://github.com/t-ae/xorswift.git
Creating working copy of package ‘xorswift’
Checking out 2.0.1 of package ‘xorswift’
Resolve Package Graph
Resolved source packages:
Xorswift: https://github.com/t-ae/xorswift.git @ 2.0.1
NDArray: /Users/admin/builder/spi-builder-workspace
resolved source packages: Xorswift, NDArray
2026-09-16 09:13:46.118 xcodebuild[529:3022] [MT] IDERunDestination: Supported platforms for the buildables in the current scheme is empty.
{
"dependencies" : [
{
"identity" : "xorswift",
"requirement" : {
"range" : [
{
"lower_bound" : "2.0.0",
"upper_bound" : "3.0.0"
}
]
},
"type" : "sourceControl",
"url" : "https://github.com/t-ae/xorswift.git"
}
],
"manifest_display_name" : "NDArray",
"name" : "NDArray",
"path" : "/Users/admin/builder/spi-builder-workspace",
"platforms" : [
],
"products" : [
{
"name" : "NDArray",
"targets" : [
"NDArray"
],
"type" : {
"library" : [
"automatic"
]
}
}
],
"targets" : [
{
"c99name" : "TestHelper",
"module_type" : "SwiftTarget",
"name" : "TestHelper",
"path" : "Tests/TestHelper",
"sources" : [
"IrisDataset.swift",
"XCTAssertEqualWithAccuracy.swift"
],
"target_dependencies" : [
"NDArray"
],
"type" : "library"
},
{
"c99name" : "PerformanceTests",
"module_type" : "SwiftTarget",
"name" : "PerformanceTests",
"path" : "Tests/PerformanceTests",
"sources" : [
"GradientDescentExample.swift",
"HamiltonianMonteCarloExample.swift",
"IrisClassificationExample.swift",
"PerformanceTests.swift"
],
"target_dependencies" : [
"NDArray",
"TestHelper"
],
"type" : "test"
},
{
"c99name" : "NDArrayTests",
"module_type" : "SwiftTarget",
"name" : "NDArrayTests",
"path" : "Tests/NDArrayTests",
"sources" : [
"ArithmeticTests.swift",
"ArrayLiteralTests.swift",
"ClipTests.swift",
"CompoundAssignmentTests.swift",
"CopySignTests.swift",
"CovarianceTests.swift",
"CreationTests.swift",
"FloatingPointFunctionsTests.swift",
"HigherOrderFunctionsTests.swift",
"LinearAlgebraTests.swift",
"MatrixMultiplicationTests.swift",
"NDArrayTests.swift",
"PowerTests.swift",
"RandomTests.swift",
"ReduceTests.swift",
"SelectTests.swift",
"SequenceTests.swift",
"SortTests.swift",
"StackTests.swift",
"SubscriptTests.swift",
"TransformationTests.swift",
"UtilsTests.swift"
],
"target_dependencies" : [
"NDArray",
"TestHelper"
],
"type" : "test"
},
{
"c99name" : "NDArray",
"module_type" : "SwiftTarget",
"name" : "NDArray",
"path" : "Sources/NDArray",
"product_dependencies" : [
"Xorswift"
],
"product_memberships" : [
"NDArray"
],
"sources" : [
"Core/ArrayLiteral.swift",
"Core/Broadcast.swift",
"Core/Indexing.swift",
"Core/IterationUtils.swift",
"Core/NDArray.swift",
"Core/NDArrayUtils.swift",
"Core/Scalar.swift",
"Core/Sequence.swift",
"Core/Subscript.swift",
"Functions/Arithmetic.swift",
"Functions/Clip.swift",
"Functions/CompoundAssignment.swift",
"Functions/CopySign.swift",
"Functions/Covariance.swift",
"Functions/Creation.swift",
"Functions/FloatingPointFunctions.swift",
"Functions/HigherOrderFunctions.swift",
"Functions/LinearAlgebra.swift",
"Functions/MatrixMultiplication.swift",
"Functions/Power.swift",
"Functions/Random.swift",
"Functions/Reduce.swift",
"Functions/Select.swift",
"Functions/Sort.swift",
"Functions/Stack.swift",
"Functions/Transformation.swift",
"Utils/vDSPUtils.swift",
"Utils/vecLibUtils.swift"
],
"type" : "library"
}
],
"tools_version" : "4.2"
}
{
"workspace" : {
"name" : "NDArray",
"schemes" : [
"NDArray"
]
}
}
2026-09-16 09:14:27.617 xcodebuild[684:4300] [MT] IDERunDestination: Supported platforms for the buildables in the current scheme is empty.
Running build ...
env DEVELOPER_DIR=/Applications/Xcode-27.0.0-Release.Candidate.app xcrun xcodebuild -IDEClonedSourcePackagesDirPathOverride=$PWD/.dependencies -skipMacroValidation -skipPackagePluginValidation -derivedDataPath $PWD/.derivedData build -scheme NDArray -destination generic/platform=watchOS
Command line invocation:
/Applications/Xcode-27.0.0-Release.Candidate.app/Contents/Developer/usr/bin/xcodebuild -IDEClonedSourcePackagesDirPathOverride=/Users/admin/builder/spi-builder-workspace/.dependencies -skipMacroValidation -skipPackagePluginValidation -derivedDataPath /Users/admin/builder/spi-builder-workspace/.derivedData build -scheme NDArray -destination generic/platform=watchOS
Resolve Package Graph
Resolve Package Graph
Resolved source packages:
NDArray: /Users/admin/builder/spi-builder-workspace
Xorswift: https://github.com/t-ae/xorswift.git @ 2.0.1
ComputePackagePrebuildTargetDependencyGraph
Prepare packages
CreateBuildRequest
SendProjectDescription
CreateBuildOperation
ComputeTargetDependencyGraph
note: Building targets in dependency order
note: Target dependency graph (4 targets)
Target 'NDArray-product' in project 'NDArray'
➜ Explicit dependency on target 'NDArray' in project 'NDArray'
➜ Explicit dependency on target 'Xorswift-product' in project 'Xorswift'
Target 'NDArray' in project 'NDArray'
➜ Explicit dependency on target 'Xorswift-product' in project 'Xorswift'
Target 'Xorswift-product' in project 'Xorswift'
➜ Explicit dependency on target 'Xorswift' in project 'Xorswift'
Target 'Xorswift' in project 'Xorswift' (no dependencies)
GatherProvisioningInputs
CreateBuildDescription
ExecuteExternalTool /Applications/Xcode-27.0.0-Release.Candidate.app/Contents/Developer/Toolchains/XcodeDefault.xctoolchain/usr/bin/clang -v -E -dM -isysroot /Applications/Xcode-27.0.0-Release.Candidate.app/Contents/Developer/Platforms/WatchOS.platform/Developer/SDKs/WatchOS27.0.sdk -x c -c /dev/null
ExecuteExternalTool /Applications/Xcode-27.0.0-Release.Candidate.app/Contents/Developer/Toolchains/XcodeDefault.xctoolchain/usr/bin/swiftc --version
ExecuteExternalTool /Applications/Xcode-27.0.0-Release.Candidate.app/Contents/Developer/Toolchains/XcodeDefault.xctoolchain/usr/bin/ld -version_details
Build description signature: 031766b9e58f942143ccabe64d5b34d3
Build description path: /Users/admin/builder/spi-builder-workspace/.derivedData/Build/Intermediates.noindex/XCBuildData/031766b9e58f942143ccabe64d5b34d3.xcbuilddata
CreateBuildDirectory /Users/admin/builder/spi-builder-workspace/.derivedData/SDKExplicitPrecompiledModules
cd /Users/admin/builder/spi-builder-workspace/.swiftpm/xcode
builtin-create-build-directory /Users/admin/builder/spi-builder-workspace/.derivedData/SDKExplicitPrecompiledModules
CreateBuildDirectory /Users/admin/builder/spi-builder-workspace/.derivedData/ModuleCache.noindex
cd /Users/admin/builder/spi-builder-workspace/.swiftpm/xcode
builtin-create-build-directory /Users/admin/builder/spi-builder-workspace/.derivedData/ModuleCache.noindex
CreateBuildDirectory /Users/admin/builder/spi-builder-workspace/.derivedData/CompilationCache.noindex
cd /Users/admin/builder/spi-builder-workspace/.swiftpm/xcode
builtin-create-build-directory /Users/admin/builder/spi-builder-workspace/.derivedData/CompilationCache.noindex
CreateBuildDirectory /Users/admin/builder/spi-builder-workspace/.derivedData/Build/Intermediates.noindex
cd /Users/admin/builder/spi-builder-workspace/.swiftpm/xcode
builtin-create-build-directory /Users/admin/builder/spi-builder-workspace/.derivedData/Build/Intermediates.noindex
ClangStatCache /Applications/Xcode-27.0.0-Release.Candidate.app/Contents/Developer/Toolchains/XcodeDefault.xctoolchain/usr/bin/clang-stat-cache /Applications/Xcode-27.0.0-Release.Candidate.app/Contents/Developer/Platforms/WatchOS.platform/Developer/SDKs/WatchOS27.0.sdk /Users/admin/builder/spi-builder-workspace/.derivedData/SDKStatCaches.noindex/watchos27.0-24R360-e829b21a6f8c9b70876ba0858053c04477534ef55a1706bf4c1112bbb242f0a2.sdkstatcache
cd /Users/admin/builder/spi-builder-workspace/.swiftpm/xcode
/Applications/Xcode-27.0.0-Release.Candidate.app/Contents/Developer/Toolchains/XcodeDefault.xctoolchain/usr/bin/clang-stat-cache /Applications/Xcode-27.0.0-Release.Candidate.app/Contents/Developer/Platforms/WatchOS.platform/Developer/SDKs/WatchOS27.0.sdk -o /Users/admin/builder/spi-builder-workspace/.derivedData/SDKStatCaches.noindex/watchos27.0-24R360-e829b21a6f8c9b70876ba0858053c04477534ef55a1706bf4c1112bbb242f0a2.sdkstatcache
CreateBuildDirectory /Users/admin/builder/spi-builder-workspace/.derivedData/Build/Products
cd /Users/admin/builder/spi-builder-workspace/.swiftpm/xcode
builtin-create-build-directory /Users/admin/builder/spi-builder-workspace/.derivedData/Build/Products
CreateBuildDirectory /Users/admin/builder/spi-builder-workspace/.derivedData/Build/Intermediates.noindex/SwiftExplicitPrecompiledModules
cd /Users/admin/builder/spi-builder-workspace/.swiftpm/xcode
builtin-create-build-directory /Users/admin/builder/spi-builder-workspace/.derivedData/Build/Intermediates.noindex/SwiftExplicitPrecompiledModules
CreateBuildDirectory /Users/admin/builder/spi-builder-workspace/.derivedData/Build/Intermediates.noindex/PrecompiledHeaders
cd /Users/admin/builder/spi-builder-workspace/.swiftpm/xcode
builtin-create-build-directory /Users/admin/builder/spi-builder-workspace/.derivedData/Build/Intermediates.noindex/PrecompiledHeaders
CreateBuildDirectory /Users/admin/builder/spi-builder-workspace/.derivedData/Build/Intermediates.noindex/ExplicitPrecompiledModules
cd /Users/admin/builder/spi-builder-workspace/.swiftpm/xcode
builtin-create-build-directory /Users/admin/builder/spi-builder-workspace/.derivedData/Build/Intermediates.noindex/ExplicitPrecompiledModules
CreateBuildDirectory /Users/admin/builder/spi-builder-workspace/.derivedData/Build/Intermediates.noindex/EagerLinkingTBDs/Debug-watchos
cd /Users/admin/builder/spi-builder-workspace/.swiftpm/xcode
builtin-create-build-directory /Users/admin/builder/spi-builder-workspace/.derivedData/Build/Intermediates.noindex/EagerLinkingTBDs/Debug-watchos
CreateBuildDirectory /Users/admin/builder/spi-builder-workspace/.derivedData/Build/Products/Debug-watchos
cd /Users/admin/builder/spi-builder-workspace/.swiftpm/xcode
builtin-create-build-directory /Users/admin/builder/spi-builder-workspace/.derivedData/Build/Products/Debug-watchos
CreateBuildDirectory /Users/admin/builder/spi-builder-workspace/.derivedData/Build/Products/Debug-watchos/PackageFrameworks
cd /Users/admin/builder/spi-builder-workspace/.swiftpm/xcode
builtin-create-build-directory /Users/admin/builder/spi-builder-workspace/.derivedData/Build/Products/Debug-watchos/PackageFrameworks
WriteAuxiliaryFile /Users/admin/builder/spi-builder-workspace/.derivedData/Build/Intermediates.noindex/NDArray.build/Debug-watchos/NDArray-t.build/NDArray.modulemap (in target 'NDArray' from project 'NDArray')
cd /Users/admin/builder/spi-builder-workspace
write-file /Users/admin/builder/spi-builder-workspace/.derivedData/Build/Intermediates.noindex/NDArray.build/Debug-watchos/NDArray-t.build/NDArray.modulemap
WriteAuxiliaryFile /Users/admin/builder/spi-builder-workspace/.derivedData/Build/Intermediates.noindex/Xorswift.build/Debug-watchos/Xorswift-t.build/Xorswift.modulemap (in target 'Xorswift' from project 'Xorswift')
cd /Users/admin/builder/spi-builder-workspace/.dependencies/checkouts/xorswift
write-file /Users/admin/builder/spi-builder-workspace/.derivedData/Build/Intermediates.noindex/Xorswift.build/Debug-watchos/Xorswift-t.build/Xorswift.modulemap
WriteAuxiliaryFile /Users/admin/builder/spi-builder-workspace/.derivedData/Build/Intermediates.noindex/NDArray.build/Debug-watchos/NDArray-t.build/Objects-normal/arm64_32/NDArray_const_extract_protocols.json (in target 'NDArray' from project 'NDArray')
cd /Users/admin/builder/spi-builder-workspace
write-file /Users/admin/builder/spi-builder-workspace/.derivedData/Build/Intermediates.noindex/NDArray.build/Debug-watchos/NDArray-t.build/Objects-normal/arm64_32/NDArray_const_extract_protocols.json
WriteAuxiliaryFile /Users/admin/builder/spi-builder-workspace/.derivedData/Build/Intermediates.noindex/NDArray.build/Debug-watchos/NDArray-t.build/Objects-normal/arm64_32/NDArray-OutputFileMap.json (in target 'NDArray' from project 'NDArray')
cd /Users/admin/builder/spi-builder-workspace
write-file /Users/admin/builder/spi-builder-workspace/.derivedData/Build/Intermediates.noindex/NDArray.build/Debug-watchos/NDArray-t.build/Objects-normal/arm64_32/NDArray-OutputFileMap.json
WriteAuxiliaryFile /Users/admin/builder/spi-builder-workspace/.derivedData/Build/Intermediates.noindex/NDArray.build/Debug-watchos/NDArray-t.build/Objects-normal/arm64_32/NDArray.SwiftFileList (in target 'NDArray' from project 'NDArray')
cd /Users/admin/builder/spi-builder-workspace
write-file /Users/admin/builder/spi-builder-workspace/.derivedData/Build/Intermediates.noindex/NDArray.build/Debug-watchos/NDArray-t.build/Objects-normal/arm64_32/NDArray.SwiftFileList
WriteAuxiliaryFile /Users/admin/builder/spi-builder-workspace/.derivedData/Build/Intermediates.noindex/NDArray.build/Debug-watchos/NDArray-t.build/Objects-normal/arm64/NDArray.LinkFileList (in target 'NDArray' from project 'NDArray')
cd /Users/admin/builder/spi-builder-workspace
write-file /Users/admin/builder/spi-builder-workspace/.derivedData/Build/Intermediates.noindex/NDArray.build/Debug-watchos/NDArray-t.build/Objects-normal/arm64/NDArray.LinkFileList
WriteAuxiliaryFile /Users/admin/builder/spi-builder-workspace/.derivedData/Build/Intermediates.noindex/NDArray.build/Debug-watchos/NDArray-t.build/Objects-normal/arm64_32/NDArray.LinkFileList (in target 'NDArray' from project 'NDArray')
cd /Users/admin/builder/spi-builder-workspace
write-file /Users/admin/builder/spi-builder-workspace/.derivedData/Build/Intermediates.noindex/NDArray.build/Debug-watchos/NDArray-t.build/Objects-normal/arm64_32/NDArray.LinkFileList
WriteAuxiliaryFile /Users/admin/builder/spi-builder-workspace/.derivedData/Build/Intermediates.noindex/NDArray.build/Debug-watchos/NDArray-t.build/Objects-normal/arm64/NDArray-OutputFileMap.json (in target 'NDArray' from project 'NDArray')
cd /Users/admin/builder/spi-builder-workspace
write-file /Users/admin/builder/spi-builder-workspace/.derivedData/Build/Intermediates.noindex/NDArray.build/Debug-watchos/NDArray-t.build/Objects-normal/arm64/NDArray-OutputFileMap.json
WriteAuxiliaryFile /Users/admin/builder/spi-builder-workspace/.derivedData/Build/Intermediates.noindex/NDArray.build/Debug-watchos/NDArray-t.build/Objects-normal/arm64/NDArray_const_extract_protocols.json (in target 'NDArray' from project 'NDArray')
cd /Users/admin/builder/spi-builder-workspace
write-file /Users/admin/builder/spi-builder-workspace/.derivedData/Build/Intermediates.noindex/NDArray.build/Debug-watchos/NDArray-t.build/Objects-normal/arm64/NDArray_const_extract_protocols.json
WriteAuxiliaryFile /Users/admin/builder/spi-builder-workspace/.derivedData/Build/Intermediates.noindex/Xorswift.build/Debug-watchos/Xorswift-t.build/Xorswift.DependencyStaticMetadataFileList (in target 'Xorswift' from project 'Xorswift')
cd /Users/admin/builder/spi-builder-workspace/.dependencies/checkouts/xorswift
write-file /Users/admin/builder/spi-builder-workspace/.derivedData/Build/Intermediates.noindex/Xorswift.build/Debug-watchos/Xorswift-t.build/Xorswift.DependencyStaticMetadataFileList
WriteAuxiliaryFile /Users/admin/builder/spi-builder-workspace/.derivedData/Build/Intermediates.noindex/Xorswift.build/Debug-watchos/Xorswift-t.build/Xorswift.DependencyMetadataFileList (in target 'Xorswift' from project 'Xorswift')
cd /Users/admin/builder/spi-builder-workspace/.dependencies/checkouts/xorswift
write-file /Users/admin/builder/spi-builder-workspace/.derivedData/Build/Intermediates.noindex/Xorswift.build/Debug-watchos/Xorswift-t.build/Xorswift.DependencyMetadataFileList
WriteAuxiliaryFile /Users/admin/builder/spi-builder-workspace/.derivedData/Build/Intermediates.noindex/Xorswift.build/Debug-watchos/Xorswift-t.build/Objects-normal/arm64_32/Xorswift.LinkFileList (in target 'Xorswift' from project 'Xorswift')
cd /Users/admin/builder/spi-builder-workspace/.dependencies/checkouts/xorswift
write-file /Users/admin/builder/spi-builder-workspace/.derivedData/Build/Intermediates.noindex/Xorswift.build/Debug-watchos/Xorswift-t.build/Objects-normal/arm64_32/Xorswift.LinkFileList
WriteAuxiliaryFile /Users/admin/builder/spi-builder-workspace/.derivedData/Build/Intermediates.noindex/Xorswift.build/Debug-watchos/Xorswift-t.build/Objects-normal/arm64_32/Xorswift.SwiftConstValuesFileList (in target 'Xorswift' from project 'Xorswift')
cd /Users/admin/builder/spi-builder-workspace/.dependencies/checkouts/xorswift
write-file /Users/admin/builder/spi-builder-workspace/.derivedData/Build/Intermediates.noindex/Xorswift.build/Debug-watchos/Xorswift-t.build/Objects-normal/arm64_32/Xorswift.SwiftConstValuesFileList
WriteAuxiliaryFile /Users/admin/builder/spi-builder-workspace/.derivedData/Build/Intermediates.noindex/Xorswift.build/Debug-watchos/Xorswift-t.build/Objects-normal/arm64_32/Xorswift.SwiftFileList (in target 'Xorswift' from project 'Xorswift')
cd /Users/admin/builder/spi-builder-workspace/.dependencies/checkouts/xorswift
write-file /Users/admin/builder/spi-builder-workspace/.derivedData/Build/Intermediates.noindex/Xorswift.build/Debug-watchos/Xorswift-t.build/Objects-normal/arm64_32/Xorswift.SwiftFileList
WriteAuxiliaryFile /Users/admin/builder/spi-builder-workspace/.derivedData/Build/Intermediates.noindex/Xorswift.build/Debug-watchos/Xorswift-t.build/Objects-normal/arm64_32/Xorswift_const_extract_protocols.json (in target 'Xorswift' from project 'Xorswift')
cd /Users/admin/builder/spi-builder-workspace/.dependencies/checkouts/xorswift
write-file /Users/admin/builder/spi-builder-workspace/.derivedData/Build/Intermediates.noindex/Xorswift.build/Debug-watchos/Xorswift-t.build/Objects-normal/arm64_32/Xorswift_const_extract_protocols.json
WriteAuxiliaryFile /Users/admin/builder/spi-builder-workspace/.derivedData/Build/Intermediates.noindex/Xorswift.build/Debug-watchos/Xorswift-t.build/Objects-normal/arm64_32/Xorswift-OutputFileMap.json (in target 'Xorswift' from project 'Xorswift')
cd /Users/admin/builder/spi-builder-workspace/.dependencies/checkouts/xorswift
write-file /Users/admin/builder/spi-builder-workspace/.derivedData/Build/Intermediates.noindex/Xorswift.build/Debug-watchos/Xorswift-t.build/Objects-normal/arm64_32/Xorswift-OutputFileMap.json
WriteAuxiliaryFile /Users/admin/builder/spi-builder-workspace/.derivedData/Build/Intermediates.noindex/Xorswift.build/Debug-watchos/Xorswift-t.build/Objects-normal/arm64/Xorswift.SwiftFileList (in target 'Xorswift' from project 'Xorswift')
cd /Users/admin/builder/spi-builder-workspace/.dependencies/checkouts/xorswift
write-file /Users/admin/builder/spi-builder-workspace/.derivedData/Build/Intermediates.noindex/Xorswift.build/Debug-watchos/Xorswift-t.build/Objects-normal/arm64/Xorswift.SwiftFileList
WriteAuxiliaryFile /Users/admin/builder/spi-builder-workspace/.derivedData/Build/Intermediates.noindex/Xorswift.build/Debug-watchos/Xorswift-t.build/Objects-normal/arm64/Xorswift_const_extract_protocols.json (in target 'Xorswift' from project 'Xorswift')
cd /Users/admin/builder/spi-builder-workspace/.dependencies/checkouts/xorswift
write-file /Users/admin/builder/spi-builder-workspace/.derivedData/Build/Intermediates.noindex/Xorswift.build/Debug-watchos/Xorswift-t.build/Objects-normal/arm64/Xorswift_const_extract_protocols.json
WriteAuxiliaryFile /Users/admin/builder/spi-builder-workspace/.derivedData/Build/Intermediates.noindex/Xorswift.build/Debug-watchos/Xorswift-t.build/Objects-normal/arm64/Xorswift.SwiftConstValuesFileList (in target 'Xorswift' from project 'Xorswift')
cd /Users/admin/builder/spi-builder-workspace/.dependencies/checkouts/xorswift
write-file /Users/admin/builder/spi-builder-workspace/.derivedData/Build/Intermediates.noindex/Xorswift.build/Debug-watchos/Xorswift-t.build/Objects-normal/arm64/Xorswift.SwiftConstValuesFileList
WriteAuxiliaryFile /Users/admin/builder/spi-builder-workspace/.derivedData/Build/Intermediates.noindex/Xorswift.build/Debug-watchos/Xorswift-t.build/Objects-normal/arm64/Xorswift.LinkFileList (in target 'Xorswift' from project 'Xorswift')
cd /Users/admin/builder/spi-builder-workspace/.dependencies/checkouts/xorswift
write-file /Users/admin/builder/spi-builder-workspace/.derivedData/Build/Intermediates.noindex/Xorswift.build/Debug-watchos/Xorswift-t.build/Objects-normal/arm64/Xorswift.LinkFileList
WriteAuxiliaryFile /Users/admin/builder/spi-builder-workspace/.derivedData/Build/Intermediates.noindex/Xorswift.build/Debug-watchos/Xorswift-t.build/Objects-normal/arm64/Xorswift-OutputFileMap.json (in target 'Xorswift' from project 'Xorswift')
cd /Users/admin/builder/spi-builder-workspace/.dependencies/checkouts/xorswift
write-file /Users/admin/builder/spi-builder-workspace/.derivedData/Build/Intermediates.noindex/Xorswift.build/Debug-watchos/Xorswift-t.build/Objects-normal/arm64/Xorswift-OutputFileMap.json
WriteAuxiliaryFile /Users/admin/builder/spi-builder-workspace/.derivedData/Build/Intermediates.noindex/NDArray.build/Debug-watchos/NDArray-t.build/Objects-normal/arm64_32/NDArray.SwiftConstValuesFileList (in target 'NDArray' from project 'NDArray')
cd /Users/admin/builder/spi-builder-workspace
write-file /Users/admin/builder/spi-builder-workspace/.derivedData/Build/Intermediates.noindex/NDArray.build/Debug-watchos/NDArray-t.build/Objects-normal/arm64_32/NDArray.SwiftConstValuesFileList
WriteAuxiliaryFile /Users/admin/builder/spi-builder-workspace/.derivedData/Build/Intermediates.noindex/NDArray.build/Debug-watchos/NDArray-t.build/Objects-normal/arm64/NDArray.SwiftFileList (in target 'NDArray' from project 'NDArray')
cd /Users/admin/builder/spi-builder-workspace
write-file /Users/admin/builder/spi-builder-workspace/.derivedData/Build/Intermediates.noindex/NDArray.build/Debug-watchos/NDArray-t.build/Objects-normal/arm64/NDArray.SwiftFileList
WriteAuxiliaryFile /Users/admin/builder/spi-builder-workspace/.derivedData/Build/Intermediates.noindex/NDArray.build/Debug-watchos/NDArray-t.build/Objects-normal/arm64/NDArray.SwiftConstValuesFileList (in target 'NDArray' from project 'NDArray')
cd /Users/admin/builder/spi-builder-workspace
write-file /Users/admin/builder/spi-builder-workspace/.derivedData/Build/Intermediates.noindex/NDArray.build/Debug-watchos/NDArray-t.build/Objects-normal/arm64/NDArray.SwiftConstValuesFileList
WriteAuxiliaryFile /Users/admin/builder/spi-builder-workspace/.derivedData/Build/Intermediates.noindex/NDArray.build/Debug-watchos/NDArray-t.build/NDArray.DependencyStaticMetadataFileList (in target 'NDArray' from project 'NDArray')
cd /Users/admin/builder/spi-builder-workspace
write-file /Users/admin/builder/spi-builder-workspace/.derivedData/Build/Intermediates.noindex/NDArray.build/Debug-watchos/NDArray-t.build/NDArray.DependencyStaticMetadataFileList
WriteAuxiliaryFile /Users/admin/builder/spi-builder-workspace/.derivedData/Build/Intermediates.noindex/NDArray.build/Debug-watchos/NDArray-t.build/NDArray.DependencyMetadataFileList (in target 'NDArray' from project 'NDArray')
cd /Users/admin/builder/spi-builder-workspace
write-file /Users/admin/builder/spi-builder-workspace/.derivedData/Build/Intermediates.noindex/NDArray.build/Debug-watchos/NDArray-t.build/NDArray.DependencyMetadataFileList
Copy /Users/admin/builder/spi-builder-workspace/.derivedData/Build/Intermediates.noindex/GeneratedModuleMaps-watchos/Xorswift.modulemap /Users/admin/builder/spi-builder-workspace/.derivedData/Build/Intermediates.noindex/Xorswift.build/Debug-watchos/Xorswift-t.build/Xorswift.modulemap (in target 'Xorswift' from project 'Xorswift')
cd /Users/admin/builder/spi-builder-workspace/.dependencies/checkouts/xorswift
builtin-copy -exclude .DS_Store -exclude CVS -exclude .svn -exclude .git -exclude .hg -resolve-src-symlinks /Users/admin/builder/spi-builder-workspace/.derivedData/Build/Intermediates.noindex/Xorswift.build/Debug-watchos/Xorswift-t.build/Xorswift.modulemap /Users/admin/builder/spi-builder-workspace/.derivedData/Build/Intermediates.noindex/GeneratedModuleMaps-watchos
Copy /Users/admin/builder/spi-builder-workspace/.derivedData/Build/Intermediates.noindex/GeneratedModuleMaps-watchos/NDArray.modulemap /Users/admin/builder/spi-builder-workspace/.derivedData/Build/Intermediates.noindex/NDArray.build/Debug-watchos/NDArray-t.build/NDArray.modulemap (in target 'NDArray' from project 'NDArray')
cd /Users/admin/builder/spi-builder-workspace
builtin-copy -exclude .DS_Store -exclude CVS -exclude .svn -exclude .git -exclude .hg -resolve-src-symlinks /Users/admin/builder/spi-builder-workspace/.derivedData/Build/Intermediates.noindex/NDArray.build/Debug-watchos/NDArray-t.build/NDArray.modulemap /Users/admin/builder/spi-builder-workspace/.derivedData/Build/Intermediates.noindex/GeneratedModuleMaps-watchos
SwiftDriver Xorswift normal arm64_32 com.apple.xcode.tools.swift.compiler (in target 'Xorswift' from project 'Xorswift')
cd /Users/admin/builder/spi-builder-workspace/.swiftpm/xcode
builtin-SwiftDriver -- /Applications/Xcode-27.0.0-Release.Candidate.app/Contents/Developer/Toolchains/XcodeDefault.xctoolchain/usr/bin/swiftc -parse-as-library -module-name Xorswift -Onone @/Users/admin/builder/spi-builder-workspace/.derivedData/Build/Intermediates.noindex/Xorswift.build/Debug-watchos/Xorswift-t.build/Objects-normal/arm64_32/Xorswift.SwiftFileList -DSWIFT_PACKAGE -DDEBUG -DSWIFT_MODULE_RESOURCE_BUNDLE_UNAVAILABLE -DXcode -plugin-path /Applications/Xcode-27.0.0-Release.Candidate.app/Contents/Developer/Toolchains/XcodeDefault.xctoolchain/usr/lib/swift/host/plugins/testing -enable-experimental-feature DebugDescriptionMacro -sdk /Applications/Xcode-27.0.0-Release.Candidate.app/Contents/Developer/Platforms/WatchOS.platform/Developer/SDKs/WatchOS27.0.sdk -target arm64_32-apple-watchos9.0 -g -module-cache-path /Users/admin/builder/spi-builder-workspace/.derivedData/ModuleCache.noindex -Xfrontend -serialize-debugging-options -profile-coverage-mapping -profile-generate -enable-testing -suppress-warnings -index-store-path /Users/admin/builder/spi-builder-workspace/.derivedData/Index.noindex/DataStore -Xcc -D_LIBCPP_HARDENING_MODE\=_LIBCPP_HARDENING_MODE_DEBUG -swift-version 4.2 -I /Users/admin/builder/spi-builder-workspace/.derivedData/Build/Products/Debug-watchos -Isystem /Applications/Xcode-27.0.0-Release.Candidate.app/Contents/Developer/Platforms/WatchOS.platform/Developer/usr/lib -F /Users/admin/builder/spi-builder-workspace/.derivedData/Build/Products/Debug-watchos -F /Applications/Xcode-27.0.0-Release.Candidate.app/Contents/Developer/Platforms/WatchOS.platform/Developer/Library/Frameworks -F /Applications/Xcode-27.0.0-Release.Candidate.app/Contents/Developer/Platforms/WatchOS.platform/Developer/SDKs/WatchOS27.0.sdk/Developer/Library/Frameworks -c -j10 -enable-batch-mode -incremental -Xcc -ivfsstatcache -Xcc /Users/admin/builder/spi-builder-workspace/.derivedData/SDKStatCaches.noindex/watchos27.0-24R360-e829b21a6f8c9b70876ba0858053c04477534ef55a1706bf4c1112bbb242f0a2.sdkstatcache -output-file-map /Users/admin/builder/spi-builder-workspace/.derivedData/Build/Intermediates.noindex/Xorswift.build/Debug-watchos/Xorswift-t.build/Objects-normal/arm64_32/Xorswift-OutputFileMap.json -save-temps -no-color-diagnostics -emit-dependencies -emit-module -emit-module-path /Users/admin/builder/spi-builder-workspace/.derivedData/Build/Intermediates.noindex/Xorswift.build/Debug-watchos/Xorswift-t.build/Objects-normal/arm64_32/Xorswift.swiftmodule -serialize-diagnostics -validate-clang-modules-once -clang-build-session-file /Users/admin/builder/spi-builder-workspace/.derivedData/ModuleCache.noindex/Session.modulevalidation -Xcc -fmodules-prune-interval\=86400 -Xcc -fmodules-prune-after\=345600 -emit-const-values -const-gather-protocols-list /Users/admin/builder/spi-builder-workspace/.derivedData/Build/Intermediates.noindex/Xorswift.build/Debug-watchos/Xorswift-t.build/Objects-normal/arm64_32/Xorswift_const_extract_protocols.json -Xcc -I/Users/admin/builder/spi-builder-workspace/.derivedData/Build/Products/Debug-watchos/include -Xcc -I/Users/admin/builder/spi-builder-workspace/.derivedData/Build/Intermediates.noindex/Xorswift.build/Debug-watchos/Xorswift-t.build/DerivedSources-normal/arm64_32 -Xcc -I/Users/admin/builder/spi-builder-workspace/.derivedData/Build/Intermediates.noindex/Xorswift.build/Debug-watchos/Xorswift-t.build/DerivedSources/arm64_32 -Xcc -I/Users/admin/builder/spi-builder-workspace/.derivedData/Build/Intermediates.noindex/Xorswift.build/Debug-watchos/Xorswift-t.build/DerivedSources -Xcc -DSWIFT_PACKAGE -Xcc -DDEBUG\=1 -emit-objc-header -emit-objc-header-path /Users/admin/builder/spi-builder-workspace/.derivedData/Build/Intermediates.noindex/Xorswift.build/Debug-watchos/Xorswift-t.build/Objects-normal/arm64_32/Xorswift-Swift.h -working-directory /Users/admin/builder/spi-builder-workspace/.swiftpm/xcode -experimental-emit-module-separately -disable-cmo
SwiftDriver Xorswift normal arm64 com.apple.xcode.tools.swift.compiler (in target 'Xorswift' from project 'Xorswift')
cd /Users/admin/builder/spi-builder-workspace/.swiftpm/xcode
builtin-SwiftDriver -- /Applications/Xcode-27.0.0-Release.Candidate.app/Contents/Developer/Toolchains/XcodeDefault.xctoolchain/usr/bin/swiftc -parse-as-library -module-name Xorswift -Onone @/Users/admin/builder/spi-builder-workspace/.derivedData/Build/Intermediates.noindex/Xorswift.build/Debug-watchos/Xorswift-t.build/Objects-normal/arm64/Xorswift.SwiftFileList -DSWIFT_PACKAGE -DDEBUG -DSWIFT_MODULE_RESOURCE_BUNDLE_UNAVAILABLE -DXcode -plugin-path /Applications/Xcode-27.0.0-Release.Candidate.app/Contents/Developer/Toolchains/XcodeDefault.xctoolchain/usr/lib/swift/host/plugins/testing -enable-experimental-feature DebugDescriptionMacro -sdk /Applications/Xcode-27.0.0-Release.Candidate.app/Contents/Developer/Platforms/WatchOS.platform/Developer/SDKs/WatchOS27.0.sdk -target arm64-apple-watchos9.0 -g -module-cache-path /Users/admin/builder/spi-builder-workspace/.derivedData/ModuleCache.noindex -Xfrontend -serialize-debugging-options -profile-coverage-mapping -profile-generate -enable-testing -suppress-warnings -index-store-path /Users/admin/builder/spi-builder-workspace/.derivedData/Index.noindex/DataStore -Xcc -D_LIBCPP_HARDENING_MODE\=_LIBCPP_HARDENING_MODE_DEBUG -swift-version 4.2 -I /Users/admin/builder/spi-builder-workspace/.derivedData/Build/Products/Debug-watchos -Isystem /Applications/Xcode-27.0.0-Release.Candidate.app/Contents/Developer/Platforms/WatchOS.platform/Developer/usr/lib -F /Users/admin/builder/spi-builder-workspace/.derivedData/Build/Products/Debug-watchos -F /Applications/Xcode-27.0.0-Release.Candidate.app/Contents/Developer/Platforms/WatchOS.platform/Developer/Library/Frameworks -F /Applications/Xcode-27.0.0-Release.Candidate.app/Contents/Developer/Platforms/WatchOS.platform/Developer/SDKs/WatchOS27.0.sdk/Developer/Library/Frameworks -c -j10 -enable-batch-mode -incremental -Xcc -ivfsstatcache -Xcc /Users/admin/builder/spi-builder-workspace/.derivedData/SDKStatCaches.noindex/watchos27.0-24R360-e829b21a6f8c9b70876ba0858053c04477534ef55a1706bf4c1112bbb242f0a2.sdkstatcache -output-file-map /Users/admin/builder/spi-builder-workspace/.derivedData/Build/Intermediates.noindex/Xorswift.build/Debug-watchos/Xorswift-t.build/Objects-normal/arm64/Xorswift-OutputFileMap.json -save-temps -no-color-diagnostics -emit-dependencies -emit-module -emit-module-path /Users/admin/builder/spi-builder-workspace/.derivedData/Build/Intermediates.noindex/Xorswift.build/Debug-watchos/Xorswift-t.build/Objects-normal/arm64/Xorswift.swiftmodule -serialize-diagnostics -validate-clang-modules-once -clang-build-session-file /Users/admin/builder/spi-builder-workspace/.derivedData/ModuleCache.noindex/Session.modulevalidation -Xcc -fmodules-prune-interval\=86400 -Xcc -fmodules-prune-after\=345600 -emit-const-values -const-gather-protocols-list /Users/admin/builder/spi-builder-workspace/.derivedData/Build/Intermediates.noindex/Xorswift.build/Debug-watchos/Xorswift-t.build/Objects-normal/arm64/Xorswift_const_extract_protocols.json -Xcc -I/Users/admin/builder/spi-builder-workspace/.derivedData/Build/Products/Debug-watchos/include -Xcc -I/Users/admin/builder/spi-builder-workspace/.derivedData/Build/Intermediates.noindex/Xorswift.build/Debug-watchos/Xorswift-t.build/DerivedSources-normal/arm64 -Xcc -I/Users/admin/builder/spi-builder-workspace/.derivedData/Build/Intermediates.noindex/Xorswift.build/Debug-watchos/Xorswift-t.build/DerivedSources/arm64 -Xcc -I/Users/admin/builder/spi-builder-workspace/.derivedData/Build/Intermediates.noindex/Xorswift.build/Debug-watchos/Xorswift-t.build/DerivedSources -Xcc -DSWIFT_PACKAGE -Xcc -DDEBUG\=1 -emit-objc-header -emit-objc-header-path /Users/admin/builder/spi-builder-workspace/.derivedData/Build/Intermediates.noindex/Xorswift.build/Debug-watchos/Xorswift-t.build/Objects-normal/arm64/Xorswift-Swift.h -working-directory /Users/admin/builder/spi-builder-workspace/.swiftpm/xcode -experimental-emit-module-separately -disable-cmo
SwiftEmitModule normal arm64 Emitting\ module\ for\ Xorswift (in target 'Xorswift' from project 'Xorswift')
SwiftCompile normal arm64 (in target 'Xorswift' from project 'Xorswift')
cd /Users/admin/builder/spi-builder-workspace/.swiftpm/xcode
SwiftCompile normal arm64 Compiling\ Uniform.swift /Users/admin/builder/spi-builder-workspace/.dependencies/checkouts/xorswift/Sources/Uniform.swift (in target 'Xorswift' from project 'Xorswift')
SwiftCompile normal arm64 /Users/admin/builder/spi-builder-workspace/.dependencies/checkouts/xorswift/Sources/Uniform.swift (in target 'Xorswift' from project 'Xorswift')
cd /Users/admin/builder/spi-builder-workspace/.swiftpm/xcode
builtin-SwiftPerFileCompile Uniform.swift
SwiftCompile normal arm64 Compiling\ FloatDouble.swift /Users/admin/builder/spi-builder-workspace/.dependencies/checkouts/xorswift/Sources/FloatDouble.swift (in target 'Xorswift' from project 'Xorswift')
SwiftCompile normal arm64 /Users/admin/builder/spi-builder-workspace/.dependencies/checkouts/xorswift/Sources/FloatDouble.swift (in target 'Xorswift' from project 'Xorswift')
cd /Users/admin/builder/spi-builder-workspace/.swiftpm/xcode
builtin-SwiftPerFileCompile FloatDouble.swift
SwiftCompile normal arm64 Compiling\ Normal.swift /Users/admin/builder/spi-builder-workspace/.dependencies/checkouts/xorswift/Sources/Normal.swift (in target 'Xorswift' from project 'Xorswift')
SwiftCompile normal arm64 /Users/admin/builder/spi-builder-workspace/.dependencies/checkouts/xorswift/Sources/Normal.swift (in target 'Xorswift' from project 'Xorswift')
cd /Users/admin/builder/spi-builder-workspace/.swiftpm/xcode
builtin-SwiftPerFileCompile Normal.swift
SwiftCompile normal arm64 Compiling\ XorshiftGenerator.swift /Users/admin/builder/spi-builder-workspace/.dependencies/checkouts/xorswift/Sources/XorshiftGenerator.swift (in target 'Xorswift' from project 'Xorswift')
SwiftCompile normal arm64 /Users/admin/builder/spi-builder-workspace/.dependencies/checkouts/xorswift/Sources/XorshiftGenerator.swift (in target 'Xorswift' from project 'Xorswift')
cd /Users/admin/builder/spi-builder-workspace/.swiftpm/xcode
builtin-SwiftPerFileCompile XorshiftGenerator.swift
SwiftEmitModule normal arm64_32 Emitting\ module\ for\ Xorswift (in target 'Xorswift' from project 'Xorswift')
SwiftCompile normal arm64_32 (in target 'Xorswift' from project 'Xorswift')
cd /Users/admin/builder/spi-builder-workspace/.swiftpm/xcode
SwiftCompile normal arm64_32 Compiling\ Normal.swift /Users/admin/builder/spi-builder-workspace/.dependencies/checkouts/xorswift/Sources/Normal.swift (in target 'Xorswift' from project 'Xorswift')
SwiftCompile normal arm64_32 /Users/admin/builder/spi-builder-workspace/.dependencies/checkouts/xorswift/Sources/Normal.swift (in target 'Xorswift' from project 'Xorswift')
cd /Users/admin/builder/spi-builder-workspace/.swiftpm/xcode
builtin-SwiftPerFileCompile Normal.swift
SwiftCompile normal arm64_32 Compiling\ XorshiftGenerator.swift /Users/admin/builder/spi-builder-workspace/.dependencies/checkouts/xorswift/Sources/XorshiftGenerator.swift (in target 'Xorswift' from project 'Xorswift')
SwiftCompile normal arm64_32 /Users/admin/builder/spi-builder-workspace/.dependencies/checkouts/xorswift/Sources/XorshiftGenerator.swift (in target 'Xorswift' from project 'Xorswift')
cd /Users/admin/builder/spi-builder-workspace/.swiftpm/xcode
builtin-SwiftPerFileCompile XorshiftGenerator.swift
SwiftCompile normal arm64_32 Compiling\ Uniform.swift /Users/admin/builder/spi-builder-workspace/.dependencies/checkouts/xorswift/Sources/Uniform.swift (in target 'Xorswift' from project 'Xorswift')
SwiftCompile normal arm64_32 /Users/admin/builder/spi-builder-workspace/.dependencies/checkouts/xorswift/Sources/Uniform.swift (in target 'Xorswift' from project 'Xorswift')
cd /Users/admin/builder/spi-builder-workspace/.swiftpm/xcode
builtin-SwiftPerFileCompile Uniform.swift
SwiftCompile normal arm64_32 Compiling\ FloatDouble.swift /Users/admin/builder/spi-builder-workspace/.dependencies/checkouts/xorswift/Sources/FloatDouble.swift (in target 'Xorswift' from project 'Xorswift')
SwiftCompile normal arm64_32 /Users/admin/builder/spi-builder-workspace/.dependencies/checkouts/xorswift/Sources/FloatDouble.swift (in target 'Xorswift' from project 'Xorswift')
cd /Users/admin/builder/spi-builder-workspace/.swiftpm/xcode
builtin-SwiftPerFileCompile FloatDouble.swift
SwiftDriverJobDiscovery normal arm64_32 Emitting module for Xorswift (in target 'Xorswift' from project 'Xorswift')
SwiftDriver\ Compilation\ Requirements Xorswift normal arm64_32 com.apple.xcode.tools.swift.compiler (in target 'Xorswift' from project 'Xorswift')
cd /Users/admin/builder/spi-builder-workspace/.swiftpm/xcode
builtin-Swift-Compilation-Requirements -- /Applications/Xcode-27.0.0-Release.Candidate.app/Contents/Developer/Toolchains/XcodeDefault.xctoolchain/usr/bin/swiftc -parse-as-library -module-name Xorswift -Onone @/Users/admin/builder/spi-builder-workspace/.derivedData/Build/Intermediates.noindex/Xorswift.build/Debug-watchos/Xorswift-t.build/Objects-normal/arm64_32/Xorswift.SwiftFileList -DSWIFT_PACKAGE -DDEBUG -DSWIFT_MODULE_RESOURCE_BUNDLE_UNAVAILABLE -DXcode -plugin-path /Applications/Xcode-27.0.0-Release.Candidate.app/Contents/Developer/Toolchains/XcodeDefault.xctoolchain/usr/lib/swift/host/plugins/testing -enable-experimental-feature DebugDescriptionMacro -sdk /Applications/Xcode-27.0.0-Release.Candidate.app/Contents/Developer/Platforms/WatchOS.platform/Developer/SDKs/WatchOS27.0.sdk -target arm64_32-apple-watchos9.0 -g -module-cache-path /Users/admin/builder/spi-builder-workspace/.derivedData/ModuleCache.noindex -Xfrontend -serialize-debugging-options -profile-coverage-mapping -profile-generate -enable-testing -suppress-warnings -index-store-path /Users/admin/builder/spi-builder-workspace/.derivedData/Index.noindex/DataStore -Xcc -D_LIBCPP_HARDENING_MODE\=_LIBCPP_HARDENING_MODE_DEBUG -swift-version 4.2 -I /Users/admin/builder/spi-builder-workspace/.derivedData/Build/Products/Debug-watchos -Isystem /Applications/Xcode-27.0.0-Release.Candidate.app/Contents/Developer/Platforms/WatchOS.platform/Developer/usr/lib -F /Users/admin/builder/spi-builder-workspace/.derivedData/Build/Products/Debug-watchos -F /Applications/Xcode-27.0.0-Release.Candidate.app/Contents/Developer/Platforms/WatchOS.platform/Developer/Library/Frameworks -F /Applications/Xcode-27.0.0-Release.Candidate.app/Contents/Developer/Platforms/WatchOS.platform/Developer/SDKs/WatchOS27.0.sdk/Developer/Library/Frameworks -c -j10 -enable-batch-mode -incremental -Xcc -ivfsstatcache -Xcc /Users/admin/builder/spi-builder-workspace/.derivedData/SDKStatCaches.noindex/watchos27.0-24R360-e829b21a6f8c9b70876ba0858053c04477534ef55a1706bf4c1112bbb242f0a2.sdkstatcache -output-file-map /Users/admin/builder/spi-builder-workspace/.derivedData/Build/Intermediates.noindex/Xorswift.build/Debug-watchos/Xorswift-t.build/Objects-normal/arm64_32/Xorswift-OutputFileMap.json -save-temps -no-color-diagnostics -emit-dependencies -emit-module -emit-module-path /Users/admin/builder/spi-builder-workspace/.derivedData/Build/Intermediates.noindex/Xorswift.build/Debug-watchos/Xorswift-t.build/Objects-normal/arm64_32/Xorswift.swiftmodule -serialize-diagnostics -validate-clang-modules-once -clang-build-session-file /Users/admin/builder/spi-builder-workspace/.derivedData/ModuleCache.noindex/Session.modulevalidation -Xcc -fmodules-prune-interval\=86400 -Xcc -fmodules-prune-after\=345600 -emit-const-values -const-gather-protocols-list /Users/admin/builder/spi-builder-workspace/.derivedData/Build/Intermediates.noindex/Xorswift.build/Debug-watchos/Xorswift-t.build/Objects-normal/arm64_32/Xorswift_const_extract_protocols.json -Xcc -I/Users/admin/builder/spi-builder-workspace/.derivedData/Build/Products/Debug-watchos/include -Xcc -I/Users/admin/builder/spi-builder-workspace/.derivedData/Build/Intermediates.noindex/Xorswift.build/Debug-watchos/Xorswift-t.build/DerivedSources-normal/arm64_32 -Xcc -I/Users/admin/builder/spi-builder-workspace/.derivedData/Build/Intermediates.noindex/Xorswift.build/Debug-watchos/Xorswift-t.build/DerivedSources/arm64_32 -Xcc -I/Users/admin/builder/spi-builder-workspace/.derivedData/Build/Intermediates.noindex/Xorswift.build/Debug-watchos/Xorswift-t.build/DerivedSources -Xcc -DSWIFT_PACKAGE -Xcc -DDEBUG\=1 -emit-objc-header -emit-objc-header-path /Users/admin/builder/spi-builder-workspace/.derivedData/Build/Intermediates.noindex/Xorswift.build/Debug-watchos/Xorswift-t.build/Objects-normal/arm64_32/Xorswift-Swift.h -working-directory /Users/admin/builder/spi-builder-workspace/.swiftpm/xcode -experimental-emit-module-separately -disable-cmo
Copy /Users/admin/builder/spi-builder-workspace/.derivedData/Build/Products/Debug-watchos/Xorswift.swiftmodule/arm64_32-apple-watchos.swiftmodule /Users/admin/builder/spi-builder-workspace/.derivedData/Build/Intermediates.noindex/Xorswift.build/Debug-watchos/Xorswift-t.build/Objects-normal/arm64_32/Xorswift.swiftmodule (in target 'Xorswift' from project 'Xorswift')
cd /Users/admin/builder/spi-builder-workspace/.dependencies/checkouts/xorswift
builtin-copy -exclude .DS_Store -exclude CVS -exclude .svn -exclude .git -exclude .hg -resolve-src-symlinks -rename /Users/admin/builder/spi-builder-workspace/.derivedData/Build/Intermediates.noindex/Xorswift.build/Debug-watchos/Xorswift-t.build/Objects-normal/arm64_32/Xorswift.swiftmodule /Users/admin/builder/spi-builder-workspace/.derivedData/Build/Products/Debug-watchos/Xorswift.swiftmodule/arm64_32-apple-watchos.swiftmodule
Copy /Users/admin/builder/spi-builder-workspace/.derivedData/Build/Products/Debug-watchos/Xorswift.swiftmodule/arm64_32-apple-watchos.swiftdoc /Users/admin/builder/spi-builder-workspace/.derivedData/Build/Intermediates.noindex/Xorswift.build/Debug-watchos/Xorswift-t.build/Objects-normal/arm64_32/Xorswift.swiftdoc (in target 'Xorswift' from project 'Xorswift')
cd /Users/admin/builder/spi-builder-workspace/.dependencies/checkouts/xorswift
builtin-copy -exclude .DS_Store -exclude CVS -exclude .svn -exclude .git -exclude .hg -resolve-src-symlinks -rename /Users/admin/builder/spi-builder-workspace/.derivedData/Build/Intermediates.noindex/Xorswift.build/Debug-watchos/Xorswift-t.build/Objects-normal/arm64_32/Xorswift.swiftdoc /Users/admin/builder/spi-builder-workspace/.derivedData/Build/Products/Debug-watchos/Xorswift.swiftmodule/arm64_32-apple-watchos.swiftdoc
Copy /Users/admin/builder/spi-builder-workspace/.derivedData/Build/Products/Debug-watchos/Xorswift.swiftmodule/arm64_32-apple-watchos.abi.json /Users/admin/builder/spi-builder-workspace/.derivedData/Build/Intermediates.noindex/Xorswift.build/Debug-watchos/Xorswift-t.build/Objects-normal/arm64_32/Xorswift.abi.json (in target 'Xorswift' from project 'Xorswift')
cd /Users/admin/builder/spi-builder-workspace/.dependencies/checkouts/xorswift
builtin-copy -exclude .DS_Store -exclude CVS -exclude .svn -exclude .git -exclude .hg -resolve-src-symlinks -rename /Users/admin/builder/spi-builder-workspace/.derivedData/Build/Intermediates.noindex/Xorswift.build/Debug-watchos/Xorswift-t.build/Objects-normal/arm64_32/Xorswift.abi.json /Users/admin/builder/spi-builder-workspace/.derivedData/Build/Products/Debug-watchos/Xorswift.swiftmodule/arm64_32-apple-watchos.abi.json
Copy /Users/admin/builder/spi-builder-workspace/.derivedData/Build/Products/Debug-watchos/Xorswift.swiftmodule/Project/arm64_32-apple-watchos.swiftsourceinfo /Users/admin/builder/spi-builder-workspace/.derivedData/Build/Intermediates.noindex/Xorswift.build/Debug-watchos/Xorswift-t.build/Objects-normal/arm64_32/Xorswift.swiftsourceinfo (in target 'Xorswift' from project 'Xorswift')
cd /Users/admin/builder/spi-builder-workspace/.dependencies/checkouts/xorswift
builtin-copy -exclude .DS_Store -exclude CVS -exclude .svn -exclude .git -exclude .hg -resolve-src-symlinks -rename /Users/admin/builder/spi-builder-workspace/.derivedData/Build/Intermediates.noindex/Xorswift.build/Debug-watchos/Xorswift-t.build/Objects-normal/arm64_32/Xorswift.swiftsourceinfo /Users/admin/builder/spi-builder-workspace/.derivedData/Build/Products/Debug-watchos/Xorswift.swiftmodule/Project/arm64_32-apple-watchos.swiftsourceinfo
SwiftDriverJobDiscovery normal arm64 Emitting module for Xorswift (in target 'Xorswift' from project 'Xorswift')
SwiftDriver\ Compilation\ Requirements Xorswift normal arm64 com.apple.xcode.tools.swift.compiler (in target 'Xorswift' from project 'Xorswift')
cd /Users/admin/builder/spi-builder-workspace/.swiftpm/xcode
builtin-Swift-Compilation-Requirements -- /Applications/Xcode-27.0.0-Release.Candidate.app/Contents/Developer/Toolchains/XcodeDefault.xctoolchain/usr/bin/swiftc -parse-as-library -module-name Xorswift -Onone @/Users/admin/builder/spi-builder-workspace/.derivedData/Build/Intermediates.noindex/Xorswift.build/Debug-watchos/Xorswift-t.build/Objects-normal/arm64/Xorswift.SwiftFileList -DSWIFT_PACKAGE -DDEBUG -DSWIFT_MODULE_RESOURCE_BUNDLE_UNAVAILABLE -DXcode -plugin-path /Applications/Xcode-27.0.0-Release.Candidate.app/Contents/Developer/Toolchains/XcodeDefault.xctoolchain/usr/lib/swift/host/plugins/testing -enable-experimental-feature DebugDescriptionMacro -sdk /Applications/Xcode-27.0.0-Release.Candidate.app/Contents/Developer/Platforms/WatchOS.platform/Developer/SDKs/WatchOS27.0.sdk -target arm64-apple-watchos9.0 -g -module-cache-path /Users/admin/builder/spi-builder-workspace/.derivedData/ModuleCache.noindex -Xfrontend -serialize-debugging-options -profile-coverage-mapping -profile-generate -enable-testing -suppress-warnings -index-store-path /Users/admin/builder/spi-builder-workspace/.derivedData/Index.noindex/DataStore -Xcc -D_LIBCPP_HARDENING_MODE\=_LIBCPP_HARDENING_MODE_DEBUG -swift-version 4.2 -I /Users/admin/builder/spi-builder-workspace/.derivedData/Build/Products/Debug-watchos -Isystem /Applications/Xcode-27.0.0-Release.Candidate.app/Contents/Developer/Platforms/WatchOS.platform/Developer/usr/lib -F /Users/admin/builder/spi-builder-workspace/.derivedData/Build/Products/Debug-watchos -F /Applications/Xcode-27.0.0-Release.Candidate.app/Contents/Developer/Platforms/WatchOS.platform/Developer/Library/Frameworks -F /Applications/Xcode-27.0.0-Release.Candidate.app/Contents/Developer/Platforms/WatchOS.platform/Developer/SDKs/WatchOS27.0.sdk/Developer/Library/Frameworks -c -j10 -enable-batch-mode -incremental -Xcc -ivfsstatcache -Xcc /Users/admin/builder/spi-builder-workspace/.derivedData/SDKStatCaches.noindex/watchos27.0-24R360-e829b21a6f8c9b70876ba0858053c04477534ef55a1706bf4c1112bbb242f0a2.sdkstatcache -output-file-map /Users/admin/builder/spi-builder-workspace/.derivedData/Build/Intermediates.noindex/Xorswift.build/Debug-watchos/Xorswift-t.build/Objects-normal/arm64/Xorswift-OutputFileMap.json -save-temps -no-color-diagnostics -emit-dependencies -emit-module -emit-module-path /Users/admin/builder/spi-builder-workspace/.derivedData/Build/Intermediates.noindex/Xorswift.build/Debug-watchos/Xorswift-t.build/Objects-normal/arm64/Xorswift.swiftmodule -serialize-diagnostics -validate-clang-modules-once -clang-build-session-file /Users/admin/builder/spi-builder-workspace/.derivedData/ModuleCache.noindex/Session.modulevalidation -Xcc -fmodules-prune-interval\=86400 -Xcc -fmodules-prune-after\=345600 -emit-const-values -const-gather-protocols-list /Users/admin/builder/spi-builder-workspace/.derivedData/Build/Intermediates.noindex/Xorswift.build/Debug-watchos/Xorswift-t.build/Objects-normal/arm64/Xorswift_const_extract_protocols.json -Xcc -I/Users/admin/builder/spi-builder-workspace/.derivedData/Build/Products/Debug-watchos/include -Xcc -I/Users/admin/builder/spi-builder-workspace/.derivedData/Build/Intermediates.noindex/Xorswift.build/Debug-watchos/Xorswift-t.build/DerivedSources-normal/arm64 -Xcc -I/Users/admin/builder/spi-builder-workspace/.derivedData/Build/Intermediates.noindex/Xorswift.build/Debug-watchos/Xorswift-t.build/DerivedSources/arm64 -Xcc -I/Users/admin/builder/spi-builder-workspace/.derivedData/Build/Intermediates.noindex/Xorswift.build/Debug-watchos/Xorswift-t.build/DerivedSources -Xcc -DSWIFT_PACKAGE -Xcc -DDEBUG\=1 -emit-objc-header -emit-objc-header-path /Users/admin/builder/spi-builder-workspace/.derivedData/Build/Intermediates.noindex/Xorswift.build/Debug-watchos/Xorswift-t.build/Objects-normal/arm64/Xorswift-Swift.h -working-directory /Users/admin/builder/spi-builder-workspace/.swiftpm/xcode -experimental-emit-module-separately -disable-cmo
SwiftMergeGeneratedHeaders /Users/admin/builder/spi-builder-workspace/.derivedData/Build/Intermediates.noindex/GeneratedModuleMaps-watchos/Xorswift-Swift.h /Users/admin/builder/spi-builder-workspace/.derivedData/Build/Intermediates.noindex/Xorswift.build/Debug-watchos/Xorswift-t.build/Objects-normal/arm64/Xorswift-Swift.h /Users/admin/builder/spi-builder-workspace/.derivedData/Build/Intermediates.noindex/Xorswift.build/Debug-watchos/Xorswift-t.build/Objects-normal/arm64_32/Xorswift-Swift.h (in target 'Xorswift' from project 'Xorswift')
cd /Users/admin/builder/spi-builder-workspace/.dependencies/checkouts/xorswift
builtin-swiftHeaderTool -arch arm64 /Users/admin/builder/spi-builder-workspace/.derivedData/Build/Intermediates.noindex/Xorswift.build/Debug-watchos/Xorswift-t.build/Objects-normal/arm64/Xorswift-Swift.h -arch arm64_32 /Users/admin/builder/spi-builder-workspace/.derivedData/Build/Intermediates.noindex/Xorswift.build/Debug-watchos/Xorswift-t.build/Objects-normal/arm64_32/Xorswift-Swift.h -o /Users/admin/builder/spi-builder-workspace/.derivedData/Build/Intermediates.noindex/GeneratedModuleMaps-watchos/Xorswift-Swift.h
Copy /Users/admin/builder/spi-builder-workspace/.derivedData/Build/Products/Debug-watchos/Xorswift.swiftmodule/arm64-apple-watchos.swiftmodule /Users/admin/builder/spi-builder-workspace/.derivedData/Build/Intermediates.noindex/Xorswift.build/Debug-watchos/Xorswift-t.build/Objects-normal/arm64/Xorswift.swiftmodule (in target 'Xorswift' from project 'Xorswift')
cd /Users/admin/builder/spi-builder-workspace/.dependencies/checkouts/xorswift
builtin-copy -exclude .DS_Store -exclude CVS -exclude .svn -exclude .git -exclude .hg -resolve-src-symlinks -rename /Users/admin/builder/spi-builder-workspace/.derivedData/Build/Intermediates.noindex/Xorswift.build/Debug-watchos/Xorswift-t.build/Objects-normal/arm64/Xorswift.swiftmodule /Users/admin/builder/spi-builder-workspace/.derivedData/Build/Products/Debug-watchos/Xorswift.swiftmodule/arm64-apple-watchos.swiftmodule
Copy /Users/admin/builder/spi-builder-workspace/.derivedData/Build/Products/Debug-watchos/Xorswift.swiftmodule/arm64-apple-watchos.swiftdoc /Users/admin/builder/spi-builder-workspace/.derivedData/Build/Intermediates.noindex/Xorswift.build/Debug-watchos/Xorswift-t.build/Objects-normal/arm64/Xorswift.swiftdoc (in target 'Xorswift' from project 'Xorswift')
cd /Users/admin/builder/spi-builder-workspace/.dependencies/checkouts/xorswift
builtin-copy -exclude .DS_Store -exclude CVS -exclude .svn -exclude .git -exclude .hg -resolve-src-symlinks -rename /Users/admin/builder/spi-builder-workspace/.derivedData/Build/Intermediates.noindex/Xorswift.build/Debug-watchos/Xorswift-t.build/Objects-normal/arm64/Xorswift.swiftdoc /Users/admin/builder/spi-builder-workspace/.derivedData/Build/Products/Debug-watchos/Xorswift.swiftmodule/arm64-apple-watchos.swiftdoc
Copy /Users/admin/builder/spi-builder-workspace/.derivedData/Build/Products/Debug-watchos/Xorswift.swiftmodule/arm64-apple-watchos.abi.json /Users/admin/builder/spi-builder-workspace/.derivedData/Build/Intermediates.noindex/Xorswift.build/Debug-watchos/Xorswift-t.build/Objects-normal/arm64/Xorswift.abi.json (in target 'Xorswift' from project 'Xorswift')
cd /Users/admin/builder/spi-builder-workspace/.dependencies/checkouts/xorswift
builtin-copy -exclude .DS_Store -exclude CVS -exclude .svn -exclude .git -exclude .hg -resolve-src-symlinks -rename /Users/admin/builder/spi-builder-workspace/.derivedData/Build/Intermediates.noindex/Xorswift.build/Debug-watchos/Xorswift-t.build/Objects-normal/arm64/Xorswift.abi.json /Users/admin/builder/spi-builder-workspace/.derivedData/Build/Products/Debug-watchos/Xorswift.swiftmodule/arm64-apple-watchos.abi.json
Copy /Users/admin/builder/spi-builder-workspace/.derivedData/Build/Products/Debug-watchos/Xorswift.swiftmodule/Project/arm64-apple-watchos.swiftsourceinfo /Users/admin/builder/spi-builder-workspace/.derivedData/Build/Intermediates.noindex/Xorswift.build/Debug-watchos/Xorswift-t.build/Objects-normal/arm64/Xorswift.swiftsourceinfo (in target 'Xorswift' from project 'Xorswift')
cd /Users/admin/builder/spi-builder-workspace/.dependencies/checkouts/xorswift
builtin-copy -exclude .DS_Store -exclude CVS -exclude .svn -exclude .git -exclude .hg -resolve-src-symlinks -rename /Users/admin/builder/spi-builder-workspace/.derivedData/Build/Intermediates.noindex/Xorswift.build/Debug-watchos/Xorswift-t.build/Objects-normal/arm64/Xorswift.swiftsourceinfo /Users/admin/builder/spi-builder-workspace/.derivedData/Build/Products/Debug-watchos/Xorswift.swiftmodule/Project/arm64-apple-watchos.swiftsourceinfo
SwiftDriver NDArray normal arm64_32 com.apple.xcode.tools.swift.compiler (in target 'NDArray' from project 'NDArray')
cd /Users/admin/builder/spi-builder-workspace/.swiftpm/xcode
builtin-SwiftDriver -- /Applications/Xcode-27.0.0-Release.Candidate.app/Contents/Developer/Toolchains/XcodeDefault.xctoolchain/usr/bin/swiftc -parse-as-library -module-name NDArray -Onone @/Users/admin/builder/spi-builder-workspace/.derivedData/Build/Intermediates.noindex/NDArray.build/Debug-watchos/NDArray-t.build/Objects-normal/arm64_32/NDArray.SwiftFileList -DSWIFT_PACKAGE -DDEBUG -DSWIFT_MODULE_RESOURCE_BUNDLE_UNAVAILABLE -DXcode -plugin-path /Applications/Xcode-27.0.0-Release.Candidate.app/Contents/Developer/Toolchains/XcodeDefault.xctoolchain/usr/lib/swift/host/plugins/testing -enable-experimental-feature DebugDescriptionMacro -sdk /Applications/Xcode-27.0.0-Release.Candidate.app/Contents/Developer/Platforms/WatchOS.platform/Developer/SDKs/WatchOS27.0.sdk -target arm64_32-apple-watchos9.0 -g -module-cache-path /Users/admin/builder/spi-builder-workspace/.derivedData/ModuleCache.noindex -Xfrontend -serialize-debugging-options -profile-coverage-mapping -profile-generate -enable-testing -index-store-path /Users/admin/builder/spi-builder-workspace/.derivedData/Index.noindex/DataStore -Xcc -D_LIBCPP_HARDENING_MODE\=_LIBCPP_HARDENING_MODE_DEBUG -swift-version 4.2 -I /Users/admin/builder/spi-builder-workspace/.derivedData/Build/Products/Debug-watchos -Isystem /Applications/Xcode-27.0.0-Release.Candidate.app/Contents/Developer/Platforms/WatchOS.platform/Developer/usr/lib -F /Users/admin/builder/spi-builder-workspace/.derivedData/Build/Products/Debug-watchos/PackageFrameworks -F /Users/admin/builder/spi-builder-workspace/.derivedData/Build/Products/Debug-watchos -F /Applications/Xcode-27.0.0-Release.Candidate.app/Contents/Developer/Platforms/WatchOS.platform/Developer/Library/Frameworks -F /Applications/Xcode-27.0.0-Release.Candidate.app/Contents/Developer/Platforms/WatchOS.platform/Developer/SDKs/WatchOS27.0.sdk/Developer/Library/Frameworks -c -j10 -enable-batch-mode -incremental -Xcc -ivfsstatcache -Xcc /Users/admin/builder/spi-builder-workspace/.derivedData/SDKStatCaches.noindex/watchos27.0-24R360-e829b21a6f8c9b70876ba0858053c04477534ef55a1706bf4c1112bbb242f0a2.sdkstatcache -output-file-map /Users/admin/builder/spi-builder-workspace/.derivedData/Build/Intermediates.noindex/NDArray.build/Debug-watchos/NDArray-t.build/Objects-normal/arm64_32/NDArray-OutputFileMap.json -save-temps -no-color-diagnostics -emit-dependencies -emit-module -emit-module-path /Users/admin/builder/spi-builder-workspace/.derivedData/Build/Intermediates.noindex/NDArray.build/Debug-watchos/NDArray-t.build/Objects-normal/arm64_32/NDArray.swiftmodule -serialize-diagnostics -validate-clang-modules-once -clang-build-session-file /Users/admin/builder/spi-builder-workspace/.derivedData/ModuleCache.noindex/Session.modulevalidation -Xcc -fmodules-prune-interval\=86400 -Xcc -fmodules-prune-after\=345600 -emit-const-values -const-gather-protocols-list /Users/admin/builder/spi-builder-workspace/.derivedData/Build/Intermediates.noindex/NDArray.build/Debug-watchos/NDArray-t.build/Objects-normal/arm64_32/NDArray_const_extract_protocols.json -Xcc -I/Users/admin/builder/spi-builder-workspace/.derivedData/Build/Products/Debug-watchos/include -Xcc -I/Users/admin/builder/spi-builder-workspace/.derivedData/Build/Intermediates.noindex/NDArray.build/Debug-watchos/NDArray-t.build/DerivedSources-normal/arm64_32 -Xcc -I/Users/admin/builder/spi-builder-workspace/.derivedData/Build/Intermediates.noindex/NDArray.build/Debug-watchos/NDArray-t.build/DerivedSources/arm64_32 -Xcc -I/Users/admin/builder/spi-builder-workspace/.derivedData/Build/Intermediates.noindex/NDArray.build/Debug-watchos/NDArray-t.build/DerivedSources -Xcc -DSWIFT_PACKAGE -Xcc -DDEBUG\=1 -emit-objc-header -emit-objc-header-path /Users/admin/builder/spi-builder-workspace/.derivedData/Build/Intermediates.noindex/NDArray.build/Debug-watchos/NDArray-t.build/Objects-normal/arm64_32/NDArray-Swift.h -working-directory /Users/admin/builder/spi-builder-workspace/.swiftpm/xcode -experimental-emit-module-separately -disable-cmo
SwiftDriver NDArray normal arm64 com.apple.xcode.tools.swift.compiler (in target 'NDArray' from project 'NDArray')
cd /Users/admin/builder/spi-builder-workspace/.swiftpm/xcode
builtin-SwiftDriver -- /Applications/Xcode-27.0.0-Release.Candidate.app/Contents/Developer/Toolchains/XcodeDefault.xctoolchain/usr/bin/swiftc -parse-as-library -module-name NDArray -Onone @/Users/admin/builder/spi-builder-workspace/.derivedData/Build/Intermediates.noindex/NDArray.build/Debug-watchos/NDArray-t.build/Objects-normal/arm64/NDArray.SwiftFileList -DSWIFT_PACKAGE -DDEBUG -DSWIFT_MODULE_RESOURCE_BUNDLE_UNAVAILABLE -DXcode -plugin-path /Applications/Xcode-27.0.0-Release.Candidate.app/Contents/Developer/Toolchains/XcodeDefault.xctoolchain/usr/lib/swift/host/plugins/testing -enable-experimental-feature DebugDescriptionMacro -sdk /Applications/Xcode-27.0.0-Release.Candidate.app/Contents/Developer/Platforms/WatchOS.platform/Developer/SDKs/WatchOS27.0.sdk -target arm64-apple-watchos9.0 -g -module-cache-path /Users/admin/builder/spi-builder-workspace/.derivedData/ModuleCache.noindex -Xfrontend -serialize-debugging-options -profile-coverage-mapping -profile-generate -enable-testing -index-store-path /Users/admin/builder/spi-builder-workspace/.derivedData/Index.noindex/DataStore -Xcc -D_LIBCPP_HARDENING_MODE\=_LIBCPP_HARDENING_MODE_DEBUG -swift-version 4.2 -I /Users/admin/builder/spi-builder-workspace/.derivedData/Build/Products/Debug-watchos -Isystem /Applications/Xcode-27.0.0-Release.Candidate.app/Contents/Developer/Platforms/WatchOS.platform/Developer/usr/lib -F /Users/admin/builder/spi-builder-workspace/.derivedData/Build/Products/Debug-watchos/PackageFrameworks -F /Users/admin/builder/spi-builder-workspace/.derivedData/Build/Products/Debug-watchos -F /Applications/Xcode-27.0.0-Release.Candidate.app/Contents/Developer/Platforms/WatchOS.platform/Developer/Library/Frameworks -F /Applications/Xcode-27.0.0-Release.Candidate.app/Contents/Developer/Platforms/WatchOS.platform/Developer/SDKs/WatchOS27.0.sdk/Developer/Library/Frameworks -c -j10 -enable-batch-mode -incremental -Xcc -ivfsstatcache -Xcc /Users/admin/builder/spi-builder-workspace/.derivedData/SDKStatCaches.noindex/watchos27.0-24R360-e829b21a6f8c9b70876ba0858053c04477534ef55a1706bf4c1112bbb242f0a2.sdkstatcache -output-file-map /Users/admin/builder/spi-builder-workspace/.derivedData/Build/Intermediates.noindex/NDArray.build/Debug-watchos/NDArray-t.build/Objects-normal/arm64/NDArray-OutputFileMap.json -save-temps -no-color-diagnostics -emit-dependencies -emit-module -emit-module-path /Users/admin/builder/spi-builder-workspace/.derivedData/Build/Intermediates.noindex/NDArray.build/Debug-watchos/NDArray-t.build/Objects-normal/arm64/NDArray.swiftmodule -serialize-diagnostics -validate-clang-modules-once -clang-build-session-file /Users/admin/builder/spi-builder-workspace/.derivedData/ModuleCache.noindex/Session.modulevalidation -Xcc -fmodules-prune-interval\=86400 -Xcc -fmodules-prune-after\=345600 -emit-const-values -const-gather-protocols-list /Users/admin/builder/spi-builder-workspace/.derivedData/Build/Intermediates.noindex/NDArray.build/Debug-watchos/NDArray-t.build/Objects-normal/arm64/NDArray_const_extract_protocols.json -Xcc -I/Users/admin/builder/spi-builder-workspace/.derivedData/Build/Products/Debug-watchos/include -Xcc -I/Users/admin/builder/spi-builder-workspace/.derivedData/Build/Intermediates.noindex/NDArray.build/Debug-watchos/NDArray-t.build/DerivedSources-normal/arm64 -Xcc -I/Users/admin/builder/spi-builder-workspace/.derivedData/Build/Intermediates.noindex/NDArray.build/Debug-watchos/NDArray-t.build/DerivedSources/arm64 -Xcc -I/Users/admin/builder/spi-builder-workspace/.derivedData/Build/Intermediates.noindex/NDArray.build/Debug-watchos/NDArray-t.build/DerivedSources -Xcc -DSWIFT_PACKAGE -Xcc -DDEBUG\=1 -emit-objc-header -emit-objc-header-path /Users/admin/builder/spi-builder-workspace/.derivedData/Build/Intermediates.noindex/NDArray.build/Debug-watchos/NDArray-t.build/Objects-normal/arm64/NDArray-Swift.h -working-directory /Users/admin/builder/spi-builder-workspace/.swiftpm/xcode -experimental-emit-module-separately -disable-cmo
SwiftEmitModule normal arm64_32 Emitting\ module\ for\ NDArray (in target 'NDArray' from project 'NDArray')
SwiftCompile normal arm64_32 (in target 'NDArray' from project 'NDArray')
cd /Users/admin/builder/spi-builder-workspace/.swiftpm/xcode
SwiftCompile normal arm64_32 Compiling\ ArrayLiteral.swift,\ Broadcast.swift,\ Indexing.swift /Users/admin/builder/spi-builder-workspace/Sources/NDArray/Core/ArrayLiteral.swift /Users/admin/builder/spi-builder-workspace/Sources/NDArray/Core/Broadcast.swift /Users/admin/builder/spi-builder-workspace/Sources/NDArray/Core/Indexing.swift (in target 'NDArray' from project 'NDArray')
SwiftCompile normal arm64_32 /Users/admin/builder/spi-builder-workspace/Sources/NDArray/Core/ArrayLiteral.swift (in target 'NDArray' from project 'NDArray')
cd /Users/admin/builder/spi-builder-workspace/.swiftpm/xcode
builtin-SwiftPerFileCompile ArrayLiteral.swift
SwiftCompile normal arm64_32 /Users/admin/builder/spi-builder-workspace/Sources/NDArray/Core/Broadcast.swift (in target 'NDArray' from project 'NDArray')
cd /Users/admin/builder/spi-builder-workspace/.swiftpm/xcode
builtin-SwiftPerFileCompile Broadcast.swift
SwiftCompile normal arm64_32 /Users/admin/builder/spi-builder-workspace/Sources/NDArray/Core/Indexing.swift (in target 'NDArray' from project 'NDArray')
cd /Users/admin/builder/spi-builder-workspace/.swiftpm/xcode
builtin-SwiftPerFileCompile Indexing.swift
SwiftEmitModule normal arm64 Emitting\ module\ for\ NDArray (in target 'NDArray' from project 'NDArray')
SwiftCompile normal arm64 (in target 'NDArray' from project 'NDArray')
cd /Users/admin/builder/spi-builder-workspace/.swiftpm/xcode
SwiftDriverJobDiscovery normal arm64_32 Emitting module for NDArray (in target 'NDArray' from project 'NDArray')
SwiftDriver\ Compilation\ Requirements NDArray normal arm64_32 com.apple.xcode.tools.swift.compiler (in target 'NDArray' from project 'NDArray')
cd /Users/admin/builder/spi-builder-workspace/.swiftpm/xcode
builtin-Swift-Compilation-Requirements -- /Applications/Xcode-27.0.0-Release.Candidate.app/Contents/Developer/Toolchains/XcodeDefault.xctoolchain/usr/bin/swiftc -parse-as-library -module-name NDArray -Onone @/Users/admin/builder/spi-builder-workspace/.derivedData/Build/Intermediates.noindex/NDArray.build/Debug-watchos/NDArray-t.build/Objects-normal/arm64_32/NDArray.SwiftFileList -DSWIFT_PACKAGE -DDEBUG -DSWIFT_MODULE_RESOURCE_BUNDLE_UNAVAILABLE -DXcode -plugin-path /Applications/Xcode-27.0.0-Release.Candidate.app/Contents/Developer/Toolchains/XcodeDefault.xctoolchain/usr/lib/swift/host/plugins/testing -enable-experimental-feature DebugDescriptionMacro -sdk /Applications/Xcode-27.0.0-Release.Candidate.app/Contents/Developer/Platforms/WatchOS.platform/Developer/SDKs/WatchOS27.0.sdk -target arm64_32-apple-watchos9.0 -g -module-cache-path /Users/admin/builder/spi-builder-workspace/.derivedData/ModuleCache.noindex -Xfrontend -serialize-debugging-options -profile-coverage-mapping -profile-generate -enable-testing -index-store-path /Users/admin/builder/spi-builder-workspace/.derivedData/Index.noindex/DataStore -Xcc -D_LIBCPP_HARDENING_MODE\=_LIBCPP_HARDENING_MODE_DEBUG -swift-version 4.2 -I /Users/admin/builder/spi-builder-workspace/.derivedData/Build/Products/Debug-watchos -Isystem /Applications/Xcode-27.0.0-Release.Candidate.app/Contents/Developer/Platforms/WatchOS.platform/Developer/usr/lib -F /Users/admin/builder/spi-builder-workspace/.derivedData/Build/Products/Debug-watchos/PackageFrameworks -F /Users/admin/builder/spi-builder-workspace/.derivedData/Build/Products/Debug-watchos -F /Applications/Xcode-27.0.0-Release.Candidate.app/Contents/Developer/Platforms/WatchOS.platform/Developer/Library/Frameworks -F /Applications/Xcode-27.0.0-Release.Candidate.app/Contents/Developer/Platforms/WatchOS.platform/Developer/SDKs/WatchOS27.0.sdk/Developer/Library/Frameworks -c -j10 -enable-batch-mode -incremental -Xcc -ivfsstatcache -Xcc /Users/admin/builder/spi-builder-workspace/.derivedData/SDKStatCaches.noindex/watchos27.0-24R360-e829b21a6f8c9b70876ba0858053c04477534ef55a1706bf4c1112bbb242f0a2.sdkstatcache -output-file-map /Users/admin/builder/spi-builder-workspace/.derivedData/Build/Intermediates.noindex/NDArray.build/Debug-watchos/NDArray-t.build/Objects-normal/arm64_32/NDArray-OutputFileMap.json -save-temps -no-color-diagnostics -emit-dependencies -emit-module -emit-module-path /Users/admin/builder/spi-builder-workspace/.derivedData/Build/Intermediates.noindex/NDArray.build/Debug-watchos/NDArray-t.build/Objects-normal/arm64_32/NDArray.swiftmodule -serialize-diagnostics -validate-clang-modules-once -clang-build-session-file /Users/admin/builder/spi-builder-workspace/.derivedData/ModuleCache.noindex/Session.modulevalidation -Xcc -fmodules-prune-interval\=86400 -Xcc -fmodules-prune-after\=345600 -emit-const-values -const-gather-protocols-list /Users/admin/builder/spi-builder-workspace/.derivedData/Build/Intermediates.noindex/NDArray.build/Debug-watchos/NDArray-t.build/Objects-normal/arm64_32/NDArray_const_extract_protocols.json -Xcc -I/Users/admin/builder/spi-builder-workspace/.derivedData/Build/Products/Debug-watchos/include -Xcc -I/Users/admin/builder/spi-builder-workspace/.derivedData/Build/Intermediates.noindex/NDArray.build/Debug-watchos/NDArray-t.build/DerivedSources-normal/arm64_32 -Xcc -I/Users/admin/builder/spi-builder-workspace/.derivedData/Build/Intermediates.noindex/NDArray.build/Debug-watchos/NDArray-t.build/DerivedSources/arm64_32 -Xcc -I/Users/admin/builder/spi-builder-workspace/.derivedData/Build/Intermediates.noindex/NDArray.build/Debug-watchos/NDArray-t.build/DerivedSources -Xcc -DSWIFT_PACKAGE -Xcc -DDEBUG\=1 -emit-objc-header -emit-objc-header-path /Users/admin/builder/spi-builder-workspace/.derivedData/Build/Intermediates.noindex/NDArray.build/Debug-watchos/NDArray-t.build/Objects-normal/arm64_32/NDArray-Swift.h -working-directory /Users/admin/builder/spi-builder-workspace/.swiftpm/xcode -experimental-emit-module-separately -disable-cmo
SwiftDriverJobDiscovery normal arm64 Emitting module for NDArray (in target 'NDArray' from project 'NDArray')
SwiftCompile normal arm64_32 Compiling\ Arithmetic.swift,\ Clip.swift,\ CompoundAssignment.swift /Users/admin/builder/spi-builder-workspace/Sources/NDArray/Functions/Arithmetic.swift /Users/admin/builder/spi-builder-workspace/Sources/NDArray/Functions/Clip.swift /Users/admin/builder/spi-builder-workspace/Sources/NDArray/Functions/CompoundAssignment.swift (in target 'NDArray' from project 'NDArray')
SwiftCompile normal arm64_32 /Users/admin/builder/spi-builder-workspace/Sources/NDArray/Functions/Arithmetic.swift (in target 'NDArray' from project 'NDArray')
cd /Users/admin/builder/spi-builder-workspace/.swiftpm/xcode
builtin-SwiftPerFileCompile Arithmetic.swift
SwiftCompile normal arm64_32 /Users/admin/builder/spi-builder-workspace/Sources/NDArray/Functions/Clip.swift (in target 'NDArray' from project 'NDArray')
cd /Users/admin/builder/spi-builder-workspace/.swiftpm/xcode
builtin-SwiftPerFileCompile Clip.swift
SwiftCompile normal arm64_32 /Users/admin/builder/spi-builder-workspace/Sources/NDArray/Functions/CompoundAssignment.swift (in target 'NDArray' from project 'NDArray')
cd /Users/admin/builder/spi-builder-workspace/.swiftpm/xcode
builtin-SwiftPerFileCompile CompoundAssignment.swift
SwiftDriver\ Compilation\ Requirements NDArray normal arm64 com.apple.xcode.tools.swift.compiler (in target 'NDArray' from project 'NDArray')
cd /Users/admin/builder/spi-builder-workspace/.swiftpm/xcode
builtin-Swift-Compilation-Requirements -- /Applications/Xcode-27.0.0-Release.Candidate.app/Contents/Developer/Toolchains/XcodeDefault.xctoolchain/usr/bin/swiftc -parse-as-library -module-name NDArray -Onone @/Users/admin/builder/spi-builder-workspace/.derivedData/Build/Intermediates.noindex/NDArray.build/Debug-watchos/NDArray-t.build/Objects-normal/arm64/NDArray.SwiftFileList -DSWIFT_PACKAGE -DDEBUG -DSWIFT_MODULE_RESOURCE_BUNDLE_UNAVAILABLE -DXcode -plugin-path /Applications/Xcode-27.0.0-Release.Candidate.app/Contents/Developer/Toolchains/XcodeDefault.xctoolchain/usr/lib/swift/host/plugins/testing -enable-experimental-feature DebugDescriptionMacro -sdk /Applications/Xcode-27.0.0-Release.Candidate.app/Contents/Developer/Platforms/WatchOS.platform/Developer/SDKs/WatchOS27.0.sdk -target arm64-apple-watchos9.0 -g -module-cache-path /Users/admin/builder/spi-builder-workspace/.derivedData/ModuleCache.noindex -Xfrontend -serialize-debugging-options -profile-coverage-mapping -profile-generate -enable-testing -index-store-path /Users/admin/builder/spi-builder-workspace/.derivedData/Index.noindex/DataStore -Xcc -D_LIBCPP_HARDENING_MODE\=_LIBCPP_HARDENING_MODE_DEBUG -swift-version 4.2 -I /Users/admin/builder/spi-builder-workspace/.derivedData/Build/Products/Debug-watchos -Isystem /Applications/Xcode-27.0.0-Release.Candidate.app/Contents/Developer/Platforms/WatchOS.platform/Developer/usr/lib -F /Users/admin/builder/spi-builder-workspace/.derivedData/Build/Products/Debug-watchos/PackageFrameworks -F /Users/admin/builder/spi-builder-workspace/.derivedData/Build/Products/Debug-watchos -F /Applications/Xcode-27.0.0-Release.Candidate.app/Contents/Developer/Platforms/WatchOS.platform/Developer/Library/Frameworks -F /Applications/Xcode-27.0.0-Release.Candidate.app/Contents/Developer/Platforms/WatchOS.platform/Developer/SDKs/WatchOS27.0.sdk/Developer/Library/Frameworks -c -j10 -enable-batch-mode -incremental -Xcc -ivfsstatcache -Xcc /Users/admin/builder/spi-builder-workspace/.derivedData/SDKStatCaches.noindex/watchos27.0-24R360-e829b21a6f8c9b70876ba0858053c04477534ef55a1706bf4c1112bbb242f0a2.sdkstatcache -output-file-map /Users/admin/builder/spi-builder-workspace/.derivedData/Build/Intermediates.noindex/NDArray.build/Debug-watchos/NDArray-t.build/Objects-normal/arm64/NDArray-OutputFileMap.json -save-temps -no-color-diagnostics -emit-dependencies -emit-module -emit-module-path /Users/admin/builder/spi-builder-workspace/.derivedData/Build/Intermediates.noindex/NDArray.build/Debug-watchos/NDArray-t.build/Objects-normal/arm64/NDArray.swiftmodule -serialize-diagnostics -validate-clang-modules-once -clang-build-session-file /Users/admin/builder/spi-builder-workspace/.derivedData/ModuleCache.noindex/Session.modulevalidation -Xcc -fmodules-prune-interval\=86400 -Xcc -fmodules-prune-after\=345600 -emit-const-values -const-gather-protocols-list /Users/admin/builder/spi-builder-workspace/.derivedData/Build/Intermediates.noindex/NDArray.build/Debug-watchos/NDArray-t.build/Objects-normal/arm64/NDArray_const_extract_protocols.json -Xcc -I/Users/admin/builder/spi-builder-workspace/.derivedData/Build/Products/Debug-watchos/include -Xcc -I/Users/admin/builder/spi-builder-workspace/.derivedData/Build/Intermediates.noindex/NDArray.build/Debug-watchos/NDArray-t.build/DerivedSources-normal/arm64 -Xcc -I/Users/admin/builder/spi-builder-workspace/.derivedData/Build/Intermediates.noindex/NDArray.build/Debug-watchos/NDArray-t.build/DerivedSources/arm64 -Xcc -I/Users/admin/builder/spi-builder-workspace/.derivedData/Build/Intermediates.noindex/NDArray.build/Debug-watchos/NDArray-t.build/DerivedSources -Xcc -DSWIFT_PACKAGE -Xcc -DDEBUG\=1 -emit-objc-header -emit-objc-header-path /Users/admin/builder/spi-builder-workspace/.derivedData/Build/Intermediates.noindex/NDArray.build/Debug-watchos/NDArray-t.build/Objects-normal/arm64/NDArray-Swift.h -working-directory /Users/admin/builder/spi-builder-workspace/.swiftpm/xcode -experimental-emit-module-separately -disable-cmo
SwiftDriverJobDiscovery normal arm64 Compiling XorshiftGenerator.swift (in target 'Xorswift' from project 'Xorswift')
Copy /Users/admin/builder/spi-builder-workspace/.derivedData/Build/Products/Debug-watchos/NDArray.swiftmodule/arm64_32-apple-watchos.swiftmodule /Users/admin/builder/spi-builder-workspace/.derivedData/Build/Intermediates.noindex/NDArray.build/Debug-watchos/NDArray-t.build/Objects-normal/arm64_32/NDArray.swiftmodule (in target 'NDArray' from project 'NDArray')
cd /Users/admin/builder/spi-builder-workspace
builtin-copy -exclude .DS_Store -exclude CVS -exclude .svn -exclude .git -exclude .hg -resolve-src-symlinks -rename /Users/admin/builder/spi-builder-workspace/.derivedData/Build/Intermediates.noindex/NDArray.build/Debug-watchos/NDArray-t.build/Objects-normal/arm64_32/NDArray.swiftmodule /Users/admin/builder/spi-builder-workspace/.derivedData/Build/Products/Debug-watchos/NDArray.swiftmodule/arm64_32-apple-watchos.swiftmodule
SwiftMergeGeneratedHeaders /Users/admin/builder/spi-builder-workspace/.derivedData/Build/Intermediates.noindex/GeneratedModuleMaps-watchos/NDArray-Swift.h /Users/admin/builder/spi-builder-workspace/.derivedData/Build/Intermediates.noindex/NDArray.build/Debug-watchos/NDArray-t.build/Objects-normal/arm64/NDArray-Swift.h /Users/admin/builder/spi-builder-workspace/.derivedData/Build/Intermediates.noindex/NDArray.build/Debug-watchos/NDArray-t.build/Objects-normal/arm64_32/NDArray-Swift.h (in target 'NDArray' from project 'NDArray')
cd /Users/admin/builder/spi-builder-workspace
builtin-swiftHeaderTool -arch arm64 /Users/admin/builder/spi-builder-workspace/.derivedData/Build/Intermediates.noindex/NDArray.build/Debug-watchos/NDArray-t.build/Objects-normal/arm64/NDArray-Swift.h -arch arm64_32 /Users/admin/builder/spi-builder-workspace/.derivedData/Build/Intermediates.noindex/NDArray.build/Debug-watchos/NDArray-t.build/Objects-normal/arm64_32/NDArray-Swift.h -o /Users/admin/builder/spi-builder-workspace/.derivedData/Build/Intermediates.noindex/GeneratedModuleMaps-watchos/NDArray-Swift.h
Copy /Users/admin/builder/spi-builder-workspace/.derivedData/Build/Products/Debug-watchos/NDArray.swiftmodule/arm64_32-apple-watchos.swiftdoc /Users/admin/builder/spi-builder-workspace/.derivedData/Build/Intermediates.noindex/NDArray.build/Debug-watchos/NDArray-t.build/Objects-normal/arm64_32/NDArray.swiftdoc (in target 'NDArray' from project 'NDArray')
cd /Users/admin/builder/spi-builder-workspace
builtin-copy -exclude .DS_Store -exclude CVS -exclude .svn -exclude .git -exclude .hg -resolve-src-symlinks -rename /Users/admin/builder/spi-builder-workspace/.derivedData/Build/Intermediates.noindex/NDArray.build/Debug-watchos/NDArray-t.build/Objects-normal/arm64_32/NDArray.swiftdoc /Users/admin/builder/spi-builder-workspace/.derivedData/Build/Products/Debug-watchos/NDArray.swiftmodule/arm64_32-apple-watchos.swiftdoc
Copy /Users/admin/builder/spi-builder-workspace/.derivedData/Build/Products/Debug-watchos/NDArray.swiftmodule/arm64_32-apple-watchos.abi.json /Users/admin/builder/spi-builder-workspace/.derivedData/Build/Intermediates.noindex/NDArray.build/Debug-watchos/NDArray-t.build/Objects-normal/arm64_32/NDArray.abi.json (in target 'NDArray' from project 'NDArray')
cd /Users/admin/builder/spi-builder-workspace
builtin-copy -exclude .DS_Store -exclude CVS -exclude .svn -exclude .git -exclude .hg -resolve-src-symlinks -rename /Users/admin/builder/spi-builder-workspace/.derivedData/Build/Intermediates.noindex/NDArray.build/Debug-watchos/NDArray-t.build/Objects-normal/arm64_32/NDArray.abi.json /Users/admin/builder/spi-builder-workspace/.derivedData/Build/Products/Debug-watchos/NDArray.swiftmodule/arm64_32-apple-watchos.abi.json
Copy /Users/admin/builder/spi-builder-workspace/.derivedData/Build/Products/Debug-watchos/NDArray.swiftmodule/arm64-apple-watchos.swiftmodule /Users/admin/builder/spi-builder-workspace/.derivedData/Build/Intermediates.noindex/NDArray.build/Debug-watchos/NDArray-t.build/Objects-normal/arm64/NDArray.swiftmodule (in target 'NDArray' from project 'NDArray')
cd /Users/admin/builder/spi-builder-workspace
builtin-copy -exclude .DS_Store -exclude CVS -exclude .svn -exclude .git -exclude .hg -resolve-src-symlinks -rename /Users/admin/builder/spi-builder-workspace/.derivedData/Build/Intermediates.noindex/NDArray.build/Debug-watchos/NDArray-t.build/Objects-normal/arm64/NDArray.swiftmodule /Users/admin/builder/spi-builder-workspace/.derivedData/Build/Products/Debug-watchos/NDArray.swiftmodule/arm64-apple-watchos.swiftmodule
Copy /Users/admin/builder/spi-builder-workspace/.derivedData/Build/Products/Debug-watchos/NDArray.swiftmodule/arm64-apple-watchos.swiftdoc /Users/admin/builder/spi-builder-workspace/.derivedData/Build/Intermediates.noindex/NDArray.build/Debug-watchos/NDArray-t.build/Objects-normal/arm64/NDArray.swiftdoc (in target 'NDArray' from project 'NDArray')
cd /Users/admin/builder/spi-builder-workspace
builtin-copy -exclude .DS_Store -exclude CVS -exclude .svn -exclude .git -exclude .hg -resolve-src-symlinks -rename /Users/admin/builder/spi-builder-workspace/.derivedData/Build/Intermediates.noindex/NDArray.build/Debug-watchos/NDArray-t.build/Objects-normal/arm64/NDArray.swiftdoc /Users/admin/builder/spi-builder-workspace/.derivedData/Build/Products/Debug-watchos/NDArray.swiftmodule/arm64-apple-watchos.swiftdoc
Copy /Users/admin/builder/spi-builder-workspace/.derivedData/Build/Products/Debug-watchos/NDArray.swiftmodule/arm64-apple-watchos.abi.json /Users/admin/builder/spi-builder-workspace/.derivedData/Build/Intermediates.noindex/NDArray.build/Debug-watchos/NDArray-t.build/Objects-normal/arm64/NDArray.abi.json (in target 'NDArray' from project 'NDArray')
cd /Users/admin/builder/spi-builder-workspace
builtin-copy -exclude .DS_Store -exclude CVS -exclude .svn -exclude .git -exclude .hg -resolve-src-symlinks -rename /Users/admin/builder/spi-builder-workspace/.derivedData/Build/Intermediates.noindex/NDArray.build/Debug-watchos/NDArray-t.build/Objects-normal/arm64/NDArray.abi.json /Users/admin/builder/spi-builder-workspace/.derivedData/Build/Products/Debug-watchos/NDArray.swiftmodule/arm64-apple-watchos.abi.json
Copy /Users/admin/builder/spi-builder-workspace/.derivedData/Build/Products/Debug-watchos/NDArray.swiftmodule/Project/arm64_32-apple-watchos.swiftsourceinfo /Users/admin/builder/spi-builder-workspace/.derivedData/Build/Intermediates.noindex/NDArray.build/Debug-watchos/NDArray-t.build/Objects-normal/arm64_32/NDArray.swiftsourceinfo (in target 'NDArray' from project 'NDArray')
cd /Users/admin/builder/spi-builder-workspace
builtin-copy -exclude .DS_Store -exclude CVS -exclude .svn -exclude .git -exclude .hg -resolve-src-symlinks -rename /Users/admin/builder/spi-builder-workspace/.derivedData/Build/Intermediates.noindex/NDArray.build/Debug-watchos/NDArray-t.build/Objects-normal/arm64_32/NDArray.swiftsourceinfo /Users/admin/builder/spi-builder-workspace/.derivedData/Build/Products/Debug-watchos/NDArray.swiftmodule/Project/arm64_32-apple-watchos.swiftsourceinfo
Copy /Users/admin/builder/spi-builder-workspace/.derivedData/Build/Products/Debug-watchos/NDArray.swiftmodule/Project/arm64-apple-watchos.swiftsourceinfo /Users/admin/builder/spi-builder-workspace/.derivedData/Build/Intermediates.noindex/NDArray.build/Debug-watchos/NDArray-t.build/Objects-normal/arm64/NDArray.swiftsourceinfo (in target 'NDArray' from project 'NDArray')
cd /Users/admin/builder/spi-builder-workspace
builtin-copy -exclude .DS_Store -exclude CVS -exclude .svn -exclude .git -exclude .hg -resolve-src-symlinks -rename /Users/admin/builder/spi-builder-workspace/.derivedData/Build/Intermediates.noindex/NDArray.build/Debug-watchos/NDArray-t.build/Objects-normal/arm64/NDArray.swiftsourceinfo /Users/admin/builder/spi-builder-workspace/.derivedData/Build/Products/Debug-watchos/NDArray.swiftmodule/Project/arm64-apple-watchos.swiftsourceinfo
SwiftCompile normal arm64_32 Compiling\ CopySign.swift,\ Covariance.swift,\ Creation.swift /Users/admin/builder/spi-builder-workspace/Sources/NDArray/Functions/CopySign.swift /Users/admin/builder/spi-builder-workspace/Sources/NDArray/Functions/Covariance.swift /Users/admin/builder/spi-builder-workspace/Sources/NDArray/Functions/Creation.swift (in target 'NDArray' from project 'NDArray')
SwiftCompile normal arm64_32 /Users/admin/builder/spi-builder-workspace/Sources/NDArray/Functions/CopySign.swift (in target 'NDArray' from project 'NDArray')
cd /Users/admin/builder/spi-builder-workspace/.swiftpm/xcode
builtin-SwiftPerFileCompile CopySign.swift
SwiftCompile normal arm64_32 /Users/admin/builder/spi-builder-workspace/Sources/NDArray/Functions/Covariance.swift (in target 'NDArray' from project 'NDArray')
cd /Users/admin/builder/spi-builder-workspace/.swiftpm/xcode
builtin-SwiftPerFileCompile Covariance.swift
SwiftCompile normal arm64_32 /Users/admin/builder/spi-builder-workspace/Sources/NDArray/Functions/Creation.swift (in target 'NDArray' from project 'NDArray')
cd /Users/admin/builder/spi-builder-workspace/.swiftpm/xcode
builtin-SwiftPerFileCompile Creation.swift
SwiftCompile normal arm64_32 Compiling\ Scalar.swift,\ Sequence.swift,\ Subscript.swift /Users/admin/builder/spi-builder-workspace/Sources/NDArray/Core/Scalar.swift /Users/admin/builder/spi-builder-workspace/Sources/NDArray/Core/Sequence.swift /Users/admin/builder/spi-builder-workspace/Sources/NDArray/Core/Subscript.swift (in target 'NDArray' from project 'NDArray')
SwiftCompile normal arm64_32 /Users/admin/builder/spi-builder-workspace/Sources/NDArray/Core/Scalar.swift (in target 'NDArray' from project 'NDArray')
cd /Users/admin/builder/spi-builder-workspace/.swiftpm/xcode
builtin-SwiftPerFileCompile Scalar.swift
SwiftCompile normal arm64_32 /Users/admin/builder/spi-builder-workspace/Sources/NDArray/Core/Sequence.swift (in target 'NDArray' from project 'NDArray')
cd /Users/admin/builder/spi-builder-workspace/.swiftpm/xcode
builtin-SwiftPerFileCompile Sequence.swift
SwiftCompile normal arm64_32 /Users/admin/builder/spi-builder-workspace/Sources/NDArray/Core/Subscript.swift (in target 'NDArray' from project 'NDArray')
cd /Users/admin/builder/spi-builder-workspace/.swiftpm/xcode
builtin-SwiftPerFileCompile Subscript.swift
SwiftDriverJobDiscovery normal arm64_32 Compiling XorshiftGenerator.swift (in target 'Xorswift' from project 'Xorswift')
SwiftCompile normal arm64 Compiling\ Scalar.swift,\ Sequence.swift,\ Subscript.swift /Users/admin/builder/spi-builder-workspace/Sources/NDArray/Core/Scalar.swift /Users/admin/builder/spi-builder-workspace/Sources/NDArray/Core/Sequence.swift /Users/admin/builder/spi-builder-workspace/Sources/NDArray/Core/Subscript.swift (in target 'NDArray' from project 'NDArray')
SwiftCompile normal arm64 /Users/admin/builder/spi-builder-workspace/Sources/NDArray/Core/Scalar.swift (in target 'NDArray' from project 'NDArray')
cd /Users/admin/builder/spi-builder-workspace/.swiftpm/xcode
builtin-SwiftPerFileCompile Scalar.swift
SwiftCompile normal arm64 /Users/admin/builder/spi-builder-workspace/Sources/NDArray/Core/Sequence.swift (in target 'NDArray' from project 'NDArray')
cd /Users/admin/builder/spi-builder-workspace/.swiftpm/xcode
builtin-SwiftPerFileCompile Sequence.swift
SwiftCompile normal arm64 /Users/admin/builder/spi-builder-workspace/Sources/NDArray/Core/Subscript.swift (in target 'NDArray' from project 'NDArray')
cd /Users/admin/builder/spi-builder-workspace/.swiftpm/xcode
builtin-SwiftPerFileCompile Subscript.swift
SwiftDriverJobDiscovery normal arm64_32 Compiling ArrayLiteral.swift, Broadcast.swift, Indexing.swift (in target 'NDArray' from project 'NDArray')
SwiftCompile normal arm64_32 Compiling\ FloatingPointFunctions.swift,\ HigherOrderFunctions.swift,\ LinearAlgebra.swift /Users/admin/builder/spi-builder-workspace/Sources/NDArray/Functions/FloatingPointFunctions.swift /Users/admin/builder/spi-builder-workspace/Sources/NDArray/Functions/HigherOrderFunctions.swift /Users/admin/builder/spi-builder-workspace/Sources/NDArray/Functions/LinearAlgebra.swift (in target 'NDArray' from project 'NDArray')
/Users/admin/builder/spi-builder-workspace/Sources/NDArray/Functions/LinearAlgebra.swift:52:14: warning: initialization of 'UnsafeMutablePointer<__CLPK_integer>' (aka 'UnsafeMutablePointer<Int>') results in a dangling pointer [#TemporaryPointers]
50 |
51 | var n = __CLPK_integer(size)
52 | let _n = UnsafeMutablePointer(&n)
| | |- note: implicit argument conversion from '__CLPK_integer' (aka 'Int') to 'UnsafeMutablePointer<__CLPK_integer>' (aka 'UnsafeMutablePointer<Int>') produces a pointer valid only for the duration of the call to 'init(_:)'
| | `- note: use 'withUnsafeMutablePointer' in order to explicitly convert argument to pointer valid for a defined scope
| `- warning: initialization of 'UnsafeMutablePointer<__CLPK_integer>' (aka 'UnsafeMutablePointer<Int>') results in a dangling pointer [#TemporaryPointers]
53 |
54 | var info: __CLPK_integer = 0
SwiftCompile normal arm64_32 /Users/admin/builder/spi-builder-workspace/Sources/NDArray/Functions/FloatingPointFunctions.swift (in target 'NDArray' from project 'NDArray')
cd /Users/admin/builder/spi-builder-workspace/.swiftpm/xcode
builtin-SwiftPerFileCompile FloatingPointFunctions.swift
SwiftCompile normal arm64_32 /Users/admin/builder/spi-builder-workspace/Sources/NDArray/Functions/HigherOrderFunctions.swift (in target 'NDArray' from project 'NDArray')
cd /Users/admin/builder/spi-builder-workspace/.swiftpm/xcode
builtin-SwiftPerFileCompile HigherOrderFunctions.swift
SwiftCompile normal arm64_32 /Users/admin/builder/spi-builder-workspace/Sources/NDArray/Functions/LinearAlgebra.swift (in target 'NDArray' from project 'NDArray')
cd /Users/admin/builder/spi-builder-workspace/.swiftpm/xcode
builtin-SwiftPerFileCompile LinearAlgebra.swift
SwiftDriverJobDiscovery normal arm64_32 Compiling Arithmetic.swift, Clip.swift, CompoundAssignment.swift (in target 'NDArray' from project 'NDArray')
SwiftCompile normal arm64_32 Compiling\ vDSPUtils.swift,\ vecLibUtils.swift /Users/admin/builder/spi-builder-workspace/Sources/NDArray/Utils/vDSPUtils.swift /Users/admin/builder/spi-builder-workspace/Sources/NDArray/Utils/vecLibUtils.swift (in target 'NDArray' from project 'NDArray')
/Users/admin/builder/spi-builder-workspace/Sources/NDArray/Utils/vDSPUtils.swift:51:35: error: cannot convert value of type 'Int' to expected argument type 'vDSP_Stride' (aka 'Int64')
49 | let dst = dstHead + od
50 |
51 | vDSPfunc(src, srcStride, dst, dstStride, _blockSize)
| `- error: cannot convert value of type 'Int' to expected argument type 'vDSP_Stride' (aka 'Int64')
52 | }
53 | }
/Users/admin/builder/spi-builder-workspace/Sources/NDArray/Utils/vDSPUtils.swift:51:51: error: cannot convert value of type 'Int' to expected argument type 'vDSP_Stride' (aka 'Int64')
49 | let dst = dstHead + od
50 |
51 | vDSPfunc(src, srcStride, dst, dstStride, _blockSize)
| `- error: cannot convert value of type 'Int' to expected argument type 'vDSP_Stride' (aka 'Int64')
52 | }
53 | }
/Users/admin/builder/spi-builder-workspace/Sources/NDArray/Utils/vDSPUtils.swift:169:31: error: cannot convert value of type 'Int' to expected argument type 'vDSP_Stride' (aka 'Int64')
167 | for offset in offsets {
168 | let src = src + offset
169 | vDSPfunc(src, stride, dst, count)
| `- error: cannot convert value of type 'Int' to expected argument type 'vDSP_Stride' (aka 'Int64')
170 | dst += 1
171 | }
/Users/admin/builder/spi-builder-workspace/Sources/NDArray/Utils/vDSPUtils.swift:201:31: error: cannot convert value of type 'Int' to expected argument type 'vDSP_Stride' (aka 'Int64')
199 | for offset in offsets {
200 | let src = src + offset
201 | vDSPfunc(src, stride, &e, dstPtr, count)
| `- error: cannot convert value of type 'Int' to expected argument type 'vDSP_Stride' (aka 'Int64')
202 | dstPtr += 1
203 | }
Failed frontend command:
/Applications/Xcode-27.0.0-Release.Candidate.app/Contents/Developer/Toolchains/XcodeDefault.xctoolchain/usr/bin/swift-frontend -frontend -c /Users/admin/builder/spi-builder-workspace/Sources/NDArray/Core/ArrayLiteral.swift /Users/admin/builder/spi-builder-workspace/Sources/NDArray/Core/Broadcast.swift /Users/admin/builder/spi-builder-workspace/Sources/NDArray/Core/Indexing.swift /Users/admin/builder/spi-builder-workspace/Sources/NDArray/Core/IterationUtils.swift /Users/admin/builder/spi-builder-workspace/Sources/NDArray/Core/NDArray.swift /Users/admin/builder/spi-builder-workspace/Sources/NDArray/Core/NDArrayUtils.swift /Users/admin/builder/spi-builder-workspace/Sources/NDArray/Core/Scalar.swift /Users/admin/builder/spi-builder-workspace/Sources/NDArray/Core/Sequence.swift /Users/admin/builder/spi-builder-workspace/Sources/NDArray/Core/Subscript.swift /Users/admin/builder/spi-builder-workspace/Sources/NDArray/Functions/Arithmetic.swift /Users/admin/builder/spi-builder-workspace/Sources/NDArray/Functions/Clip.swift /Users/admin/builder/spi-builder-workspace/Sources/NDArray/Functions/CompoundAssignment.swift /Users/admin/builder/spi-builder-workspace/Sources/NDArray/Functions/CopySign.swift /Users/admin/builder/spi-builder-workspace/Sources/NDArray/Functions/Covariance.swift /Users/admin/builder/spi-builder-workspace/Sources/NDArray/Functions/Creation.swift /Users/admin/builder/spi-builder-workspace/Sources/NDArray/Functions/FloatingPointFunctions.swift /Users/admin/builder/spi-builder-workspace/Sources/NDArray/Functions/HigherOrderFunctions.swift /Users/admin/builder/spi-builder-workspace/Sources/NDArray/Functions/LinearAlgebra.swift /Users/admin/builder/spi-builder-workspace/Sources/NDArray/Functions/MatrixMultiplication.swift /Users/admin/builder/spi-builder-workspace/Sources/NDArray/Functions/Power.swift /Users/admin/builder/spi-builder-workspace/Sources/NDArray/Functions/Random.swift /Users/admin/builder/spi-builder-workspace/Sources/NDArray/Functions/Reduce.swift /Users/admin/builder/spi-builder-workspace/Sources/NDArray/Functions/Select.swift /Users/admin/builder/spi-builder-workspace/Sources/NDArray/Functions/Sort.swift /Users/admin/builder/spi-builder-workspace/Sources/NDArray/Functions/Stack.swift /Users/admin/builder/spi-builder-workspace/Sources/NDArray/Functions/Transformation.swift -primary-file /Users/admin/builder/spi-builder-workspace/Sources/NDArray/Utils/vDSPUtils.swift -primary-file /Users/admin/builder/spi-builder-workspace/Sources/NDArray/Utils/vecLibUtils.swift -emit-dependencies-path /Users/admin/builder/spi-builder-workspace/.derivedData/Build/Intermediates.noindex/NDArray.build/Debug-watchos/NDArray-t.build/Objects-normal/arm64_32/vDSPUtils.d -emit-const-values-path /Users/admin/builder/spi-builder-workspace/.derivedData/Build/Intermediates.noindex/NDArray.build/Debug-watchos/NDArray-t.build/Objects-normal/arm64_32/vDSPUtils.swiftconstvalues -emit-reference-dependencies-path /Users/admin/builder/spi-builder-workspace/.derivedData/Build/Intermediates.noindex/NDArray.build/Debug-watchos/NDArray-t.build/Objects-normal/arm64_32/vDSPUtils.swiftdeps -serialize-diagnostics-path /Users/admin/builder/spi-builder-workspace/.derivedData/Build/Intermediates.noindex/NDArray.build/Debug-watchos/NDArray-t.build/Objects-normal/arm64_32/vDSPUtils.dia -emit-dependencies-path /Users/admin/builder/spi-builder-workspace/.derivedData/Build/Intermediates.noindex/NDArray.build/Debug-watchos/NDArray-t.build/Objects-normal/arm64_32/vecLibUtils.d -emit-const-values-path /Users/admin/builder/spi-builder-workspace/.derivedData/Build/Intermediates.noindex/NDArray.build/Debug-watchos/NDArray-t.build/Objects-normal/arm64_32/vecLibUtils.swiftconstvalues -emit-reference-dependencies-path /Users/admin/builder/spi-builder-workspace/.derivedData/Build/Intermediates.noindex/NDArray.build/Debug-watchos/NDArray-t.build/Objects-normal/arm64_32/vecLibUtils.swiftdeps -serialize-diagnostics-path /Users/admin/builder/spi-builder-workspace/.derivedData/Build/Intermediates.noindex/NDArray.build/Debug-watchos/NDArray-t.build/Objects-normal/arm64_32/vecLibUtils.dia -target arm64_32-apple-watchos9.0 -enable-objc-interop -sdk /Applications/Xcode-27.0.0-Release.Candidate.app/Contents/Developer/Platforms/WatchOS.platform/Developer/SDKs/WatchOS27.0.sdk -I /Users/admin/builder/spi-builder-workspace/.derivedData/Build/Products/Debug-watchos -Isystem /Applications/Xcode-27.0.0-Release.Candidate.app/Contents/Developer/Platforms/WatchOS.platform/Developer/usr/lib -F /Users/admin/builder/spi-builder-workspace/.derivedData/Build/Products/Debug-watchos/PackageFrameworks -F /Users/admin/builder/spi-builder-workspace/.derivedData/Build/Products/Debug-watchos -F /Applications/Xcode-27.0.0-Release.Candidate.app/Contents/Developer/Platforms/WatchOS.platform/Developer/Library/Frameworks -F /Applications/Xcode-27.0.0-Release.Candidate.app/Contents/Developer/Platforms/WatchOS.platform/Developer/SDKs/WatchOS27.0.sdk/Developer/Library/Frameworks -module-cache-path /Users/admin/builder/spi-builder-workspace/.derivedData/ModuleCache.noindex -no-color-diagnostics -Xcc -fno-color-diagnostics -enable-testing -g -debug-info-format\=dwarf -dwarf-version\=4 -profile-generate -profile-coverage-mapping -swift-version 4.2 -Onone -D SWIFT_PACKAGE -D DEBUG -D SWIFT_MODULE_RESOURCE_BUNDLE_UNAVAILABLE -D Xcode -serialize-debugging-options -enable-experimental-feature DebugDescriptionMacro -empty-abi-descriptor -plugin-path /Applications/Xcode-27.0.0-Release.Candidate.app/Contents/Developer/Toolchains/XcodeDefault.xctoolchain/usr/lib/swift/host/plugins/testing -validate-clang-modules-once -clang-build-session-file /Users/admin/builder/spi-builder-workspace/.derivedData/ModuleCache.noindex/Session.modulevalidation -Xcc -working-directory -Xcc /Users/admin/builder/spi-builder-workspace/.swiftpm/xcode -enable-anonymous-context-mangled-names -file-compilation-dir /Users/admin/builder/spi-builder-workspace/.swiftpm/xcode -Xcc -D_LIBCPP_HARDENING_MODE\=_LIBCPP_HARDENING_MODE_DEBUG -Xcc -ivfsstatcache -Xcc /Users/admin/builder/spi-builder-workspace/.derivedData/SDKStatCaches.noindex/watchos27.0-24R360-e829b21a6f8c9b70876ba0858053c04477534ef55a1706bf4c1112bbb242f0a2.sdkstatcache -Xcc -fmodules-prune-interval\=86400 -Xcc -fmodules-prune-after\=345600 -Xcc -I/Users/admin/builder/spi-builder-workspace/.derivedData/Build/Products/Debug-watchos/include -Xcc -I/Users/admin/builder/spi-builder-workspace/.derivedData/Build/Intermediates.noindex/NDArray.build/Debug-watchos/NDArray-t.build/DerivedSources-normal/arm64_32 -Xcc -I/Users/admin/builder/spi-builder-workspace/.derivedData/Build/Intermediates.noindex/NDArray.build/Debug-watchos/NDArray-t.build/DerivedSources/arm64_32 -Xcc -I/Users/admin/builder/spi-builder-workspace/.derivedData/Build/Intermediates.noindex/NDArray.build/Debug-watchos/NDArray-t.build/DerivedSources -Xcc -DSWIFT_PACKAGE -Xcc -DDEBUG\=1 -no-auto-bridging-header-chaining -module-name NDArray -const-gather-protocols-file /Users/admin/builder/spi-builder-workspace/.derivedData/Build/Intermediates.noindex/NDArray.build/Debug-watchos/NDArray-t.build/Objects-normal/arm64_32/NDArray_const_extract_protocols.json -disable-clang-spi -target-sdk-version 27.0 -target-sdk-name watchos27.0 -external-plugin-path /Applications/Xcode-27.0.0-Release.Candidate.app/Contents/Developer/Platforms/WatchOS.platform/Developer/usr/lib/swift/host/plugins\#/Applications/Xcode-27.0.0-Release.Candidate.app/Contents/Developer/Platforms/WatchOS.platform/Developer/usr/bin/swift-plugin-server -external-plugin-path /Applications/Xcode-27.0.0-Release.Candidate.app/Contents/Developer/Platforms/WatchOS.platform/Developer/usr/local/lib/swift/host/plugins\#/Applications/Xcode-27.0.0-Release.Candidate.app/Contents/Developer/Platforms/WatchOS.platform/Developer/usr/bin/swift-plugin-server -in-process-plugin-server-path /Applications/Xcode-27.0.0-Release.Candidate.app/Contents/Developer/Toolchains/XcodeDefault.xctoolchain/usr/lib/swift/host/libSwiftInProcPluginServer.dylib -plugin-path /Applications/Xcode-27.0.0-Release.Candidate.app/Contents/Developer/Toolchains/XcodeDefault.xctoolchain/usr/lib/swift/host/plugins -plugin-path /Applications/Xcode-27.0.0-Release.Candidate.app/Contents/Developer/Toolchains/XcodeDefault.xctoolchain/usr/local/lib/swift/host/plugins -parse-as-library -o /Users/admin/builder/spi-builder-workspace/.derivedData/Build/Intermediates.noindex/NDArray.build/Debug-watchos/NDArray-t.build/Objects-normal/arm64_32/vDSPUtils.o -o /Users/admin/builder/spi-builder-workspace/.derivedData/Build/Intermediates.noindex/NDArray.build/Debug-watchos/NDArray-t.build/Objects-normal/arm64_32/vecLibUtils.o -index-unit-output-path /NDArray.build/Debug-watchos/NDArray-t.build/Objects-normal/arm64_32/vDSPUtils.o -index-unit-output-path /NDArray.build/Debug-watchos/NDArray-t.build/Objects-normal/arm64_32/vecLibUtils.o -index-store-path /Users/admin/builder/spi-builder-workspace/.derivedData/Index.noindex/DataStore -index-system-modules
SwiftCompile normal arm64_32 /Users/admin/builder/spi-builder-workspace/Sources/NDArray/Utils/vDSPUtils.swift (in target 'NDArray' from project 'NDArray')
cd /Users/admin/builder/spi-builder-workspace/.swiftpm/xcode
builtin-SwiftPerFileCompile vDSPUtils.swift
SwiftCompile normal arm64_32 /Users/admin/builder/spi-builder-workspace/Sources/NDArray/Utils/vecLibUtils.swift (in target 'NDArray' from project 'NDArray')
cd /Users/admin/builder/spi-builder-workspace/.swiftpm/xcode
builtin-SwiftPerFileCompile vecLibUtils.swift
SwiftDriverJobDiscovery normal arm64_32 Compiling Scalar.swift, Sequence.swift, Subscript.swift (in target 'NDArray' from project 'NDArray')
SwiftDriverJobDiscovery normal arm64_32 Compiling Uniform.swift (in target 'Xorswift' from project 'Xorswift')
SwiftCompile normal arm64 Compiling\ Stack.swift,\ Transformation.swift /Users/admin/builder/spi-builder-workspace/Sources/NDArray/Functions/Stack.swift /Users/admin/builder/spi-builder-workspace/Sources/NDArray/Functions/Transformation.swift (in target 'NDArray' from project 'NDArray')
SwiftCompile normal arm64 /Users/admin/builder/spi-builder-workspace/Sources/NDArray/Functions/Stack.swift (in target 'NDArray' from project 'NDArray')
cd /Users/admin/builder/spi-builder-workspace/.swiftpm/xcode
builtin-SwiftPerFileCompile Stack.swift
SwiftCompile normal arm64 /Users/admin/builder/spi-builder-workspace/Sources/NDArray/Functions/Transformation.swift (in target 'NDArray' from project 'NDArray')
cd /Users/admin/builder/spi-builder-workspace/.swiftpm/xcode
builtin-SwiftPerFileCompile Transformation.swift
SwiftCompile normal arm64 Compiling\ FloatingPointFunctions.swift,\ HigherOrderFunctions.swift,\ LinearAlgebra.swift /Users/admin/builder/spi-builder-workspace/Sources/NDArray/Functions/FloatingPointFunctions.swift /Users/admin/builder/spi-builder-workspace/Sources/NDArray/Functions/HigherOrderFunctions.swift /Users/admin/builder/spi-builder-workspace/Sources/NDArray/Functions/LinearAlgebra.swift (in target 'NDArray' from project 'NDArray')
/Users/admin/builder/spi-builder-workspace/Sources/NDArray/Functions/LinearAlgebra.swift:52:14: warning: initialization of 'UnsafeMutablePointer<__CLPK_integer>' (aka 'UnsafeMutablePointer<Int32>') results in a dangling pointer [#TemporaryPointers]
50 |
51 | var n = __CLPK_integer(size)
52 | let _n = UnsafeMutablePointer(&n)
| | |- note: implicit argument conversion from '__CLPK_integer' (aka 'Int32') to 'UnsafeMutablePointer<__CLPK_integer>' (aka 'UnsafeMutablePointer<Int32>') produces a pointer valid only for the duration of the call to 'init(_:)'
| | `- note: use 'withUnsafeMutablePointer' in order to explicitly convert argument to pointer valid for a defined scope
| `- warning: initialization of 'UnsafeMutablePointer<__CLPK_integer>' (aka 'UnsafeMutablePointer<Int32>') results in a dangling pointer [#TemporaryPointers]
53 |
54 | var info: __CLPK_integer = 0
SwiftCompile normal arm64 /Users/admin/builder/spi-builder-workspace/Sources/NDArray/Functions/FloatingPointFunctions.swift (in target 'NDArray' from project 'NDArray')
cd /Users/admin/builder/spi-builder-workspace/.swiftpm/xcode
builtin-SwiftPerFileCompile FloatingPointFunctions.swift
SwiftCompile normal arm64 /Users/admin/builder/spi-builder-workspace/Sources/NDArray/Functions/HigherOrderFunctions.swift (in target 'NDArray' from project 'NDArray')
cd /Users/admin/builder/spi-builder-workspace/.swiftpm/xcode
builtin-SwiftPerFileCompile HigherOrderFunctions.swift
SwiftCompile normal arm64 /Users/admin/builder/spi-builder-workspace/Sources/NDArray/Functions/LinearAlgebra.swift (in target 'NDArray' from project 'NDArray')
cd /Users/admin/builder/spi-builder-workspace/.swiftpm/xcode
builtin-SwiftPerFileCompile LinearAlgebra.swift
SwiftDriverJobDiscovery normal arm64 Compiling Uniform.swift (in target 'Xorswift' from project 'Xorswift')
SwiftDriverJobDiscovery normal arm64_32 Compiling Normal.swift (in target 'Xorswift' from project 'Xorswift')
SwiftCompile normal arm64 Compiling\ CopySign.swift,\ Covariance.swift,\ Creation.swift /Users/admin/builder/spi-builder-workspace/Sources/NDArray/Functions/CopySign.swift /Users/admin/builder/spi-builder-workspace/Sources/NDArray/Functions/Covariance.swift /Users/admin/builder/spi-builder-workspace/Sources/NDArray/Functions/Creation.swift (in target 'NDArray' from project 'NDArray')
SwiftCompile normal arm64 /Users/admin/builder/spi-builder-workspace/Sources/NDArray/Functions/CopySign.swift (in target 'NDArray' from project 'NDArray')
cd /Users/admin/builder/spi-builder-workspace/.swiftpm/xcode
builtin-SwiftPerFileCompile CopySign.swift
SwiftCompile normal arm64 /Users/admin/builder/spi-builder-workspace/Sources/NDArray/Functions/Covariance.swift (in target 'NDArray' from project 'NDArray')
cd /Users/admin/builder/spi-builder-workspace/.swiftpm/xcode
builtin-SwiftPerFileCompile Covariance.swift
SwiftCompile normal arm64 /Users/admin/builder/spi-builder-workspace/Sources/NDArray/Functions/Creation.swift (in target 'NDArray' from project 'NDArray')
cd /Users/admin/builder/spi-builder-workspace/.swiftpm/xcode
builtin-SwiftPerFileCompile Creation.swift
SwiftDriverJobDiscovery normal arm64_32 Compiling FloatDouble.swift (in target 'Xorswift' from project 'Xorswift')
SwiftDriver\ Compilation Xorswift normal arm64_32 com.apple.xcode.tools.swift.compiler (in target 'Xorswift' from project 'Xorswift')
cd /Users/admin/builder/spi-builder-workspace/.swiftpm/xcode
builtin-Swift-Compilation -- /Applications/Xcode-27.0.0-Release.Candidate.app/Contents/Developer/Toolchains/XcodeDefault.xctoolchain/usr/bin/swiftc -parse-as-library -module-name Xorswift -Onone @/Users/admin/builder/spi-builder-workspace/.derivedData/Build/Intermediates.noindex/Xorswift.build/Debug-watchos/Xorswift-t.build/Objects-normal/arm64_32/Xorswift.SwiftFileList -DSWIFT_PACKAGE -DDEBUG -DSWIFT_MODULE_RESOURCE_BUNDLE_UNAVAILABLE -DXcode -plugin-path /Applications/Xcode-27.0.0-Release.Candidate.app/Contents/Developer/Toolchains/XcodeDefault.xctoolchain/usr/lib/swift/host/plugins/testing -enable-experimental-feature DebugDescriptionMacro -sdk /Applications/Xcode-27.0.0-Release.Candidate.app/Contents/Developer/Platforms/WatchOS.platform/Developer/SDKs/WatchOS27.0.sdk -target arm64_32-apple-watchos9.0 -g -module-cache-path /Users/admin/builder/spi-builder-workspace/.derivedData/ModuleCache.noindex -Xfrontend -serialize-debugging-options -profile-coverage-mapping -profile-generate -enable-testing -suppress-warnings -index-store-path /Users/admin/builder/spi-builder-workspace/.derivedData/Index.noindex/DataStore -Xcc -D_LIBCPP_HARDENING_MODE\=_LIBCPP_HARDENING_MODE_DEBUG -swift-version 4.2 -I /Users/admin/builder/spi-builder-workspace/.derivedData/Build/Products/Debug-watchos -Isystem /Applications/Xcode-27.0.0-Release.Candidate.app/Contents/Developer/Platforms/WatchOS.platform/Developer/usr/lib -F /Users/admin/builder/spi-builder-workspace/.derivedData/Build/Products/Debug-watchos -F /Applications/Xcode-27.0.0-Release.Candidate.app/Contents/Developer/Platforms/WatchOS.platform/Developer/Library/Frameworks -F /Applications/Xcode-27.0.0-Release.Candidate.app/Contents/Developer/Platforms/WatchOS.platform/Developer/SDKs/WatchOS27.0.sdk/Developer/Library/Frameworks -c -j10 -enable-batch-mode -incremental -Xcc -ivfsstatcache -Xcc /Users/admin/builder/spi-builder-workspace/.derivedData/SDKStatCaches.noindex/watchos27.0-24R360-e829b21a6f8c9b70876ba0858053c04477534ef55a1706bf4c1112bbb242f0a2.sdkstatcache -output-file-map /Users/admin/builder/spi-builder-workspace/.derivedData/Build/Intermediates.noindex/Xorswift.build/Debug-watchos/Xorswift-t.build/Objects-normal/arm64_32/Xorswift-OutputFileMap.json -save-temps -no-color-diagnostics -emit-dependencies -emit-module -emit-module-path /Users/admin/builder/spi-builder-workspace/.derivedData/Build/Intermediates.noindex/Xorswift.build/Debug-watchos/Xorswift-t.build/Objects-normal/arm64_32/Xorswift.swiftmodule -serialize-diagnostics -validate-clang-modules-once -clang-build-session-file /Users/admin/builder/spi-builder-workspace/.derivedData/ModuleCache.noindex/Session.modulevalidation -Xcc -fmodules-prune-interval\=86400 -Xcc -fmodules-prune-after\=345600 -emit-const-values -const-gather-protocols-list /Users/admin/builder/spi-builder-workspace/.derivedData/Build/Intermediates.noindex/Xorswift.build/Debug-watchos/Xorswift-t.build/Objects-normal/arm64_32/Xorswift_const_extract_protocols.json -Xcc -I/Users/admin/builder/spi-builder-workspace/.derivedData/Build/Products/Debug-watchos/include -Xcc -I/Users/admin/builder/spi-builder-workspace/.derivedData/Build/Intermediates.noindex/Xorswift.build/Debug-watchos/Xorswift-t.build/DerivedSources-normal/arm64_32 -Xcc -I/Users/admin/builder/spi-builder-workspace/.derivedData/Build/Intermediates.noindex/Xorswift.build/Debug-watchos/Xorswift-t.build/DerivedSources/arm64_32 -Xcc -I/Users/admin/builder/spi-builder-workspace/.derivedData/Build/Intermediates.noindex/Xorswift.build/Debug-watchos/Xorswift-t.build/DerivedSources -Xcc -DSWIFT_PACKAGE -Xcc -DDEBUG\=1 -emit-objc-header -emit-objc-header-path /Users/admin/builder/spi-builder-workspace/.derivedData/Build/Intermediates.noindex/Xorswift.build/Debug-watchos/Xorswift-t.build/Objects-normal/arm64_32/Xorswift-Swift.h -working-directory /Users/admin/builder/spi-builder-workspace/.swiftpm/xcode -experimental-emit-module-separately -disable-cmo
Ld /Users/admin/builder/spi-builder-workspace/.derivedData/Build/Intermediates.noindex/Xorswift.build/Debug-watchos/Xorswift-t.build/Objects-normal/arm64_32/Binary/Xorswift.o normal arm64_32 (in target 'Xorswift' from project 'Xorswift')
cd /Users/admin/builder/spi-builder-workspace/.dependencies/checkouts/xorswift
/Applications/Xcode-27.0.0-Release.Candidate.app/Contents/Developer/Toolchains/XcodeDefault.xctoolchain/usr/bin/clang -Xlinker -reproducible -target arm64_32-apple-watchos9.0 -r -isysroot /Applications/Xcode-27.0.0-Release.Candidate.app/Contents/Developer/Platforms/WatchOS.platform/Developer/SDKs/WatchOS27.0.sdk -O0 -w -Xlinker -no_warn_duplicate_libraries -F/Users/admin/builder/spi-builder-workspace/.derivedData/Build/Intermediates.noindex/EagerLinkingTBDs/Debug-watchos -F/Users/admin/builder/spi-builder-workspace/.derivedData/Build/Products/Debug-watchos -iframework /Applications/Xcode-27.0.0-Release.Candidate.app/Contents/Developer/Platforms/WatchOS.platform/Developer/Library/Frameworks -iframework /Applications/Xcode-27.0.0-Release.Candidate.app/Contents/Developer/Platforms/WatchOS.platform/Developer/SDKs/WatchOS27.0.sdk/Developer/Library/Frameworks -filelist /Users/admin/builder/spi-builder-workspace/.derivedData/Build/Intermediates.noindex/Xorswift.build/Debug-watchos/Xorswift-t.build/Objects-normal/arm64_32/Xorswift.LinkFileList -nostdlib -Xlinker -object_path_lto -Xlinker /Users/admin/builder/spi-builder-workspace/.derivedData/Build/Intermediates.noindex/Xorswift.build/Debug-watchos/Xorswift-t.build/Objects-normal/arm64_32/Xorswift_lto.o -Xlinker -no_deduplicate -Xlinker -debug_variant -Xlinker -dependency_info -Xlinker /Users/admin/builder/spi-builder-workspace/.derivedData/Build/Intermediates.noindex/Xorswift.build/Debug-watchos/Xorswift-t.build/Objects-normal/arm64_32/Xorswift_dependency_info.dat -fobjc-link-runtime -L/Applications/Xcode-27.0.0-Release.Candidate.app/Contents/Developer/Toolchains/XcodeDefault.xctoolchain/usr/lib/swift/watchos -L/usr/lib/swift -Xlinker -add_ast_path -Xlinker /Users/admin/builder/spi-builder-workspace/.derivedData/Build/Intermediates.noindex/Xorswift.build/Debug-watchos/Xorswift-t.build/Objects-normal/arm64_32/Xorswift.swiftmodule -o /Users/admin/builder/spi-builder-workspace/.derivedData/Build/Intermediates.noindex/Xorswift.build/Debug-watchos/Xorswift-t.build/Objects-normal/arm64_32/Binary/Xorswift.o
SwiftCompile normal arm64 Compiling\ Reduce.swift,\ Select.swift,\ Sort.swift /Users/admin/builder/spi-builder-workspace/Sources/NDArray/Functions/Reduce.swift /Users/admin/builder/spi-builder-workspace/Sources/NDArray/Functions/Select.swift /Users/admin/builder/spi-builder-workspace/Sources/NDArray/Functions/Sort.swift (in target 'NDArray' from project 'NDArray')
SwiftCompile normal arm64 /Users/admin/builder/spi-builder-workspace/Sources/NDArray/Functions/Reduce.swift (in target 'NDArray' from project 'NDArray')
cd /Users/admin/builder/spi-builder-workspace/.swiftpm/xcode
builtin-SwiftPerFileCompile Reduce.swift
SwiftCompile normal arm64 /Users/admin/builder/spi-builder-workspace/Sources/NDArray/Functions/Select.swift (in target 'NDArray' from project 'NDArray')
cd /Users/admin/builder/spi-builder-workspace/.swiftpm/xcode
builtin-SwiftPerFileCompile Select.swift
SwiftCompile normal arm64 /Users/admin/builder/spi-builder-workspace/Sources/NDArray/Functions/Sort.swift (in target 'NDArray' from project 'NDArray')
cd /Users/admin/builder/spi-builder-workspace/.swiftpm/xcode
builtin-SwiftPerFileCompile Sort.swift
SwiftCompile normal arm64 Compiling\ Arithmetic.swift,\ Clip.swift,\ CompoundAssignment.swift /Users/admin/builder/spi-builder-workspace/Sources/NDArray/Functions/Arithmetic.swift /Users/admin/builder/spi-builder-workspace/Sources/NDArray/Functions/Clip.swift /Users/admin/builder/spi-builder-workspace/Sources/NDArray/Functions/CompoundAssignment.swift (in target 'NDArray' from project 'NDArray')
SwiftCompile normal arm64 /Users/admin/builder/spi-builder-workspace/Sources/NDArray/Functions/Arithmetic.swift (in target 'NDArray' from project 'NDArray')
cd /Users/admin/builder/spi-builder-workspace/.swiftpm/xcode
builtin-SwiftPerFileCompile Arithmetic.swift
SwiftCompile normal arm64 /Users/admin/builder/spi-builder-workspace/Sources/NDArray/Functions/Clip.swift (in target 'NDArray' from project 'NDArray')
cd /Users/admin/builder/spi-builder-workspace/.swiftpm/xcode
builtin-SwiftPerFileCompile Clip.swift
SwiftCompile normal arm64 /Users/admin/builder/spi-builder-workspace/Sources/NDArray/Functions/CompoundAssignment.swift (in target 'NDArray' from project 'NDArray')
cd /Users/admin/builder/spi-builder-workspace/.swiftpm/xcode
builtin-SwiftPerFileCompile CompoundAssignment.swift
PruneExplicitPrecompiledModules /Users/admin/builder/spi-builder-workspace/.derivedData/Build/Intermediates.noindex/SwiftExplicitPrecompiledModules
PruneExplicitPrecompiledModules /Users/admin/builder/spi-builder-workspace/.derivedData/Build/Intermediates.noindex/ExplicitPrecompiledModules
PruneExplicitPrecompiledModules /Users/admin/builder/spi-builder-workspace/.derivedData/SDKExplicitPrecompiledModules
2026-09-16 09:14:29.700 xcodebuild[685:4339] [MT] IDERunDestination: Supported platforms for the buildables in the current scheme is empty.
** BUILD FAILED **
The following build commands failed:
SwiftCompile normal arm64_32 Compiling\ vDSPUtils.swift,\ vecLibUtils.swift /Users/admin/builder/spi-builder-workspace/Sources/NDArray/Utils/vDSPUtils.swift /Users/admin/builder/spi-builder-workspace/Sources/NDArray/Utils/vecLibUtils.swift (in target 'NDArray' from project 'NDArray')
SwiftCompile normal arm64_32 /Users/admin/builder/spi-builder-workspace/Sources/NDArray/Utils/vDSPUtils.swift (in target 'NDArray' from project 'NDArray')
Building workspace NDArray with scheme NDArray
(3 failures)
Command line invocation:
/Applications/Xcode-27.0.0-Release.Candidate.app/Contents/Developer/usr/bin/xcodebuild -IDEClonedSourcePackagesDirPathOverride=/Users/admin/builder/spi-builder-workspace/.dependencies -resolvePackageDependencies
Resolve Package Graph
Resolved source packages:
Xorswift: https://github.com/t-ae/xorswift.git @ 2.0.1
NDArray: /Users/admin/builder/spi-builder-workspace
resolved source packages: Xorswift, NDArray
2026-09-16 09:14:36.506 xcodebuild[733:4692] [MT] IDERunDestination: Supported platforms for the buildables in the current scheme is empty.
{
"dependencies" : [
{
"identity" : "xorswift",
"requirement" : {
"range" : [
{
"lower_bound" : "2.0.0",
"upper_bound" : "3.0.0"
}
]
},
"type" : "sourceControl",
"url" : "https://github.com/t-ae/xorswift.git"
}
],
"manifest_display_name" : "NDArray",
"name" : "NDArray",
"path" : "/Users/admin/builder/spi-builder-workspace",
"platforms" : [
],
"products" : [
{
"name" : "NDArray",
"targets" : [
"NDArray"
],
"type" : {
"library" : [
"automatic"
]
}
}
],
"targets" : [
{
"c99name" : "TestHelper",
"module_type" : "SwiftTarget",
"name" : "TestHelper",
"path" : "Tests/TestHelper",
"sources" : [
"IrisDataset.swift",
"XCTAssertEqualWithAccuracy.swift"
],
"target_dependencies" : [
"NDArray"
],
"type" : "library"
},
{
"c99name" : "PerformanceTests",
"module_type" : "SwiftTarget",
"name" : "PerformanceTests",
"path" : "Tests/PerformanceTests",
"sources" : [
"GradientDescentExample.swift",
"HamiltonianMonteCarloExample.swift",
"IrisClassificationExample.swift",
"PerformanceTests.swift"
],
"target_dependencies" : [
"NDArray",
"TestHelper"
],
"type" : "test"
},
{
"c99name" : "NDArrayTests",
"module_type" : "SwiftTarget",
"name" : "NDArrayTests",
"path" : "Tests/NDArrayTests",
"sources" : [
"ArithmeticTests.swift",
"ArrayLiteralTests.swift",
"ClipTests.swift",
"CompoundAssignmentTests.swift",
"CopySignTests.swift",
"CovarianceTests.swift",
"CreationTests.swift",
"FloatingPointFunctionsTests.swift",
"HigherOrderFunctionsTests.swift",
"LinearAlgebraTests.swift",
"MatrixMultiplicationTests.swift",
"NDArrayTests.swift",
"PowerTests.swift",
"RandomTests.swift",
"ReduceTests.swift",
"SelectTests.swift",
"SequenceTests.swift",
"SortTests.swift",
"StackTests.swift",
"SubscriptTests.swift",
"TransformationTests.swift",
"UtilsTests.swift"
],
"target_dependencies" : [
"NDArray",
"TestHelper"
],
"type" : "test"
},
{
"c99name" : "NDArray",
"module_type" : "SwiftTarget",
"name" : "NDArray",
"path" : "Sources/NDArray",
"product_dependencies" : [
"Xorswift"
],
"product_memberships" : [
"NDArray"
],
"sources" : [
"Core/ArrayLiteral.swift",
"Core/Broadcast.swift",
"Core/Indexing.swift",
"Core/IterationUtils.swift",
"Core/NDArray.swift",
"Core/NDArrayUtils.swift",
"Core/Scalar.swift",
"Core/Sequence.swift",
"Core/Subscript.swift",
"Functions/Arithmetic.swift",
"Functions/Clip.swift",
"Functions/CompoundAssignment.swift",
"Functions/CopySign.swift",
"Functions/Covariance.swift",
"Functions/Creation.swift",
"Functions/FloatingPointFunctions.swift",
"Functions/HigherOrderFunctions.swift",
"Functions/LinearAlgebra.swift",
"Functions/MatrixMultiplication.swift",
"Functions/Power.swift",
"Functions/Random.swift",
"Functions/Reduce.swift",
"Functions/Select.swift",
"Functions/Sort.swift",
"Functions/Stack.swift",
"Functions/Transformation.swift",
"Utils/vDSPUtils.swift",
"Utils/vecLibUtils.swift"
],
"type" : "library"
}
],
"tools_version" : "4.2"
}
{
"workspace" : {
"name" : "NDArray",
"schemes" : [
"NDArray"
]
}
}
2026-09-16 09:14:37.784 xcodebuild[741:4760] [MT] IDERunDestination: Supported platforms for the buildables in the current scheme is empty.
Running build ...
env DEVELOPER_DIR=/Applications/Xcode-27.0.0-Release.Candidate.app xcrun xcodebuild -IDEClonedSourcePackagesDirPathOverride=$PWD/.dependencies -skipMacroValidation -skipPackagePluginValidation -derivedDataPath $PWD/.derivedData build -scheme NDArray -destination generic/platform=watchOS
Command line invocation:
/Applications/Xcode-27.0.0-Release.Candidate.app/Contents/Developer/usr/bin/xcodebuild -IDEClonedSourcePackagesDirPathOverride=/Users/admin/builder/spi-builder-workspace/.dependencies -skipMacroValidation -skipPackagePluginValidation -derivedDataPath /Users/admin/builder/spi-builder-workspace/.derivedData build -scheme NDArray -destination generic/platform=watchOS
Resolve Package Graph
Resolved source packages:
Xorswift: https://github.com/t-ae/xorswift.git @ 2.0.1
NDArray: /Users/admin/builder/spi-builder-workspace
ComputePackagePrebuildTargetDependencyGraph
Prepare packages
CreateBuildRequest
SendProjectDescription
CreateBuildOperation
ComputeTargetDependencyGraph
note: Building targets in dependency order
note: Target dependency graph (4 targets)
Target 'NDArray-product' in project 'NDArray'
➜ Explicit dependency on target 'NDArray' in project 'NDArray'
➜ Explicit dependency on target 'Xorswift-product' in project 'Xorswift'
Target 'NDArray' in project 'NDArray'
➜ Explicit dependency on target 'Xorswift-product' in project 'Xorswift'
Target 'Xorswift-product' in project 'Xorswift'
➜ Explicit dependency on target 'Xorswift' in project 'Xorswift'
Target 'Xorswift' in project 'Xorswift' (no dependencies)
GatherProvisioningInputs
CreateBuildDescription
ClangStatCache /Applications/Xcode-27.0.0-Release.Candidate.app/Contents/Developer/Toolchains/XcodeDefault.xctoolchain/usr/bin/clang-stat-cache /Applications/Xcode-27.0.0-Release.Candidate.app/Contents/Developer/Platforms/WatchOS.platform/Developer/SDKs/WatchOS27.0.sdk /Users/admin/builder/spi-builder-workspace/.derivedData/SDKStatCaches.noindex/watchos27.0-24R360-e829b21a6f8c9b70876ba0858053c04477534ef55a1706bf4c1112bbb242f0a2.sdkstatcache
cd /Users/admin/builder/spi-builder-workspace/.swiftpm/xcode
/Applications/Xcode-27.0.0-Release.Candidate.app/Contents/Developer/Toolchains/XcodeDefault.xctoolchain/usr/bin/clang-stat-cache /Applications/Xcode-27.0.0-Release.Candidate.app/Contents/Developer/Platforms/WatchOS.platform/Developer/SDKs/WatchOS27.0.sdk -o /Users/admin/builder/spi-builder-workspace/.derivedData/SDKStatCaches.noindex/watchos27.0-24R360-e829b21a6f8c9b70876ba0858053c04477534ef55a1706bf4c1112bbb242f0a2.sdkstatcache
SwiftDriver Xorswift normal arm64 com.apple.xcode.tools.swift.compiler (in target 'Xorswift' from project 'Xorswift')
cd /Users/admin/builder/spi-builder-workspace/.swiftpm/xcode
builtin-SwiftDriver -- /Applications/Xcode-27.0.0-Release.Candidate.app/Contents/Developer/Toolchains/XcodeDefault.xctoolchain/usr/bin/swiftc -parse-as-library -module-name Xorswift -Onone @/Users/admin/builder/spi-builder-workspace/.derivedData/Build/Intermediates.noindex/Xorswift.build/Debug-watchos/Xorswift-t.build/Objects-normal/arm64/Xorswift.SwiftFileList -DSWIFT_PACKAGE -DDEBUG -DSWIFT_MODULE_RESOURCE_BUNDLE_UNAVAILABLE -DXcode -plugin-path /Applications/Xcode-27.0.0-Release.Candidate.app/Contents/Developer/Toolchains/XcodeDefault.xctoolchain/usr/lib/swift/host/plugins/testing -enable-experimental-feature DebugDescriptionMacro -sdk /Applications/Xcode-27.0.0-Release.Candidate.app/Contents/Developer/Platforms/WatchOS.platform/Developer/SDKs/WatchOS27.0.sdk -target arm64-apple-watchos9.0 -g -module-cache-path /Users/admin/builder/spi-builder-workspace/.derivedData/ModuleCache.noindex -Xfrontend -serialize-debugging-options -profile-coverage-mapping -profile-generate -enable-testing -suppress-warnings -index-store-path /Users/admin/builder/spi-builder-workspace/.derivedData/Index.noindex/DataStore -Xcc -D_LIBCPP_HARDENING_MODE\=_LIBCPP_HARDENING_MODE_DEBUG -swift-version 4.2 -I /Users/admin/builder/spi-builder-workspace/.derivedData/Build/Products/Debug-watchos -Isystem /Applications/Xcode-27.0.0-Release.Candidate.app/Contents/Developer/Platforms/WatchOS.platform/Developer/usr/lib -F /Users/admin/builder/spi-builder-workspace/.derivedData/Build/Products/Debug-watchos -F /Applications/Xcode-27.0.0-Release.Candidate.app/Contents/Developer/Platforms/WatchOS.platform/Developer/Library/Frameworks -F /Applications/Xcode-27.0.0-Release.Candidate.app/Contents/Developer/Platforms/WatchOS.platform/Developer/SDKs/WatchOS27.0.sdk/Developer/Library/Frameworks -c -j10 -enable-batch-mode -incremental -Xcc -ivfsstatcache -Xcc /Users/admin/builder/spi-builder-workspace/.derivedData/SDKStatCaches.noindex/watchos27.0-24R360-e829b21a6f8c9b70876ba0858053c04477534ef55a1706bf4c1112bbb242f0a2.sdkstatcache -output-file-map /Users/admin/builder/spi-builder-workspace/.derivedData/Build/Intermediates.noindex/Xorswift.build/Debug-watchos/Xorswift-t.build/Objects-normal/arm64/Xorswift-OutputFileMap.json -save-temps -no-color-diagnostics -emit-dependencies -emit-module -emit-module-path /Users/admin/builder/spi-builder-workspace/.derivedData/Build/Intermediates.noindex/Xorswift.build/Debug-watchos/Xorswift-t.build/Objects-normal/arm64/Xorswift.swiftmodule -serialize-diagnostics -validate-clang-modules-once -clang-build-session-file /Users/admin/builder/spi-builder-workspace/.derivedData/ModuleCache.noindex/Session.modulevalidation -Xcc -fmodules-prune-interval\=86400 -Xcc -fmodules-prune-after\=345600 -emit-const-values -const-gather-protocols-list /Users/admin/builder/spi-builder-workspace/.derivedData/Build/Intermediates.noindex/Xorswift.build/Debug-watchos/Xorswift-t.build/Objects-normal/arm64/Xorswift_const_extract_protocols.json -Xcc -I/Users/admin/builder/spi-builder-workspace/.derivedData/Build/Products/Debug-watchos/include -Xcc -I/Users/admin/builder/spi-builder-workspace/.derivedData/Build/Intermediates.noindex/Xorswift.build/Debug-watchos/Xorswift-t.build/DerivedSources-normal/arm64 -Xcc -I/Users/admin/builder/spi-builder-workspace/.derivedData/Build/Intermediates.noindex/Xorswift.build/Debug-watchos/Xorswift-t.build/DerivedSources/arm64 -Xcc -I/Users/admin/builder/spi-builder-workspace/.derivedData/Build/Intermediates.noindex/Xorswift.build/Debug-watchos/Xorswift-t.build/DerivedSources -Xcc -DSWIFT_PACKAGE -Xcc -DDEBUG\=1 -emit-objc-header -emit-objc-header-path /Users/admin/builder/spi-builder-workspace/.derivedData/Build/Intermediates.noindex/Xorswift.build/Debug-watchos/Xorswift-t.build/Objects-normal/arm64/Xorswift-Swift.h -working-directory /Users/admin/builder/spi-builder-workspace/.swiftpm/xcode -experimental-emit-module-separately -disable-cmo
SwiftDriver NDArray normal arm64_32 com.apple.xcode.tools.swift.compiler (in target 'NDArray' from project 'NDArray')
cd /Users/admin/builder/spi-builder-workspace/.swiftpm/xcode
builtin-SwiftDriver -- /Applications/Xcode-27.0.0-Release.Candidate.app/Contents/Developer/Toolchains/XcodeDefault.xctoolchain/usr/bin/swiftc -parse-as-library -module-name NDArray -Onone @/Users/admin/builder/spi-builder-workspace/.derivedData/Build/Intermediates.noindex/NDArray.build/Debug-watchos/NDArray-t.build/Objects-normal/arm64_32/NDArray.SwiftFileList -DSWIFT_PACKAGE -DDEBUG -DSWIFT_MODULE_RESOURCE_BUNDLE_UNAVAILABLE -DXcode -plugin-path /Applications/Xcode-27.0.0-Release.Candidate.app/Contents/Developer/Toolchains/XcodeDefault.xctoolchain/usr/lib/swift/host/plugins/testing -enable-experimental-feature DebugDescriptionMacro -sdk /Applications/Xcode-27.0.0-Release.Candidate.app/Contents/Developer/Platforms/WatchOS.platform/Developer/SDKs/WatchOS27.0.sdk -target arm64_32-apple-watchos9.0 -g -module-cache-path /Users/admin/builder/spi-builder-workspace/.derivedData/ModuleCache.noindex -Xfrontend -serialize-debugging-options -profile-coverage-mapping -profile-generate -enable-testing -index-store-path /Users/admin/builder/spi-builder-workspace/.derivedData/Index.noindex/DataStore -Xcc -D_LIBCPP_HARDENING_MODE\=_LIBCPP_HARDENING_MODE_DEBUG -swift-version 4.2 -I /Users/admin/builder/spi-builder-workspace/.derivedData/Build/Products/Debug-watchos -Isystem /Applications/Xcode-27.0.0-Release.Candidate.app/Contents/Developer/Platforms/WatchOS.platform/Developer/usr/lib -F /Users/admin/builder/spi-builder-workspace/.derivedData/Build/Products/Debug-watchos/PackageFrameworks -F /Users/admin/builder/spi-builder-workspace/.derivedData/Build/Products/Debug-watchos -F /Applications/Xcode-27.0.0-Release.Candidate.app/Contents/Developer/Platforms/WatchOS.platform/Developer/Library/Frameworks -F /Applications/Xcode-27.0.0-Release.Candidate.app/Contents/Developer/Platforms/WatchOS.platform/Developer/SDKs/WatchOS27.0.sdk/Developer/Library/Frameworks -c -j10 -enable-batch-mode -incremental -Xcc -ivfsstatcache -Xcc /Users/admin/builder/spi-builder-workspace/.derivedData/SDKStatCaches.noindex/watchos27.0-24R360-e829b21a6f8c9b70876ba0858053c04477534ef55a1706bf4c1112bbb242f0a2.sdkstatcache -output-file-map /Users/admin/builder/spi-builder-workspace/.derivedData/Build/Intermediates.noindex/NDArray.build/Debug-watchos/NDArray-t.build/Objects-normal/arm64_32/NDArray-OutputFileMap.json -save-temps -no-color-diagnostics -emit-dependencies -emit-module -emit-module-path /Users/admin/builder/spi-builder-workspace/.derivedData/Build/Intermediates.noindex/NDArray.build/Debug-watchos/NDArray-t.build/Objects-normal/arm64_32/NDArray.swiftmodule -serialize-diagnostics -validate-clang-modules-once -clang-build-session-file /Users/admin/builder/spi-builder-workspace/.derivedData/ModuleCache.noindex/Session.modulevalidation -Xcc -fmodules-prune-interval\=86400 -Xcc -fmodules-prune-after\=345600 -emit-const-values -const-gather-protocols-list /Users/admin/builder/spi-builder-workspace/.derivedData/Build/Intermediates.noindex/NDArray.build/Debug-watchos/NDArray-t.build/Objects-normal/arm64_32/NDArray_const_extract_protocols.json -Xcc -I/Users/admin/builder/spi-builder-workspace/.derivedData/Build/Products/Debug-watchos/include -Xcc -I/Users/admin/builder/spi-builder-workspace/.derivedData/Build/Intermediates.noindex/NDArray.build/Debug-watchos/NDArray-t.build/DerivedSources-normal/arm64_32 -Xcc -I/Users/admin/builder/spi-builder-workspace/.derivedData/Build/Intermediates.noindex/NDArray.build/Debug-watchos/NDArray-t.build/DerivedSources/arm64_32 -Xcc -I/Users/admin/builder/spi-builder-workspace/.derivedData/Build/Intermediates.noindex/NDArray.build/Debug-watchos/NDArray-t.build/DerivedSources -Xcc -DSWIFT_PACKAGE -Xcc -DDEBUG\=1 -emit-objc-header -emit-objc-header-path /Users/admin/builder/spi-builder-workspace/.derivedData/Build/Intermediates.noindex/NDArray.build/Debug-watchos/NDArray-t.build/Objects-normal/arm64_32/NDArray-Swift.h -working-directory /Users/admin/builder/spi-builder-workspace/.swiftpm/xcode -experimental-emit-module-separately -disable-cmo
SwiftDriver NDArray normal arm64 com.apple.xcode.tools.swift.compiler (in target 'NDArray' from project 'NDArray')
cd /Users/admin/builder/spi-builder-workspace/.swiftpm/xcode
builtin-SwiftDriver -- /Applications/Xcode-27.0.0-Release.Candidate.app/Contents/Developer/Toolchains/XcodeDefault.xctoolchain/usr/bin/swiftc -parse-as-library -module-name NDArray -Onone @/Users/admin/builder/spi-builder-workspace/.derivedData/Build/Intermediates.noindex/NDArray.build/Debug-watchos/NDArray-t.build/Objects-normal/arm64/NDArray.SwiftFileList -DSWIFT_PACKAGE -DDEBUG -DSWIFT_MODULE_RESOURCE_BUNDLE_UNAVAILABLE -DXcode -plugin-path /Applications/Xcode-27.0.0-Release.Candidate.app/Contents/Developer/Toolchains/XcodeDefault.xctoolchain/usr/lib/swift/host/plugins/testing -enable-experimental-feature DebugDescriptionMacro -sdk /Applications/Xcode-27.0.0-Release.Candidate.app/Contents/Developer/Platforms/WatchOS.platform/Developer/SDKs/WatchOS27.0.sdk -target arm64-apple-watchos9.0 -g -module-cache-path /Users/admin/builder/spi-builder-workspace/.derivedData/ModuleCache.noindex -Xfrontend -serialize-debugging-options -profile-coverage-mapping -profile-generate -enable-testing -index-store-path /Users/admin/builder/spi-builder-workspace/.derivedData/Index.noindex/DataStore -Xcc -D_LIBCPP_HARDENING_MODE\=_LIBCPP_HARDENING_MODE_DEBUG -swift-version 4.2 -I /Users/admin/builder/spi-builder-workspace/.derivedData/Build/Products/Debug-watchos -Isystem /Applications/Xcode-27.0.0-Release.Candidate.app/Contents/Developer/Platforms/WatchOS.platform/Developer/usr/lib -F /Users/admin/builder/spi-builder-workspace/.derivedData/Build/Products/Debug-watchos/PackageFrameworks -F /Users/admin/builder/spi-builder-workspace/.derivedData/Build/Products/Debug-watchos -F /Applications/Xcode-27.0.0-Release.Candidate.app/Contents/Developer/Platforms/WatchOS.platform/Developer/Library/Frameworks -F /Applications/Xcode-27.0.0-Release.Candidate.app/Contents/Developer/Platforms/WatchOS.platform/Developer/SDKs/WatchOS27.0.sdk/Developer/Library/Frameworks -c -j10 -enable-batch-mode -incremental -Xcc -ivfsstatcache -Xcc /Users/admin/builder/spi-builder-workspace/.derivedData/SDKStatCaches.noindex/watchos27.0-24R360-e829b21a6f8c9b70876ba0858053c04477534ef55a1706bf4c1112bbb242f0a2.sdkstatcache -output-file-map /Users/admin/builder/spi-builder-workspace/.derivedData/Build/Intermediates.noindex/NDArray.build/Debug-watchos/NDArray-t.build/Objects-normal/arm64/NDArray-OutputFileMap.json -save-temps -no-color-diagnostics -emit-dependencies -emit-module -emit-module-path /Users/admin/builder/spi-builder-workspace/.derivedData/Build/Intermediates.noindex/NDArray.build/Debug-watchos/NDArray-t.build/Objects-normal/arm64/NDArray.swiftmodule -serialize-diagnostics -validate-clang-modules-once -clang-build-session-file /Users/admin/builder/spi-builder-workspace/.derivedData/ModuleCache.noindex/Session.modulevalidation -Xcc -fmodules-prune-interval\=86400 -Xcc -fmodules-prune-after\=345600 -emit-const-values -const-gather-protocols-list /Users/admin/builder/spi-builder-workspace/.derivedData/Build/Intermediates.noindex/NDArray.build/Debug-watchos/NDArray-t.build/Objects-normal/arm64/NDArray_const_extract_protocols.json -Xcc -I/Users/admin/builder/spi-builder-workspace/.derivedData/Build/Products/Debug-watchos/include -Xcc -I/Users/admin/builder/spi-builder-workspace/.derivedData/Build/Intermediates.noindex/NDArray.build/Debug-watchos/NDArray-t.build/DerivedSources-normal/arm64 -Xcc -I/Users/admin/builder/spi-builder-workspace/.derivedData/Build/Intermediates.noindex/NDArray.build/Debug-watchos/NDArray-t.build/DerivedSources/arm64 -Xcc -I/Users/admin/builder/spi-builder-workspace/.derivedData/Build/Intermediates.noindex/NDArray.build/Debug-watchos/NDArray-t.build/DerivedSources -Xcc -DSWIFT_PACKAGE -Xcc -DDEBUG\=1 -emit-objc-header -emit-objc-header-path /Users/admin/builder/spi-builder-workspace/.derivedData/Build/Intermediates.noindex/NDArray.build/Debug-watchos/NDArray-t.build/Objects-normal/arm64/NDArray-Swift.h -working-directory /Users/admin/builder/spi-builder-workspace/.swiftpm/xcode -experimental-emit-module-separately -disable-cmo
SwiftCompile normal arm64 Compiling\ FloatDouble.swift /Users/admin/builder/spi-builder-workspace/.dependencies/checkouts/xorswift/Sources/FloatDouble.swift (in target 'Xorswift' from project 'Xorswift')
SwiftCompile normal arm64 /Users/admin/builder/spi-builder-workspace/.dependencies/checkouts/xorswift/Sources/FloatDouble.swift (in target 'Xorswift' from project 'Xorswift')
cd /Users/admin/builder/spi-builder-workspace/.swiftpm/xcode
builtin-SwiftPerFileCompile FloatDouble.swift
SwiftEmitModule normal arm64 Emitting\ module\ for\ Xorswift (in target 'Xorswift' from project 'Xorswift')
SwiftCompile normal arm64 (in target 'Xorswift' from project 'Xorswift')
cd /Users/admin/builder/spi-builder-workspace/.swiftpm/xcode
SwiftCompile normal arm64 Compiling\ Normal.swift /Users/admin/builder/spi-builder-workspace/.dependencies/checkouts/xorswift/Sources/Normal.swift (in target 'Xorswift' from project 'Xorswift')
SwiftCompile normal arm64 /Users/admin/builder/spi-builder-workspace/.dependencies/checkouts/xorswift/Sources/Normal.swift (in target 'Xorswift' from project 'Xorswift')
cd /Users/admin/builder/spi-builder-workspace/.swiftpm/xcode
builtin-SwiftPerFileCompile Normal.swift
SwiftCompile normal arm64_32 Compiling\ NDArrayUtils.swift,\ CopySign.swift /Users/admin/builder/spi-builder-workspace/Sources/NDArray/Core/NDArrayUtils.swift /Users/admin/builder/spi-builder-workspace/Sources/NDArray/Functions/CopySign.swift (in target 'NDArray' from project 'NDArray')
SwiftCompile normal arm64_32 /Users/admin/builder/spi-builder-workspace/Sources/NDArray/Core/NDArrayUtils.swift (in target 'NDArray' from project 'NDArray')
cd /Users/admin/builder/spi-builder-workspace/.swiftpm/xcode
builtin-SwiftPerFileCompile NDArrayUtils.swift
SwiftCompile normal arm64_32 /Users/admin/builder/spi-builder-workspace/Sources/NDArray/Functions/CopySign.swift (in target 'NDArray' from project 'NDArray')
cd /Users/admin/builder/spi-builder-workspace/.swiftpm/xcode
builtin-SwiftPerFileCompile CopySign.swift
SwiftEmitModule normal arm64 Emitting\ module\ for\ NDArray (in target 'NDArray' from project 'NDArray')
SwiftCompile normal arm64 (in target 'NDArray' from project 'NDArray')
cd /Users/admin/builder/spi-builder-workspace/.swiftpm/xcode
SwiftEmitModule normal arm64_32 Emitting\ module\ for\ NDArray (in target 'NDArray' from project 'NDArray')
SwiftCompile normal arm64_32 (in target 'NDArray' from project 'NDArray')
cd /Users/admin/builder/spi-builder-workspace/.swiftpm/xcode
SwiftCompile normal arm64_32 Compiling\ Reduce.swift,\ Select.swift /Users/admin/builder/spi-builder-workspace/Sources/NDArray/Functions/Reduce.swift /Users/admin/builder/spi-builder-workspace/Sources/NDArray/Functions/Select.swift (in target 'NDArray' from project 'NDArray')
/Users/admin/builder/spi-builder-workspace/Sources/NDArray/Functions/Reduce.swift:136:41: error: cannot convert value of type 'Int' to expected argument type 'vDSP_Stride' (aka 'Int64')
134 | for offset in offsets {
135 | let src = src + offset
136 | vDSP_sve_svesq(src, stride, dst1Ptr, dst2Ptr, count)
| `- error: cannot convert value of type 'Int' to expected argument type 'vDSP_Stride' (aka 'Int64')
137 | dst1Ptr += 1
138 | dst2Ptr += 1
Failed frontend command:
/Applications/Xcode-27.0.0-Release.Candidate.app/Contents/Developer/Toolchains/XcodeDefault.xctoolchain/usr/bin/swift-frontend -frontend -c /Users/admin/builder/spi-builder-workspace/Sources/NDArray/Core/ArrayLiteral.swift /Users/admin/builder/spi-builder-workspace/Sources/NDArray/Core/Broadcast.swift /Users/admin/builder/spi-builder-workspace/Sources/NDArray/Core/Indexing.swift /Users/admin/builder/spi-builder-workspace/Sources/NDArray/Core/IterationUtils.swift /Users/admin/builder/spi-builder-workspace/Sources/NDArray/Core/NDArray.swift /Users/admin/builder/spi-builder-workspace/Sources/NDArray/Core/NDArrayUtils.swift /Users/admin/builder/spi-builder-workspace/Sources/NDArray/Core/Scalar.swift /Users/admin/builder/spi-builder-workspace/Sources/NDArray/Core/Sequence.swift /Users/admin/builder/spi-builder-workspace/Sources/NDArray/Core/Subscript.swift /Users/admin/builder/spi-builder-workspace/Sources/NDArray/Functions/Arithmetic.swift /Users/admin/builder/spi-builder-workspace/Sources/NDArray/Functions/Clip.swift /Users/admin/builder/spi-builder-workspace/Sources/NDArray/Functions/CompoundAssignment.swift /Users/admin/builder/spi-builder-workspace/Sources/NDArray/Functions/CopySign.swift /Users/admin/builder/spi-builder-workspace/Sources/NDArray/Functions/Covariance.swift /Users/admin/builder/spi-builder-workspace/Sources/NDArray/Functions/Creation.swift /Users/admin/builder/spi-builder-workspace/Sources/NDArray/Functions/FloatingPointFunctions.swift /Users/admin/builder/spi-builder-workspace/Sources/NDArray/Functions/HigherOrderFunctions.swift /Users/admin/builder/spi-builder-workspace/Sources/NDArray/Functions/LinearAlgebra.swift /Users/admin/builder/spi-builder-workspace/Sources/NDArray/Functions/MatrixMultiplication.swift /Users/admin/builder/spi-builder-workspace/Sources/NDArray/Functions/Power.swift /Users/admin/builder/spi-builder-workspace/Sources/NDArray/Functions/Random.swift -primary-file /Users/admin/builder/spi-builder-workspace/Sources/NDArray/Functions/Reduce.swift -primary-file /Users/admin/builder/spi-builder-workspace/Sources/NDArray/Functions/Select.swift /Users/admin/builder/spi-builder-workspace/Sources/NDArray/Functions/Sort.swift /Users/admin/builder/spi-builder-workspace/Sources/NDArray/Functions/Stack.swift /Users/admin/builder/spi-builder-workspace/Sources/NDArray/Functions/Transformation.swift /Users/admin/builder/spi-builder-workspace/Sources/NDArray/Utils/vDSPUtils.swift /Users/admin/builder/spi-builder-workspace/Sources/NDArray/Utils/vecLibUtils.swift -emit-dependencies-path /Users/admin/builder/spi-builder-workspace/.derivedData/Build/Intermediates.noindex/NDArray.build/Debug-watchos/NDArray-t.build/Objects-normal/arm64_32/Reduce.d -emit-const-values-path /Users/admin/builder/spi-builder-workspace/.derivedData/Build/Intermediates.noindex/NDArray.build/Debug-watchos/NDArray-t.build/Objects-normal/arm64_32/Reduce.swiftconstvalues -emit-reference-dependencies-path /Users/admin/builder/spi-builder-workspace/.derivedData/Build/Intermediates.noindex/NDArray.build/Debug-watchos/NDArray-t.build/Objects-normal/arm64_32/Reduce.swiftdeps -serialize-diagnostics-path /Users/admin/builder/spi-builder-workspace/.derivedData/Build/Intermediates.noindex/NDArray.build/Debug-watchos/NDArray-t.build/Objects-normal/arm64_32/Reduce.dia -emit-dependencies-path /Users/admin/builder/spi-builder-workspace/.derivedData/Build/Intermediates.noindex/NDArray.build/Debug-watchos/NDArray-t.build/Objects-normal/arm64_32/Select.d -emit-const-values-path /Users/admin/builder/spi-builder-workspace/.derivedData/Build/Intermediates.noindex/NDArray.build/Debug-watchos/NDArray-t.build/Objects-normal/arm64_32/Select.swiftconstvalues -emit-reference-dependencies-path /Users/admin/builder/spi-builder-workspace/.derivedData/Build/Intermediates.noindex/NDArray.build/Debug-watchos/NDArray-t.build/Objects-normal/arm64_32/Select.swiftdeps -serialize-diagnostics-path /Users/admin/builder/spi-builder-workspace/.derivedData/Build/Intermediates.noindex/NDArray.build/Debug-watchos/NDArray-t.build/Objects-normal/arm64_32/Select.dia -target arm64_32-apple-watchos9.0 -enable-objc-interop -sdk /Applications/Xcode-27.0.0-Release.Candidate.app/Contents/Developer/Platforms/WatchOS.platform/Developer/SDKs/WatchOS27.0.sdk -I /Users/admin/builder/spi-builder-workspace/.derivedData/Build/Products/Debug-watchos -Isystem /Applications/Xcode-27.0.0-Release.Candidate.app/Contents/Developer/Platforms/WatchOS.platform/Developer/usr/lib -F /Users/admin/builder/spi-builder-workspace/.derivedData/Build/Products/Debug-watchos/PackageFrameworks -F /Users/admin/builder/spi-builder-workspace/.derivedData/Build/Products/Debug-watchos -F /Applications/Xcode-27.0.0-Release.Candidate.app/Contents/Developer/Platforms/WatchOS.platform/Developer/Library/Frameworks -F /Applications/Xcode-27.0.0-Release.Candidate.app/Contents/Developer/Platforms/WatchOS.platform/Developer/SDKs/WatchOS27.0.sdk/Developer/Library/Frameworks -module-cache-path /Users/admin/builder/spi-builder-workspace/.derivedData/ModuleCache.noindex -no-color-diagnostics -Xcc -fno-color-diagnostics -enable-testing -g -debug-info-format\=dwarf -dwarf-version\=4 -profile-generate -profile-coverage-mapping -swift-version 4.2 -Onone -D SWIFT_PACKAGE -D DEBUG -D SWIFT_MODULE_RESOURCE_BUNDLE_UNAVAILABLE -D Xcode -serialize-debugging-options -enable-experimental-feature DebugDescriptionMacro -empty-abi-descriptor -plugin-path /Applications/Xcode-27.0.0-Release.Candidate.app/Contents/Developer/Toolchains/XcodeDefault.xctoolchain/usr/lib/swift/host/plugins/testing -validate-clang-modules-once -clang-build-session-file /Users/admin/builder/spi-builder-workspace/.derivedData/ModuleCache.noindex/Session.modulevalidation -Xcc -working-directory -Xcc /Users/admin/builder/spi-builder-workspace/.swiftpm/xcode -enable-anonymous-context-mangled-names -file-compilation-dir /Users/admin/builder/spi-builder-workspace/.swiftpm/xcode -Xcc -D_LIBCPP_HARDENING_MODE\=_LIBCPP_HARDENING_MODE_DEBUG -Xcc -ivfsstatcache -Xcc /Users/admin/builder/spi-builder-workspace/.derivedData/SDKStatCaches.noindex/watchos27.0-24R360-e829b21a6f8c9b70876ba0858053c04477534ef55a1706bf4c1112bbb242f0a2.sdkstatcache -Xcc -fmodules-prune-interval\=86400 -Xcc -fmodules-prune-after\=345600 -Xcc -I/Users/admin/builder/spi-builder-workspace/.derivedData/Build/Products/Debug-watchos/include -Xcc -I/Users/admin/builder/spi-builder-workspace/.derivedData/Build/Intermediates.noindex/NDArray.build/Debug-watchos/NDArray-t.build/DerivedSources-normal/arm64_32 -Xcc -I/Users/admin/builder/spi-builder-workspace/.derivedData/Build/Intermediates.noindex/NDArray.build/Debug-watchos/NDArray-t.build/DerivedSources/arm64_32 -Xcc -I/Users/admin/builder/spi-builder-workspace/.derivedData/Build/Intermediates.noindex/NDArray.build/Debug-watchos/NDArray-t.build/DerivedSources -Xcc -DSWIFT_PACKAGE -Xcc -DDEBUG\=1 -no-auto-bridging-header-chaining -module-name NDArray -const-gather-protocols-file /Users/admin/builder/spi-builder-workspace/.derivedData/Build/Intermediates.noindex/NDArray.build/Debug-watchos/NDArray-t.build/Objects-normal/arm64_32/NDArray_const_extract_protocols.json -disable-clang-spi -target-sdk-version 27.0 -target-sdk-name watchos27.0 -external-plugin-path /Applications/Xcode-27.0.0-Release.Candidate.app/Contents/Developer/Platforms/WatchOS.platform/Developer/usr/lib/swift/host/plugins\#/Applications/Xcode-27.0.0-Release.Candidate.app/Contents/Developer/Platforms/WatchOS.platform/Developer/usr/bin/swift-plugin-server -external-plugin-path /Applications/Xcode-27.0.0-Release.Candidate.app/Contents/Developer/Platforms/WatchOS.platform/Developer/usr/local/lib/swift/host/plugins\#/Applications/Xcode-27.0.0-Release.Candidate.app/Contents/Developer/Platforms/WatchOS.platform/Developer/usr/bin/swift-plugin-server -in-process-plugin-server-path /Applications/Xcode-27.0.0-Release.Candidate.app/Contents/Developer/Toolchains/XcodeDefault.xctoolchain/usr/lib/swift/host/libSwiftInProcPluginServer.dylib -plugin-path /Applications/Xcode-27.0.0-Release.Candidate.app/Contents/Developer/Toolchains/XcodeDefault.xctoolchain/usr/lib/swift/host/plugins -plugin-path /Applications/Xcode-27.0.0-Release.Candidate.app/Contents/Developer/Toolchains/XcodeDefault.xctoolchain/usr/local/lib/swift/host/plugins -parse-as-library -o /Users/admin/builder/spi-builder-workspace/.derivedData/Build/Intermediates.noindex/NDArray.build/Debug-watchos/NDArray-t.build/Objects-normal/arm64_32/Reduce.o -o /Users/admin/builder/spi-builder-workspace/.derivedData/Build/Intermediates.noindex/NDArray.build/Debug-watchos/NDArray-t.build/Objects-normal/arm64_32/Select.o -index-unit-output-path /NDArray.build/Debug-watchos/NDArray-t.build/Objects-normal/arm64_32/Reduce.o -index-unit-output-path /NDArray.build/Debug-watchos/NDArray-t.build/Objects-normal/arm64_32/Select.o -index-store-path /Users/admin/builder/spi-builder-workspace/.derivedData/Index.noindex/DataStore -index-system-modules
SwiftCompile normal arm64_32 /Users/admin/builder/spi-builder-workspace/Sources/NDArray/Functions/Reduce.swift (in target 'NDArray' from project 'NDArray')
cd /Users/admin/builder/spi-builder-workspace/.swiftpm/xcode
builtin-SwiftPerFileCompile Reduce.swift
SwiftCompile normal arm64_32 /Users/admin/builder/spi-builder-workspace/Sources/NDArray/Functions/Select.swift (in target 'NDArray' from project 'NDArray')
cd /Users/admin/builder/spi-builder-workspace/.swiftpm/xcode
builtin-SwiftPerFileCompile Select.swift
SwiftCompile normal arm64 Compiling\ IterationUtils.swift,\ NDArray.swift,\ NDArrayUtils.swift /Users/admin/builder/spi-builder-workspace/Sources/NDArray/Core/IterationUtils.swift /Users/admin/builder/spi-builder-workspace/Sources/NDArray/Core/NDArray.swift /Users/admin/builder/spi-builder-workspace/Sources/NDArray/Core/NDArrayUtils.swift (in target 'NDArray' from project 'NDArray')
SwiftCompile normal arm64 /Users/admin/builder/spi-builder-workspace/Sources/NDArray/Core/IterationUtils.swift (in target 'NDArray' from project 'NDArray')
cd /Users/admin/builder/spi-builder-workspace/.swiftpm/xcode
builtin-SwiftPerFileCompile IterationUtils.swift
SwiftCompile normal arm64 /Users/admin/builder/spi-builder-workspace/Sources/NDArray/Core/NDArray.swift (in target 'NDArray' from project 'NDArray')
cd /Users/admin/builder/spi-builder-workspace/.swiftpm/xcode
builtin-SwiftPerFileCompile NDArray.swift
SwiftCompile normal arm64 /Users/admin/builder/spi-builder-workspace/Sources/NDArray/Core/NDArrayUtils.swift (in target 'NDArray' from project 'NDArray')
cd /Users/admin/builder/spi-builder-workspace/.swiftpm/xcode
builtin-SwiftPerFileCompile NDArrayUtils.swift
SwiftCompile normal arm64 Compiling\ CopySign.swift,\ Covariance.swift,\ Creation.swift /Users/admin/builder/spi-builder-workspace/Sources/NDArray/Functions/CopySign.swift /Users/admin/builder/spi-builder-workspace/Sources/NDArray/Functions/Covariance.swift /Users/admin/builder/spi-builder-workspace/Sources/NDArray/Functions/Creation.swift (in target 'NDArray' from project 'NDArray')
SwiftCompile normal arm64 /Users/admin/builder/spi-builder-workspace/Sources/NDArray/Functions/CopySign.swift (in target 'NDArray' from project 'NDArray')
cd /Users/admin/builder/spi-builder-workspace/.swiftpm/xcode
builtin-SwiftPerFileCompile CopySign.swift
SwiftCompile normal arm64 /Users/admin/builder/spi-builder-workspace/Sources/NDArray/Functions/Covariance.swift (in target 'NDArray' from project 'NDArray')
cd /Users/admin/builder/spi-builder-workspace/.swiftpm/xcode
builtin-SwiftPerFileCompile Covariance.swift
SwiftCompile normal arm64 /Users/admin/builder/spi-builder-workspace/Sources/NDArray/Functions/Creation.swift (in target 'NDArray' from project 'NDArray')
cd /Users/admin/builder/spi-builder-workspace/.swiftpm/xcode
builtin-SwiftPerFileCompile Creation.swift
SwiftCompile normal arm64_32 Compiling\ Sort.swift,\ Stack.swift /Users/admin/builder/spi-builder-workspace/Sources/NDArray/Functions/Sort.swift /Users/admin/builder/spi-builder-workspace/Sources/NDArray/Functions/Stack.swift (in target 'NDArray' from project 'NDArray')
SwiftCompile normal arm64_32 /Users/admin/builder/spi-builder-workspace/Sources/NDArray/Functions/Sort.swift (in target 'NDArray' from project 'NDArray')
cd /Users/admin/builder/spi-builder-workspace/.swiftpm/xcode
builtin-SwiftPerFileCompile Sort.swift
SwiftCompile normal arm64_32 /Users/admin/builder/spi-builder-workspace/Sources/NDArray/Functions/Stack.swift (in target 'NDArray' from project 'NDArray')
cd /Users/admin/builder/spi-builder-workspace/.swiftpm/xcode
builtin-SwiftPerFileCompile Stack.swift
SwiftCompile normal arm64_32 Compiling\ Power.swift,\ Random.swift /Users/admin/builder/spi-builder-workspace/Sources/NDArray/Functions/Power.swift /Users/admin/builder/spi-builder-workspace/Sources/NDArray/Functions/Random.swift (in target 'NDArray' from project 'NDArray')
SwiftCompile normal arm64_32 /Users/admin/builder/spi-builder-workspace/Sources/NDArray/Functions/Power.swift (in target 'NDArray' from project 'NDArray')
cd /Users/admin/builder/spi-builder-workspace/.swiftpm/xcode
builtin-SwiftPerFileCompile Power.swift
SwiftCompile normal arm64_32 /Users/admin/builder/spi-builder-workspace/Sources/NDArray/Functions/Random.swift (in target 'NDArray' from project 'NDArray')
cd /Users/admin/builder/spi-builder-workspace/.swiftpm/xcode
builtin-SwiftPerFileCompile Random.swift
SwiftCompile normal arm64_32 Compiling\ Covariance.swift,\ Creation.swift /Users/admin/builder/spi-builder-workspace/Sources/NDArray/Functions/Covariance.swift /Users/admin/builder/spi-builder-workspace/Sources/NDArray/Functions/Creation.swift (in target 'NDArray' from project 'NDArray')
SwiftCompile normal arm64_32 /Users/admin/builder/spi-builder-workspace/Sources/NDArray/Functions/Covariance.swift (in target 'NDArray' from project 'NDArray')
cd /Users/admin/builder/spi-builder-workspace/.swiftpm/xcode
builtin-SwiftPerFileCompile Covariance.swift
SwiftCompile normal arm64_32 /Users/admin/builder/spi-builder-workspace/Sources/NDArray/Functions/Creation.swift (in target 'NDArray' from project 'NDArray')
cd /Users/admin/builder/spi-builder-workspace/.swiftpm/xcode
builtin-SwiftPerFileCompile Creation.swift
PruneExplicitPrecompiledModules /Users/admin/builder/spi-builder-workspace/.derivedData/Build/Intermediates.noindex/ExplicitPrecompiledModules
PruneExplicitPrecompiledModules /Users/admin/builder/spi-builder-workspace/.derivedData/Build/Intermediates.noindex/SwiftExplicitPrecompiledModules
PruneExplicitPrecompiledModules /Users/admin/builder/spi-builder-workspace/.derivedData/SDKExplicitPrecompiledModules
2026-09-16 09:14:38.835 xcodebuild[742:4784] [MT] IDERunDestination: Supported platforms for the buildables in the current scheme is empty.
** BUILD FAILED **
The following build commands failed:
SwiftCompile normal arm64_32 Compiling\ Reduce.swift,\ Select.swift /Users/admin/builder/spi-builder-workspace/Sources/NDArray/Functions/Reduce.swift /Users/admin/builder/spi-builder-workspace/Sources/NDArray/Functions/Select.swift (in target 'NDArray' from project 'NDArray')
SwiftCompile normal arm64_32 /Users/admin/builder/spi-builder-workspace/Sources/NDArray/Functions/Reduce.swift (in target 'NDArray' from project 'NDArray')
Building workspace NDArray with scheme NDArray
(3 failures)
BUILD FAILURE 6.4 watchOS