Build Information
Failed to build QTcPackage, reference main (30414e), with Swift 6.4 for watchOS using Xcode 27.0 on 26 Sep 2026 01:39:53 UTC.
Build Command
No build command. This typically means the build failed at an early stage where we determine the build command.Build Log
========================================
RunAll
========================================
Builder version: 5.1.0
Interrupt handler set up.
========================================
Checkout
========================================
Clone URL: https://github.com/mannd/QTcPackage.git
Reference: main
Initialized empty Git repository in /Users/admin/builder/spi-builder-workspace/.git/
From https://github.com/mannd/QTcPackage
* branch main -> FETCH_HEAD
* [new branch] main -> origin/main
HEAD is now at 30414ee Add Swift Package Index shields to README
Cloned https://github.com/mannd/QTcPackage.git
Revision (git rev-parse @):
30414ee6a4b664bc68d2993a6291eb20427087f8
SUCCESS checkout https://github.com/mannd/QTcPackage.git at main
========================================
Build
========================================
Selected platform: watchOS
Swift version: 6.4
Building package at path: $PWD
https://github.com/mannd/QTcPackage.git
Command line invocation:
/Applications/Xcode-27.0.0-Release.Candidate.app/Contents/Developer/usr/bin/xcodebuild -IDEClonedSourcePackagesDirPathOverride=/Users/admin/builder/spi-builder-workspace/.dependencies -resolvePackageDependencies
Resolve Package Graph
Source files for target QTcTests should be located under 'Tests/QTcTests', or a custom sources path can be set with the 'path' property in Package.swift
Resolve Package Graph
Source files for target QTcTests should be located under 'Tests/QTcTests', or a custom sources path can be set with the 'path' property in Package.swift
Resolved source packages:
spi-builder-workspace: (null)
2026-09-25 21:39:51.872 xcodebuild[529:3024] Writing error result bundle to /var/folders/xq/y_g06wb113726d38xsyx71_h0000gn/T/ResultBundle_2026-25-09_21-39-0051.xcresult
xcodebuild: error: Could not resolve package dependencies:
Source files for target QTcTests should be located under 'Tests/QTcTests', or a custom sources path can be set with the 'path' property in Package.swift
Command line invocation:
/Applications/Xcode-27.0.0-Release.Candidate.app/Contents/Developer/usr/bin/xcodebuild -IDEClonedSourcePackagesDirPathOverride=/Users/admin/builder/spi-builder-workspace/.dependencies -resolvePackageDependencies
Resolve Package Graph
Source files for target QTcTests should be located under 'Tests/QTcTests', or a custom sources path can be set with the 'path' property in Package.swift
Resolved source packages:
spi-builder-workspace: (null)
2026-09-25 21:39:53.042 xcodebuild[599:3663] Writing error result bundle to /var/folders/xq/y_g06wb113726d38xsyx71_h0000gn/T/ResultBundle_2026-25-09_21-39-0053.xcresult
xcodebuild: error: Could not resolve package dependencies:
Source files for target QTcTests should be located under 'Tests/QTcTests', or a custom sources path can be set with the 'path' property in Package.swift
BUILD FAILURE 6.4 watchOS