The Swift Package Index logo.Swift Package Index

Build Information

Failed to build SwiftGridView, reference 1.1.0 (ff3998), with Swift 6.1 for watchOS using Xcode 16.3 on 11 Sep 2026 18:42:58 UTC.

Build Command

env DEVELOPER_DIR=/Applications/Xcode-16.3.0.app xcrun xcodebuild -IDEClonedSourcePackagesDirPathOverride=$PWD/.dependencies -skipMacroValidation -skipPackagePluginValidation -derivedDataPath $PWD/.derivedData build -scheme SwiftGridView -destination generic/platform=watchOS

Build Log

========================================
RunAll
========================================
Builder version: 5.0.2
Interrupt handler set up.
========================================
Checkout
========================================
Clone URL: https://github.com/nlampi/SwiftGridView.git
Reference: 1.1.0
Initialized empty Git repository in /Users/admin/builder/spi-builder-workspace/.git/
From https://github.com/nlampi/SwiftGridView
 * tag               1.1.0      -> FETCH_HEAD
HEAD is now at ff39987 Move the 1.1.0 changelog date to the release date
Cloned https://github.com/nlampi/SwiftGridView.git
Revision (git rev-parse @):
ff399876ff6c735c6abd42563dcfec68fa5097f2
SUCCESS checkout https://github.com/nlampi/SwiftGridView.git at 1.1.0
========================================
Build
========================================
Selected platform:         watchOS
Swift version:             6.1
Building package at path:  $PWD
https://github.com/nlampi/SwiftGridView.git
https://github.com/nlampi/SwiftGridView.git
{
  "dependencies" : [
  ],
  "manifest_display_name" : "SwiftGridView",
  "name" : "SwiftGridView",
  "path" : "/Users/admin/builder/spi-builder-workspace",
  "platforms" : [
    {
      "name" : "ios",
      "version" : "15.0"
    }
  ],
  "products" : [
    {
      "name" : "SwiftGridView",
      "targets" : [
        "SwiftGridView"
      ],
      "type" : {
        "library" : [
          "automatic"
        ]
      }
    }
  ],
  "swift_languages_versions" : [
    "6"
  ],
  "targets" : [
    {
      "c99name" : "SwiftGridViewTests",
      "module_type" : "SwiftTarget",
      "name" : "SwiftGridViewTests",
      "path" : "Tests",
      "resources" : [
        {
          "path" : "/Users/admin/builder/spi-builder-workspace/Tests/Assets/SwiftGridTestNibCell.xib",
          "rule" : {
            "process" : {
            }
          }
        }
      ],
      "sources" : [
        "Assets/SwiftGridTestCell.swift",
        "Mocks/SGMockBasicDataSource.swift",
        "Mocks/SGMockBasicDelegate.swift",
        "Mocks/SGMockFeatureRichDataSource.swift",
        "Mocks/SGMockRecordingDelegate.swift",
        "SwiftGridTests.swift",
        "SwiftGridViewFeatureTests.swift",
        "SwiftGridViewSelectionTests.swift",
        "SwiftGridViewTests.swift",
        "SwiftGridViewZoomTests.swift"
      ],
      "target_dependencies" : [
        "SwiftGridView"
      ],
      "type" : "test"
    },
    {
      "c99name" : "SwiftGridView",
      "module_type" : "SwiftTarget",
      "name" : "SwiftGridView",
      "path" : "Sources",
      "product_memberships" : [
        "SwiftGridView"
      ],
      "sources" : [
        "Cells/SwiftGridCell.swift",
        "Cells/SwiftGridReusableView.swift",
        "Common/IndexPath+SwiftGridView.swift",
        "Common/SwiftGridZoomAxis.swift",
        "Core/SwiftGridView.swift",
        "Layout/SwiftGridLayout.swift",
        "Layout/SwiftGridLayoutDelegate.swift",
        "Protocols/SwiftGridViewDataSource.swift",
        "Protocols/SwiftGridViewDelegate.swift",
        "SwiftUI/SwiftGrid.swift"
      ],
      "type" : "library"
    }
  ],
  "tools_version" : "6.0"
}
Command line invocation:
    /Applications/Xcode-16.3.0.app/Contents/Developer/usr/bin/xcodebuild -IDEClonedSourcePackagesDirPathOverride=/Users/admin/builder/spi-builder-workspace/.dependencies -resolvePackageDependencies
Resolve Package Graph
Resolve Package Graph
Resolved source packages:
  SwiftGridView: /Users/admin/builder/spi-builder-workspace
resolved source packages: SwiftGridView
{
  "dependencies" : [
  ],
  "manifest_display_name" : "SwiftGridView",
  "name" : "SwiftGridView",
  "path" : "/Users/admin/builder/spi-builder-workspace",
  "platforms" : [
    {
      "name" : "ios",
      "version" : "15.0"
    }
  ],
  "products" : [
    {
      "name" : "SwiftGridView",
      "targets" : [
        "SwiftGridView"
      ],
      "type" : {
        "library" : [
          "automatic"
        ]
      }
    }
  ],
  "swift_languages_versions" : [
    "6"
  ],
  "targets" : [
    {
      "c99name" : "SwiftGridViewTests",
      "module_type" : "SwiftTarget",
      "name" : "SwiftGridViewTests",
      "path" : "Tests",
      "resources" : [
        {
          "path" : "/Users/admin/builder/spi-builder-workspace/Tests/Assets/SwiftGridTestNibCell.xib",
          "rule" : {
            "process" : {
            }
          }
        }
      ],
      "sources" : [
        "Assets/SwiftGridTestCell.swift",
        "Mocks/SGMockBasicDataSource.swift",
        "Mocks/SGMockBasicDelegate.swift",
        "Mocks/SGMockFeatureRichDataSource.swift",
        "Mocks/SGMockRecordingDelegate.swift",
        "SwiftGridTests.swift",
        "SwiftGridViewFeatureTests.swift",
        "SwiftGridViewSelectionTests.swift",
        "SwiftGridViewTests.swift",
        "SwiftGridViewZoomTests.swift"
      ],
      "target_dependencies" : [
        "SwiftGridView"
      ],
      "type" : "test"
    },
    {
      "c99name" : "SwiftGridView",
      "module_type" : "SwiftTarget",
      "name" : "SwiftGridView",
      "path" : "Sources",
      "product_memberships" : [
        "SwiftGridView"
      ],
      "sources" : [
        "Cells/SwiftGridCell.swift",
        "Cells/SwiftGridReusableView.swift",
        "Common/IndexPath+SwiftGridView.swift",
        "Common/SwiftGridZoomAxis.swift",
        "Core/SwiftGridView.swift",
        "Layout/SwiftGridLayout.swift",
        "Layout/SwiftGridLayoutDelegate.swift",
        "Protocols/SwiftGridViewDataSource.swift",
        "Protocols/SwiftGridViewDelegate.swift",
        "SwiftUI/SwiftGrid.swift"
      ],
      "type" : "library"
    }
  ],
  "tools_version" : "6.0"
}
{
  "workspace" : {
    "name" : "spi-builder-workspace",
    "schemes" : [
      "SwiftGridView"
    ]
  }
}
Running build ...
env DEVELOPER_DIR=/Applications/Xcode-16.3.0.app xcrun xcodebuild -IDEClonedSourcePackagesDirPathOverride=$PWD/.dependencies -skipMacroValidation -skipPackagePluginValidation -derivedDataPath $PWD/.derivedData build -scheme SwiftGridView -destination generic/platform=watchOS OTHER_SWIFT_FLAGS=-stats-output-dir .stats
Command line invocation:
    /Applications/Xcode-16.3.0.app/Contents/Developer/usr/bin/xcodebuild -IDEClonedSourcePackagesDirPathOverride=/Users/admin/builder/spi-builder-workspace/.dependencies -skipMacroValidation -skipPackagePluginValidation -derivedDataPath /Users/admin/builder/spi-builder-workspace/.derivedData build -scheme SwiftGridView -destination generic/platform=watchOS "OTHER_SWIFT_FLAGS=-stats-output-dir .stats"
Build settings from command line:
    OTHER_SWIFT_FLAGS = -stats-output-dir .stats
Resolve Package Graph
Resolved source packages:
  SwiftGridView: /Users/admin/builder/spi-builder-workspace
ComputePackagePrebuildTargetDependencyGraph
Prepare packages
CreateBuildRequest
SendProjectDescription
CreateBuildOperation
ComputeTargetDependencyGraph
note: Building targets in dependency order
note: Target dependency graph (2 targets)
    Target 'SwiftGridView' in project 'SwiftGridView'
        ➜ Explicit dependency on target 'SwiftGridView' in project 'SwiftGridView'
    Target 'SwiftGridView' in project 'SwiftGridView' (no dependencies)
GatherProvisioningInputs
CreateBuildDescription
ExecuteExternalTool /Applications/Xcode-16.3.0.app/Contents/Developer/Toolchains/XcodeDefault.xctoolchain/usr/bin/clang -v -E -dM -isysroot /Applications/Xcode-16.3.0.app/Contents/Developer/Platforms/WatchOS.platform/Developer/SDKs/WatchOS11.4.sdk -x c -c /dev/null
ExecuteExternalTool /Applications/Xcode-16.3.0.app/Contents/Developer/Toolchains/XcodeDefault.xctoolchain/usr/bin/swiftc --version
ExecuteExternalTool /Applications/Xcode-16.3.0.app/Contents/Developer/Toolchains/XcodeDefault.xctoolchain/usr/bin/ld -version_details
ReadFileContents /Applications/Xcode-16.3.0.app/Contents/Developer/Toolchains/XcodeDefault.xctoolchain/usr/share/docc/features.json
Build description signature: 2a6c41f1b08c0a5e8025c0cd1935b1a1
Build description path: /Users/admin/builder/spi-builder-workspace/.derivedData/Build/Intermediates.noindex/XCBuildData/2a6c41f1b08c0a5e8025c0cd1935b1a1.xcbuilddata
CreateBuildDirectory /Users/admin/builder/spi-builder-workspace/.derivedData/Build/Intermediates.noindex
    cd /Users/admin/builder/spi-builder-workspace/.swiftpm/xcode
    builtin-create-build-directory /Users/admin/builder/spi-builder-workspace/.derivedData/Build/Intermediates.noindex
ClangStatCache /Applications/Xcode-16.3.0.app/Contents/Developer/Toolchains/XcodeDefault.xctoolchain/usr/bin/clang-stat-cache /Applications/Xcode-16.3.0.app/Contents/Developer/Platforms/WatchOS.platform/Developer/SDKs/WatchOS11.4.sdk /Users/admin/builder/spi-builder-workspace/.derivedData/SDKStatCaches.noindex/watchos11.4-22T246-43efb940ff07ba2497b70ec94253f576.sdkstatcache
    cd /Users/admin/builder/spi-builder-workspace/.swiftpm/xcode
    /Applications/Xcode-16.3.0.app/Contents/Developer/Toolchains/XcodeDefault.xctoolchain/usr/bin/clang-stat-cache /Applications/Xcode-16.3.0.app/Contents/Developer/Platforms/WatchOS.platform/Developer/SDKs/WatchOS11.4.sdk -o /Users/admin/builder/spi-builder-workspace/.derivedData/SDKStatCaches.noindex/watchos11.4-22T246-43efb940ff07ba2497b70ec94253f576.sdkstatcache
CreateBuildDirectory /Users/admin/builder/spi-builder-workspace/.derivedData/Build/Products
    cd /Users/admin/builder/spi-builder-workspace/.swiftpm/xcode
    builtin-create-build-directory /Users/admin/builder/spi-builder-workspace/.derivedData/Build/Products
CreateBuildDirectory /Users/admin/builder/spi-builder-workspace/.derivedData/Build/Products/Debug-watchos
    cd /Users/admin/builder/spi-builder-workspace/.swiftpm/xcode
    builtin-create-build-directory /Users/admin/builder/spi-builder-workspace/.derivedData/Build/Products/Debug-watchos
CreateBuildDirectory /Users/admin/builder/spi-builder-workspace/.derivedData/Build/Intermediates.noindex/EagerLinkingTBDs/Debug-watchos
    cd /Users/admin/builder/spi-builder-workspace/.swiftpm/xcode
    builtin-create-build-directory /Users/admin/builder/spi-builder-workspace/.derivedData/Build/Intermediates.noindex/EagerLinkingTBDs/Debug-watchos
CreateBuildDirectory /Users/admin/builder/spi-builder-workspace/.derivedData/Build/Products/Debug-watchos/PackageFrameworks
    cd /Users/admin/builder/spi-builder-workspace/.swiftpm/xcode
    builtin-create-build-directory /Users/admin/builder/spi-builder-workspace/.derivedData/Build/Products/Debug-watchos/PackageFrameworks
WriteAuxiliaryFile /Users/admin/builder/spi-builder-workspace/.derivedData/Build/Intermediates.noindex/SwiftGridView.build/Debug-watchos/SwiftGridView.build/SwiftGridView.DependencyStaticMetadataFileList (in target 'SwiftGridView' from project 'SwiftGridView')
    cd /Users/admin/builder/spi-builder-workspace
    write-file /Users/admin/builder/spi-builder-workspace/.derivedData/Build/Intermediates.noindex/SwiftGridView.build/Debug-watchos/SwiftGridView.build/SwiftGridView.DependencyStaticMetadataFileList
WriteAuxiliaryFile /Users/admin/builder/spi-builder-workspace/.derivedData/Build/Intermediates.noindex/SwiftGridView.build/Debug-watchos/SwiftGridView.build/SwiftGridView.modulemap (in target 'SwiftGridView' from project 'SwiftGridView')
    cd /Users/admin/builder/spi-builder-workspace
    write-file /Users/admin/builder/spi-builder-workspace/.derivedData/Build/Intermediates.noindex/SwiftGridView.build/Debug-watchos/SwiftGridView.build/SwiftGridView.modulemap
WriteAuxiliaryFile /Users/admin/builder/spi-builder-workspace/.derivedData/Build/Intermediates.noindex/SwiftGridView.build/Debug-watchos/SwiftGridView.build/SwiftGridView.DependencyMetadataFileList (in target 'SwiftGridView' from project 'SwiftGridView')
    cd /Users/admin/builder/spi-builder-workspace
    write-file /Users/admin/builder/spi-builder-workspace/.derivedData/Build/Intermediates.noindex/SwiftGridView.build/Debug-watchos/SwiftGridView.build/SwiftGridView.DependencyMetadataFileList
WriteAuxiliaryFile /Users/admin/builder/spi-builder-workspace/.derivedData/Build/Intermediates.noindex/SwiftGridView.build/Debug-watchos/SwiftGridView.build/Objects-normal/armv7k/SwiftGridView-OutputFileMap.json (in target 'SwiftGridView' from project 'SwiftGridView')
    cd /Users/admin/builder/spi-builder-workspace
    write-file /Users/admin/builder/spi-builder-workspace/.derivedData/Build/Intermediates.noindex/SwiftGridView.build/Debug-watchos/SwiftGridView.build/Objects-normal/armv7k/SwiftGridView-OutputFileMap.json
WriteAuxiliaryFile /Users/admin/builder/spi-builder-workspace/.derivedData/Build/Intermediates.noindex/SwiftGridView.build/Debug-watchos/SwiftGridView.build/Objects-normal/armv7k/SwiftGridView.SwiftFileList (in target 'SwiftGridView' from project 'SwiftGridView')
    cd /Users/admin/builder/spi-builder-workspace
    write-file /Users/admin/builder/spi-builder-workspace/.derivedData/Build/Intermediates.noindex/SwiftGridView.build/Debug-watchos/SwiftGridView.build/Objects-normal/armv7k/SwiftGridView.SwiftFileList
WriteAuxiliaryFile /Users/admin/builder/spi-builder-workspace/.derivedData/Build/Intermediates.noindex/SwiftGridView.build/Debug-watchos/SwiftGridView.build/Objects-normal/armv7k/SwiftGridView_const_extract_protocols.json (in target 'SwiftGridView' from project 'SwiftGridView')
    cd /Users/admin/builder/spi-builder-workspace
    write-file /Users/admin/builder/spi-builder-workspace/.derivedData/Build/Intermediates.noindex/SwiftGridView.build/Debug-watchos/SwiftGridView.build/Objects-normal/armv7k/SwiftGridView_const_extract_protocols.json
WriteAuxiliaryFile /Users/admin/builder/spi-builder-workspace/.derivedData/Build/Intermediates.noindex/SwiftGridView.build/Debug-watchos/SwiftGridView.build/Objects-normal/arm64_32/SwiftGridView-OutputFileMap.json (in target 'SwiftGridView' from project 'SwiftGridView')
    cd /Users/admin/builder/spi-builder-workspace
    write-file /Users/admin/builder/spi-builder-workspace/.derivedData/Build/Intermediates.noindex/SwiftGridView.build/Debug-watchos/SwiftGridView.build/Objects-normal/arm64_32/SwiftGridView-OutputFileMap.json
WriteAuxiliaryFile /Users/admin/builder/spi-builder-workspace/.derivedData/Build/Intermediates.noindex/SwiftGridView.build/Debug-watchos/SwiftGridView.build/Objects-normal/armv7k/SwiftGridView.SwiftConstValuesFileList (in target 'SwiftGridView' from project 'SwiftGridView')
    cd /Users/admin/builder/spi-builder-workspace
    write-file /Users/admin/builder/spi-builder-workspace/.derivedData/Build/Intermediates.noindex/SwiftGridView.build/Debug-watchos/SwiftGridView.build/Objects-normal/armv7k/SwiftGridView.SwiftConstValuesFileList
WriteAuxiliaryFile /Users/admin/builder/spi-builder-workspace/.derivedData/Build/Intermediates.noindex/SwiftGridView.build/Debug-watchos/SwiftGridView.build/Objects-normal/arm64_32/SwiftGridView_const_extract_protocols.json (in target 'SwiftGridView' from project 'SwiftGridView')
    cd /Users/admin/builder/spi-builder-workspace
    write-file /Users/admin/builder/spi-builder-workspace/.derivedData/Build/Intermediates.noindex/SwiftGridView.build/Debug-watchos/SwiftGridView.build/Objects-normal/arm64_32/SwiftGridView_const_extract_protocols.json
WriteAuxiliaryFile /Users/admin/builder/spi-builder-workspace/.derivedData/Build/Intermediates.noindex/SwiftGridView.build/Debug-watchos/SwiftGridView.build/Objects-normal/armv7k/SwiftGridView.LinkFileList (in target 'SwiftGridView' from project 'SwiftGridView')
    cd /Users/admin/builder/spi-builder-workspace
    write-file /Users/admin/builder/spi-builder-workspace/.derivedData/Build/Intermediates.noindex/SwiftGridView.build/Debug-watchos/SwiftGridView.build/Objects-normal/armv7k/SwiftGridView.LinkFileList
WriteAuxiliaryFile /Users/admin/builder/spi-builder-workspace/.derivedData/Build/Intermediates.noindex/SwiftGridView.build/Debug-watchos/SwiftGridView.build/Objects-normal/arm64_32/SwiftGridView.SwiftFileList (in target 'SwiftGridView' from project 'SwiftGridView')
    cd /Users/admin/builder/spi-builder-workspace
    write-file /Users/admin/builder/spi-builder-workspace/.derivedData/Build/Intermediates.noindex/SwiftGridView.build/Debug-watchos/SwiftGridView.build/Objects-normal/arm64_32/SwiftGridView.SwiftFileList
WriteAuxiliaryFile /Users/admin/builder/spi-builder-workspace/.derivedData/Build/Intermediates.noindex/SwiftGridView.build/Debug-watchos/SwiftGridView.build/Objects-normal/arm64_32/SwiftGridView.SwiftConstValuesFileList (in target 'SwiftGridView' from project 'SwiftGridView')
    cd /Users/admin/builder/spi-builder-workspace
    write-file /Users/admin/builder/spi-builder-workspace/.derivedData/Build/Intermediates.noindex/SwiftGridView.build/Debug-watchos/SwiftGridView.build/Objects-normal/arm64_32/SwiftGridView.SwiftConstValuesFileList
WriteAuxiliaryFile /Users/admin/builder/spi-builder-workspace/.derivedData/Build/Intermediates.noindex/SwiftGridView.build/Debug-watchos/SwiftGridView.build/Objects-normal/arm64_32/SwiftGridView.LinkFileList (in target 'SwiftGridView' from project 'SwiftGridView')
    cd /Users/admin/builder/spi-builder-workspace
    write-file /Users/admin/builder/spi-builder-workspace/.derivedData/Build/Intermediates.noindex/SwiftGridView.build/Debug-watchos/SwiftGridView.build/Objects-normal/arm64_32/SwiftGridView.LinkFileList
WriteAuxiliaryFile /Users/admin/builder/spi-builder-workspace/.derivedData/Build/Intermediates.noindex/SwiftGridView.build/Debug-watchos/SwiftGridView.build/Objects-normal/arm64/SwiftGridView_const_extract_protocols.json (in target 'SwiftGridView' from project 'SwiftGridView')
    cd /Users/admin/builder/spi-builder-workspace
    write-file /Users/admin/builder/spi-builder-workspace/.derivedData/Build/Intermediates.noindex/SwiftGridView.build/Debug-watchos/SwiftGridView.build/Objects-normal/arm64/SwiftGridView_const_extract_protocols.json
WriteAuxiliaryFile /Users/admin/builder/spi-builder-workspace/.derivedData/Build/Intermediates.noindex/SwiftGridView.build/Debug-watchos/SwiftGridView.build/Objects-normal/arm64/SwiftGridView.SwiftFileList (in target 'SwiftGridView' from project 'SwiftGridView')
    cd /Users/admin/builder/spi-builder-workspace
    write-file /Users/admin/builder/spi-builder-workspace/.derivedData/Build/Intermediates.noindex/SwiftGridView.build/Debug-watchos/SwiftGridView.build/Objects-normal/arm64/SwiftGridView.SwiftFileList
WriteAuxiliaryFile /Users/admin/builder/spi-builder-workspace/.derivedData/Build/Intermediates.noindex/SwiftGridView.build/Debug-watchos/SwiftGridView.build/Objects-normal/arm64/SwiftGridView.SwiftConstValuesFileList (in target 'SwiftGridView' from project 'SwiftGridView')
    cd /Users/admin/builder/spi-builder-workspace
    write-file /Users/admin/builder/spi-builder-workspace/.derivedData/Build/Intermediates.noindex/SwiftGridView.build/Debug-watchos/SwiftGridView.build/Objects-normal/arm64/SwiftGridView.SwiftConstValuesFileList
WriteAuxiliaryFile /Users/admin/builder/spi-builder-workspace/.derivedData/Build/Intermediates.noindex/SwiftGridView.build/Debug-watchos/SwiftGridView.build/Objects-normal/arm64/SwiftGridView.LinkFileList (in target 'SwiftGridView' from project 'SwiftGridView')
    cd /Users/admin/builder/spi-builder-workspace
    write-file /Users/admin/builder/spi-builder-workspace/.derivedData/Build/Intermediates.noindex/SwiftGridView.build/Debug-watchos/SwiftGridView.build/Objects-normal/arm64/SwiftGridView.LinkFileList
WriteAuxiliaryFile /Users/admin/builder/spi-builder-workspace/.derivedData/Build/Intermediates.noindex/SwiftGridView.build/Debug-watchos/SwiftGridView.build/Objects-normal/arm64/SwiftGridView-OutputFileMap.json (in target 'SwiftGridView' from project 'SwiftGridView')
    cd /Users/admin/builder/spi-builder-workspace
    write-file /Users/admin/builder/spi-builder-workspace/.derivedData/Build/Intermediates.noindex/SwiftGridView.build/Debug-watchos/SwiftGridView.build/Objects-normal/arm64/SwiftGridView-OutputFileMap.json
Copy /Users/admin/builder/spi-builder-workspace/.derivedData/Build/Intermediates.noindex/GeneratedModuleMaps-watchos/SwiftGridView.modulemap /Users/admin/builder/spi-builder-workspace/.derivedData/Build/Intermediates.noindex/SwiftGridView.build/Debug-watchos/SwiftGridView.build/SwiftGridView.modulemap (in target 'SwiftGridView' from project 'SwiftGridView')
    cd /Users/admin/builder/spi-builder-workspace
    builtin-copy -exclude .DS_Store -exclude CVS -exclude .svn -exclude .git -exclude .hg -resolve-src-symlinks /Users/admin/builder/spi-builder-workspace/.derivedData/Build/Intermediates.noindex/SwiftGridView.build/Debug-watchos/SwiftGridView.build/SwiftGridView.modulemap /Users/admin/builder/spi-builder-workspace/.derivedData/Build/Intermediates.noindex/GeneratedModuleMaps-watchos
SwiftDriver SwiftGridView normal arm64 com.apple.xcode.tools.swift.compiler (in target 'SwiftGridView' from project 'SwiftGridView')
    cd /Users/admin/builder/spi-builder-workspace/.swiftpm/xcode
    builtin-SwiftDriver -- /Applications/Xcode-16.3.0.app/Contents/Developer/Toolchains/XcodeDefault.xctoolchain/usr/bin/swiftc -module-name SwiftGridView -Onone -enforce-exclusivity\=checked @/Users/admin/builder/spi-builder-workspace/.derivedData/Build/Intermediates.noindex/SwiftGridView.build/Debug-watchos/SwiftGridView.build/Objects-normal/arm64/SwiftGridView.SwiftFileList -DSWIFT_PACKAGE -DDEBUG -stats-output-dir .stats -plugin-path /Applications/Xcode-16.3.0.app/Contents/Developer/Toolchains/XcodeDefault.xctoolchain/usr/lib/swift/host/plugins/testing -enable-experimental-feature DebugDescriptionMacro -sdk /Applications/Xcode-16.3.0.app/Contents/Developer/Platforms/WatchOS.platform/Developer/SDKs/WatchOS11.4.sdk -target arm64-apple-watchos8.0 -g -module-cache-path /Users/admin/builder/spi-builder-workspace/.derivedData/ModuleCache.noindex -Xfrontend -serialize-debugging-options -profile-coverage-mapping -profile-generate -enable-testing -index-store-path /Users/admin/builder/spi-builder-workspace/.derivedData/Index.noindex/DataStore -swift-version 6 -I /Users/admin/builder/spi-builder-workspace/.derivedData/Build/Products/Debug-watchos -I /Applications/Xcode-16.3.0.app/Contents/Developer/Platforms/WatchOS.platform/Developer/usr/lib -F /Users/admin/builder/spi-builder-workspace/.derivedData/Build/Products/Debug-watchos -F /Applications/Xcode-16.3.0.app/Contents/Developer/Platforms/WatchOS.platform/Developer/Library/Frameworks -F /Applications/Xcode-16.3.0.app/Contents/Developer/Platforms/WatchOS.platform/Developer/SDKs/WatchOS11.4.sdk/Developer/Library/Frameworks -c -j10 -enable-batch-mode -incremental -Xcc -ivfsstatcache -Xcc /Users/admin/builder/spi-builder-workspace/.derivedData/SDKStatCaches.noindex/watchos11.4-22T246-43efb940ff07ba2497b70ec94253f576.sdkstatcache -output-file-map /Users/admin/builder/spi-builder-workspace/.derivedData/Build/Intermediates.noindex/SwiftGridView.build/Debug-watchos/SwiftGridView.build/Objects-normal/arm64/SwiftGridView-OutputFileMap.json -use-frontend-parseable-output -save-temps -no-color-diagnostics -serialize-diagnostics -emit-dependencies -emit-module -emit-module-path /Users/admin/builder/spi-builder-workspace/.derivedData/Build/Intermediates.noindex/SwiftGridView.build/Debug-watchos/SwiftGridView.build/Objects-normal/arm64/SwiftGridView.swiftmodule -validate-clang-modules-once -clang-build-session-file /Users/admin/builder/spi-builder-workspace/.derivedData/ModuleCache.noindex/Session.modulevalidation -package-name spi_builder_workspace -Xcc -I/Users/admin/builder/spi-builder-workspace/.derivedData/Build/Intermediates.noindex/SwiftGridView.build/Debug-watchos/SwiftGridView.build/swift-overrides.hmap -emit-const-values -Xfrontend -const-gather-protocols-file -Xfrontend /Users/admin/builder/spi-builder-workspace/.derivedData/Build/Intermediates.noindex/SwiftGridView.build/Debug-watchos/SwiftGridView.build/Objects-normal/arm64/SwiftGridView_const_extract_protocols.json -Xcc -I/Users/admin/builder/spi-builder-workspace/.derivedData/Build/Products/Debug-watchos/include -Xcc -I/Users/admin/builder/spi-builder-workspace/.derivedData/Build/Intermediates.noindex/SwiftGridView.build/Debug-watchos/SwiftGridView.build/DerivedSources-normal/arm64 -Xcc -I/Users/admin/builder/spi-builder-workspace/.derivedData/Build/Intermediates.noindex/SwiftGridView.build/Debug-watchos/SwiftGridView.build/DerivedSources/arm64 -Xcc -I/Users/admin/builder/spi-builder-workspace/.derivedData/Build/Intermediates.noindex/SwiftGridView.build/Debug-watchos/SwiftGridView.build/DerivedSources -Xcc -DSWIFT_PACKAGE -Xcc -DDEBUG\=1 -emit-objc-header -emit-objc-header-path /Users/admin/builder/spi-builder-workspace/.derivedData/Build/Intermediates.noindex/SwiftGridView.build/Debug-watchos/SwiftGridView.build/Objects-normal/arm64/SwiftGridView-Swift.h -working-directory /Users/admin/builder/spi-builder-workspace/.swiftpm/xcode -experimental-emit-module-separately -disable-cmo
SwiftDriver SwiftGridView normal armv7k com.apple.xcode.tools.swift.compiler (in target 'SwiftGridView' from project 'SwiftGridView')
    cd /Users/admin/builder/spi-builder-workspace/.swiftpm/xcode
    builtin-SwiftDriver -- /Applications/Xcode-16.3.0.app/Contents/Developer/Toolchains/XcodeDefault.xctoolchain/usr/bin/swiftc -module-name SwiftGridView -Onone -enforce-exclusivity\=checked @/Users/admin/builder/spi-builder-workspace/.derivedData/Build/Intermediates.noindex/SwiftGridView.build/Debug-watchos/SwiftGridView.build/Objects-normal/armv7k/SwiftGridView.SwiftFileList -DSWIFT_PACKAGE -DDEBUG -stats-output-dir .stats -plugin-path /Applications/Xcode-16.3.0.app/Contents/Developer/Toolchains/XcodeDefault.xctoolchain/usr/lib/swift/host/plugins/testing -enable-experimental-feature DebugDescriptionMacro -sdk /Applications/Xcode-16.3.0.app/Contents/Developer/Platforms/WatchOS.platform/Developer/SDKs/WatchOS11.4.sdk -target armv7k-apple-watchos8.0 -g -module-cache-path /Users/admin/builder/spi-builder-workspace/.derivedData/ModuleCache.noindex -Xfrontend -serialize-debugging-options -profile-coverage-mapping -profile-generate -enable-testing -index-store-path /Users/admin/builder/spi-builder-workspace/.derivedData/Index.noindex/DataStore -swift-version 6 -I /Users/admin/builder/spi-builder-workspace/.derivedData/Build/Products/Debug-watchos -I /Applications/Xcode-16.3.0.app/Contents/Developer/Platforms/WatchOS.platform/Developer/usr/lib -F /Users/admin/builder/spi-builder-workspace/.derivedData/Build/Products/Debug-watchos -F /Applications/Xcode-16.3.0.app/Contents/Developer/Platforms/WatchOS.platform/Developer/Library/Frameworks -F /Applications/Xcode-16.3.0.app/Contents/Developer/Platforms/WatchOS.platform/Developer/SDKs/WatchOS11.4.sdk/Developer/Library/Frameworks -c -j10 -enable-batch-mode -incremental -Xcc -ivfsstatcache -Xcc /Users/admin/builder/spi-builder-workspace/.derivedData/SDKStatCaches.noindex/watchos11.4-22T246-43efb940ff07ba2497b70ec94253f576.sdkstatcache -output-file-map /Users/admin/builder/spi-builder-workspace/.derivedData/Build/Intermediates.noindex/SwiftGridView.build/Debug-watchos/SwiftGridView.build/Objects-normal/armv7k/SwiftGridView-OutputFileMap.json -use-frontend-parseable-output -save-temps -no-color-diagnostics -serialize-diagnostics -emit-dependencies -emit-module -emit-module-path /Users/admin/builder/spi-builder-workspace/.derivedData/Build/Intermediates.noindex/SwiftGridView.build/Debug-watchos/SwiftGridView.build/Objects-normal/armv7k/SwiftGridView.swiftmodule -validate-clang-modules-once -clang-build-session-file /Users/admin/builder/spi-builder-workspace/.derivedData/ModuleCache.noindex/Session.modulevalidation -package-name spi_builder_workspace -Xcc -I/Users/admin/builder/spi-builder-workspace/.derivedData/Build/Intermediates.noindex/SwiftGridView.build/Debug-watchos/SwiftGridView.build/swift-overrides.hmap -emit-const-values -Xfrontend -const-gather-protocols-file -Xfrontend /Users/admin/builder/spi-builder-workspace/.derivedData/Build/Intermediates.noindex/SwiftGridView.build/Debug-watchos/SwiftGridView.build/Objects-normal/armv7k/SwiftGridView_const_extract_protocols.json -Xcc -I/Users/admin/builder/spi-builder-workspace/.derivedData/Build/Products/Debug-watchos/include -Xcc -I/Users/admin/builder/spi-builder-workspace/.derivedData/Build/Intermediates.noindex/SwiftGridView.build/Debug-watchos/SwiftGridView.build/DerivedSources-normal/armv7k -Xcc -I/Users/admin/builder/spi-builder-workspace/.derivedData/Build/Intermediates.noindex/SwiftGridView.build/Debug-watchos/SwiftGridView.build/DerivedSources/armv7k -Xcc -I/Users/admin/builder/spi-builder-workspace/.derivedData/Build/Intermediates.noindex/SwiftGridView.build/Debug-watchos/SwiftGridView.build/DerivedSources -Xcc -DSWIFT_PACKAGE -Xcc -DDEBUG\=1 -emit-objc-header -emit-objc-header-path /Users/admin/builder/spi-builder-workspace/.derivedData/Build/Intermediates.noindex/SwiftGridView.build/Debug-watchos/SwiftGridView.build/Objects-normal/armv7k/SwiftGridView-Swift.h -working-directory /Users/admin/builder/spi-builder-workspace/.swiftpm/xcode -experimental-emit-module-separately -disable-cmo
SwiftDriver SwiftGridView normal arm64_32 com.apple.xcode.tools.swift.compiler (in target 'SwiftGridView' from project 'SwiftGridView')
    cd /Users/admin/builder/spi-builder-workspace/.swiftpm/xcode
    builtin-SwiftDriver -- /Applications/Xcode-16.3.0.app/Contents/Developer/Toolchains/XcodeDefault.xctoolchain/usr/bin/swiftc -module-name SwiftGridView -Onone -enforce-exclusivity\=checked @/Users/admin/builder/spi-builder-workspace/.derivedData/Build/Intermediates.noindex/SwiftGridView.build/Debug-watchos/SwiftGridView.build/Objects-normal/arm64_32/SwiftGridView.SwiftFileList -DSWIFT_PACKAGE -DDEBUG -stats-output-dir .stats -plugin-path /Applications/Xcode-16.3.0.app/Contents/Developer/Toolchains/XcodeDefault.xctoolchain/usr/lib/swift/host/plugins/testing -enable-experimental-feature DebugDescriptionMacro -sdk /Applications/Xcode-16.3.0.app/Contents/Developer/Platforms/WatchOS.platform/Developer/SDKs/WatchOS11.4.sdk -target arm64_32-apple-watchos8.0 -g -module-cache-path /Users/admin/builder/spi-builder-workspace/.derivedData/ModuleCache.noindex -Xfrontend -serialize-debugging-options -profile-coverage-mapping -profile-generate -enable-testing -index-store-path /Users/admin/builder/spi-builder-workspace/.derivedData/Index.noindex/DataStore -swift-version 6 -I /Users/admin/builder/spi-builder-workspace/.derivedData/Build/Products/Debug-watchos -I /Applications/Xcode-16.3.0.app/Contents/Developer/Platforms/WatchOS.platform/Developer/usr/lib -F /Users/admin/builder/spi-builder-workspace/.derivedData/Build/Products/Debug-watchos -F /Applications/Xcode-16.3.0.app/Contents/Developer/Platforms/WatchOS.platform/Developer/Library/Frameworks -F /Applications/Xcode-16.3.0.app/Contents/Developer/Platforms/WatchOS.platform/Developer/SDKs/WatchOS11.4.sdk/Developer/Library/Frameworks -c -j10 -enable-batch-mode -incremental -Xcc -ivfsstatcache -Xcc /Users/admin/builder/spi-builder-workspace/.derivedData/SDKStatCaches.noindex/watchos11.4-22T246-43efb940ff07ba2497b70ec94253f576.sdkstatcache -output-file-map /Users/admin/builder/spi-builder-workspace/.derivedData/Build/Intermediates.noindex/SwiftGridView.build/Debug-watchos/SwiftGridView.build/Objects-normal/arm64_32/SwiftGridView-OutputFileMap.json -use-frontend-parseable-output -save-temps -no-color-diagnostics -serialize-diagnostics -emit-dependencies -emit-module -emit-module-path /Users/admin/builder/spi-builder-workspace/.derivedData/Build/Intermediates.noindex/SwiftGridView.build/Debug-watchos/SwiftGridView.build/Objects-normal/arm64_32/SwiftGridView.swiftmodule -validate-clang-modules-once -clang-build-session-file /Users/admin/builder/spi-builder-workspace/.derivedData/ModuleCache.noindex/Session.modulevalidation -package-name spi_builder_workspace -Xcc -I/Users/admin/builder/spi-builder-workspace/.derivedData/Build/Intermediates.noindex/SwiftGridView.build/Debug-watchos/SwiftGridView.build/swift-overrides.hmap -emit-const-values -Xfrontend -const-gather-protocols-file -Xfrontend /Users/admin/builder/spi-builder-workspace/.derivedData/Build/Intermediates.noindex/SwiftGridView.build/Debug-watchos/SwiftGridView.build/Objects-normal/arm64_32/SwiftGridView_const_extract_protocols.json -Xcc -I/Users/admin/builder/spi-builder-workspace/.derivedData/Build/Products/Debug-watchos/include -Xcc -I/Users/admin/builder/spi-builder-workspace/.derivedData/Build/Intermediates.noindex/SwiftGridView.build/Debug-watchos/SwiftGridView.build/DerivedSources-normal/arm64_32 -Xcc -I/Users/admin/builder/spi-builder-workspace/.derivedData/Build/Intermediates.noindex/SwiftGridView.build/Debug-watchos/SwiftGridView.build/DerivedSources/arm64_32 -Xcc -I/Users/admin/builder/spi-builder-workspace/.derivedData/Build/Intermediates.noindex/SwiftGridView.build/Debug-watchos/SwiftGridView.build/DerivedSources -Xcc -DSWIFT_PACKAGE -Xcc -DDEBUG\=1 -emit-objc-header -emit-objc-header-path /Users/admin/builder/spi-builder-workspace/.derivedData/Build/Intermediates.noindex/SwiftGridView.build/Debug-watchos/SwiftGridView.build/Objects-normal/arm64_32/SwiftGridView-Swift.h -working-directory /Users/admin/builder/spi-builder-workspace/.swiftpm/xcode -experimental-emit-module-separately -disable-cmo
SwiftEmitModule normal armv7k Emitting\ module\ for\ SwiftGridView (in target 'SwiftGridView' from project 'SwiftGridView')
EmitSwiftModule normal armv7k (in target 'SwiftGridView' from project 'SwiftGridView')
    cd /Users/admin/builder/spi-builder-workspace/.swiftpm/xcode

/Users/admin/builder/spi-builder-workspace/Sources/Cells/SwiftGridCell.swift:29:21: error: initializer does not override a designated initializer from its superclass
    public override init(frame: CGRect) {
           ~~~~~~~~ ^
/Users/admin/builder/spi-builder-workspace/Sources/Cells/SwiftGridCell.swift:28:27: error: cannot find type 'UICollectionViewCell' in scope
open class SwiftGridCell: UICollectionViewCell {
                          ^~~~~~~~~~~~~~~~~~~~
/Users/admin/builder/spi-builder-workspace/Sources/Cells/SwiftGridReusableView.swift:79:42: error: value of type 'UIView' has no member 'isHidden'
            self.selectedBackgroundView?.isHidden = !highlighted
            ~~~~~~~~~~~~~~~~~~~~~~~~~~~~ ^~~~~~~~
/Applications/Xcode-16.3.0.app/Contents/Developer/Platforms/WatchOS.platform/Developer/SDKs/WatchOS11.4.sdk/System/Library/Frameworks/UIKit.framework/Headers/NSTextAttachment.h:23:1: note: class 'UIView' will be imported as an opaque placeholder class and may be missing members; import the definition to access the complete interface
@class UIView;
^
/Applications/Xcode-16.3.0.app/Contents/Developer/Platforms/WatchOS.platform/Developer/SDKs/WatchOS11.4.sdk/System/Library/Frameworks/UIKit.framework/Headers/NSTextAttachment.h:23:1: note: interface 'UIView' forward declared here
@class UIView;
^
/Users/admin/builder/spi-builder-workspace/Sources/Cells/SwiftGridReusableView.swift:86:42: error: value of type 'UIView' has no member 'isHidden'
            self.selectedBackgroundView?.isHidden = !selected
            ~~~~~~~~~~~~~~~~~~~~~~~~~~~~ ^~~~~~~~
/Applications/Xcode-16.3.0.app/Contents/Developer/Platforms/WatchOS.platform/Developer/SDKs/WatchOS11.4.sdk/System/Library/Frameworks/UIKit.framework/Headers/NSTextAttachment.h:23:1: note: class 'UIView' will be imported as an opaque placeholder class and may be missing members; import the definition to access the complete interface
@class UIView;
^
/Applications/Xcode-16.3.0.app/Contents/Developer/Platforms/WatchOS.platform/Developer/SDKs/WatchOS11.4.sdk/System/Library/Frameworks/UIKit.framework/Headers/NSTextAttachment.h:23:1: note: interface 'UIView' forward declared here
@class UIView;
^
/Users/admin/builder/spi-builder-workspace/Sources/Cells/SwiftGridReusableView.swift:91:27: error: 'UIView' is unavailable: This Objective-C class has only been forward-declared; import its owning module to use it
    open var contentView: UIView = UIView()
                          ^~~~~~
UIKit.UIView:2:14: note: 'UIView' has been explicitly marked unavailable here
public class UIView {
             ^
/Users/admin/builder/spi-builder-workspace/Sources/Cells/SwiftGridReusableView.swift:91:36: error: 'UIView' cannot be constructed because it has no accessible initializers
    open var contentView: UIView = UIView()
                                   ^~~~~~
/Users/admin/builder/spi-builder-workspace/Sources/Cells/SwiftGridReusableView.swift:100:34: error: value of type 'UIView' has no member 'translatesAutoresizingMaskIntoConstraints'
            self.backgroundView!.translatesAutoresizingMaskIntoConstraints = false
            ~~~~~~~~~~~~~~~~~~~~ ^~~~~~~~~~~~~~~~~~~~~~~~~~~~~~~~~~~~~~~~~
/Applications/Xcode-16.3.0.app/Contents/Developer/Platforms/WatchOS.platform/Developer/SDKs/WatchOS11.4.sdk/System/Library/Frameworks/UIKit.framework/Headers/NSTextAttachment.h:23:1: note: class 'UIView' will be imported as an opaque placeholder class and may be missing members; import the definition to access the complete interface
@class UIView;
^
/Applications/Xcode-16.3.0.app/Contents/Developer/Platforms/WatchOS.platform/Developer/SDKs/WatchOS11.4.sdk/System/Library/Frameworks/UIKit.framework/Headers/NSTextAttachment.h:23:1: note: interface 'UIView' forward declared here
@class UIView;
^
/Users/admin/builder/spi-builder-workspace/Sources/Cells/SwiftGridReusableView.swift:103:22: error: value of type 'SwiftGridReusableView' has no member 'insertSubview'
                self.insertSubview(self.backgroundView!, belowSubview: self.selectedBackgroundView!)
                ~~~~ ^~~~~~~~~~~~~
/Users/admin/builder/spi-builder-workspace/Sources/Cells/SwiftGridReusableView.swift:105:22: error: value of type 'SwiftGridReusableView' has no member 'insertSubview'
                self.insertSubview(self.backgroundView!, belowSubview: self.contentView)
                ~~~~ ^~~~~~~~~~~~~
/Users/admin/builder/spi-builder-workspace/Sources/Cells/SwiftGridReusableView.swift:106:22: error: value of type 'SwiftGridReusableView' has no member 'sendSubviewToBack'
                self.sendSubviewToBack(self.backgroundView!)
                ~~~~ ^~~~~~~~~~~~~~~~~
/Users/admin/builder/spi-builder-workspace/Sources/Cells/SwiftGridReusableView.swift:111:17: error: cannot find 'NSLayoutConstraint' in scope
                NSLayoutConstraint.constraints(
                ^~~~~~~~~~~~~~~~~~
/Users/admin/builder/spi-builder-workspace/Sources/Cells/SwiftGridReusableView.swift:113:30: error: cannot find 'NSLayoutConstraint' in scope
                    options: NSLayoutConstraint.FormatOptions.directionLeftToRight, metrics: nil, views: views))
                             ^~~~~~~~~~~~~~~~~~
/Users/admin/builder/spi-builder-workspace/Sources/Cells/SwiftGridReusableView.swift:110:18: error: value of type 'SwiftGridReusableView' has no member 'addConstraints'
            self.addConstraints(
            ~~~~ ^~~~~~~~~~~~~~
/Users/admin/builder/spi-builder-workspace/Sources/Cells/SwiftGridReusableView.swift:113:94: error: 'nil' requires a contextual type
                    options: NSLayoutConstraint.FormatOptions.directionLeftToRight, metrics: nil, views: views))
                                                                                             ^
/Users/admin/builder/spi-builder-workspace/Sources/Cells/SwiftGridReusableView.swift:115:17: error: cannot find 'NSLayoutConstraint' in scope
                NSLayoutConstraint.constraints(
                ^~~~~~~~~~~~~~~~~~
/Users/admin/builder/spi-builder-workspace/Sources/Cells/SwiftGridReusableView.swift:117:30: error: cannot find 'NSLayoutConstraint' in scope
                    options: NSLayoutConstraint.FormatOptions.directionLeftToRight, metrics: nil, views: views))
                             ^~~~~~~~~~~~~~~~~~
/Users/admin/builder/spi-builder-workspace/Sources/Cells/SwiftGridReusableView.swift:114:18: error: value of type 'SwiftGridReusableView' has no member 'addConstraints'
            self.addConstraints(
            ~~~~ ^~~~~~~~~~~~~~
/Users/admin/builder/spi-builder-workspace/Sources/Cells/SwiftGridReusableView.swift:117:94: error: 'nil' requires a contextual type
                    options: NSLayoutConstraint.FormatOptions.directionLeftToRight, metrics: nil, views: views))
                                                                                             ^
/Users/admin/builder/spi-builder-workspace/Sources/Cells/SwiftGridReusableView.swift:94:40: error: 'UIView' is unavailable: This Objective-C class has only been forward-declared; import its owning module to use it
    @IBOutlet open var backgroundView: UIView? {
                                       ^~~~~~
UIKit.UIView:2:14: note: 'UIView' has been explicitly marked unavailable here
public class UIView {
             ^
/Users/admin/builder/spi-builder-workspace/Sources/Cells/SwiftGridReusableView.swift:128:42: error: value of type 'UIView' has no member 'isHidden'
            self.selectedBackgroundView!.isHidden = true
            ~~~~~~~~~~~~~~~~~~~~~~~~~~~~ ^~~~~~~~
/Applications/Xcode-16.3.0.app/Contents/Developer/Platforms/WatchOS.platform/Developer/SDKs/WatchOS11.4.sdk/System/Library/Frameworks/UIKit.framework/Headers/NSTextAttachment.h:23:1: note: class 'UIView' will be imported as an opaque placeholder class and may be missing members; import the definition to access the complete interface
@class UIView;
^
/Applications/Xcode-16.3.0.app/Contents/Developer/Platforms/WatchOS.platform/Developer/SDKs/WatchOS11.4.sdk/System/Library/Frameworks/UIKit.framework/Headers/NSTextAttachment.h:23:1: note: interface 'UIView' forward declared here
@class UIView;
^
/Users/admin/builder/spi-builder-workspace/Sources/Cells/SwiftGridReusableView.swift:130:42: error: value of type 'UIView' has no member 'translatesAutoresizingMaskIntoConstraints'
            self.selectedBackgroundView!.translatesAutoresizingMaskIntoConstraints = false
            ~~~~~~~~~~~~~~~~~~~~~~~~~~~~ ^~~~~~~~~~~~~~~~~~~~~~~~~~~~~~~~~~~~~~~~~
/Applications/Xcode-16.3.0.app/Contents/Developer/Platforms/WatchOS.platform/Developer/SDKs/WatchOS11.4.sdk/System/Library/Frameworks/UIKit.framework/Headers/NSTextAttachment.h:23:1: note: class 'UIView' will be imported as an opaque placeholder class and may be missing members; import the definition to access the complete interface
@class UIView;
^
/Applications/Xcode-16.3.0.app/Contents/Developer/Platforms/WatchOS.platform/Developer/SDKs/WatchOS11.4.sdk/System/Library/Frameworks/UIKit.framework/Headers/NSTextAttachment.h:23:1: note: interface 'UIView' forward declared here
@class UIView;
^
/Users/admin/builder/spi-builder-workspace/Sources/Cells/SwiftGridReusableView.swift:131:18: error: value of type 'SwiftGridReusableView' has no member 'insertSubview'
            self.insertSubview(self.selectedBackgroundView!, belowSubview: self.contentView)
            ~~~~ ^~~~~~~~~~~~~
/Users/admin/builder/spi-builder-workspace/Sources/Cells/SwiftGridReusableView.swift:132:18: error: value of type 'SwiftGridReusableView' has no member 'sendSubviewToBack'
            self.sendSubviewToBack(self.selectedBackgroundView!)
            ~~~~ ^~~~~~~~~~~~~~~~~
/Users/admin/builder/spi-builder-workspace/Sources/Cells/SwiftGridReusableView.swift:135:22: error: value of type 'SwiftGridReusableView' has no member 'sendSubviewToBack'
                self.sendSubviewToBack(self.backgroundView!)
                ~~~~ ^~~~~~~~~~~~~~~~~
/Users/admin/builder/spi-builder-workspace/Sources/Cells/SwiftGridReusableView.swift:140:17: error: cannot find 'NSLayoutConstraint' in scope
                NSLayoutConstraint.constraints(
                ^~~~~~~~~~~~~~~~~~
/Users/admin/builder/spi-builder-workspace/Sources/Cells/SwiftGridReusableView.swift:142:30: error: cannot find 'NSLayoutConstraint' in scope
                    options: NSLayoutConstraint.FormatOptions.directionLeftToRight, metrics: nil, views: views))
                             ^~~~~~~~~~~~~~~~~~
/Users/admin/builder/spi-builder-workspace/Sources/Cells/SwiftGridReusableView.swift:139:18: error: value of type 'SwiftGridReusableView' has no member 'addConstraints'
            self.addConstraints(
            ~~~~ ^~~~~~~~~~~~~~
/Users/admin/builder/spi-builder-workspace/Sources/Cells/SwiftGridReusableView.swift:142:94: error: 'nil' requires a contextual type
                    options: NSLayoutConstraint.FormatOptions.directionLeftToRight, metrics: nil, views: views))
                                                                                             ^
/Users/admin/builder/spi-builder-workspace/Sources/Cells/SwiftGridReusableView.swift:144:17: error: cannot find 'NSLayoutConstraint' in scope
                NSLayoutConstraint.constraints(
                ^~~~~~~~~~~~~~~~~~
/Users/admin/builder/spi-builder-workspace/Sources/Cells/SwiftGridReusableView.swift:146:30: error: cannot find 'NSLayoutConstraint' in scope
                    options: NSLayoutConstraint.FormatOptions.directionLeftToRight, metrics: nil, views: views))
                             ^~~~~~~~~~~~~~~~~~
/Users/admin/builder/spi-builder-workspace/Sources/Cells/SwiftGridReusableView.swift:143:18: error: value of type 'SwiftGridReusableView' has no member 'addConstraints'
            self.addConstraints(
            ~~~~ ^~~~~~~~~~~~~~
/Users/admin/builder/spi-builder-workspace/Sources/Cells/SwiftGridReusableView.swift:146:94: error: 'nil' requires a contextual type
                    options: NSLayoutConstraint.FormatOptions.directionLeftToRight, metrics: nil, views: views))
                                                                                             ^
/Users/admin/builder/spi-builder-workspace/Sources/Cells/SwiftGridReusableView.swift:122:48: error: 'UIView' is unavailable: This Objective-C class has only been forward-declared; import its owning module to use it
    @IBOutlet open var selectedBackgroundView: UIView? {
                                               ^~~~~~
UIKit.UIView:2:14: note: 'UIView' has been explicitly marked unavailable here
public class UIView {
             ^
/Users/admin/builder/spi-builder-workspace/Sources/Cells/SwiftGridReusableView.swift:158:21: error: initializer does not override a designated initializer from its superclass
    public override init(frame: CGRect) {
           ~~~~~~~~ ^
/Users/admin/builder/spi-builder-workspace/Sources/Cells/SwiftGridReusableView.swift:195:52: error: cannot find type 'UITouch' in scope
    override open func touchesBegan(_ touches: Set<UITouch>, with event: UIEvent?) {
                                                   ^~~~~~~
/Users/admin/builder/spi-builder-workspace/Sources/Cells/SwiftGridReusableView.swift:195:74: error: cannot find type 'UIEvent' in scope
    override open func touchesBegan(_ touches: Set<UITouch>, with event: UIEvent?) {
                                                                         ^~~~~~~
/Users/admin/builder/spi-builder-workspace/Sources/Cells/SwiftGridReusableView.swift:199:56: error: cannot find type 'UITouch' in scope
    override open func touchesCancelled(_ touches: Set<UITouch>, with event: UIEvent?) {
                                                       ^~~~~~~
/Users/admin/builder/spi-builder-workspace/Sources/Cells/SwiftGridReusableView.swift:199:78: error: cannot find type 'UIEvent' in scope
    override open func touchesCancelled(_ touches: Set<UITouch>, with event: UIEvent?) {
                                                                             ^~~~~~~
/Users/admin/builder/spi-builder-workspace/Sources/Cells/SwiftGridReusableView.swift:203:52: error: cannot find type 'UITouch' in scope
    override open func touchesEnded(_ touches: Set<UITouch>, with event: UIEvent?) {
                                                   ^~~~~~~
/Users/admin/builder/spi-builder-workspace/Sources/Cells/SwiftGridReusableView.swift:203:74: error: cannot find type 'UIEvent' in scope
    override open func touchesEnded(_ touches: Set<UITouch>, with event: UIEvent?) {
                                                                         ^~~~~~~
/Users/admin/builder/spi-builder-workspace/Sources/Cells/SwiftGridReusableView.swift:232:24: error: method does not override any method from its superclass
    open override func prepareForReuse() {
         ~~~~~~~~      ^
/Users/admin/builder/spi-builder-workspace/Sources/Cells/SwiftGridReusableView.swift:68:35: error: cannot find type 'UICollectionReusableView' in scope
open class SwiftGridReusableView: UICollectionReusableView {
                                  ^~~~~~~~~~~~~~~~~~~~~~~~
/Users/admin/builder/spi-builder-workspace/Sources/Core/SwiftGridView.swift:73:52: error: cannot find type 'UIPinchGestureRecognizer' in scope
    fileprivate lazy var sgPinchGestureRecognizer: UIPinchGestureRecognizer = UIPinchGestureRecognizer.init(
                                                   ^~~~~~~~~~~~~~~~~~~~~~~~
/Users/admin/builder/spi-builder-workspace/Sources/Core/SwiftGridView.swift:75:53: error: cannot find type 'UITapGestureRecognizer' in scope
    fileprivate lazy var sgTwoTapGestureRecognizer: UITapGestureRecognizer = UITapGestureRecognizer.init(
                                                    ^~~~~~~~~~~~~~~~~~~~~~
/Users/admin/builder/spi-builder-workspace/Sources/Core/SwiftGridView.swift:51:21: error: initializer does not override a designated initializer from its superclass
    public override init(frame: CGRect) {
           ~~~~~~~~ ^
/Users/admin/builder/spi-builder-workspace/Sources/Core/SwiftGridView.swift:157:44: error: cannot find type 'UICollectionView' in scope
    open internal(set) var collectionView: UICollectionView!
                                           ^~~~~~~~~~~~~~~~
/Users/admin/builder/spi-builder-workspace/Sources/Layout/SwiftGridLayoutDelegate.swift:33:43: error: cannot find type 'UICollectionView' in scope
    func collectionView(_ collectionView: UICollectionView, layout collectionViewLayout: UICollectionViewLayout, sizeForItemAtIndexPath indexPath: IndexPath)
                                          ^~~~~~~~~~~~~~~~
/Users/admin/builder/spi-builder-workspace/Sources/Layout/SwiftGridLayoutDelegate.swift:33:90: error: cannot find type 'UICollectionViewLayout' in scope
    func collectionView(_ collectionView: UICollectionView, layout collectionViewLayout: UICollectionViewLayout, sizeForItemAtIndexPath indexPath: IndexPath)
                                                                                         ^~~~~~~~~~~~~~~~~~~~~~
/Users/admin/builder/spi-builder-workspace/Sources/Layout/SwiftGridLayoutDelegate.swift:36:43: error: cannot find type 'UICollectionView' in scope
    func collectionView(_ collectionView: UICollectionView, layout collectionViewLayout: UICollectionViewLayout, heightFor row: Int, at indexPath: IndexPath)
                                          ^~~~~~~~~~~~~~~~
/Users/admin/builder/spi-builder-workspace/Sources/Layout/SwiftGridLayoutDelegate.swift:36:90: error: cannot find type 'UICollectionViewLayout' in scope
    func collectionView(_ collectionView: UICollectionView, layout collectionViewLayout: UICollectionViewLayout, heightFor row: Int, at indexPath: IndexPath)
                                                                                         ^~~~~~~~~~~~~~~~~~~~~~
/Users/admin/builder/spi-builder-workspace/Sources/Layout/SwiftGridLayoutDelegate.swift:40:27: error: cannot find type 'UICollectionView' in scope
        _ collectionView: UICollectionView, layout collectionViewLayout: UICollectionViewLayout, heightForSupplementaryViewOfKind kind: String,
                          ^~~~~~~~~~~~~~~~
/Users/admin/builder/spi-builder-workspace/Sources/Layout/SwiftGridLayoutDelegate.swift:40:74: error: cannot find type 'UICollectionViewLayout' in scope
        _ collectionView: UICollectionView, layout collectionViewLayout: UICollectionViewLayout, heightForSupplementaryViewOfKind kind: String,
                                                                         ^~~~~~~~~~~~~~~~~~~~~~
/Users/admin/builder/spi-builder-workspace/Sources/Layout/SwiftGridLayoutDelegate.swift:45:27: error: cannot find type 'UICollectionView' in scope
        _ collectionView: UICollectionView, layout collectionViewLayout: UICollectionViewLayout, sizeForSupplementaryViewOfKind kind: String,
                          ^~~~~~~~~~~~~~~~
/Users/admin/builder/spi-builder-workspace/Sources/Layout/SwiftGridLayoutDelegate.swift:45:74: error: cannot find type 'UICollectionViewLayout' in scope
        _ collectionView: UICollectionView, layout collectionViewLayout: UICollectionViewLayout, sizeForSupplementaryViewOfKind kind: String,
                                                                         ^~~~~~~~~~~~~~~~~~~~~~
/Users/admin/builder/spi-builder-workspace/Sources/Layout/SwiftGridLayoutDelegate.swift:49:43: error: cannot find type 'UICollectionView' in scope
    func collectionView(_ collectionView: UICollectionView, numberOfColumnsForLayout collectionViewLayout: UICollectionViewLayout) -> Int
                                          ^~~~~~~~~~~~~~~~
/Users/admin/builder/spi-builder-workspace/Sources/Layout/SwiftGridLayoutDelegate.swift:49:108: error: cannot find type 'UICollectionViewLayout' in scope
    func collectionView(_ collectionView: UICollectionView, numberOfColumnsForLayout collectionViewLayout: UICollectionViewLayout) -> Int
                                                                                                           ^~~~~~~~~~~~~~~~~~~~~~
/Users/admin/builder/spi-builder-workspace/Sources/Layout/SwiftGridLayoutDelegate.swift:51:43: error: cannot find type 'UICollectionView' in scope
    func collectionView(_ collectionView: UICollectionView, groupedColumnsForLayout collectionViewLayout: UICollectionViewLayout) -> [[Int]]
                                          ^~~~~~~~~~~~~~~~
/Users/admin/builder/spi-builder-workspace/Sources/Layout/SwiftGridLayoutDelegate.swift:51:107: error: cannot find type 'UICollectionViewLayout' in scope
    func collectionView(_ collectionView: UICollectionView, groupedColumnsForLayout collectionViewLayout: UICollectionViewLayout) -> [[Int]]
                                                                                                          ^~~~~~~~~~~~~~~~~~~~~~
/Users/admin/builder/spi-builder-workspace/Sources/Layout/SwiftGridLayoutDelegate.swift:53:43: error: cannot find type 'UICollectionView' in scope
    func collectionView(_ collectionView: UICollectionView, numberOfFrozenColumnsForLayout collectionViewLayout: UICollectionViewLayout) -> Int
                                          ^~~~~~~~~~~~~~~~
/Users/admin/builder/spi-builder-workspace/Sources/Layout/SwiftGridLayoutDelegate.swift:53:114: error: cannot find type 'UICollectionViewLayout' in scope
    func collectionView(_ collectionView: UICollectionView, numberOfFrozenColumnsForLayout collectionViewLayout: UICollectionViewLayout) -> Int
                                                                                                                 ^~~~~~~~~~~~~~~~~~~~~~
/Users/admin/builder/spi-builder-workspace/Sources/Layout/SwiftGridLayoutDelegate.swift:55:43: error: cannot find type 'UICollectionView' in scope
    func collectionView(_ collectionView: UICollectionView, totalColumnWidthForLayout collectionViewLayout: UICollectionViewLayout) -> CGFloat
                                          ^~~~~~~~~~~~~~~~
/Users/admin/builder/spi-builder-workspace/Sources/Layout/SwiftGridLayoutDelegate.swift:55:109: error: cannot find type 'UICollectionViewLayout' in scope
    func collectionView(_ collectionView: UICollectionView, totalColumnWidthForLayout collectionViewLayout: UICollectionViewLayout) -> CGFloat
                                                                                                            ^~~~~~~~~~~~~~~~~~~~~~
/Users/admin/builder/spi-builder-workspace/Sources/Layout/SwiftGridLayoutDelegate.swift:57:43: error: cannot find type 'UICollectionView' in scope
    func collectionView(_ collectionView: UICollectionView, layout collectionViewLayout: UICollectionViewLayout, numberOfRowsInSection sectionIndex: Int) -> Int
                                          ^~~~~~~~~~~~~~~~
/Users/admin/builder/spi-builder-workspace/Sources/Layout/SwiftGridLayoutDelegate.swift:57:90: error: cannot find type 'UICollectionViewLayout' in scope
    func collectionView(_ collectionView: UICollectionView, layout collectionViewLayout: UICollectionViewLayout, numberOfRowsInSection sectionIndex: Int) -> Int
                                                                                         ^~~~~~~~~~~~~~~~~~~~~~
/Users/admin/builder/spi-builder-workspace/Sources/Layout/SwiftGridLayoutDelegate.swift:59:43: error: cannot find type 'UICollectionView' in scope
    func collectionView(_ collectionView: UICollectionView, layout collectionViewLayout: UICollectionViewLayout, numberOfFrozenRowsInSection sectionIndex: Int)
                                          ^~~~~~~~~~~~~~~~
/Users/admin/builder/spi-builder-workspace/Sources/Layout/SwiftGridLayoutDelegate.swift:59:90: error: cannot find type 'UICollectionViewLayout' in scope
    func collectionView(_ collectionView: UICollectionView, layout collectionViewLayout: UICollectionViewLayout, numberOfFrozenRowsInSection sectionIndex: Int)
                                                                                         ^~~~~~~~~~~~~~~~~~~~~~
/Users/admin/builder/spi-builder-workspace/Sources/Layout/SwiftGridLayoutDelegate.swift:62:43: error: cannot find type 'UICollectionView' in scope
    func collectionView(_ collectionView: UICollectionView, layout collectionViewLayout: UICollectionViewLayout, widthOfColumnAtIndex columnIndex: Int)
                                          ^~~~~~~~~~~~~~~~
/Users/admin/builder/spi-builder-workspace/Sources/Layout/SwiftGridLayoutDelegate.swift:62:90: error: cannot find type 'UICollectionViewLayout' in scope
    func collectionView(_ collectionView: UICollectionView, layout collectionViewLayout: UICollectionViewLayout, widthOfColumnAtIndex columnIndex: Int)
                                                                                         ^~~~~~~~~~~~~~~~~~~~~~
/Users/admin/builder/spi-builder-workspace/Sources/Core/SwiftGridView.swift:1223:27: error: cannot find type 'UICollectionView' in scope
        _ collectionView: UICollectionView, layout collectionViewLayout: UICollectionViewLayout, sizeForItemAtIndexPath indexPath: IndexPath
                          ^~~~~~~~~~~~~~~~
/Users/admin/builder/spi-builder-workspace/Sources/Core/SwiftGridView.swift:1223:74: error: cannot find type 'UICollectionViewLayout' in scope
        _ collectionView: UICollectionView, layout collectionViewLayout: UICollectionViewLayout, sizeForItemAtIndexPath indexPath: IndexPath
                                                                         ^~~~~~~~~~~~~~~~~~~~~~
/Users/admin/builder/spi-builder-workspace/Sources/Core/SwiftGridView.swift:1233:27: error: cannot find type 'UICollectionView' in scope
        _ collectionView: UICollectionView, layout collectionViewLayout: UICollectionViewLayout, heightFor row: Int, at indexPath: IndexPath
                          ^~~~~~~~~~~~~~~~
/Users/admin/builder/spi-builder-workspace/Sources/Core/SwiftGridView.swift:1233:74: error: cannot find type 'UICollectionViewLayout' in scope
        _ collectionView: UICollectionView, layout collectionViewLayout: UICollectionViewLayout, heightFor row: Int, at indexPath: IndexPath
                                                                         ^~~~~~~~~~~~~~~~~~~~~~
/Users/admin/builder/spi-builder-workspace/Sources/Core/SwiftGridView.swift:1241:27: error: cannot find type 'UICollectionView' in scope
        _ collectionView: UICollectionView, layout collectionViewLayout: UICollectionViewLayout, heightForSupplementaryViewOfKind kind: String,
                          ^~~~~~~~~~~~~~~~
/Users/admin/builder/spi-builder-workspace/Sources/Core/SwiftGridView.swift:1241:74: error: cannot find type 'UICollectionViewLayout' in scope
        _ collectionView: UICollectionView, layout collectionViewLayout: UICollectionViewLayout, heightForSupplementaryViewOfKind kind: String,
                                                                         ^~~~~~~~~~~~~~~~~~~~~~
/Users/admin/builder/spi-builder-workspace/Sources/Core/SwiftGridView.swift:1291:27: error: cannot find type 'UICollectionView' in scope
        _ collectionView: UICollectionView, layout collectionViewLayout: UICollectionViewLayout, sizeForSupplementaryViewOfKind kind: String,
                          ^~~~~~~~~~~~~~~~
/Users/admin/builder/spi-builder-workspace/Sources/Core/SwiftGridView.swift:1291:74: error: cannot find type 'UICollectionViewLayout' in scope
        _ collectionView: UICollectionView, layout collectionViewLayout: UICollectionViewLayout, sizeForSupplementaryViewOfKind kind: String,
                                                                         ^~~~~~~~~~~~~~~~~~~~~~
/Users/admin/builder/spi-builder-workspace/Sources/Core/SwiftGridView.swift:1312:27: error: cannot find type 'UICollectionView' in scope
        _ collectionView: UICollectionView, layout collectionViewLayout: UICollectionViewLayout, numberOfRowsInSection sectionIndex: Int
                          ^~~~~~~~~~~~~~~~
/Users/admin/builder/spi-builder-workspace/Sources/Core/SwiftGridView.swift:1312:74: error: cannot find type 'UICollectionViewLayout' in scope
        _ collectionView: UICollectionView, layout collectionViewLayout: UICollectionViewLayout, numberOfRowsInSection sectionIndex: Int
                                                                         ^~~~~~~~~~~~~~~~~~~~~~
/Users/admin/builder/spi-builder-workspace/Sources/Core/SwiftGridView.swift:1319:27: error: cannot find type 'UICollectionView' in scope
        _ collectionView: UICollectionView, layout collectionViewLayout: UICollectionViewLayout, numberOfFrozenRowsInSection sectionIndex: Int
                          ^~~~~~~~~~~~~~~~
/Users/admin/builder/spi-builder-workspace/Sources/Core/SwiftGridView.swift:1319:74: error: cannot find type 'UICollectionViewLayout' in scope
        _ collectionView: UICollectionView, layout collectionViewLayout: UICollectionViewLayout, numberOfFrozenRowsInSection sectionIndex: Int
                                                                         ^~~~~~~~~~~~~~~~~~~~~~
/Users/admin/builder/spi-builder-workspace/Sources/Core/SwiftGridView.swift:1330:52: error: cannot find type 'UICollectionView' in scope
    internal func collectionView(_ collectionView: UICollectionView, numberOfColumnsForLayout collectionViewLayout: UICollectionViewLayout) -> Int {
                                                   ^~~~~~~~~~~~~~~~
/Users/admin/builder/spi-builder-workspace/Sources/Core/SwiftGridView.swift:1330:117: error: cannot find type 'UICollectionViewLayout' in scope
    internal func collectionView(_ collectionView: UICollectionView, numberOfColumnsForLayout collectionViewLayout: UICollectionViewLayout) -> Int {
                                                                                                                    ^~~~~~~~~~~~~~~~~~~~~~
/Users/admin/builder/spi-builder-workspace/Sources/Core/SwiftGridView.swift:1335:52: error: cannot find type 'UICollectionView' in scope
    internal func collectionView(_ collectionView: UICollectionView, groupedColumnsForLayout collectionViewLayout: UICollectionViewLayout) -> [[Int]] {
                                                   ^~~~~~~~~~~~~~~~
/Users/admin/builder/spi-builder-workspace/Sources/Core/SwiftGridView.swift:1335:116: error: cannot find type 'UICollectionViewLayout' in scope
    internal func collectionView(_ collectionView: UICollectionView, groupedColumnsForLayout collectionViewLayout: UICollectionViewLayout) -> [[Int]] {
                                                                                                                   ^~~~~~~~~~~~~~~~~~~~~~
/Users/admin/builder/spi-builder-workspace/Sources/Core/SwiftGridView.swift:1340:52: error: cannot find type 'UICollectionView' in scope
    internal func collectionView(_ collectionView: UICollectionView, numberOfFrozenColumnsForLayout collectionViewLayout: UICollectionViewLayout) -> Int {
                                                   ^~~~~~~~~~~~~~~~
/Users/admin/builder/spi-builder-workspace/Sources/Core/SwiftGridView.swift:1340:123: error: cannot find type 'UICollectionViewLayout' in scope
    internal func collectionView(_ collectionView: UICollectionView, numberOfFrozenColumnsForLayout collectionViewLayout: UICollectionViewLayout) -> Int {
                                                                                                                          ^~~~~~~~~~~~~~~~~~~~~~
/Users/admin/builder/spi-builder-workspace/Sources/Core/SwiftGridView.swift:1351:52: error: cannot find type 'UICollectionView' in scope
    internal func collectionView(_ collectionView: UICollectionView, totalColumnWidthForLayout collectionViewLayout: UICollectionViewLayout) -> CGFloat {
                                                   ^~~~~~~~~~~~~~~~
/Users/admin/builder/spi-builder-workspace/Sources/Core/SwiftGridView.swift:1351:118: error: cannot find type 'UICollectionViewLayout' in scope
    internal func collectionView(_ collectionView: UICollectionView, totalColumnWidthForLayout collectionViewLayout: UICollectionViewLayout) -> CGFloat {
                                                                                                                     ^~~~~~~~~~~~~~~~~~~~~~
/Users/admin/builder/spi-builder-workspace/Sources/Core/SwiftGridView.swift:1356:52: error: cannot find type 'UICollectionView' in scope
    internal func collectionView(_ collectionView: UICollectionView, layout collectionViewLayout: UICollectionViewLayout, widthOfColumnAtIndex columnIndex: Int)
                                                   ^~~~~~~~~~~~~~~~
/Users/admin/builder/spi-builder-workspace/Sources/Core/SwiftGridView.swift:1356:99: error: cannot find type 'UICollectionViewLayout' in scope
    internal func collectionView(_ collectionView: UICollectionView, layout collectionViewLayout: UICollectionViewLayout, widthOfColumnAtIndex columnIndex: Int)
                                                                                                  ^~~~~~~~~~~~~~~~~~~~~~
/Users/admin/builder/spi-builder-workspace/Sources/Core/SwiftGridView.swift:1372:48: error: cannot find type 'UICollectionView' in scope
    open func collectionView(_ collectionView: UICollectionView, numberOfItemsInSection section: Int) -> Int {
                                               ^~~~~~~~~~~~~~~~
/Users/admin/builder/spi-builder-workspace/Sources/Core/SwiftGridView.swift:1379:105: error: cannot find type 'UICollectionViewCell' in scope
    open func collectionView(_ collectionView: UICollectionView, cellForItemAt indexPath: IndexPath) -> UICollectionViewCell {
                                                                                                        ^~~~~~~~~~~~~~~~~~~~
/Users/admin/builder/spi-builder-workspace/Sources/Core/SwiftGridView.swift:1379:48: error: cannot find type 'UICollectionView' in scope
    open func collectionView(_ collectionView: UICollectionView, cellForItemAt indexPath: IndexPath) -> UICollectionViewCell {
                                               ^~~~~~~~~~~~~~~~
/Users/admin/builder/spi-builder-workspace/Sources/Core/SwiftGridView.swift:1388:12: error: cannot find type 'UICollectionReusableView' in scope
        -> UICollectionReusableView
           ^~~~~~~~~~~~~~~~~~~~~~~~
/Users/admin/builder/spi-builder-workspace/Sources/Core/SwiftGridView.swift:1387:48: error: cannot find type 'UICollectionView' in scope
    open func collectionView(_ collectionView: UICollectionView, viewForSupplementaryElementOfKind kind: String, at indexPath: IndexPath)
                                               ^~~~~~~~~~~~~~~~
/Users/admin/builder/spi-builder-workspace/Sources/Core/SwiftGridView.swift:1510:48: error: cannot find type 'UICollectionView' in scope
    open func collectionView(_ collectionView: UICollectionView, shouldHighlightItemAt indexPath: IndexPath) -> Bool {
                                               ^~~~~~~~~~~~~~~~
/Users/admin/builder/spi-builder-workspace/Sources/Core/SwiftGridView.swift:1516:48: error: cannot find type 'UICollectionView' in scope
    open func collectionView(_ collectionView: UICollectionView, shouldSelectItemAt indexPath: IndexPath) -> Bool {
                                               ^~~~~~~~~~~~~~~~
/Users/admin/builder/spi-builder-workspace/Sources/Core/SwiftGridView.swift:1522:48: error: cannot find type 'UICollectionView' in scope
    open func collectionView(_ collectionView: UICollectionView, didHighlightItemAt indexPath: IndexPath) {
                                               ^~~~~~~~~~~~~~~~
/Users/admin/builder/spi-builder-workspace/Sources/Core/SwiftGridView.swift:1531:48: error: cannot find type 'UICollectionView' in scope
    open func collectionView(_ collectionView: UICollectionView, didUnhighlightItemAt indexPath: IndexPath) {
                                               ^~~~~~~~~~~~~~~~
/Users/admin/builder/spi-builder-workspace/Sources/Core/SwiftGridView.swift:1540:48: error: cannot find type 'UICollectionView' in scope
    open func collectionView(_ collectionView: UICollectionView, didSelectItemAt indexPath: IndexPath) {
                                               ^~~~~~~~~~~~~~~~
/Users/admin/builder/spi-builder-workspace/Sources/Core/SwiftGridView.swift:1555:48: error: cannot find type 'UICollectionView' in scope
    open func collectionView(_ collectionView: UICollectionView, didDeselectItemAt indexPath: IndexPath) {
                                               ^~~~~~~~~~~~~~~~
/Users/admin/builder/spi-builder-workspace/Sources/Core/SwiftGridView.swift:408:30: error: cannot find type 'UIRefreshControl' in scope
    open var refreshControl: UIRefreshControl? {
                             ^~~~~~~~~~~~~~~~
/Users/admin/builder/spi-builder-workspace/Sources/Core/SwiftGridView.swift:420:24: error: method does not override any method from its superclass
    open override func layoutSubviews() {
         ~~~~~~~~      ^
/Users/admin/builder/spi-builder-workspace/Sources/Core/SwiftGridView.swift:615:31: error: cannot find type 'UINib' in scope
    open func register(_ nib: UINib?, forCellWithReuseIdentifier identifier: String) {
                              ^~~~~
/Users/admin/builder/spi-builder-workspace/Sources/Core/SwiftGridView.swift:625:31: error: cannot find type 'UINib' in scope
    open func register(_ nib: UINib?, forSupplementaryViewOfKind kind: String, withReuseIdentifier identifier: String) {
                              ^~~~~
/Users/admin/builder/spi-builder-workspace/Sources/Core/SwiftGridView.swift:728:96: error: cannot find type 'UICollectionView' in scope
    open func scrollToCellAtIndexPath(_ indexPath: IndexPath, atScrollPosition scrollPosition: UICollectionView.ScrollPosition, animated: Bool) {
                                                                                               ^~~~~~~~~~~~~~~~
/Users/admin/builder/spi-builder-workspace/Sources/Core/SwiftGridView.swift:751:47: error: cannot find type 'UIGestureRecognizer' in scope
    open func location(for gestureRecognizer: UIGestureRecognizer) -> CGPoint {
                                              ^~~~~~~~~~~~~~~~~~~
/Users/admin/builder/spi-builder-workspace/Sources/Core/SwiftGridView.swift:758:58: error: cannot find type 'UIPinchGestureRecognizer' in scope
    @objc internal func handlePinchGesture(_ recognizer: UIPinchGestureRecognizer) {
                                                         ^~~~~~~~~~~~~~~~~~~~~~~~
/Users/admin/builder/spi-builder-workspace/Sources/Core/SwiftGridView.swift:817:65: error: cannot find type 'UITapGestureRecognizer' in scope
    @objc internal func handleTwoFingerTapGesture(_ recognizer: UITapGestureRecognizer) {
                                                                ^~~~~~~~~~~~~~~~~~~~~~
/Users/admin/builder/spi-builder-workspace/Sources/Core/SwiftGridView.swift:1366:51: error: cannot find type 'UICollectionView' in scope
    open func numberOfSections(in collectionView: UICollectionView) -> Int {
                                                  ^~~~~~~~~~~~~~~~
/Users/admin/builder/spi-builder-workspace/Sources/Core/SwiftGridView.swift:41:12: error: cannot inherit from non-open class 'UIView' outside of its defining module
open class SwiftGridView: UIView, UICollectionViewDataSource, UICollectionViewDelegate, SwiftGridLayoutDelegate, SwiftGridReusableViewDelegate {
           ^
/Users/admin/builder/spi-builder-workspace/Sources/Core/SwiftGridView.swift:41:35: error: cannot find type 'UICollectionViewDataSource' in scope
open class SwiftGridView: UIView, UICollectionViewDataSource, UICollectionViewDelegate, SwiftGridLayoutDelegate, SwiftGridReusableViewDelegate {
                                  ^~~~~~~~~~~~~~~~~~~~~~~~~~
/Users/admin/builder/spi-builder-workspace/Sources/Core/SwiftGridView.swift:41:63: error: cannot find type 'UICollectionViewDelegate' in scope
open class SwiftGridView: UIView, UICollectionViewDataSource, UICollectionViewDelegate, SwiftGridLayoutDelegate, SwiftGridReusableViewDelegate {
                                                              ^~~~~~~~~~~~~~~~~~~~~~~~
/Users/admin/builder/spi-builder-workspace/Sources/Core/SwiftGridView.swift:41:27: error: 'UIView' is unavailable: This Objective-C class has only been forward-declared; import its owning module to use it
open class SwiftGridView: UIView, UICollectionViewDataSource, UICollectionViewDelegate, SwiftGridLayoutDelegate, SwiftGridReusableViewDelegate {
                          ^~~~~~
UIKit.UIView:2:14: note: 'UIView' has been explicitly marked unavailable here
public class UIView {
             ^
/Users/admin/builder/spi-builder-workspace/Sources/Layout/SwiftGridLayoutDelegate.swift:31:35: error: cannot find type 'UICollectionViewDelegate' in scope
protocol SwiftGridLayoutDelegate: UICollectionViewDelegate {
                                  ^~~~~~~~~~~~~~~~~~~~~~~~
/Users/admin/builder/spi-builder-workspace/Sources/Layout/SwiftGridLayout.swift:32:26: error: 'weak' must not be applied to non-class-bound 'any SwiftGridLayoutDelegate'; consider adding a protocol conformance that has a class bound
    fileprivate weak var _delegate: SwiftGridLayoutDelegate?
                         ^
/Users/admin/builder/spi-builder-workspace/Sources/Layout/SwiftGridLayout.swift:28:24: error: cannot find type 'UICollectionViewLayout' in scope
class SwiftGridLayout: UICollectionViewLayout {
                       ^~~~~~~~~~~~~~~~~~~~~~
/Users/admin/builder/spi-builder-workspace/Sources/Layout/SwiftGridLayout.swift:207:19: error: method does not override any method from its superclass
    override func prepare() {
    ~~~~~~~~      ^
/Users/admin/builder/spi-builder-workspace/Sources/Layout/SwiftGridLayout.swift:214:19: error: method does not override any method from its superclass
    override func shouldInvalidateLayout(forBoundsChange newBounds: CGRect) -> Bool {
    ~~~~~~~~      ^
/Users/admin/builder/spi-builder-workspace/Sources/Layout/SwiftGridLayout.swift:221:18: error: property does not override any property from its superclass
    override var collectionViewContentSize: CGSize {
    ~~~~~~~~     ^
/Users/admin/builder/spi-builder-workspace/Sources/Layout/SwiftGridLayout.swift:226:68: error: cannot find type 'UICollectionViewLayoutAttributes' in scope
    override func layoutAttributesForElements(in rect: CGRect) -> [UICollectionViewLayoutAttributes]? {
                                                                   ^~~~~~~~~~~~~~~~~~~~~~~~~~~~~~~~
/Users/admin/builder/spi-builder-workspace/Sources/Layout/SwiftGridLayout.swift:379:80: error: cannot find type 'UICollectionView' in scope
    func rectForItem(at indexPath: IndexPath, atScrollPosition scrollPosition: UICollectionView.ScrollPosition) -> CGRect {
                                                                               ^~~~~~~~~~~~~~~~
/Users/admin/builder/spi-builder-workspace/Sources/Layout/SwiftGridLayout.swift:388:71: error: cannot find type 'UICollectionViewLayoutAttributes' in scope
    override func layoutAttributesForItem(at indexPath: IndexPath) -> UICollectionViewLayoutAttributes? {
                                                                      ^~~~~~~~~~~~~~~~~~~~~~~~~~~~~~~~
/Users/admin/builder/spi-builder-workspace/Sources/Layout/SwiftGridLayout.swift:417:112: error: cannot find type 'UICollectionViewLayoutAttributes' in scope
    override func layoutAttributesForSupplementaryView(ofKind elementKind: String, at indexPath: IndexPath) -> UICollectionViewLayoutAttributes? {
                                                                                                               ^~~~~~~~~~~~~~~~~~~~~~~~~~~~~~~~
/Users/admin/builder/spi-builder-workspace/Sources/Layout/SwiftGridLayout.swift:446:74: error: cannot find type 'UICollectionViewLayoutAttributes' in scope
    func layoutAttributesForHeaderAtIndexPath(_ indexPath: IndexPath) -> UICollectionViewLayoutAttributes! {
                                                                         ^~~~~~~~~~~~~~~~~~~~~~~~~~~~~~~~
/Users/admin/builder/spi-builder-workspace/Sources/Layout/SwiftGridLayout.swift:467:81: error: cannot find type 'UICollectionViewLayoutAttributes' in scope
    func layoutAttributesForGroupedHeaderAtIndexPath(_ indexPath: IndexPath) -> UICollectionViewLayoutAttributes! {
                                                                                ^~~~~~~~~~~~~~~~~~~~~~~~~~~~~~~~
/Users/admin/builder/spi-builder-workspace/Sources/Layout/SwiftGridLayout.swift:502:74: error: cannot find type 'UICollectionViewLayoutAttributes' in scope
    func layoutAttributesForFooterAtIndexPath(_ indexPath: IndexPath) -> UICollectionViewLayoutAttributes! {
                                                                         ^~~~~~~~~~~~~~~~~~~~~~~~~~~~~~~~
/Users/admin/builder/spi-builder-workspace/Sources/Layout/SwiftGridLayout.swift:526:81: error: cannot find type 'UICollectionViewLayoutAttributes' in scope
    func layoutAttributesForSectionHeaderAtIndexPath(_ indexPath: IndexPath) -> UICollectionViewLayoutAttributes! {
                                                                                ^~~~~~~~~~~~~~~~~~~~~~~~~~~~~~~~
/Users/admin/builder/spi-builder-workspace/Sources/Layout/SwiftGridLayout.swift:559:81: error: cannot find type 'UICollectionViewLayoutAttributes' in scope
    func layoutAttributesForSectionFooterAtIndexPath(_ indexPath: IndexPath) -> UICollectionViewLayoutAttributes! {
                                                                                ^~~~~~~~~~~~~~~~~~~~~~~~~~~~~~~~
/Users/admin/builder/spi-builder-workspace/Sources/Layout/SwiftGridLayout.swift:596:108: error: cannot find type 'UICollectionView' in scope
    func horizontalOffset(for indexPath: IndexPath, atColumn column: Int, atScrollPosition scrollPosition: UICollectionView.ScrollPosition) -> CGFloat {
                                                                                                           ^~~~~~~~~~~~~~~~
/Users/admin/builder/spi-builder-workspace/Sources/Layout/SwiftGridLayout.swift:650:84: error: cannot find type 'UICollectionView' in scope
    func verticalOffset(for indexPath: IndexPath, atScrollPosition scrollPosition: UICollectionView.ScrollPosition) -> CGFloat {
                                                                                   ^~~~~~~~~~~~~~~~
/Users/admin/builder/spi-builder-workspace/Sources/SwiftUI/SwiftGrid.swift:108:37: error: cannot find type 'Context' in scope
    public func makeUIView(context: Context) -> SwiftGridView {
                                    ^~~~~~~
/Users/admin/builder/spi-builder-workspace/Sources/SwiftUI/SwiftGrid.swift:118:66: error: cannot find type 'Context' in scope
    public func updateUIView(_ gridView: SwiftGridView, context: Context) {
                                                                 ^~~~~~~
/Users/admin/builder/spi-builder-workspace/Sources/SwiftUI/SwiftGrid.swift:73:26: error: cannot find type 'UIViewRepresentable' in scope
public struct SwiftGrid: UIViewRepresentable {
                         ^~~~~~~~~~~~~~~~~~~
Failed frontend command:
/Applications/Xcode-16.3.0.app/Contents/Developer/Toolchains/XcodeDefault.xctoolchain/usr/bin/swift-frontend -frontend -emit-module -experimental-skip-non-inlinable-function-bodies-without-types /Users/admin/builder/spi-builder-workspace/Sources/Cells/SwiftGridCell.swift /Users/admin/builder/spi-builder-workspace/Sources/Cells/SwiftGridReusableView.swift /Users/admin/builder/spi-builder-workspace/Sources/Common/IndexPath+SwiftGridView.swift /Users/admin/builder/spi-builder-workspace/Sources/Common/SwiftGridZoomAxis.swift /Users/admin/builder/spi-builder-workspace/Sources/Core/SwiftGridView.swift /Users/admin/builder/spi-builder-workspace/Sources/Layout/SwiftGridLayout.swift /Users/admin/builder/spi-builder-workspace/Sources/Layout/SwiftGridLayoutDelegate.swift /Users/admin/builder/spi-builder-workspace/Sources/Protocols/SwiftGridViewDataSource.swift /Users/admin/builder/spi-builder-workspace/Sources/Protocols/SwiftGridViewDelegate.swift /Users/admin/builder/spi-builder-workspace/Sources/SwiftUI/SwiftGrid.swift -target armv7k-apple-watchos8.0 -enable-objc-interop -stack-check -sdk /Applications/Xcode-16.3.0.app/Contents/Developer/Platforms/WatchOS.platform/Developer/SDKs/WatchOS11.4.sdk -I /Users/admin/builder/spi-builder-workspace/.derivedData/Build/Products/Debug-watchos -I /Applications/Xcode-16.3.0.app/Contents/Developer/Platforms/WatchOS.platform/Developer/usr/lib -F /Users/admin/builder/spi-builder-workspace/.derivedData/Build/Products/Debug-watchos -F /Applications/Xcode-16.3.0.app/Contents/Developer/Platforms/WatchOS.platform/Developer/Library/Frameworks -F /Applications/Xcode-16.3.0.app/Contents/Developer/Platforms/WatchOS.platform/Developer/SDKs/WatchOS11.4.sdk/Developer/Library/Frameworks -no-color-diagnostics -enable-testing -g -debug-info-format\=dwarf -dwarf-version\=4 -module-cache-path /Users/admin/builder/spi-builder-workspace/.derivedData/ModuleCache.noindex -profile-generate -profile-coverage-mapping -swift-version 6 -enforce-exclusivity\=checked -stats-output-dir /Users/admin/builder/spi-builder-workspace/.swiftpm/xcode/.stats -Onone -D SWIFT_PACKAGE -D DEBUG -serialize-debugging-options -const-gather-protocols-file /Users/admin/builder/spi-builder-workspace/.derivedData/Build/Intermediates.noindex/SwiftGridView.build/Debug-watchos/SwiftGridView.build/Objects-normal/armv7k/SwiftGridView_const_extract_protocols.json -enable-experimental-feature DebugDescriptionMacro -empty-abi-descriptor -plugin-path /Applications/Xcode-16.3.0.app/Contents/Developer/Toolchains/XcodeDefault.xctoolchain/usr/lib/swift/host/plugins/testing -validate-clang-modules-once -clang-build-session-file /Users/admin/builder/spi-builder-workspace/.derivedData/ModuleCache.noindex/Session.modulevalidation -Xcc -working-directory -Xcc /Users/admin/builder/spi-builder-workspace/.swiftpm/xcode -resource-dir /Applications/Xcode-16.3.0.app/Contents/Developer/Toolchains/XcodeDefault.xctoolchain/usr/lib/swift -enable-anonymous-context-mangled-names -file-compilation-dir /Users/admin/builder/spi-builder-workspace/.swiftpm/xcode -Xcc -ivfsstatcache -Xcc /Users/admin/builder/spi-builder-workspace/.derivedData/SDKStatCaches.noindex/watchos11.4-22T246-43efb940ff07ba2497b70ec94253f576.sdkstatcache -Xcc -I/Users/admin/builder/spi-builder-workspace/.derivedData/Build/Intermediates.noindex/SwiftGridView.build/Debug-watchos/SwiftGridView.build/swift-overrides.hmap -Xcc -I/Users/admin/builder/spi-builder-workspace/.derivedData/Build/Products/Debug-watchos/include -Xcc -I/Users/admin/builder/spi-builder-workspace/.derivedData/Build/Intermediates.noindex/SwiftGridView.build/Debug-watchos/SwiftGridView.build/DerivedSources-normal/armv7k -Xcc -I/Users/admin/builder/spi-builder-workspace/.derivedData/Build/Intermediates.noindex/SwiftGridView.build/Debug-watchos/SwiftGridView.build/DerivedSources/armv7k -Xcc -I/Users/admin/builder/spi-builder-workspace/.derivedData/Build/Intermediates.noindex/SwiftGridView.build/Debug-watchos/SwiftGridView.build/DerivedSources -Xcc -DSWIFT_PACKAGE -Xcc -DDEBUG\=1 -module-name SwiftGridView -package-name spi_builder_workspace -frontend-parseable-output -disable-clang-spi -target-sdk-version 11.4 -target-sdk-name watchos11.4 -external-plugin-path /Applications/Xcode-16.3.0.app/Contents/Developer/Platforms/WatchOS.platform/Developer/usr/lib/swift/host/plugins\#/Applications/Xcode-16.3.0.app/Contents/Developer/Platforms/WatchOS.platform/Developer/usr/bin/swift-plugin-server -external-plugin-path /Applications/Xcode-16.3.0.app/Contents/Developer/Platforms/WatchOS.platform/Developer/usr/local/lib/swift/host/plugins\#/Applications/Xcode-16.3.0.app/Contents/Developer/Platforms/WatchOS.platform/Developer/usr/bin/swift-plugin-server -in-process-plugin-server-path /Applications/Xcode-16.3.0.app/Contents/Developer/Toolchains/XcodeDefault.xctoolchain/usr/lib/swift/host/libSwiftInProcPluginServer.dylib -plugin-path /Applications/Xcode-16.3.0.app/Contents/Developer/Toolchains/XcodeDefault.xctoolchain/usr/lib/swift/host/plugins -plugin-path /Applications/Xcode-16.3.0.app/Contents/Developer/Toolchains/XcodeDefault.xctoolchain/usr/local/lib/swift/host/plugins -emit-module-doc-path /Users/admin/builder/spi-builder-workspace/.derivedData/Build/Intermediates.noindex/SwiftGridView.build/Debug-watchos/SwiftGridView.build/Objects-normal/armv7k/SwiftGridView.swiftdoc -emit-module-source-info-path /Users/admin/builder/spi-builder-workspace/.derivedData/Build/Intermediates.noindex/SwiftGridView.build/Debug-watchos/SwiftGridView.build/Objects-normal/armv7k/SwiftGridView.swiftsourceinfo -emit-objc-header-path /Users/admin/builder/spi-builder-workspace/.derivedData/Build/Intermediates.noindex/SwiftGridView.build/Debug-watchos/SwiftGridView.build/Objects-normal/armv7k/SwiftGridView-Swift.h -serialize-diagnostics-path /Users/admin/builder/spi-builder-workspace/.derivedData/Build/Intermediates.noindex/SwiftGridView.build/Debug-watchos/SwiftGridView.build/Objects-normal/armv7k/SwiftGridView-master-emit-module.dia -emit-dependencies-path /Users/admin/builder/spi-builder-workspace/.derivedData/Build/Intermediates.noindex/SwiftGridView.build/Debug-watchos/SwiftGridView.build/Objects-normal/armv7k/SwiftGridView-master-emit-module.d -o /Users/admin/builder/spi-builder-workspace/.derivedData/Build/Intermediates.noindex/SwiftGridView.build/Debug-watchos/SwiftGridView.build/Objects-normal/armv7k/SwiftGridView.swiftmodule -emit-abi-descriptor-path /Users/admin/builder/spi-builder-workspace/.derivedData/Build/Intermediates.noindex/SwiftGridView.build/Debug-watchos/SwiftGridView.build/Objects-normal/armv7k/SwiftGridView.abi.json
SwiftCompile normal armv7k Compiling\ SwiftGridZoomAxis.swift /Users/admin/builder/spi-builder-workspace/Sources/Common/SwiftGridZoomAxis.swift (in target 'SwiftGridView' from project 'SwiftGridView')
SwiftCompile normal armv7k /Users/admin/builder/spi-builder-workspace/Sources/Common/SwiftGridZoomAxis.swift (in target 'SwiftGridView' from project 'SwiftGridView')
    cd /Users/admin/builder/spi-builder-workspace/.swiftpm/xcode

SwiftCompile normal armv7k Compiling\ SwiftGridViewDelegate.swift /Users/admin/builder/spi-builder-workspace/Sources/Protocols/SwiftGridViewDelegate.swift (in target 'SwiftGridView' from project 'SwiftGridView')
SwiftCompile normal armv7k /Users/admin/builder/spi-builder-workspace/Sources/Protocols/SwiftGridViewDelegate.swift (in target 'SwiftGridView' from project 'SwiftGridView')
    cd /Users/admin/builder/spi-builder-workspace/.swiftpm/xcode

SwiftCompile normal armv7k Compiling\ IndexPath+SwiftGridView.swift /Users/admin/builder/spi-builder-workspace/Sources/Common/IndexPath+SwiftGridView.swift (in target 'SwiftGridView' from project 'SwiftGridView')
SwiftCompile normal armv7k /Users/admin/builder/spi-builder-workspace/Sources/Common/IndexPath+SwiftGridView.swift (in target 'SwiftGridView' from project 'SwiftGridView')
    cd /Users/admin/builder/spi-builder-workspace/.swiftpm/xcode

SwiftCompile normal armv7k Compiling\ SwiftGridReusableView.swift /Users/admin/builder/spi-builder-workspace/Sources/Cells/SwiftGridReusableView.swift (in target 'SwiftGridView' from project 'SwiftGridView')
SwiftCompile normal armv7k /Users/admin/builder/spi-builder-workspace/Sources/Cells/SwiftGridReusableView.swift (in target 'SwiftGridView' from project 'SwiftGridView')
    cd /Users/admin/builder/spi-builder-workspace/.swiftpm/xcode

SwiftCompile normal armv7k Compiling\ SwiftGridViewDataSource.swift /Users/admin/builder/spi-builder-workspace/Sources/Protocols/SwiftGridViewDataSource.swift (in target 'SwiftGridView' from project 'SwiftGridView')
SwiftCompile normal armv7k /Users/admin/builder/spi-builder-workspace/Sources/Protocols/SwiftGridViewDataSource.swift (in target 'SwiftGridView' from project 'SwiftGridView')
    cd /Users/admin/builder/spi-builder-workspace/.swiftpm/xcode

SwiftCompile normal armv7k Compiling\ SwiftGridCell.swift /Users/admin/builder/spi-builder-workspace/Sources/Cells/SwiftGridCell.swift (in target 'SwiftGridView' from project 'SwiftGridView')
SwiftCompile normal armv7k /Users/admin/builder/spi-builder-workspace/Sources/Cells/SwiftGridCell.swift (in target 'SwiftGridView' from project 'SwiftGridView')
    cd /Users/admin/builder/spi-builder-workspace/.swiftpm/xcode

SwiftCompile normal armv7k Compiling\ SwiftGridLayout.swift /Users/admin/builder/spi-builder-workspace/Sources/Layout/SwiftGridLayout.swift (in target 'SwiftGridView' from project 'SwiftGridView')
SwiftCompile normal armv7k /Users/admin/builder/spi-builder-workspace/Sources/Layout/SwiftGridLayout.swift (in target 'SwiftGridView' from project 'SwiftGridView')
    cd /Users/admin/builder/spi-builder-workspace/.swiftpm/xcode

SwiftCompile normal armv7k Compiling\ SwiftGridView.swift /Users/admin/builder/spi-builder-workspace/Sources/Core/SwiftGridView.swift (in target 'SwiftGridView' from project 'SwiftGridView')
SwiftCompile normal armv7k /Users/admin/builder/spi-builder-workspace/Sources/Core/SwiftGridView.swift (in target 'SwiftGridView' from project 'SwiftGridView')
    cd /Users/admin/builder/spi-builder-workspace/.swiftpm/xcode

SwiftCompile normal armv7k Compiling\ SwiftGrid.swift /Users/admin/builder/spi-builder-workspace/Sources/SwiftUI/SwiftGrid.swift (in target 'SwiftGridView' from project 'SwiftGridView')
SwiftCompile normal armv7k /Users/admin/builder/spi-builder-workspace/Sources/SwiftUI/SwiftGrid.swift (in target 'SwiftGridView' from project 'SwiftGridView')
    cd /Users/admin/builder/spi-builder-workspace/.swiftpm/xcode

SwiftEmitModule normal arm64 Emitting\ module\ for\ SwiftGridView (in target 'SwiftGridView' from project 'SwiftGridView')
Command SwiftEmitModule failed with a nonzero exit code
** BUILD FAILED **
The following build commands failed:
	EmitSwiftModule normal armv7k (in target 'SwiftGridView' from project 'SwiftGridView')
	SwiftEmitModule normal armv7k Emitting\ module\ for\ SwiftGridView (in target 'SwiftGridView' from project 'SwiftGridView')
	SwiftEmitModule normal arm64 Emitting\ module\ for\ SwiftGridView (in target 'SwiftGridView' from project 'SwiftGridView')
	Building workspace spi-builder-workspace with scheme SwiftGridView
(4 failures)
Command line invocation:
    /Applications/Xcode-16.3.0.app/Contents/Developer/usr/bin/xcodebuild -IDEClonedSourcePackagesDirPathOverride=/Users/admin/builder/spi-builder-workspace/.dependencies -resolvePackageDependencies
Resolve Package Graph
Resolved source packages:
  SwiftGridView: /Users/admin/builder/spi-builder-workspace
resolved source packages: SwiftGridView
{
  "dependencies" : [
  ],
  "manifest_display_name" : "SwiftGridView",
  "name" : "SwiftGridView",
  "path" : "/Users/admin/builder/spi-builder-workspace",
  "platforms" : [
    {
      "name" : "ios",
      "version" : "15.0"
    }
  ],
  "products" : [
    {
      "name" : "SwiftGridView",
      "targets" : [
        "SwiftGridView"
      ],
      "type" : {
        "library" : [
          "automatic"
        ]
      }
    }
  ],
  "swift_languages_versions" : [
    "6"
  ],
  "targets" : [
    {
      "c99name" : "SwiftGridViewTests",
      "module_type" : "SwiftTarget",
      "name" : "SwiftGridViewTests",
      "path" : "Tests",
      "resources" : [
        {
          "path" : "/Users/admin/builder/spi-builder-workspace/Tests/Assets/SwiftGridTestNibCell.xib",
          "rule" : {
            "process" : {
            }
          }
        }
      ],
      "sources" : [
        "Assets/SwiftGridTestCell.swift",
        "Mocks/SGMockBasicDataSource.swift",
        "Mocks/SGMockBasicDelegate.swift",
        "Mocks/SGMockFeatureRichDataSource.swift",
        "Mocks/SGMockRecordingDelegate.swift",
        "SwiftGridTests.swift",
        "SwiftGridViewFeatureTests.swift",
        "SwiftGridViewSelectionTests.swift",
        "SwiftGridViewTests.swift",
        "SwiftGridViewZoomTests.swift"
      ],
      "target_dependencies" : [
        "SwiftGridView"
      ],
      "type" : "test"
    },
    {
      "c99name" : "SwiftGridView",
      "module_type" : "SwiftTarget",
      "name" : "SwiftGridView",
      "path" : "Sources",
      "product_memberships" : [
        "SwiftGridView"
      ],
      "sources" : [
        "Cells/SwiftGridCell.swift",
        "Cells/SwiftGridReusableView.swift",
        "Common/IndexPath+SwiftGridView.swift",
        "Common/SwiftGridZoomAxis.swift",
        "Core/SwiftGridView.swift",
        "Layout/SwiftGridLayout.swift",
        "Layout/SwiftGridLayoutDelegate.swift",
        "Protocols/SwiftGridViewDataSource.swift",
        "Protocols/SwiftGridViewDelegate.swift",
        "SwiftUI/SwiftGrid.swift"
      ],
      "type" : "library"
    }
  ],
  "tools_version" : "6.0"
}
{
  "workspace" : {
    "name" : "spi-builder-workspace",
    "schemes" : [
      "SwiftGridView"
    ]
  }
}
Running build ...
env DEVELOPER_DIR=/Applications/Xcode-16.3.0.app xcrun xcodebuild -IDEClonedSourcePackagesDirPathOverride=$PWD/.dependencies -skipMacroValidation -skipPackagePluginValidation -derivedDataPath $PWD/.derivedData build -scheme SwiftGridView -destination generic/platform=watchOS
Command line invocation:
    /Applications/Xcode-16.3.0.app/Contents/Developer/usr/bin/xcodebuild -IDEClonedSourcePackagesDirPathOverride=/Users/admin/builder/spi-builder-workspace/.dependencies -skipMacroValidation -skipPackagePluginValidation -derivedDataPath /Users/admin/builder/spi-builder-workspace/.derivedData build -scheme SwiftGridView -destination generic/platform=watchOS
Resolve Package Graph
Resolved source packages:
  SwiftGridView: /Users/admin/builder/spi-builder-workspace
ComputePackagePrebuildTargetDependencyGraph
Prepare packages
CreateBuildRequest
SendProjectDescription
CreateBuildOperation
ComputeTargetDependencyGraph
note: Building targets in dependency order
note: Target dependency graph (2 targets)
    Target 'SwiftGridView' in project 'SwiftGridView'
        ➜ Explicit dependency on target 'SwiftGridView' in project 'SwiftGridView'
    Target 'SwiftGridView' in project 'SwiftGridView' (no dependencies)
GatherProvisioningInputs
CreateBuildDescription
ExecuteExternalTool /Applications/Xcode-16.3.0.app/Contents/Developer/Toolchains/XcodeDefault.xctoolchain/usr/bin/clang -v -E -dM -isysroot /Applications/Xcode-16.3.0.app/Contents/Developer/Platforms/WatchOS.platform/Developer/SDKs/WatchOS11.4.sdk -x c -c /dev/null
ExecuteExternalTool /Applications/Xcode-16.3.0.app/Contents/Developer/Toolchains/XcodeDefault.xctoolchain/usr/bin/swiftc --version
ExecuteExternalTool /Applications/Xcode-16.3.0.app/Contents/Developer/Toolchains/XcodeDefault.xctoolchain/usr/bin/ld -version_details
ReadFileContents /Applications/Xcode-16.3.0.app/Contents/Developer/Toolchains/XcodeDefault.xctoolchain/usr/share/docc/features.json
Build description signature: ef367eccb061a86e31a872546b3e1681
Build description path: /Users/admin/builder/spi-builder-workspace/.derivedData/Build/Intermediates.noindex/XCBuildData/ef367eccb061a86e31a872546b3e1681.xcbuilddata
ClangStatCache /Applications/Xcode-16.3.0.app/Contents/Developer/Toolchains/XcodeDefault.xctoolchain/usr/bin/clang-stat-cache /Applications/Xcode-16.3.0.app/Contents/Developer/Platforms/WatchOS.platform/Developer/SDKs/WatchOS11.4.sdk /Users/admin/builder/spi-builder-workspace/.derivedData/SDKStatCaches.noindex/watchos11.4-22T246-43efb940ff07ba2497b70ec94253f576.sdkstatcache
    cd /Users/admin/builder/spi-builder-workspace/.swiftpm/xcode
    /Applications/Xcode-16.3.0.app/Contents/Developer/Toolchains/XcodeDefault.xctoolchain/usr/bin/clang-stat-cache /Applications/Xcode-16.3.0.app/Contents/Developer/Platforms/WatchOS.platform/Developer/SDKs/WatchOS11.4.sdk -o /Users/admin/builder/spi-builder-workspace/.derivedData/SDKStatCaches.noindex/watchos11.4-22T246-43efb940ff07ba2497b70ec94253f576.sdkstatcache
SwiftDriver SwiftGridView normal armv7k com.apple.xcode.tools.swift.compiler (in target 'SwiftGridView' from project 'SwiftGridView')
    cd /Users/admin/builder/spi-builder-workspace/.swiftpm/xcode
    builtin-SwiftDriver -- /Applications/Xcode-16.3.0.app/Contents/Developer/Toolchains/XcodeDefault.xctoolchain/usr/bin/swiftc -module-name SwiftGridView -Onone -enforce-exclusivity\=checked @/Users/admin/builder/spi-builder-workspace/.derivedData/Build/Intermediates.noindex/SwiftGridView.build/Debug-watchos/SwiftGridView.build/Objects-normal/armv7k/SwiftGridView.SwiftFileList -DSWIFT_PACKAGE -DDEBUG -DXcode -plugin-path /Applications/Xcode-16.3.0.app/Contents/Developer/Toolchains/XcodeDefault.xctoolchain/usr/lib/swift/host/plugins/testing -enable-experimental-feature DebugDescriptionMacro -sdk /Applications/Xcode-16.3.0.app/Contents/Developer/Platforms/WatchOS.platform/Developer/SDKs/WatchOS11.4.sdk -target armv7k-apple-watchos8.0 -g -module-cache-path /Users/admin/builder/spi-builder-workspace/.derivedData/ModuleCache.noindex -Xfrontend -serialize-debugging-options -profile-coverage-mapping -profile-generate -enable-testing -index-store-path /Users/admin/builder/spi-builder-workspace/.derivedData/Index.noindex/DataStore -swift-version 6 -I /Users/admin/builder/spi-builder-workspace/.derivedData/Build/Products/Debug-watchos -I /Applications/Xcode-16.3.0.app/Contents/Developer/Platforms/WatchOS.platform/Developer/usr/lib -F /Users/admin/builder/spi-builder-workspace/.derivedData/Build/Products/Debug-watchos -F /Applications/Xcode-16.3.0.app/Contents/Developer/Platforms/WatchOS.platform/Developer/Library/Frameworks -F /Applications/Xcode-16.3.0.app/Contents/Developer/Platforms/WatchOS.platform/Developer/SDKs/WatchOS11.4.sdk/Developer/Library/Frameworks -c -j10 -enable-batch-mode -incremental -Xcc -ivfsstatcache -Xcc /Users/admin/builder/spi-builder-workspace/.derivedData/SDKStatCaches.noindex/watchos11.4-22T246-43efb940ff07ba2497b70ec94253f576.sdkstatcache -output-file-map /Users/admin/builder/spi-builder-workspace/.derivedData/Build/Intermediates.noindex/SwiftGridView.build/Debug-watchos/SwiftGridView.build/Objects-normal/armv7k/SwiftGridView-OutputFileMap.json -use-frontend-parseable-output -save-temps -no-color-diagnostics -serialize-diagnostics -emit-dependencies -emit-module -emit-module-path /Users/admin/builder/spi-builder-workspace/.derivedData/Build/Intermediates.noindex/SwiftGridView.build/Debug-watchos/SwiftGridView.build/Objects-normal/armv7k/SwiftGridView.swiftmodule -validate-clang-modules-once -clang-build-session-file /Users/admin/builder/spi-builder-workspace/.derivedData/ModuleCache.noindex/Session.modulevalidation -package-name spi_builder_workspace -Xcc -I/Users/admin/builder/spi-builder-workspace/.derivedData/Build/Intermediates.noindex/SwiftGridView.build/Debug-watchos/SwiftGridView.build/swift-overrides.hmap -emit-const-values -Xfrontend -const-gather-protocols-file -Xfrontend /Users/admin/builder/spi-builder-workspace/.derivedData/Build/Intermediates.noindex/SwiftGridView.build/Debug-watchos/SwiftGridView.build/Objects-normal/armv7k/SwiftGridView_const_extract_protocols.json -Xcc -I/Users/admin/builder/spi-builder-workspace/.derivedData/Build/Products/Debug-watchos/include -Xcc -I/Users/admin/builder/spi-builder-workspace/.derivedData/Build/Intermediates.noindex/SwiftGridView.build/Debug-watchos/SwiftGridView.build/DerivedSources-normal/armv7k -Xcc -I/Users/admin/builder/spi-builder-workspace/.derivedData/Build/Intermediates.noindex/SwiftGridView.build/Debug-watchos/SwiftGridView.build/DerivedSources/armv7k -Xcc -I/Users/admin/builder/spi-builder-workspace/.derivedData/Build/Intermediates.noindex/SwiftGridView.build/Debug-watchos/SwiftGridView.build/DerivedSources -Xcc -DSWIFT_PACKAGE -Xcc -DDEBUG\=1 -emit-objc-header -emit-objc-header-path /Users/admin/builder/spi-builder-workspace/.derivedData/Build/Intermediates.noindex/SwiftGridView.build/Debug-watchos/SwiftGridView.build/Objects-normal/armv7k/SwiftGridView-Swift.h -working-directory /Users/admin/builder/spi-builder-workspace/.swiftpm/xcode -experimental-emit-module-separately -disable-cmo
SwiftDriver SwiftGridView normal arm64_32 com.apple.xcode.tools.swift.compiler (in target 'SwiftGridView' from project 'SwiftGridView')
    cd /Users/admin/builder/spi-builder-workspace/.swiftpm/xcode
    builtin-SwiftDriver -- /Applications/Xcode-16.3.0.app/Contents/Developer/Toolchains/XcodeDefault.xctoolchain/usr/bin/swiftc -module-name SwiftGridView -Onone -enforce-exclusivity\=checked @/Users/admin/builder/spi-builder-workspace/.derivedData/Build/Intermediates.noindex/SwiftGridView.build/Debug-watchos/SwiftGridView.build/Objects-normal/arm64_32/SwiftGridView.SwiftFileList -DSWIFT_PACKAGE -DDEBUG -DXcode -plugin-path /Applications/Xcode-16.3.0.app/Contents/Developer/Toolchains/XcodeDefault.xctoolchain/usr/lib/swift/host/plugins/testing -enable-experimental-feature DebugDescriptionMacro -sdk /Applications/Xcode-16.3.0.app/Contents/Developer/Platforms/WatchOS.platform/Developer/SDKs/WatchOS11.4.sdk -target arm64_32-apple-watchos8.0 -g -module-cache-path /Users/admin/builder/spi-builder-workspace/.derivedData/ModuleCache.noindex -Xfrontend -serialize-debugging-options -profile-coverage-mapping -profile-generate -enable-testing -index-store-path /Users/admin/builder/spi-builder-workspace/.derivedData/Index.noindex/DataStore -swift-version 6 -I /Users/admin/builder/spi-builder-workspace/.derivedData/Build/Products/Debug-watchos -I /Applications/Xcode-16.3.0.app/Contents/Developer/Platforms/WatchOS.platform/Developer/usr/lib -F /Users/admin/builder/spi-builder-workspace/.derivedData/Build/Products/Debug-watchos -F /Applications/Xcode-16.3.0.app/Contents/Developer/Platforms/WatchOS.platform/Developer/Library/Frameworks -F /Applications/Xcode-16.3.0.app/Contents/Developer/Platforms/WatchOS.platform/Developer/SDKs/WatchOS11.4.sdk/Developer/Library/Frameworks -c -j10 -enable-batch-mode -incremental -Xcc -ivfsstatcache -Xcc /Users/admin/builder/spi-builder-workspace/.derivedData/SDKStatCaches.noindex/watchos11.4-22T246-43efb940ff07ba2497b70ec94253f576.sdkstatcache -output-file-map /Users/admin/builder/spi-builder-workspace/.derivedData/Build/Intermediates.noindex/SwiftGridView.build/Debug-watchos/SwiftGridView.build/Objects-normal/arm64_32/SwiftGridView-OutputFileMap.json -use-frontend-parseable-output -save-temps -no-color-diagnostics -serialize-diagnostics -emit-dependencies -emit-module -emit-module-path /Users/admin/builder/spi-builder-workspace/.derivedData/Build/Intermediates.noindex/SwiftGridView.build/Debug-watchos/SwiftGridView.build/Objects-normal/arm64_32/SwiftGridView.swiftmodule -validate-clang-modules-once -clang-build-session-file /Users/admin/builder/spi-builder-workspace/.derivedData/ModuleCache.noindex/Session.modulevalidation -package-name spi_builder_workspace -Xcc -I/Users/admin/builder/spi-builder-workspace/.derivedData/Build/Intermediates.noindex/SwiftGridView.build/Debug-watchos/SwiftGridView.build/swift-overrides.hmap -emit-const-values -Xfrontend -const-gather-protocols-file -Xfrontend /Users/admin/builder/spi-builder-workspace/.derivedData/Build/Intermediates.noindex/SwiftGridView.build/Debug-watchos/SwiftGridView.build/Objects-normal/arm64_32/SwiftGridView_const_extract_protocols.json -Xcc -I/Users/admin/builder/spi-builder-workspace/.derivedData/Build/Products/Debug-watchos/include -Xcc -I/Users/admin/builder/spi-builder-workspace/.derivedData/Build/Intermediates.noindex/SwiftGridView.build/Debug-watchos/SwiftGridView.build/DerivedSources-normal/arm64_32 -Xcc -I/Users/admin/builder/spi-builder-workspace/.derivedData/Build/Intermediates.noindex/SwiftGridView.build/Debug-watchos/SwiftGridView.build/DerivedSources/arm64_32 -Xcc -I/Users/admin/builder/spi-builder-workspace/.derivedData/Build/Intermediates.noindex/SwiftGridView.build/Debug-watchos/SwiftGridView.build/DerivedSources -Xcc -DSWIFT_PACKAGE -Xcc -DDEBUG\=1 -emit-objc-header -emit-objc-header-path /Users/admin/builder/spi-builder-workspace/.derivedData/Build/Intermediates.noindex/SwiftGridView.build/Debug-watchos/SwiftGridView.build/Objects-normal/arm64_32/SwiftGridView-Swift.h -working-directory /Users/admin/builder/spi-builder-workspace/.swiftpm/xcode -experimental-emit-module-separately -disable-cmo
SwiftDriver SwiftGridView normal arm64 com.apple.xcode.tools.swift.compiler (in target 'SwiftGridView' from project 'SwiftGridView')
    cd /Users/admin/builder/spi-builder-workspace/.swiftpm/xcode
    builtin-SwiftDriver -- /Applications/Xcode-16.3.0.app/Contents/Developer/Toolchains/XcodeDefault.xctoolchain/usr/bin/swiftc -module-name SwiftGridView -Onone -enforce-exclusivity\=checked @/Users/admin/builder/spi-builder-workspace/.derivedData/Build/Intermediates.noindex/SwiftGridView.build/Debug-watchos/SwiftGridView.build/Objects-normal/arm64/SwiftGridView.SwiftFileList -DSWIFT_PACKAGE -DDEBUG -DXcode -plugin-path /Applications/Xcode-16.3.0.app/Contents/Developer/Toolchains/XcodeDefault.xctoolchain/usr/lib/swift/host/plugins/testing -enable-experimental-feature DebugDescriptionMacro -sdk /Applications/Xcode-16.3.0.app/Contents/Developer/Platforms/WatchOS.platform/Developer/SDKs/WatchOS11.4.sdk -target arm64-apple-watchos8.0 -g -module-cache-path /Users/admin/builder/spi-builder-workspace/.derivedData/ModuleCache.noindex -Xfrontend -serialize-debugging-options -profile-coverage-mapping -profile-generate -enable-testing -index-store-path /Users/admin/builder/spi-builder-workspace/.derivedData/Index.noindex/DataStore -swift-version 6 -I /Users/admin/builder/spi-builder-workspace/.derivedData/Build/Products/Debug-watchos -I /Applications/Xcode-16.3.0.app/Contents/Developer/Platforms/WatchOS.platform/Developer/usr/lib -F /Users/admin/builder/spi-builder-workspace/.derivedData/Build/Products/Debug-watchos -F /Applications/Xcode-16.3.0.app/Contents/Developer/Platforms/WatchOS.platform/Developer/Library/Frameworks -F /Applications/Xcode-16.3.0.app/Contents/Developer/Platforms/WatchOS.platform/Developer/SDKs/WatchOS11.4.sdk/Developer/Library/Frameworks -c -j10 -enable-batch-mode -incremental -Xcc -ivfsstatcache -Xcc /Users/admin/builder/spi-builder-workspace/.derivedData/SDKStatCaches.noindex/watchos11.4-22T246-43efb940ff07ba2497b70ec94253f576.sdkstatcache -output-file-map /Users/admin/builder/spi-builder-workspace/.derivedData/Build/Intermediates.noindex/SwiftGridView.build/Debug-watchos/SwiftGridView.build/Objects-normal/arm64/SwiftGridView-OutputFileMap.json -use-frontend-parseable-output -save-temps -no-color-diagnostics -serialize-diagnostics -emit-dependencies -emit-module -emit-module-path /Users/admin/builder/spi-builder-workspace/.derivedData/Build/Intermediates.noindex/SwiftGridView.build/Debug-watchos/SwiftGridView.build/Objects-normal/arm64/SwiftGridView.swiftmodule -validate-clang-modules-once -clang-build-session-file /Users/admin/builder/spi-builder-workspace/.derivedData/ModuleCache.noindex/Session.modulevalidation -package-name spi_builder_workspace -Xcc -I/Users/admin/builder/spi-builder-workspace/.derivedData/Build/Intermediates.noindex/SwiftGridView.build/Debug-watchos/SwiftGridView.build/swift-overrides.hmap -emit-const-values -Xfrontend -const-gather-protocols-file -Xfrontend /Users/admin/builder/spi-builder-workspace/.derivedData/Build/Intermediates.noindex/SwiftGridView.build/Debug-watchos/SwiftGridView.build/Objects-normal/arm64/SwiftGridView_const_extract_protocols.json -Xcc -I/Users/admin/builder/spi-builder-workspace/.derivedData/Build/Products/Debug-watchos/include -Xcc -I/Users/admin/builder/spi-builder-workspace/.derivedData/Build/Intermediates.noindex/SwiftGridView.build/Debug-watchos/SwiftGridView.build/DerivedSources-normal/arm64 -Xcc -I/Users/admin/builder/spi-builder-workspace/.derivedData/Build/Intermediates.noindex/SwiftGridView.build/Debug-watchos/SwiftGridView.build/DerivedSources/arm64 -Xcc -I/Users/admin/builder/spi-builder-workspace/.derivedData/Build/Intermediates.noindex/SwiftGridView.build/Debug-watchos/SwiftGridView.build/DerivedSources -Xcc -DSWIFT_PACKAGE -Xcc -DDEBUG\=1 -emit-objc-header -emit-objc-header-path /Users/admin/builder/spi-builder-workspace/.derivedData/Build/Intermediates.noindex/SwiftGridView.build/Debug-watchos/SwiftGridView.build/Objects-normal/arm64/SwiftGridView-Swift.h -working-directory /Users/admin/builder/spi-builder-workspace/.swiftpm/xcode -experimental-emit-module-separately -disable-cmo
SwiftCompile normal arm64 Compiling\ IndexPath+SwiftGridView.swift /Users/admin/builder/spi-builder-workspace/Sources/Common/IndexPath+SwiftGridView.swift (in target 'SwiftGridView' from project 'SwiftGridView')
SwiftCompile normal arm64 /Users/admin/builder/spi-builder-workspace/Sources/Common/IndexPath+SwiftGridView.swift (in target 'SwiftGridView' from project 'SwiftGridView')
    cd /Users/admin/builder/spi-builder-workspace/.swiftpm/xcode

SwiftCompile normal arm64 Compiling\ SwiftGridZoomAxis.swift /Users/admin/builder/spi-builder-workspace/Sources/Common/SwiftGridZoomAxis.swift (in target 'SwiftGridView' from project 'SwiftGridView')
SwiftCompile normal arm64 /Users/admin/builder/spi-builder-workspace/Sources/Common/SwiftGridZoomAxis.swift (in target 'SwiftGridView' from project 'SwiftGridView')
    cd /Users/admin/builder/spi-builder-workspace/.swiftpm/xcode

SwiftCompile normal arm64 Compiling\ SwiftGridReusableView.swift /Users/admin/builder/spi-builder-workspace/Sources/Cells/SwiftGridReusableView.swift (in target 'SwiftGridView' from project 'SwiftGridView')
SwiftCompile normal arm64 /Users/admin/builder/spi-builder-workspace/Sources/Cells/SwiftGridReusableView.swift (in target 'SwiftGridView' from project 'SwiftGridView')
    cd /Users/admin/builder/spi-builder-workspace/.swiftpm/xcode

SwiftCompile normal arm64 Compiling\ SwiftGridView.swift /Users/admin/builder/spi-builder-workspace/Sources/Core/SwiftGridView.swift (in target 'SwiftGridView' from project 'SwiftGridView')
SwiftCompile normal arm64 /Users/admin/builder/spi-builder-workspace/Sources/Core/SwiftGridView.swift (in target 'SwiftGridView' from project 'SwiftGridView')
    cd /Users/admin/builder/spi-builder-workspace/.swiftpm/xcode

SwiftEmitModule normal armv7k Emitting\ module\ for\ SwiftGridView (in target 'SwiftGridView' from project 'SwiftGridView')
Failed frontend command:
/Applications/Xcode-16.3.0.app/Contents/Developer/Toolchains/XcodeDefault.xctoolchain/usr/bin/swift-frontend -frontend -emit-module -experimental-skip-non-inlinable-function-bodies-without-types /Users/admin/builder/spi-builder-workspace/Sources/Cells/SwiftGridCell.swift /Users/admin/builder/spi-builder-workspace/Sources/Cells/SwiftGridReusableView.swift /Users/admin/builder/spi-builder-workspace/Sources/Common/IndexPath+SwiftGridView.swift /Users/admin/builder/spi-builder-workspace/Sources/Common/SwiftGridZoomAxis.swift /Users/admin/builder/spi-builder-workspace/Sources/Core/SwiftGridView.swift /Users/admin/builder/spi-builder-workspace/Sources/Layout/SwiftGridLayout.swift /Users/admin/builder/spi-builder-workspace/Sources/Layout/SwiftGridLayoutDelegate.swift /Users/admin/builder/spi-builder-workspace/Sources/Protocols/SwiftGridViewDataSource.swift /Users/admin/builder/spi-builder-workspace/Sources/Protocols/SwiftGridViewDelegate.swift /Users/admin/builder/spi-builder-workspace/Sources/SwiftUI/SwiftGrid.swift -target armv7k-apple-watchos8.0 -enable-objc-interop -stack-check -sdk /Applications/Xcode-16.3.0.app/Contents/Developer/Platforms/WatchOS.platform/Developer/SDKs/WatchOS11.4.sdk -I /Users/admin/builder/spi-builder-workspace/.derivedData/Build/Products/Debug-watchos -I /Applications/Xcode-16.3.0.app/Contents/Developer/Platforms/WatchOS.platform/Developer/usr/lib -F /Users/admin/builder/spi-builder-workspace/.derivedData/Build/Products/Debug-watchos -F /Applications/Xcode-16.3.0.app/Contents/Developer/Platforms/WatchOS.platform/Developer/Library/Frameworks -F /Applications/Xcode-16.3.0.app/Contents/Developer/Platforms/WatchOS.platform/Developer/SDKs/WatchOS11.4.sdk/Developer/Library/Frameworks -no-color-diagnostics -enable-testing -g -debug-info-format\=dwarf -dwarf-version\=4 -module-cache-path /Users/admin/builder/spi-builder-workspace/.derivedData/ModuleCache.noindex -profile-generate -profile-coverage-mapping -swift-version 6 -enforce-exclusivity\=checked -Onone -D SWIFT_PACKAGE -D DEBUG -D Xcode -serialize-debugging-options -const-gather-protocols-file /Users/admin/builder/spi-builder-workspace/.derivedData/Build/Intermediates.noindex/SwiftGridView.build/Debug-watchos/SwiftGridView.build/Objects-normal/armv7k/SwiftGridView_const_extract_protocols.json -enable-experimental-feature DebugDescriptionMacro -empty-abi-descriptor -plugin-path /Applications/Xcode-16.3.0.app/Contents/Developer/Toolchains/XcodeDefault.xctoolchain/usr/lib/swift/host/plugins/testing -validate-clang-modules-once -clang-build-session-file /Users/admin/builder/spi-builder-workspace/.derivedData/ModuleCache.noindex/Session.modulevalidation -Xcc -working-directory -Xcc /Users/admin/builder/spi-builder-workspace/.swiftpm/xcode -resource-dir /Applications/Xcode-16.3.0.app/Contents/Developer/Toolchains/XcodeDefault.xctoolchain/usr/lib/swift -enable-anonymous-context-mangled-names -file-compilation-dir /Users/admin/builder/spi-builder-workspace/.swiftpm/xcode -Xcc -ivfsstatcache -Xcc /Users/admin/builder/spi-builder-workspace/.derivedData/SDKStatCaches.noindex/watchos11.4-22T246-43efb940ff07ba2497b70ec94253f576.sdkstatcache -Xcc -I/Users/admin/builder/spi-builder-workspace/.derivedData/Build/Intermediates.noindex/SwiftGridView.build/Debug-watchos/SwiftGridView.build/swift-overrides.hmap -Xcc -I/Users/admin/builder/spi-builder-workspace/.derivedData/Build/Products/Debug-watchos/include -Xcc -I/Users/admin/builder/spi-builder-workspace/.derivedData/Build/Intermediates.noindex/SwiftGridView.build/Debug-watchos/SwiftGridView.build/DerivedSources-normal/armv7k -Xcc -I/Users/admin/builder/spi-builder-workspace/.derivedData/Build/Intermediates.noindex/SwiftGridView.build/Debug-watchos/SwiftGridView.build/DerivedSources/armv7k -Xcc -I/Users/admin/builder/spi-builder-workspace/.derivedData/Build/Intermediates.noindex/SwiftGridView.build/Debug-watchos/SwiftGridView.build/DerivedSources -Xcc -DSWIFT_PACKAGE -Xcc -DDEBUG\=1 -module-name SwiftGridView -package-name spi_builder_workspace -frontend-parseable-output -disable-clang-spi -target-sdk-version 11.4 -target-sdk-name watchos11.4 -external-plugin-path /Applications/Xcode-16.3.0.app/Contents/Developer/Platforms/WatchOS.platform/Developer/usr/lib/swift/host/plugins\#/Applications/Xcode-16.3.0.app/Contents/Developer/Platforms/WatchOS.platform/Developer/usr/bin/swift-plugin-server -external-plugin-path /Applications/Xcode-16.3.0.app/Contents/Developer/Platforms/WatchOS.platform/Developer/usr/local/lib/swift/host/plugins\#/Applications/Xcode-16.3.0.app/Contents/Developer/Platforms/WatchOS.platform/Developer/usr/bin/swift-plugin-server -in-process-plugin-server-path /Applications/Xcode-16.3.0.app/Contents/Developer/Toolchains/XcodeDefault.xctoolchain/usr/lib/swift/host/libSwiftInProcPluginServer.dylib -plugin-path /Applications/Xcode-16.3.0.app/Contents/Developer/Toolchains/XcodeDefault.xctoolchain/usr/lib/swift/host/plugins -plugin-path /Applications/Xcode-16.3.0.app/Contents/Developer/Toolchains/XcodeDefault.xctoolchain/usr/local/lib/swift/host/plugins -emit-module-doc-path /Users/admin/builder/spi-builder-workspace/.derivedData/Build/Intermediates.noindex/SwiftGridView.build/Debug-watchos/SwiftGridView.build/Objects-normal/armv7k/SwiftGridView.swiftdoc -emit-module-source-info-path /Users/admin/builder/spi-builder-workspace/.derivedData/Build/Intermediates.noindex/SwiftGridView.build/Debug-watchos/SwiftGridView.build/Objects-normal/armv7k/SwiftGridView.swiftsourceinfo -emit-objc-header-path /Users/admin/builder/spi-builder-workspace/.derivedData/Build/Intermediates.noindex/SwiftGridView.build/Debug-watchos/SwiftGridView.build/Objects-normal/armv7k/SwiftGridView-Swift.h -serialize-diagnostics-path /Users/admin/builder/spi-builder-workspace/.derivedData/Build/Intermediates.noindex/SwiftGridView.build/Debug-watchos/SwiftGridView.build/Objects-normal/armv7k/SwiftGridView-master-emit-module.dia -emit-dependencies-path /Users/admin/builder/spi-builder-workspace/.derivedData/Build/Intermediates.noindex/SwiftGridView.build/Debug-watchos/SwiftGridView.build/Objects-normal/armv7k/SwiftGridView-master-emit-module.d -o /Users/admin/builder/spi-builder-workspace/.derivedData/Build/Intermediates.noindex/SwiftGridView.build/Debug-watchos/SwiftGridView.build/Objects-normal/armv7k/SwiftGridView.swiftmodule -emit-abi-descriptor-path /Users/admin/builder/spi-builder-workspace/.derivedData/Build/Intermediates.noindex/SwiftGridView.build/Debug-watchos/SwiftGridView.build/Objects-normal/armv7k/SwiftGridView.abi.json
EmitSwiftModule normal armv7k (in target 'SwiftGridView' from project 'SwiftGridView')
    cd /Users/admin/builder/spi-builder-workspace/.swiftpm/xcode

/Users/admin/builder/spi-builder-workspace/Sources/Cells/SwiftGridCell.swift:29:21: error: initializer does not override a designated initializer from its superclass
    public override init(frame: CGRect) {
           ~~~~~~~~ ^
/Users/admin/builder/spi-builder-workspace/Sources/Cells/SwiftGridCell.swift:28:27: error: cannot find type 'UICollectionViewCell' in scope
open class SwiftGridCell: UICollectionViewCell {
                          ^~~~~~~~~~~~~~~~~~~~
/Users/admin/builder/spi-builder-workspace/Sources/Cells/SwiftGridReusableView.swift:79:42: error: value of type 'UIView' has no member 'isHidden'
            self.selectedBackgroundView?.isHidden = !highlighted
            ~~~~~~~~~~~~~~~~~~~~~~~~~~~~ ^~~~~~~~
/Applications/Xcode-16.3.0.app/Contents/Developer/Platforms/WatchOS.platform/Developer/SDKs/WatchOS11.4.sdk/System/Library/Frameworks/UIKit.framework/Headers/NSTextAttachment.h:23:1: note: class 'UIView' will be imported as an opaque placeholder class and may be missing members; import the definition to access the complete interface
@class UIView;
^
/Applications/Xcode-16.3.0.app/Contents/Developer/Platforms/WatchOS.platform/Developer/SDKs/WatchOS11.4.sdk/System/Library/Frameworks/UIKit.framework/Headers/NSTextAttachment.h:23:1: note: interface 'UIView' forward declared here
@class UIView;
^
/Users/admin/builder/spi-builder-workspace/Sources/Cells/SwiftGridReusableView.swift:86:42: error: value of type 'UIView' has no member 'isHidden'
            self.selectedBackgroundView?.isHidden = !selected
            ~~~~~~~~~~~~~~~~~~~~~~~~~~~~ ^~~~~~~~
/Applications/Xcode-16.3.0.app/Contents/Developer/Platforms/WatchOS.platform/Developer/SDKs/WatchOS11.4.sdk/System/Library/Frameworks/UIKit.framework/Headers/NSTextAttachment.h:23:1: note: class 'UIView' will be imported as an opaque placeholder class and may be missing members; import the definition to access the complete interface
@class UIView;
^
/Applications/Xcode-16.3.0.app/Contents/Developer/Platforms/WatchOS.platform/Developer/SDKs/WatchOS11.4.sdk/System/Library/Frameworks/UIKit.framework/Headers/NSTextAttachment.h:23:1: note: interface 'UIView' forward declared here
@class UIView;
^
/Users/admin/builder/spi-builder-workspace/Sources/Cells/SwiftGridReusableView.swift:91:27: error: 'UIView' is unavailable: This Objective-C class has only been forward-declared; import its owning module to use it
    open var contentView: UIView = UIView()
                          ^~~~~~
UIKit.UIView:2:14: note: 'UIView' has been explicitly marked unavailable here
public class UIView {
             ^
/Users/admin/builder/spi-builder-workspace/Sources/Cells/SwiftGridReusableView.swift:91:36: error: 'UIView' cannot be constructed because it has no accessible initializers
    open var contentView: UIView = UIView()
                                   ^~~~~~
/Users/admin/builder/spi-builder-workspace/Sources/Cells/SwiftGridReusableView.swift:100:34: error: value of type 'UIView' has no member 'translatesAutoresizingMaskIntoConstraints'
            self.backgroundView!.translatesAutoresizingMaskIntoConstraints = false
            ~~~~~~~~~~~~~~~~~~~~ ^~~~~~~~~~~~~~~~~~~~~~~~~~~~~~~~~~~~~~~~~
/Applications/Xcode-16.3.0.app/Contents/Developer/Platforms/WatchOS.platform/Developer/SDKs/WatchOS11.4.sdk/System/Library/Frameworks/UIKit.framework/Headers/NSTextAttachment.h:23:1: note: class 'UIView' will be imported as an opaque placeholder class and may be missing members; import the definition to access the complete interface
@class UIView;
^
/Applications/Xcode-16.3.0.app/Contents/Developer/Platforms/WatchOS.platform/Developer/SDKs/WatchOS11.4.sdk/System/Library/Frameworks/UIKit.framework/Headers/NSTextAttachment.h:23:1: note: interface 'UIView' forward declared here
@class UIView;
^
/Users/admin/builder/spi-builder-workspace/Sources/Cells/SwiftGridReusableView.swift:103:22: error: value of type 'SwiftGridReusableView' has no member 'insertSubview'
                self.insertSubview(self.backgroundView!, belowSubview: self.selectedBackgroundView!)
                ~~~~ ^~~~~~~~~~~~~
/Users/admin/builder/spi-builder-workspace/Sources/Cells/SwiftGridReusableView.swift:105:22: error: value of type 'SwiftGridReusableView' has no member 'insertSubview'
                self.insertSubview(self.backgroundView!, belowSubview: self.contentView)
                ~~~~ ^~~~~~~~~~~~~
/Users/admin/builder/spi-builder-workspace/Sources/Cells/SwiftGridReusableView.swift:106:22: error: value of type 'SwiftGridReusableView' has no member 'sendSubviewToBack'
                self.sendSubviewToBack(self.backgroundView!)
                ~~~~ ^~~~~~~~~~~~~~~~~
/Users/admin/builder/spi-builder-workspace/Sources/Cells/SwiftGridReusableView.swift:111:17: error: cannot find 'NSLayoutConstraint' in scope
                NSLayoutConstraint.constraints(
                ^~~~~~~~~~~~~~~~~~
/Users/admin/builder/spi-builder-workspace/Sources/Cells/SwiftGridReusableView.swift:113:30: error: cannot find 'NSLayoutConstraint' in scope
                    options: NSLayoutConstraint.FormatOptions.directionLeftToRight, metrics: nil, views: views))
                             ^~~~~~~~~~~~~~~~~~
/Users/admin/builder/spi-builder-workspace/Sources/Cells/SwiftGridReusableView.swift:110:18: error: value of type 'SwiftGridReusableView' has no member 'addConstraints'
            self.addConstraints(
            ~~~~ ^~~~~~~~~~~~~~
/Users/admin/builder/spi-builder-workspace/Sources/Cells/SwiftGridReusableView.swift:113:94: error: 'nil' requires a contextual type
                    options: NSLayoutConstraint.FormatOptions.directionLeftToRight, metrics: nil, views: views))
                                                                                             ^
/Users/admin/builder/spi-builder-workspace/Sources/Cells/SwiftGridReusableView.swift:115:17: error: cannot find 'NSLayoutConstraint' in scope
                NSLayoutConstraint.constraints(
                ^~~~~~~~~~~~~~~~~~
/Users/admin/builder/spi-builder-workspace/Sources/Cells/SwiftGridReusableView.swift:117:30: error: cannot find 'NSLayoutConstraint' in scope
                    options: NSLayoutConstraint.FormatOptions.directionLeftToRight, metrics: nil, views: views))
                             ^~~~~~~~~~~~~~~~~~
/Users/admin/builder/spi-builder-workspace/Sources/Cells/SwiftGridReusableView.swift:114:18: error: value of type 'SwiftGridReusableView' has no member 'addConstraints'
            self.addConstraints(
            ~~~~ ^~~~~~~~~~~~~~
/Users/admin/builder/spi-builder-workspace/Sources/Cells/SwiftGridReusableView.swift:117:94: error: 'nil' requires a contextual type
                    options: NSLayoutConstraint.FormatOptions.directionLeftToRight, metrics: nil, views: views))
                                                                                             ^
/Users/admin/builder/spi-builder-workspace/Sources/Cells/SwiftGridReusableView.swift:94:40: error: 'UIView' is unavailable: This Objective-C class has only been forward-declared; import its owning module to use it
    @IBOutlet open var backgroundView: UIView? {
                                       ^~~~~~
UIKit.UIView:2:14: note: 'UIView' has been explicitly marked unavailable here
public class UIView {
             ^
/Users/admin/builder/spi-builder-workspace/Sources/Cells/SwiftGridReusableView.swift:128:42: error: value of type 'UIView' has no member 'isHidden'
            self.selectedBackgroundView!.isHidden = true
            ~~~~~~~~~~~~~~~~~~~~~~~~~~~~ ^~~~~~~~
/Applications/Xcode-16.3.0.app/Contents/Developer/Platforms/WatchOS.platform/Developer/SDKs/WatchOS11.4.sdk/System/Library/Frameworks/UIKit.framework/Headers/NSTextAttachment.h:23:1: note: class 'UIView' will be imported as an opaque placeholder class and may be missing members; import the definition to access the complete interface
@class UIView;
^
/Applications/Xcode-16.3.0.app/Contents/Developer/Platforms/WatchOS.platform/Developer/SDKs/WatchOS11.4.sdk/System/Library/Frameworks/UIKit.framework/Headers/NSTextAttachment.h:23:1: note: interface 'UIView' forward declared here
@class UIView;
^
/Users/admin/builder/spi-builder-workspace/Sources/Cells/SwiftGridReusableView.swift:130:42: error: value of type 'UIView' has no member 'translatesAutoresizingMaskIntoConstraints'
            self.selectedBackgroundView!.translatesAutoresizingMaskIntoConstraints = false
            ~~~~~~~~~~~~~~~~~~~~~~~~~~~~ ^~~~~~~~~~~~~~~~~~~~~~~~~~~~~~~~~~~~~~~~~
/Applications/Xcode-16.3.0.app/Contents/Developer/Platforms/WatchOS.platform/Developer/SDKs/WatchOS11.4.sdk/System/Library/Frameworks/UIKit.framework/Headers/NSTextAttachment.h:23:1: note: class 'UIView' will be imported as an opaque placeholder class and may be missing members; import the definition to access the complete interface
@class UIView;
^
/Applications/Xcode-16.3.0.app/Contents/Developer/Platforms/WatchOS.platform/Developer/SDKs/WatchOS11.4.sdk/System/Library/Frameworks/UIKit.framework/Headers/NSTextAttachment.h:23:1: note: interface 'UIView' forward declared here
@class UIView;
^
/Users/admin/builder/spi-builder-workspace/Sources/Cells/SwiftGridReusableView.swift:131:18: error: value of type 'SwiftGridReusableView' has no member 'insertSubview'
            self.insertSubview(self.selectedBackgroundView!, belowSubview: self.contentView)
            ~~~~ ^~~~~~~~~~~~~
/Users/admin/builder/spi-builder-workspace/Sources/Cells/SwiftGridReusableView.swift:132:18: error: value of type 'SwiftGridReusableView' has no member 'sendSubviewToBack'
            self.sendSubviewToBack(self.selectedBackgroundView!)
            ~~~~ ^~~~~~~~~~~~~~~~~
/Users/admin/builder/spi-builder-workspace/Sources/Cells/SwiftGridReusableView.swift:135:22: error: value of type 'SwiftGridReusableView' has no member 'sendSubviewToBack'
                self.sendSubviewToBack(self.backgroundView!)
                ~~~~ ^~~~~~~~~~~~~~~~~
/Users/admin/builder/spi-builder-workspace/Sources/Cells/SwiftGridReusableView.swift:140:17: error: cannot find 'NSLayoutConstraint' in scope
                NSLayoutConstraint.constraints(
                ^~~~~~~~~~~~~~~~~~
/Users/admin/builder/spi-builder-workspace/Sources/Cells/SwiftGridReusableView.swift:142:30: error: cannot find 'NSLayoutConstraint' in scope
                    options: NSLayoutConstraint.FormatOptions.directionLeftToRight, metrics: nil, views: views))
                             ^~~~~~~~~~~~~~~~~~
/Users/admin/builder/spi-builder-workspace/Sources/Cells/SwiftGridReusableView.swift:139:18: error: value of type 'SwiftGridReusableView' has no member 'addConstraints'
            self.addConstraints(
            ~~~~ ^~~~~~~~~~~~~~
/Users/admin/builder/spi-builder-workspace/Sources/Cells/SwiftGridReusableView.swift:142:94: error: 'nil' requires a contextual type
                    options: NSLayoutConstraint.FormatOptions.directionLeftToRight, metrics: nil, views: views))
                                                                                             ^
/Users/admin/builder/spi-builder-workspace/Sources/Cells/SwiftGridReusableView.swift:144:17: error: cannot find 'NSLayoutConstraint' in scope
                NSLayoutConstraint.constraints(
                ^~~~~~~~~~~~~~~~~~
/Users/admin/builder/spi-builder-workspace/Sources/Cells/SwiftGridReusableView.swift:146:30: error: cannot find 'NSLayoutConstraint' in scope
                    options: NSLayoutConstraint.FormatOptions.directionLeftToRight, metrics: nil, views: views))
                             ^~~~~~~~~~~~~~~~~~
/Users/admin/builder/spi-builder-workspace/Sources/Cells/SwiftGridReusableView.swift:143:18: error: value of type 'SwiftGridReusableView' has no member 'addConstraints'
            self.addConstraints(
            ~~~~ ^~~~~~~~~~~~~~
/Users/admin/builder/spi-builder-workspace/Sources/Cells/SwiftGridReusableView.swift:146:94: error: 'nil' requires a contextual type
                    options: NSLayoutConstraint.FormatOptions.directionLeftToRight, metrics: nil, views: views))
                                                                                             ^
/Users/admin/builder/spi-builder-workspace/Sources/Cells/SwiftGridReusableView.swift:122:48: error: 'UIView' is unavailable: This Objective-C class has only been forward-declared; import its owning module to use it
    @IBOutlet open var selectedBackgroundView: UIView? {
                                               ^~~~~~
UIKit.UIView:2:14: note: 'UIView' has been explicitly marked unavailable here
public class UIView {
             ^
/Users/admin/builder/spi-builder-workspace/Sources/Cells/SwiftGridReusableView.swift:158:21: error: initializer does not override a designated initializer from its superclass
    public override init(frame: CGRect) {
           ~~~~~~~~ ^
/Users/admin/builder/spi-builder-workspace/Sources/Cells/SwiftGridReusableView.swift:195:52: error: cannot find type 'UITouch' in scope
    override open func touchesBegan(_ touches: Set<UITouch>, with event: UIEvent?) {
                                                   ^~~~~~~
/Users/admin/builder/spi-builder-workspace/Sources/Cells/SwiftGridReusableView.swift:195:74: error: cannot find type 'UIEvent' in scope
    override open func touchesBegan(_ touches: Set<UITouch>, with event: UIEvent?) {
                                                                         ^~~~~~~
/Users/admin/builder/spi-builder-workspace/Sources/Cells/SwiftGridReusableView.swift:199:56: error: cannot find type 'UITouch' in scope
    override open func touchesCancelled(_ touches: Set<UITouch>, with event: UIEvent?) {
                                                       ^~~~~~~
/Users/admin/builder/spi-builder-workspace/Sources/Cells/SwiftGridReusableView.swift:199:78: error: cannot find type 'UIEvent' in scope
    override open func touchesCancelled(_ touches: Set<UITouch>, with event: UIEvent?) {
                                                                             ^~~~~~~
/Users/admin/builder/spi-builder-workspace/Sources/Cells/SwiftGridReusableView.swift:203:52: error: cannot find type 'UITouch' in scope
    override open func touchesEnded(_ touches: Set<UITouch>, with event: UIEvent?) {
                                                   ^~~~~~~
/Users/admin/builder/spi-builder-workspace/Sources/Cells/SwiftGridReusableView.swift:203:74: error: cannot find type 'UIEvent' in scope
    override open func touchesEnded(_ touches: Set<UITouch>, with event: UIEvent?) {
                                                                         ^~~~~~~
/Users/admin/builder/spi-builder-workspace/Sources/Cells/SwiftGridReusableView.swift:232:24: error: method does not override any method from its superclass
    open override func prepareForReuse() {
         ~~~~~~~~      ^
/Users/admin/builder/spi-builder-workspace/Sources/Cells/SwiftGridReusableView.swift:68:35: error: cannot find type 'UICollectionReusableView' in scope
open class SwiftGridReusableView: UICollectionReusableView {
                                  ^~~~~~~~~~~~~~~~~~~~~~~~
/Users/admin/builder/spi-builder-workspace/Sources/Core/SwiftGridView.swift:73:52: error: cannot find type 'UIPinchGestureRecognizer' in scope
    fileprivate lazy var sgPinchGestureRecognizer: UIPinchGestureRecognizer = UIPinchGestureRecognizer.init(
                                                   ^~~~~~~~~~~~~~~~~~~~~~~~
/Users/admin/builder/spi-builder-workspace/Sources/Core/SwiftGridView.swift:75:53: error: cannot find type 'UITapGestureRecognizer' in scope
    fileprivate lazy var sgTwoTapGestureRecognizer: UITapGestureRecognizer = UITapGestureRecognizer.init(
                                                    ^~~~~~~~~~~~~~~~~~~~~~
/Users/admin/builder/spi-builder-workspace/Sources/Core/SwiftGridView.swift:51:21: error: initializer does not override a designated initializer from its superclass
    public override init(frame: CGRect) {
           ~~~~~~~~ ^
/Users/admin/builder/spi-builder-workspace/Sources/Core/SwiftGridView.swift:157:44: error: cannot find type 'UICollectionView' in scope
    open internal(set) var collectionView: UICollectionView!
                                           ^~~~~~~~~~~~~~~~
/Users/admin/builder/spi-builder-workspace/Sources/Layout/SwiftGridLayoutDelegate.swift:33:43: error: cannot find type 'UICollectionView' in scope
    func collectionView(_ collectionView: UICollectionView, layout collectionViewLayout: UICollectionViewLayout, sizeForItemAtIndexPath indexPath: IndexPath)
                                          ^~~~~~~~~~~~~~~~
/Users/admin/builder/spi-builder-workspace/Sources/Layout/SwiftGridLayoutDelegate.swift:33:90: error: cannot find type 'UICollectionViewLayout' in scope
    func collectionView(_ collectionView: UICollectionView, layout collectionViewLayout: UICollectionViewLayout, sizeForItemAtIndexPath indexPath: IndexPath)
                                                                                         ^~~~~~~~~~~~~~~~~~~~~~
/Users/admin/builder/spi-builder-workspace/Sources/Layout/SwiftGridLayoutDelegate.swift:36:43: error: cannot find type 'UICollectionView' in scope
    func collectionView(_ collectionView: UICollectionView, layout collectionViewLayout: UICollectionViewLayout, heightFor row: Int, at indexPath: IndexPath)
                                          ^~~~~~~~~~~~~~~~
/Users/admin/builder/spi-builder-workspace/Sources/Layout/SwiftGridLayoutDelegate.swift:36:90: error: cannot find type 'UICollectionViewLayout' in scope
    func collectionView(_ collectionView: UICollectionView, layout collectionViewLayout: UICollectionViewLayout, heightFor row: Int, at indexPath: IndexPath)
                                                                                         ^~~~~~~~~~~~~~~~~~~~~~
/Users/admin/builder/spi-builder-workspace/Sources/Layout/SwiftGridLayoutDelegate.swift:40:27: error: cannot find type 'UICollectionView' in scope
        _ collectionView: UICollectionView, layout collectionViewLayout: UICollectionViewLayout, heightForSupplementaryViewOfKind kind: String,
                          ^~~~~~~~~~~~~~~~
/Users/admin/builder/spi-builder-workspace/Sources/Layout/SwiftGridLayoutDelegate.swift:40:74: error: cannot find type 'UICollectionViewLayout' in scope
        _ collectionView: UICollectionView, layout collectionViewLayout: UICollectionViewLayout, heightForSupplementaryViewOfKind kind: String,
                                                                         ^~~~~~~~~~~~~~~~~~~~~~
/Users/admin/builder/spi-builder-workspace/Sources/Layout/SwiftGridLayoutDelegate.swift:45:27: error: cannot find type 'UICollectionView' in scope
        _ collectionView: UICollectionView, layout collectionViewLayout: UICollectionViewLayout, sizeForSupplementaryViewOfKind kind: String,
                          ^~~~~~~~~~~~~~~~
/Users/admin/builder/spi-builder-workspace/Sources/Layout/SwiftGridLayoutDelegate.swift:45:74: error: cannot find type 'UICollectionViewLayout' in scope
        _ collectionView: UICollectionView, layout collectionViewLayout: UICollectionViewLayout, sizeForSupplementaryViewOfKind kind: String,
                                                                         ^~~~~~~~~~~~~~~~~~~~~~
/Users/admin/builder/spi-builder-workspace/Sources/Layout/SwiftGridLayoutDelegate.swift:49:43: error: cannot find type 'UICollectionView' in scope
    func collectionView(_ collectionView: UICollectionView, numberOfColumnsForLayout collectionViewLayout: UICollectionViewLayout) -> Int
                                          ^~~~~~~~~~~~~~~~
/Users/admin/builder/spi-builder-workspace/Sources/Layout/SwiftGridLayoutDelegate.swift:49:108: error: cannot find type 'UICollectionViewLayout' in scope
    func collectionView(_ collectionView: UICollectionView, numberOfColumnsForLayout collectionViewLayout: UICollectionViewLayout) -> Int
                                                                                                           ^~~~~~~~~~~~~~~~~~~~~~
/Users/admin/builder/spi-builder-workspace/Sources/Layout/SwiftGridLayoutDelegate.swift:51:43: error: cannot find type 'UICollectionView' in scope
    func collectionView(_ collectionView: UICollectionView, groupedColumnsForLayout collectionViewLayout: UICollectionViewLayout) -> [[Int]]
                                          ^~~~~~~~~~~~~~~~
/Users/admin/builder/spi-builder-workspace/Sources/Layout/SwiftGridLayoutDelegate.swift:51:107: error: cannot find type 'UICollectionViewLayout' in scope
    func collectionView(_ collectionView: UICollectionView, groupedColumnsForLayout collectionViewLayout: UICollectionViewLayout) -> [[Int]]
                                                                                                          ^~~~~~~~~~~~~~~~~~~~~~
/Users/admin/builder/spi-builder-workspace/Sources/Layout/SwiftGridLayoutDelegate.swift:53:43: error: cannot find type 'UICollectionView' in scope
    func collectionView(_ collectionView: UICollectionView, numberOfFrozenColumnsForLayout collectionViewLayout: UICollectionViewLayout) -> Int
                                          ^~~~~~~~~~~~~~~~
/Users/admin/builder/spi-builder-workspace/Sources/Layout/SwiftGridLayoutDelegate.swift:53:114: error: cannot find type 'UICollectionViewLayout' in scope
    func collectionView(_ collectionView: UICollectionView, numberOfFrozenColumnsForLayout collectionViewLayout: UICollectionViewLayout) -> Int
                                                                                                                 ^~~~~~~~~~~~~~~~~~~~~~
/Users/admin/builder/spi-builder-workspace/Sources/Layout/SwiftGridLayoutDelegate.swift:55:43: error: cannot find type 'UICollectionView' in scope
    func collectionView(_ collectionView: UICollectionView, totalColumnWidthForLayout collectionViewLayout: UICollectionViewLayout) -> CGFloat
                                          ^~~~~~~~~~~~~~~~
/Users/admin/builder/spi-builder-workspace/Sources/Layout/SwiftGridLayoutDelegate.swift:55:109: error: cannot find type 'UICollectionViewLayout' in scope
    func collectionView(_ collectionView: UICollectionView, totalColumnWidthForLayout collectionViewLayout: UICollectionViewLayout) -> CGFloat
                                                                                                            ^~~~~~~~~~~~~~~~~~~~~~
/Users/admin/builder/spi-builder-workspace/Sources/Layout/SwiftGridLayoutDelegate.swift:57:43: error: cannot find type 'UICollectionView' in scope
    func collectionView(_ collectionView: UICollectionView, layout collectionViewLayout: UICollectionViewLayout, numberOfRowsInSection sectionIndex: Int) -> Int
                                          ^~~~~~~~~~~~~~~~
/Users/admin/builder/spi-builder-workspace/Sources/Layout/SwiftGridLayoutDelegate.swift:57:90: error: cannot find type 'UICollectionViewLayout' in scope
    func collectionView(_ collectionView: UICollectionView, layout collectionViewLayout: UICollectionViewLayout, numberOfRowsInSection sectionIndex: Int) -> Int
                                                                                         ^~~~~~~~~~~~~~~~~~~~~~
/Users/admin/builder/spi-builder-workspace/Sources/Layout/SwiftGridLayoutDelegate.swift:59:43: error: cannot find type 'UICollectionView' in scope
    func collectionView(_ collectionView: UICollectionView, layout collectionViewLayout: UICollectionViewLayout, numberOfFrozenRowsInSection sectionIndex: Int)
                                          ^~~~~~~~~~~~~~~~
/Users/admin/builder/spi-builder-workspace/Sources/Layout/SwiftGridLayoutDelegate.swift:59:90: error: cannot find type 'UICollectionViewLayout' in scope
    func collectionView(_ collectionView: UICollectionView, layout collectionViewLayout: UICollectionViewLayout, numberOfFrozenRowsInSection sectionIndex: Int)
                                                                                         ^~~~~~~~~~~~~~~~~~~~~~
/Users/admin/builder/spi-builder-workspace/Sources/Layout/SwiftGridLayoutDelegate.swift:62:43: error: cannot find type 'UICollectionView' in scope
    func collectionView(_ collectionView: UICollectionView, layout collectionViewLayout: UICollectionViewLayout, widthOfColumnAtIndex columnIndex: Int)
                                          ^~~~~~~~~~~~~~~~
/Users/admin/builder/spi-builder-workspace/Sources/Layout/SwiftGridLayoutDelegate.swift:62:90: error: cannot find type 'UICollectionViewLayout' in scope
    func collectionView(_ collectionView: UICollectionView, layout collectionViewLayout: UICollectionViewLayout, widthOfColumnAtIndex columnIndex: Int)
                                                                                         ^~~~~~~~~~~~~~~~~~~~~~
/Users/admin/builder/spi-builder-workspace/Sources/Core/SwiftGridView.swift:1223:27: error: cannot find type 'UICollectionView' in scope
        _ collectionView: UICollectionView, layout collectionViewLayout: UICollectionViewLayout, sizeForItemAtIndexPath indexPath: IndexPath
                          ^~~~~~~~~~~~~~~~
/Users/admin/builder/spi-builder-workspace/Sources/Core/SwiftGridView.swift:1223:74: error: cannot find type 'UICollectionViewLayout' in scope
        _ collectionView: UICollectionView, layout collectionViewLayout: UICollectionViewLayout, sizeForItemAtIndexPath indexPath: IndexPath
                                                                         ^~~~~~~~~~~~~~~~~~~~~~
/Users/admin/builder/spi-builder-workspace/Sources/Core/SwiftGridView.swift:1233:27: error: cannot find type 'UICollectionView' in scope
        _ collectionView: UICollectionView, layout collectionViewLayout: UICollectionViewLayout, heightFor row: Int, at indexPath: IndexPath
                          ^~~~~~~~~~~~~~~~
/Users/admin/builder/spi-builder-workspace/Sources/Core/SwiftGridView.swift:1233:74: error: cannot find type 'UICollectionViewLayout' in scope
        _ collectionView: UICollectionView, layout collectionViewLayout: UICollectionViewLayout, heightFor row: Int, at indexPath: IndexPath
                                                                         ^~~~~~~~~~~~~~~~~~~~~~
/Users/admin/builder/spi-builder-workspace/Sources/Core/SwiftGridView.swift:1241:27: error: cannot find type 'UICollectionView' in scope
        _ collectionView: UICollectionView, layout collectionViewLayout: UICollectionViewLayout, heightForSupplementaryViewOfKind kind: String,
                          ^~~~~~~~~~~~~~~~
/Users/admin/builder/spi-builder-workspace/Sources/Core/SwiftGridView.swift:1241:74: error: cannot find type 'UICollectionViewLayout' in scope
        _ collectionView: UICollectionView, layout collectionViewLayout: UICollectionViewLayout, heightForSupplementaryViewOfKind kind: String,
                                                                         ^~~~~~~~~~~~~~~~~~~~~~
/Users/admin/builder/spi-builder-workspace/Sources/Core/SwiftGridView.swift:1291:27: error: cannot find type 'UICollectionView' in scope
        _ collectionView: UICollectionView, layout collectionViewLayout: UICollectionViewLayout, sizeForSupplementaryViewOfKind kind: String,
                          ^~~~~~~~~~~~~~~~
/Users/admin/builder/spi-builder-workspace/Sources/Core/SwiftGridView.swift:1291:74: error: cannot find type 'UICollectionViewLayout' in scope
        _ collectionView: UICollectionView, layout collectionViewLayout: UICollectionViewLayout, sizeForSupplementaryViewOfKind kind: String,
                                                                         ^~~~~~~~~~~~~~~~~~~~~~
/Users/admin/builder/spi-builder-workspace/Sources/Core/SwiftGridView.swift:1312:27: error: cannot find type 'UICollectionView' in scope
        _ collectionView: UICollectionView, layout collectionViewLayout: UICollectionViewLayout, numberOfRowsInSection sectionIndex: Int
                          ^~~~~~~~~~~~~~~~
/Users/admin/builder/spi-builder-workspace/Sources/Core/SwiftGridView.swift:1312:74: error: cannot find type 'UICollectionViewLayout' in scope
        _ collectionView: UICollectionView, layout collectionViewLayout: UICollectionViewLayout, numberOfRowsInSection sectionIndex: Int
                                                                         ^~~~~~~~~~~~~~~~~~~~~~
/Users/admin/builder/spi-builder-workspace/Sources/Core/SwiftGridView.swift:1319:27: error: cannot find type 'UICollectionView' in scope
        _ collectionView: UICollectionView, layout collectionViewLayout: UICollectionViewLayout, numberOfFrozenRowsInSection sectionIndex: Int
                          ^~~~~~~~~~~~~~~~
/Users/admin/builder/spi-builder-workspace/Sources/Core/SwiftGridView.swift:1319:74: error: cannot find type 'UICollectionViewLayout' in scope
        _ collectionView: UICollectionView, layout collectionViewLayout: UICollectionViewLayout, numberOfFrozenRowsInSection sectionIndex: Int
                                                                         ^~~~~~~~~~~~~~~~~~~~~~
/Users/admin/builder/spi-builder-workspace/Sources/Core/SwiftGridView.swift:1330:52: error: cannot find type 'UICollectionView' in scope
    internal func collectionView(_ collectionView: UICollectionView, numberOfColumnsForLayout collectionViewLayout: UICollectionViewLayout) -> Int {
                                                   ^~~~~~~~~~~~~~~~
/Users/admin/builder/spi-builder-workspace/Sources/Core/SwiftGridView.swift:1330:117: error: cannot find type 'UICollectionViewLayout' in scope
    internal func collectionView(_ collectionView: UICollectionView, numberOfColumnsForLayout collectionViewLayout: UICollectionViewLayout) -> Int {
                                                                                                                    ^~~~~~~~~~~~~~~~~~~~~~
/Users/admin/builder/spi-builder-workspace/Sources/Core/SwiftGridView.swift:1335:52: error: cannot find type 'UICollectionView' in scope
    internal func collectionView(_ collectionView: UICollectionView, groupedColumnsForLayout collectionViewLayout: UICollectionViewLayout) -> [[Int]] {
                                                   ^~~~~~~~~~~~~~~~
/Users/admin/builder/spi-builder-workspace/Sources/Core/SwiftGridView.swift:1335:116: error: cannot find type 'UICollectionViewLayout' in scope
    internal func collectionView(_ collectionView: UICollectionView, groupedColumnsForLayout collectionViewLayout: UICollectionViewLayout) -> [[Int]] {
                                                                                                                   ^~~~~~~~~~~~~~~~~~~~~~
/Users/admin/builder/spi-builder-workspace/Sources/Core/SwiftGridView.swift:1340:52: error: cannot find type 'UICollectionView' in scope
    internal func collectionView(_ collectionView: UICollectionView, numberOfFrozenColumnsForLayout collectionViewLayout: UICollectionViewLayout) -> Int {
                                                   ^~~~~~~~~~~~~~~~
/Users/admin/builder/spi-builder-workspace/Sources/Core/SwiftGridView.swift:1340:123: error: cannot find type 'UICollectionViewLayout' in scope
    internal func collectionView(_ collectionView: UICollectionView, numberOfFrozenColumnsForLayout collectionViewLayout: UICollectionViewLayout) -> Int {
                                                                                                                          ^~~~~~~~~~~~~~~~~~~~~~
/Users/admin/builder/spi-builder-workspace/Sources/Core/SwiftGridView.swift:1351:52: error: cannot find type 'UICollectionView' in scope
    internal func collectionView(_ collectionView: UICollectionView, totalColumnWidthForLayout collectionViewLayout: UICollectionViewLayout) -> CGFloat {
                                                   ^~~~~~~~~~~~~~~~
/Users/admin/builder/spi-builder-workspace/Sources/Core/SwiftGridView.swift:1351:118: error: cannot find type 'UICollectionViewLayout' in scope
    internal func collectionView(_ collectionView: UICollectionView, totalColumnWidthForLayout collectionViewLayout: UICollectionViewLayout) -> CGFloat {
                                                                                                                     ^~~~~~~~~~~~~~~~~~~~~~
/Users/admin/builder/spi-builder-workspace/Sources/Core/SwiftGridView.swift:1356:52: error: cannot find type 'UICollectionView' in scope
    internal func collectionView(_ collectionView: UICollectionView, layout collectionViewLayout: UICollectionViewLayout, widthOfColumnAtIndex columnIndex: Int)
                                                   ^~~~~~~~~~~~~~~~
/Users/admin/builder/spi-builder-workspace/Sources/Core/SwiftGridView.swift:1356:99: error: cannot find type 'UICollectionViewLayout' in scope
    internal func collectionView(_ collectionView: UICollectionView, layout collectionViewLayout: UICollectionViewLayout, widthOfColumnAtIndex columnIndex: Int)
                                                                                                  ^~~~~~~~~~~~~~~~~~~~~~
/Users/admin/builder/spi-builder-workspace/Sources/Core/SwiftGridView.swift:1372:48: error: cannot find type 'UICollectionView' in scope
    open func collectionView(_ collectionView: UICollectionView, numberOfItemsInSection section: Int) -> Int {
                                               ^~~~~~~~~~~~~~~~
/Users/admin/builder/spi-builder-workspace/Sources/Core/SwiftGridView.swift:1379:105: error: cannot find type 'UICollectionViewCell' in scope
    open func collectionView(_ collectionView: UICollectionView, cellForItemAt indexPath: IndexPath) -> UICollectionViewCell {
                                                                                                        ^~~~~~~~~~~~~~~~~~~~
/Users/admin/builder/spi-builder-workspace/Sources/Core/SwiftGridView.swift:1379:48: error: cannot find type 'UICollectionView' in scope
    open func collectionView(_ collectionView: UICollectionView, cellForItemAt indexPath: IndexPath) -> UICollectionViewCell {
                                               ^~~~~~~~~~~~~~~~
/Users/admin/builder/spi-builder-workspace/Sources/Core/SwiftGridView.swift:1388:12: error: cannot find type 'UICollectionReusableView' in scope
        -> UICollectionReusableView
           ^~~~~~~~~~~~~~~~~~~~~~~~
/Users/admin/builder/spi-builder-workspace/Sources/Core/SwiftGridView.swift:1387:48: error: cannot find type 'UICollectionView' in scope
    open func collectionView(_ collectionView: UICollectionView, viewForSupplementaryElementOfKind kind: String, at indexPath: IndexPath)
                                               ^~~~~~~~~~~~~~~~
/Users/admin/builder/spi-builder-workspace/Sources/Core/SwiftGridView.swift:1510:48: error: cannot find type 'UICollectionView' in scope
    open func collectionView(_ collectionView: UICollectionView, shouldHighlightItemAt indexPath: IndexPath) -> Bool {
                                               ^~~~~~~~~~~~~~~~
/Users/admin/builder/spi-builder-workspace/Sources/Core/SwiftGridView.swift:1516:48: error: cannot find type 'UICollectionView' in scope
    open func collectionView(_ collectionView: UICollectionView, shouldSelectItemAt indexPath: IndexPath) -> Bool {
                                               ^~~~~~~~~~~~~~~~
/Users/admin/builder/spi-builder-workspace/Sources/Core/SwiftGridView.swift:1522:48: error: cannot find type 'UICollectionView' in scope
    open func collectionView(_ collectionView: UICollectionView, didHighlightItemAt indexPath: IndexPath) {
                                               ^~~~~~~~~~~~~~~~
/Users/admin/builder/spi-builder-workspace/Sources/Core/SwiftGridView.swift:1531:48: error: cannot find type 'UICollectionView' in scope
    open func collectionView(_ collectionView: UICollectionView, didUnhighlightItemAt indexPath: IndexPath) {
                                               ^~~~~~~~~~~~~~~~
/Users/admin/builder/spi-builder-workspace/Sources/Core/SwiftGridView.swift:1540:48: error: cannot find type 'UICollectionView' in scope
    open func collectionView(_ collectionView: UICollectionView, didSelectItemAt indexPath: IndexPath) {
                                               ^~~~~~~~~~~~~~~~
/Users/admin/builder/spi-builder-workspace/Sources/Core/SwiftGridView.swift:1555:48: error: cannot find type 'UICollectionView' in scope
    open func collectionView(_ collectionView: UICollectionView, didDeselectItemAt indexPath: IndexPath) {
                                               ^~~~~~~~~~~~~~~~
/Users/admin/builder/spi-builder-workspace/Sources/Core/SwiftGridView.swift:408:30: error: cannot find type 'UIRefreshControl' in scope
    open var refreshControl: UIRefreshControl? {
                             ^~~~~~~~~~~~~~~~
/Users/admin/builder/spi-builder-workspace/Sources/Core/SwiftGridView.swift:420:24: error: method does not override any method from its superclass
    open override func layoutSubviews() {
         ~~~~~~~~      ^
/Users/admin/builder/spi-builder-workspace/Sources/Core/SwiftGridView.swift:615:31: error: cannot find type 'UINib' in scope
    open func register(_ nib: UINib?, forCellWithReuseIdentifier identifier: String) {
                              ^~~~~
/Users/admin/builder/spi-builder-workspace/Sources/Core/SwiftGridView.swift:625:31: error: cannot find type 'UINib' in scope
    open func register(_ nib: UINib?, forSupplementaryViewOfKind kind: String, withReuseIdentifier identifier: String) {
                              ^~~~~
/Users/admin/builder/spi-builder-workspace/Sources/Core/SwiftGridView.swift:728:96: error: cannot find type 'UICollectionView' in scope
    open func scrollToCellAtIndexPath(_ indexPath: IndexPath, atScrollPosition scrollPosition: UICollectionView.ScrollPosition, animated: Bool) {
                                                                                               ^~~~~~~~~~~~~~~~
/Users/admin/builder/spi-builder-workspace/Sources/Core/SwiftGridView.swift:751:47: error: cannot find type 'UIGestureRecognizer' in scope
    open func location(for gestureRecognizer: UIGestureRecognizer) -> CGPoint {
                                              ^~~~~~~~~~~~~~~~~~~
/Users/admin/builder/spi-builder-workspace/Sources/Core/SwiftGridView.swift:758:58: error: cannot find type 'UIPinchGestureRecognizer' in scope
    @objc internal func handlePinchGesture(_ recognizer: UIPinchGestureRecognizer) {
                                                         ^~~~~~~~~~~~~~~~~~~~~~~~
/Users/admin/builder/spi-builder-workspace/Sources/Core/SwiftGridView.swift:817:65: error: cannot find type 'UITapGestureRecognizer' in scope
    @objc internal func handleTwoFingerTapGesture(_ recognizer: UITapGestureRecognizer) {
                                                                ^~~~~~~~~~~~~~~~~~~~~~
/Users/admin/builder/spi-builder-workspace/Sources/Core/SwiftGridView.swift:1366:51: error: cannot find type 'UICollectionView' in scope
    open func numberOfSections(in collectionView: UICollectionView) -> Int {
                                                  ^~~~~~~~~~~~~~~~
/Users/admin/builder/spi-builder-workspace/Sources/Core/SwiftGridView.swift:41:12: error: cannot inherit from non-open class 'UIView' outside of its defining module
open class SwiftGridView: UIView, UICollectionViewDataSource, UICollectionViewDelegate, SwiftGridLayoutDelegate, SwiftGridReusableViewDelegate {
           ^
/Users/admin/builder/spi-builder-workspace/Sources/Core/SwiftGridView.swift:41:35: error: cannot find type 'UICollectionViewDataSource' in scope
open class SwiftGridView: UIView, UICollectionViewDataSource, UICollectionViewDelegate, SwiftGridLayoutDelegate, SwiftGridReusableViewDelegate {
                                  ^~~~~~~~~~~~~~~~~~~~~~~~~~
/Users/admin/builder/spi-builder-workspace/Sources/Core/SwiftGridView.swift:41:63: error: cannot find type 'UICollectionViewDelegate' in scope
open class SwiftGridView: UIView, UICollectionViewDataSource, UICollectionViewDelegate, SwiftGridLayoutDelegate, SwiftGridReusableViewDelegate {
                                                              ^~~~~~~~~~~~~~~~~~~~~~~~
/Users/admin/builder/spi-builder-workspace/Sources/Core/SwiftGridView.swift:41:27: error: 'UIView' is unavailable: This Objective-C class has only been forward-declared; import its owning module to use it
open class SwiftGridView: UIView, UICollectionViewDataSource, UICollectionViewDelegate, SwiftGridLayoutDelegate, SwiftGridReusableViewDelegate {
                          ^~~~~~
UIKit.UIView:2:14: note: 'UIView' has been explicitly marked unavailable here
public class UIView {
             ^
/Users/admin/builder/spi-builder-workspace/Sources/Layout/SwiftGridLayoutDelegate.swift:31:35: error: cannot find type 'UICollectionViewDelegate' in scope
protocol SwiftGridLayoutDelegate: UICollectionViewDelegate {
                                  ^~~~~~~~~~~~~~~~~~~~~~~~
/Users/admin/builder/spi-builder-workspace/Sources/Layout/SwiftGridLayout.swift:32:26: error: 'weak' must not be applied to non-class-bound 'any SwiftGridLayoutDelegate'; consider adding a protocol conformance that has a class bound
    fileprivate weak var _delegate: SwiftGridLayoutDelegate?
                         ^
/Users/admin/builder/spi-builder-workspace/Sources/Layout/SwiftGridLayout.swift:28:24: error: cannot find type 'UICollectionViewLayout' in scope
class SwiftGridLayout: UICollectionViewLayout {
                       ^~~~~~~~~~~~~~~~~~~~~~
/Users/admin/builder/spi-builder-workspace/Sources/Layout/SwiftGridLayout.swift:207:19: error: method does not override any method from its superclass
    override func prepare() {
    ~~~~~~~~      ^
/Users/admin/builder/spi-builder-workspace/Sources/Layout/SwiftGridLayout.swift:214:19: error: method does not override any method from its superclass
    override func shouldInvalidateLayout(forBoundsChange newBounds: CGRect) -> Bool {
    ~~~~~~~~      ^
/Users/admin/builder/spi-builder-workspace/Sources/Layout/SwiftGridLayout.swift:221:18: error: property does not override any property from its superclass
    override var collectionViewContentSize: CGSize {
    ~~~~~~~~     ^
/Users/admin/builder/spi-builder-workspace/Sources/Layout/SwiftGridLayout.swift:226:68: error: cannot find type 'UICollectionViewLayoutAttributes' in scope
    override func layoutAttributesForElements(in rect: CGRect) -> [UICollectionViewLayoutAttributes]? {
                                                                   ^~~~~~~~~~~~~~~~~~~~~~~~~~~~~~~~
/Users/admin/builder/spi-builder-workspace/Sources/Layout/SwiftGridLayout.swift:379:80: error: cannot find type 'UICollectionView' in scope
    func rectForItem(at indexPath: IndexPath, atScrollPosition scrollPosition: UICollectionView.ScrollPosition) -> CGRect {
                                                                               ^~~~~~~~~~~~~~~~
/Users/admin/builder/spi-builder-workspace/Sources/Layout/SwiftGridLayout.swift:388:71: error: cannot find type 'UICollectionViewLayoutAttributes' in scope
    override func layoutAttributesForItem(at indexPath: IndexPath) -> UICollectionViewLayoutAttributes? {
                                                                      ^~~~~~~~~~~~~~~~~~~~~~~~~~~~~~~~
/Users/admin/builder/spi-builder-workspace/Sources/Layout/SwiftGridLayout.swift:417:112: error: cannot find type 'UICollectionViewLayoutAttributes' in scope
    override func layoutAttributesForSupplementaryView(ofKind elementKind: String, at indexPath: IndexPath) -> UICollectionViewLayoutAttributes? {
                                                                                                               ^~~~~~~~~~~~~~~~~~~~~~~~~~~~~~~~
/Users/admin/builder/spi-builder-workspace/Sources/Layout/SwiftGridLayout.swift:446:74: error: cannot find type 'UICollectionViewLayoutAttributes' in scope
    func layoutAttributesForHeaderAtIndexPath(_ indexPath: IndexPath) -> UICollectionViewLayoutAttributes! {
                                                                         ^~~~~~~~~~~~~~~~~~~~~~~~~~~~~~~~
/Users/admin/builder/spi-builder-workspace/Sources/Layout/SwiftGridLayout.swift:467:81: error: cannot find type 'UICollectionViewLayoutAttributes' in scope
    func layoutAttributesForGroupedHeaderAtIndexPath(_ indexPath: IndexPath) -> UICollectionViewLayoutAttributes! {
                                                                                ^~~~~~~~~~~~~~~~~~~~~~~~~~~~~~~~
/Users/admin/builder/spi-builder-workspace/Sources/Layout/SwiftGridLayout.swift:502:74: error: cannot find type 'UICollectionViewLayoutAttributes' in scope
    func layoutAttributesForFooterAtIndexPath(_ indexPath: IndexPath) -> UICollectionViewLayoutAttributes! {
                                                                         ^~~~~~~~~~~~~~~~~~~~~~~~~~~~~~~~
/Users/admin/builder/spi-builder-workspace/Sources/Layout/SwiftGridLayout.swift:526:81: error: cannot find type 'UICollectionViewLayoutAttributes' in scope
    func layoutAttributesForSectionHeaderAtIndexPath(_ indexPath: IndexPath) -> UICollectionViewLayoutAttributes! {
                                                                                ^~~~~~~~~~~~~~~~~~~~~~~~~~~~~~~~
/Users/admin/builder/spi-builder-workspace/Sources/Layout/SwiftGridLayout.swift:559:81: error: cannot find type 'UICollectionViewLayoutAttributes' in scope
    func layoutAttributesForSectionFooterAtIndexPath(_ indexPath: IndexPath) -> UICollectionViewLayoutAttributes! {
                                                                                ^~~~~~~~~~~~~~~~~~~~~~~~~~~~~~~~
/Users/admin/builder/spi-builder-workspace/Sources/Layout/SwiftGridLayout.swift:596:108: error: cannot find type 'UICollectionView' in scope
    func horizontalOffset(for indexPath: IndexPath, atColumn column: Int, atScrollPosition scrollPosition: UICollectionView.ScrollPosition) -> CGFloat {
                                                                                                           ^~~~~~~~~~~~~~~~
/Users/admin/builder/spi-builder-workspace/Sources/Layout/SwiftGridLayout.swift:650:84: error: cannot find type 'UICollectionView' in scope
    func verticalOffset(for indexPath: IndexPath, atScrollPosition scrollPosition: UICollectionView.ScrollPosition) -> CGFloat {
                                                                                   ^~~~~~~~~~~~~~~~
/Users/admin/builder/spi-builder-workspace/Sources/SwiftUI/SwiftGrid.swift:108:37: error: cannot find type 'Context' in scope
    public func makeUIView(context: Context) -> SwiftGridView {
                                    ^~~~~~~
/Users/admin/builder/spi-builder-workspace/Sources/SwiftUI/SwiftGrid.swift:118:66: error: cannot find type 'Context' in scope
    public func updateUIView(_ gridView: SwiftGridView, context: Context) {
                                                                 ^~~~~~~
/Users/admin/builder/spi-builder-workspace/Sources/SwiftUI/SwiftGrid.swift:73:26: error: cannot find type 'UIViewRepresentable' in scope
public struct SwiftGrid: UIViewRepresentable {
                         ^~~~~~~~~~~~~~~~~~~
SwiftEmitModule normal arm64 Emitting\ module\ for\ SwiftGridView (in target 'SwiftGridView' from project 'SwiftGridView')
EmitSwiftModule normal arm64 (in target 'SwiftGridView' from project 'SwiftGridView')
    cd /Users/admin/builder/spi-builder-workspace/.swiftpm/xcode

SwiftCompile normal arm64_32 Compiling\ SwiftGridZoomAxis.swift /Users/admin/builder/spi-builder-workspace/Sources/Common/SwiftGridZoomAxis.swift (in target 'SwiftGridView' from project 'SwiftGridView')
SwiftCompile normal arm64_32 /Users/admin/builder/spi-builder-workspace/Sources/Common/SwiftGridZoomAxis.swift (in target 'SwiftGridView' from project 'SwiftGridView')
    cd /Users/admin/builder/spi-builder-workspace/.swiftpm/xcode

SwiftEmitModule normal arm64_32 Emitting\ module\ for\ SwiftGridView (in target 'SwiftGridView' from project 'SwiftGridView')
EmitSwiftModule normal arm64_32 (in target 'SwiftGridView' from project 'SwiftGridView')
    cd /Users/admin/builder/spi-builder-workspace/.swiftpm/xcode

SwiftCompile normal armv7k Compiling\ SwiftGridLayout.swift /Users/admin/builder/spi-builder-workspace/Sources/Layout/SwiftGridLayout.swift (in target 'SwiftGridView' from project 'SwiftGridView')
SwiftCompile normal armv7k /Users/admin/builder/spi-builder-workspace/Sources/Layout/SwiftGridLayout.swift (in target 'SwiftGridView' from project 'SwiftGridView')
    cd /Users/admin/builder/spi-builder-workspace/.swiftpm/xcode

SwiftCompile normal arm64_32 Compiling\ SwiftGridLayoutDelegate.swift /Users/admin/builder/spi-builder-workspace/Sources/Layout/SwiftGridLayoutDelegate.swift (in target 'SwiftGridView' from project 'SwiftGridView')
SwiftCompile normal arm64_32 /Users/admin/builder/spi-builder-workspace/Sources/Layout/SwiftGridLayoutDelegate.swift (in target 'SwiftGridView' from project 'SwiftGridView')
    cd /Users/admin/builder/spi-builder-workspace/.swiftpm/xcode

SwiftCompile normal arm64 Compiling\ SwiftGridLayoutDelegate.swift /Users/admin/builder/spi-builder-workspace/Sources/Layout/SwiftGridLayoutDelegate.swift (in target 'SwiftGridView' from project 'SwiftGridView')
Command SwiftCompile failed with a nonzero exit code
** BUILD FAILED **
The following build commands failed:
	SwiftEmitModule normal armv7k Emitting\ module\ for\ SwiftGridView (in target 'SwiftGridView' from project 'SwiftGridView')
	EmitSwiftModule normal armv7k (in target 'SwiftGridView' from project 'SwiftGridView')
	SwiftCompile normal arm64 Compiling\ SwiftGridLayoutDelegate.swift /Users/admin/builder/spi-builder-workspace/Sources/Layout/SwiftGridLayoutDelegate.swift (in target 'SwiftGridView' from project 'SwiftGridView')
	Building workspace spi-builder-workspace with scheme SwiftGridView
(4 failures)
BUILD FAILURE 6.1 watchOS