Build Information
Failed to build tuzuru, reference main (f84dc2), with Swift 6.3 for Linux on 4 Oct 2026 16:25:15 UTC.
Build Command
bash -c docker run --pull=always --rm -v "checkouts-54344843-0":/host -w "$PWD" -e JAVA_HOME="/root/.sdkman/candidates/java/current" -e SPI_BUILD="1" -e SPI_PROCESSING="1" registry.gitlab.com/saguaro1/spi-images:basic-6.3-latest swift build --triple x86_64-unknown-linux-gnu 2>&1Build Log
========================================
RunAll
========================================
Builder version: 5.1.1
Interrupt handler set up.
========================================
Checkout
========================================
Clone URL: https://github.com/ainame/tuzuru.git
Reference: main
Initialized empty Git repository in /host/spi-builder-workspace/.git/
hint: Using 'master' as the name for the initial branch. This default branch name
hint: is subject to change. To configure the initial branch name to use in all
hint: of your new repositories, which will suppress this warning, call:
hint:
hint: git config --global init.defaultBranch <name>
hint:
hint: Names commonly chosen instead of 'master' are 'main', 'trunk' and
hint: 'development'. The just-created branch can be renamed via this command:
hint:
hint: git branch -m <name>
From https://github.com/ainame/tuzuru
* branch main -> FETCH_HEAD
* [new branch] main -> origin/main
HEAD is now at f84dc2f chore(deps): update dependency ainame/swift-displaywidth to from: "0.2.0" (#120)
Cloned https://github.com/ainame/tuzuru.git
Revision (git rev-parse @):
f84dc2f8d12a17eb27fcde6c975471b074392d54
SUCCESS checkout https://github.com/ainame/tuzuru.git at main
========================================
Build
========================================
Selected platform: linux
Swift version: 6.3
Building package at path: $PWD
https://github.com/ainame/tuzuru.git
Running build ...
bash -c docker run --pull=always --rm -v "checkouts-54344843-0":/host -w "$PWD" -e JAVA_HOME="/root/.sdkman/candidates/java/current" -e SPI_BUILD="1" -e SPI_PROCESSING="1" registry.gitlab.com/saguaro1/spi-images:basic-6.3-latest swift build --triple x86_64-unknown-linux-gnu 2>&1
basic-6.3-latest: Pulling from saguaro1/spi-images
Digest: sha256:c577f8f8f4df4f423827bf5e7d96027716bb7030ef75b2fd4a15f7fb0043ce6d
Status: Image is up to date for registry.gitlab.com/saguaro1/spi-images:basic-6.3-latest
Fetching https://github.com/jpsim/Yams.git
Fetching https://github.com/apple/swift-system.git
Fetching https://github.com/swiftlang/swift-subprocess.git
Fetching https://github.com/apple/swift-log.git
Fetching https://github.com/ainame/swift-displaywidth.git
Fetching https://github.com/swiftlang/swift-markdown.git
[1/8232] Fetching swift-log
[2/8498] Fetching swift-log, swift-displaywidth
[2161/13308] Fetching swift-log, swift-displaywidth, swift-subprocess
[8206/25169] Fetching swift-log, swift-displaywidth, swift-subprocess, yams
[13759/32932] Fetching swift-log, swift-displaywidth, swift-subprocess, yams, swift-markdown
[14254/40036] Fetching swift-log, swift-displaywidth, swift-subprocess, yams, swift-markdown, swift-system
Fetched https://github.com/apple/swift-log.git from cache (0.58s)
[10501/31804] Fetching swift-displaywidth, swift-subprocess, yams, swift-markdown, swift-system
Fetching https://github.com/hummingbird-project/swift-mustache.git
Fetched https://github.com/apple/swift-system.git from cache (0.73s)
[19244/24700] Fetching swift-displaywidth, swift-subprocess, yams, swift-markdown
Fetching https://github.com/apple/swift-argument-parser.git
Fetched https://github.com/ainame/swift-displaywidth.git from cache (0.78s)
[19097/24434] Fetching swift-subprocess, yams, swift-markdown
Fetched https://github.com/swiftlang/swift-subprocess.git from cache (0.78s)
Fetched https://github.com/swiftlang/swift-markdown.git from cache (0.79s)
[6643/11861] Fetching yams
[11269/13960] Fetching yams, swift-mustache
Fetched https://github.com/hummingbird-project/swift-mustache.git from cache (0.46s)
Fetched https://github.com/jpsim/Yams.git from cache (1.15s)
[1/19047] Fetching swift-argument-parser
Fetched https://github.com/apple/swift-argument-parser.git from cache (0.91s)
Computing version for https://github.com/ainame/swift-displaywidth.git
Computed https://github.com/ainame/swift-displaywidth.git at 0.2.0 (1.85s)
Computing version for https://github.com/swiftlang/swift-markdown.git
Computed https://github.com/swiftlang/swift-markdown.git at 0.7.3 (1.12s)
Fetching https://github.com/swiftlang/swift-cmark.git
[1/18613] Fetching swift-cmark
Fetched https://github.com/swiftlang/swift-cmark.git from cache (0.96s)
Computing version for https://github.com/jpsim/Yams.git
Computed https://github.com/jpsim/Yams.git at 6.2.2 (1.14s)
Computing version for https://github.com/hummingbird-project/swift-mustache.git
Computed https://github.com/hummingbird-project/swift-mustache.git at 2.1.1 (0.20s)
Computing version for https://github.com/swiftlang/swift-subprocess.git
Computed https://github.com/swiftlang/swift-subprocess.git at 0.5.0 (0.15s)
Computing version for https://github.com/swiftlang/swift-cmark.git
Computed https://github.com/swiftlang/swift-cmark.git at 0.9.0 (0.88s)
Computing version for https://github.com/apple/swift-argument-parser.git
Computed https://github.com/apple/swift-argument-parser.git at 1.8.2 (0.16s)
Computing version for https://github.com/apple/swift-system.git
Computed https://github.com/apple/swift-system.git at 1.8.1 (0.17s)
Computing version for https://github.com/apple/swift-log.git
Computed https://github.com/apple/swift-log.git at 1.15.1 (0.15s)
Creating working copy for https://github.com/jpsim/Yams.git
Working copy of https://github.com/jpsim/Yams.git resolved at 6.2.2
Creating working copy for https://github.com/swiftlang/swift-subprocess.git
Working copy of https://github.com/swiftlang/swift-subprocess.git resolved at 0.5.0
Creating working copy for https://github.com/swiftlang/swift-markdown.git
Working copy of https://github.com/swiftlang/swift-markdown.git resolved at 0.7.3
Creating working copy for https://github.com/apple/swift-log.git
Working copy of https://github.com/apple/swift-log.git resolved at 1.15.1
Creating working copy for https://github.com/apple/swift-argument-parser.git
Working copy of https://github.com/apple/swift-argument-parser.git resolved at 1.8.2
Creating working copy for https://github.com/apple/swift-system.git
Working copy of https://github.com/apple/swift-system.git resolved at 1.8.1
Creating working copy for https://github.com/ainame/swift-displaywidth.git
Working copy of https://github.com/ainame/swift-displaywidth.git resolved at 0.2.0
Creating working copy for https://github.com/swiftlang/swift-cmark.git
Working copy of https://github.com/swiftlang/swift-cmark.git resolved at 0.9.0
Creating working copy for https://github.com/hummingbird-project/swift-mustache.git
Working copy of https://github.com/hummingbird-project/swift-mustache.git resolved at 2.1.1
[1/1] Compiling plugin GenerateManual
[2/2] Compiling plugin GenerateDoccReference
Building for debugging...
[2/74] Write sources
[4/74] Copying templates
[4/74] Copying assets
[4/74] Write sources
[10/74] Compiling cmark-gfm-extensions strikethrough.c
[11/74] Compiling cmark-gfm-extensions tagfilter.c
[12/74] Compiling cmark-gfm-extensions table.c
[13/74] Compiling cmark-gfm-extensions tasklist.c
[14/74] Compiling cmark-gfm-extensions ext_scanners.c
[15/74] Write swift-version-24593BA9C3E375BF.txt
[16/74] Compiling cmark-gfm-extensions autolink.c
[17/74] Compiling cmark-gfm-extensions core-extensions.c
[18/74] Compiling cmark-gfm syntax_extension.c
[19/74] Compiling cmark-gfm render.c
[20/74] Compiling cmark-gfm xml.c
[21/74] Compiling cmark-gfm references.c
[22/74] Compiling cmark-gfm plugin.c
[23/74] Compiling cmark-gfm registry.c
[24/93] Compiling cmark-gfm plaintext.c
[25/93] Compiling cmark-gfm man.c
[26/93] Compiling cmark-gfm map.c
[27/93] Compiling cmark-gfm linked_list.c
[28/93] Compiling cmark-gfm latex.c
[29/93] Compiling cmark-gfm html.c
[30/93] Compiling cmark-gfm node.c
[31/93] Compiling cmark-gfm iterator.c
[32/93] Compiling cmark-gfm utf8.c
[33/93] Compiling cmark-gfm houdini_html_u.c
[34/93] Compiling cmark-gfm scanners.c
[34/93] Compiling cmark-gfm footnotes.c
[36/93] Compiling cmark-gfm houdini_href_e.c
[37/93] Compiling cmark-gfm houdini_html_e.c
[38/93] Compiling cmark-gfm cmark_ctype.c
[39/93] Compiling cmark-gfm inlines.c
[40/93] Compiling cmark-gfm commonmark.c
[41/93] Compiling cmark-gfm cmark.c
[42/93] Write sources
[46/93] Compiling cmark-gfm buffer.c
[47/93] Compiling cmark-gfm arena.c
[48/93] Compiling _SubprocessCShims process_shims.c
[49/93] Compiling writer.c
[50/94] Compiling reader.c
[51/104] Compiling cmark-gfm blocks.c
[52/112] Compiling CSystem shims.c
[53/112] Compiling emitter.c
[54/112] Compiling parser.c
[55/112] Write sources
[57/112] Compiling CAtomic CAtomic.c
[58/114] Compiling api.c
[59/146] Compiling scanner.c
[61/234] Emitting module Mustache
[62/236] Compiling Yams Node.Alias.swift
[63/236] Compiling Yams Node.Mapping.swift
[64/236] Compiling Yams Decoder.swift
[65/236] Compiling Yams Emitter.swift
[66/236] Compiling Yams Encoder.swift
[67/236] Compiling Yams Parser.swift
[68/236] Compiling Yams RedundancyAliasingStrategy.swift
[69/236] Compiling Yams Representer.swift
[70/236] Compiling Yams Tag.swift
[71/244] Compiling Markdown BasicBlockContainer.swift
[72/244] Compiling Markdown BasicInlineContainer.swift
[73/244] Compiling Markdown BlockContainer.swift
[74/244] Compiling Markdown BlockMarkup.swift
[75/244] Compiling Markdown InlineContainer.swift
[76/244] Compiling Markdown InlineMarkup.swift
[77/244] Compiling Markdown ListItemContainer.swift
[78/244] Compiling Markdown AtomicCounter.swift
[79/244] Compiling DisplayWidth UnicodeData.swift
[80/244] Compiling Mustache Template.swift
[81/244] Compiling Mustache Transform.swift
[82/244] Compiling Yams AliasDereferencingStrategy.swift
[83/244] Compiling Yams Anchor.swift
[84/244] Compiling Yams Constructor.swift
[85/244] Compiling Yams Node.Scalar.swift
[86/244] Compiling Yams Node.Sequence.swift
[87/244] Compiling Yams Node.swift
[90/251] Compiling DisplayWidth DisplayWidth.swift
[91/251] Compiling Yams Resolver.swift
[92/251] Compiling Yams String+Yams.swift
[93/251] Compiling Yams Mark.swift
[96/251] Compiling Logging LoggingSystem.swift
[97/252] Emitting module Yams
[98/252] Compiling Logging Logger+Attributes.swift
[101/252] Compiling Logging Logger.swift
[102/252] Compiling Logging Logger+With.swift
[103/252] Emitting module SystemPackage
[104/252] Compiling ArgumentParserToolInfo ToolInfo.swift
[105/252] Emitting module ArgumentParserToolInfo
[106/253] Wrapping AST for ArgumentParserToolInfo for debugging
[108/296] Compiling ArgumentParser CommandConfiguration.swift
[109/296] Compiling ArgumentParser CommandGroup.swift
[110/296] Compiling ArgumentParser EnumerableFlag.swift
[111/296] Compiling ArgumentParser ExpressibleByArgument.swift
[112/296] Compiling ArgumentParser ParsableArguments.swift
[113/300] Compiling Logging MetadataProvider.swift
[114/300] Compiling ArgumentParser ParsableCommand.swift
[115/300] Compiling ArgumentParser ArgumentDecoder.swift
[116/300] Compiling ArgumentParser ArgumentDefinition.swift
[117/300] Compiling ArgumentParser ArgumentSet.swift
[118/300] Compiling ArgumentParser CommandParser.swift
[119/300] Compiling ArgumentParser NameSpecification.swift
[120/300] Compiling ArgumentParser Option.swift
[121/300] Compiling ArgumentParser OptionGroup.swift
[122/300] Compiling ArgumentParser ParentCommand.swift
[123/300] Compiling ArgumentParser AsyncParsableCommand.swift
[124/300] Compiling ArgumentParser InputKey.swift
[125/300] Compiling ArgumentParser InputOrigin.swift
[126/300] Compiling ArgumentParser Name.swift
[127/300] Compiling ArgumentParser Parsed.swift
[128/300] Compiling ArgumentParser ParsedValues.swift
[129/300] Compiling ArgumentParser Argument.swift
[130/300] Compiling ArgumentParser ArgumentDiscussion.swift
[131/300] Compiling ArgumentParser BashCompletionsGenerator.swift
[132/300] Compiling ArgumentParser CompletionsGenerator.swift
[133/300] Emitting module Logging
[134/301] Emitting module Markdown
[137/301] Compiling ArgumentParser FishCompletionsGenerator.swift
[138/301] Compiling ArgumentParser ZshCompletionsGenerator.swift
[141/301] Compiling ArgumentParser ArgumentHelp.swift
[142/301] Compiling ArgumentParser ArgumentVisibility.swift
[143/301] Compiling ArgumentParser CompletionKind.swift
[150/301] Compiling ArgumentParser SwiftExtensions.swift
[151/301] Compiling ArgumentParser Tree.swift
[152/301] Compiling Markdown CustomBlock.swift
[153/301] Compiling Markdown DoxygenAbstract.swift
[154/301] Compiling Markdown DoxygenDiscussion.swift
[155/301] Compiling Markdown DoxygenNote.swift
[156/301] Compiling Markdown DoxygenParameter.swift
[157/301] Compiling Markdown DoxygenReturns.swift
[158/301] Compiling Markdown ListItem.swift
[163/306] Wrapping AST for Logging for debugging
[165/306] Compiling DisplayWidth EastAsianWidthAttribute.swift
[166/306] Compiling DisplayWidth BinarySearch.swift
[167/306] Compiling DisplayWidth LocaleAwareDisplayWidth.swift
[169/306] Compiling ArgumentParser Errors.swift
[170/306] Compiling ArgumentParser Flag.swift
[184/307] Compiling ToyHttpServer SocketAPI.swift
[185/307] Compiling ToyHttpServer ToyHttpServer.swift
[186/307] Emitting module ToyHttpServer
[187/307] Compiling ToyHttpServer HttpParser.swift
[188/307] Compiling ToyHttpServer HttpModels.swift
[188/308] Wrapping AST for Mustache for debugging
[196/308] Wrapping AST for ToyHttpServer for debugging
[201/308] Emitting module ArgumentParser
[202/314] Compiling ArgumentParser MessageInfo.swift
[203/314] Compiling ArgumentParser UsageGenerator.swift
[204/314] Compiling ArgumentParser CollectionExtensions.swift
[205/314] Compiling ArgumentParser Foundation.swift
[206/314] Compiling ArgumentParser Mutex.swift
[217/314] Compiling ArgumentParser HelpCommand.swift
[218/314] Compiling ArgumentParser HelpGenerator.swift
[224/314] Compiling ArgumentParser Platform.swift
[225/314] Compiling ArgumentParser SequenceExtensions.swift
[226/314] Compiling ArgumentParser StringExtensions.swift
[229/315] Wrapping AST for Yams for debugging
[231/315] Compiling ArgumentParser AsyncCompletionsValidator.swift
[232/315] Compiling ArgumentParser CodingKeyValidator.swift
[233/315] Compiling ArgumentParser NonsenseFlagsValidator.swift
[234/315] Compiling ArgumentParser ParsableArgumentsValidation.swift
[235/315] Compiling ArgumentParser PositionalArgumentsValidator.swift
[236/315] Compiling ArgumentParser UniqueNamesValidator.swift
[248/315] Compiling ArgumentParser ParserError.swift
[249/315] Compiling ArgumentParser SplitArguments.swift
[250/315] Compiling ArgumentParser DumpHelpGenerator.swift
[262/315] Compiling Markdown OrderedList.swift
[263/315] Compiling Markdown UnorderedList.swift
[264/315] Compiling Markdown Paragraph.swift
[265/315] Compiling Markdown CodeBlock.swift
[266/315] Compiling Markdown HTMLBlock.swift
[267/315] Compiling Markdown Heading.swift
[268/315] Compiling Markdown ThematicBreak.swift
[269/315] Compiling Markdown Table.swift
[270/315] Compiling Markdown TableBody.swift
[271/315] Compiling Markdown CharacterExtensions.swift
[272/315] Compiling Markdown CollectionExtensions.swift
[273/315] Compiling Markdown StringExtensions.swift
[274/315] Compiling Markdown MarkupVisitor.swift
[275/315] Compiling Markdown MarkupWalker.swift
[276/315] Compiling Markdown HTMLFormatter.swift
[277/315] Compiling Markdown MarkupFormatter.swift
[278/315] Compiling Markdown MarkupTreeDumper.swift
[297/316] Wrapping AST for Markdown for debugging
[299/317] Wrapping AST for SystemPackage for debugging
[301/339] Compiling Subprocess Subprocess+Windows.swift
[302/339] Compiling Subprocess Result.swift
[303/339] Compiling Subprocess Span+Subprocess.swift
[304/342] Compiling Subprocess SubprocessOutputSequence.swift
[305/342] Compiling Subprocess Teardown.swift
[306/342] Compiling Subprocess Thread.swift
[311/343] Wrapping AST for ArgumentParser for debugging
[313/343] Compiling Subprocess Input+Foundation.swift
[314/343] Compiling Subprocess Output+Foundation.swift
[315/343] Compiling Subprocess Span+SubprocessFoundation.swift
[316/343] Emitting module Subprocess
[317/343] Compiling Subprocess API.swift
[318/343] Compiling Subprocess Buffer.swift
[319/343] Compiling Subprocess Configuration.swift
[323/343] Compiling Subprocess Error.swift
[324/343] Compiling Subprocess Execution.swift
[325/343] Compiling Subprocess AsyncIO+KQueue.swift
[326/343] Compiling Subprocess AsyncIO+Linux.swift
[327/343] Compiling Subprocess AsyncIO+Unix.swift
[328/343] Compiling Subprocess AsyncIO+Windows.swift
[329/343] Compiling Subprocess Input.swift
[330/343] Compiling Subprocess Output.swift
[331/343] Compiling Subprocess Subprocess+BSD.swift
[332/343] Compiling Subprocess Subprocess+Darwin.swift
[333/343] Compiling Subprocess Subprocess+Linux.swift
[334/343] Compiling Subprocess Subprocess+Unix.swift
[335/344] Wrapping AST for Subprocess for debugging
[337/390] Emitting module TuzuruLib
[338/390] Compiling TuzuruLib FileAmender.swift
[339/390] Compiling TuzuruLib BlogConfiguration+DefaultValues.swift
[340/390] Compiling TuzuruLib BlogConfiguration.swift
[341/390] Compiling TuzuruLib BlogConfigurationLoader.swift
[342/390] Compiling TuzuruLib BlogMetadata.swift
[343/390] Compiling TuzuruLib BlogOutputOptions.swift
[344/390] Compiling TuzuruLib BlogSourceLayout.swift
[345/396] Compiling TuzuruLib ChangeDetector.swift
/host/spi-builder-workspace/Sources/TuzuruLib/Utils/GitWrapper.swift:31:19: error: type 'TerminationStatus' has no member 'unhandledException'
29 | case .exited(let code):
30 | throw Error.failed(message: result.standardError ?? "", exitStatus: Int(code))
31 | case .unhandledException(let signal):
| `- error: type 'TerminationStatus' has no member 'unhandledException'
32 | throw Error.exception(message: result.standardError ?? "", signal: Int(signal))
33 | }
[346/396] Compiling TuzuruLib DateUtils.swift
/host/spi-builder-workspace/Sources/TuzuruLib/Utils/GitWrapper.swift:31:19: error: type 'TerminationStatus' has no member 'unhandledException'
29 | case .exited(let code):
30 | throw Error.failed(message: result.standardError ?? "", exitStatus: Int(code))
31 | case .unhandledException(let signal):
| `- error: type 'TerminationStatus' has no member 'unhandledException'
32 | throw Error.exception(message: result.standardError ?? "", signal: Int(signal))
33 | }
[347/396] Compiling TuzuruLib FileManagerWrapper.swift
/host/spi-builder-workspace/Sources/TuzuruLib/Utils/GitWrapper.swift:31:19: error: type 'TerminationStatus' has no member 'unhandledException'
29 | case .exited(let code):
30 | throw Error.failed(message: result.standardError ?? "", exitStatus: Int(code))
31 | case .unhandledException(let signal):
| `- error: type 'TerminationStatus' has no member 'unhandledException'
32 | throw Error.exception(message: result.standardError ?? "", signal: Int(signal))
33 | }
[348/396] Compiling TuzuruLib GitWrapper.swift
/host/spi-builder-workspace/Sources/TuzuruLib/Utils/GitWrapper.swift:31:19: error: type 'TerminationStatus' has no member 'unhandledException'
29 | case .exited(let code):
30 | throw Error.failed(message: result.standardError ?? "", exitStatus: Int(code))
31 | case .unhandledException(let signal):
| `- error: type 'TerminationStatus' has no member 'unhandledException'
32 | throw Error.exception(message: result.standardError ?? "", signal: Int(signal))
33 | }
[349/396] Compiling TuzuruLib SharedIterator.swift
/host/spi-builder-workspace/Sources/TuzuruLib/Utils/GitWrapper.swift:31:19: error: type 'TerminationStatus' has no member 'unhandledException'
29 | case .exited(let code):
30 | throw Error.failed(message: result.standardError ?? "", exitStatus: Int(code))
31 | case .unhandledException(let signal):
| `- error: type 'TerminationStatus' has no member 'unhandledException'
32 | throw Error.exception(message: result.standardError ?? "", signal: Int(signal))
33 | }
[350/396] Compiling TuzuruLib resource_bundle_accessor.swift
/host/spi-builder-workspace/Sources/TuzuruLib/Utils/GitWrapper.swift:31:19: error: type 'TerminationStatus' has no member 'unhandledException'
29 | case .exited(let code):
30 | throw Error.failed(message: result.standardError ?? "", exitStatus: Int(code))
31 | case .unhandledException(let signal):
| `- error: type 'TerminationStatus' has no member 'unhandledException'
32 | throw Error.exception(message: result.standardError ?? "", signal: Int(signal))
33 | }
[351/396] Compiling TuzuruLib GitCommitter.swift
[352/396] Compiling TuzuruLib HugoShortcodeProcessor.swift
[353/396] Compiling TuzuruLib MarkdownTransformer.swift
[354/396] Compiling TuzuruLib YAMLFrontMatterParser.swift
[355/396] Compiling TuzuruLib BlogInitializer.swift
[356/396] Compiling TuzuruLib TuzuruResources.swift
[357/396] Compiling TuzuruLib MarkdownProcessor.swift
[358/396] Compiling TuzuruLib Post.swift
[359/396] Compiling TuzuruLib RawPost.swift
[360/396] Compiling TuzuruLib RawSource.swift
[361/396] Compiling TuzuruLib Source.swift
[362/396] Compiling TuzuruLib SourceLoader.swift
[363/396] Compiling TuzuruLib URLLinker.swift
[364/396] Compiling TuzuruLib XPostLinkConverter.swift
[365/396] Compiling TuzuruLib SystemPackageCompat.swift
[366/396] Compiling TuzuruLib Tuzuru.swift
[367/396] Compiling TuzuruLib TuzuruError.swift
[368/396] Compiling TuzuruLib CategoryResolver.swift
[369/396] Compiling TuzuruLib BlogTemplates.swift
[370/396] Compiling TuzuruLib BlogGenerator.swift
[371/396] Compiling TuzuruLib GenerateManifest.swift
[372/396] Compiling TuzuruLib IntegrityManager.swift
[373/396] Compiling TuzuruLib PathGenerator.swift
[374/396] Compiling TuzuruLib LayoutData.swift
[375/396] Compiling TuzuruLib ListData.swift
[376/396] Compiling TuzuruLib LiteItemData.swift
[377/396] Compiling TuzuruLib PageRenderer.swift
[378/396] Compiling TuzuruLib PageRendererable.swift
[379/396] Compiling TuzuruLib PostData.swift
[380/396] Compiling TuzuruLib SitemapGenerator.swift
[381/396] Compiling TuzuruLib SourceDirectoryProvider.swift
[382/396] Compiling TuzuruLib BlogImporter.swift
[383/396] Compiling TuzuruLib CodeBlockHTMLEscaper.swift
[384/396] Compiling TuzuruLib CustomHTMLFormatter.swift
[385/396] Compiling TuzuruLib GitLog.swift
[386/396] Compiling TuzuruLib GitLogReader.swift
[387/396] Compiling TuzuruLib MarkdownDestructor.swift
[388/396] Compiling TuzuruLib MarkdownExcerptWalker.swift
[389/396] Compiling DisplayWidth GeneralCategory.swift
BUILD FAILURE 6.3 linux