The Swift Package Index logo.Swift Package Index

Build Information

Failed to build herald-ios-appsflyer, reference main (b308ab), with Swift 6.2 for Wasm on 14 Oct 2026 03:53:11 UTC.

Build Command

bash -c docker run --pull=always --rm -v "checkouts-54344845-2":/host -w "$PWD" -e JAVA_HOME="/root/.sdkman/candidates/java/current" -e SPI_BUILD="1" -e SPI_PROCESSING="1" registry.gitlab.com/saguaro1/spi-images:wasm-6.2-latest swift build --swift-sdk swift-6.2-RELEASE_wasm 2>&1

Build Log

========================================
RunAll
========================================
Builder version: 5.1.2
Interrupt handler set up.
========================================
Checkout
========================================
Clone URL: https://github.com/MkhytarMkhoian/herald-ios-appsflyer.git
Reference: main
Initialized empty Git repository in /host/spi-builder-workspace/.git/
hint: Using 'master' as the name for the initial branch. This default branch name
hint: is subject to change. To configure the initial branch name to use in all
hint: of your new repositories, which will suppress this warning, call:
hint:
hint: 	git config --global init.defaultBranch <name>
hint:
hint: Names commonly chosen instead of 'master' are 'main', 'trunk' and
hint: 'development'. The just-created branch can be renamed via this command:
hint:
hint: 	git branch -m <name>
From https://github.com/MkhytarMkhoian/herald-ios-appsflyer
 * branch            main       -> FETCH_HEAD
 * [new branch]      main       -> origin/main
HEAD is now at b308ab4 Release 1.1.0
Cloned https://github.com/MkhytarMkhoian/herald-ios-appsflyer.git
Revision (git rev-parse @):
b308ab4e5e0200d6ae5a81bec8d626e0b644e3e0
SPI manifest file found: $PWD/.spi.yml
SUCCESS checkout https://github.com/MkhytarMkhoian/herald-ios-appsflyer.git at main
========================================
Build
========================================
Selected platform:         wasm
Swift version:             6.2
Building package at path:  $PWD
https://github.com/MkhytarMkhoian/herald-ios-appsflyer.git
Running build ...
bash -c docker run --pull=always --rm -v "checkouts-54344845-2":/host -w "$PWD" -e JAVA_HOME="/root/.sdkman/candidates/java/current" -e SPI_BUILD="1" -e SPI_PROCESSING="1" registry.gitlab.com/saguaro1/spi-images:wasm-6.2-latest swift build --swift-sdk swift-6.2-RELEASE_wasm 2>&1
wasm-6.2-latest: Pulling from saguaro1/spi-images
Digest: sha256:c092ff8dc506a2a30e6239b6992792fd4f7dfaaa46cac3b3c48d8fe35e954282
Status: Image is up to date for registry.gitlab.com/saguaro1/spi-images:wasm-6.2-latest
Fetching https://github.com/MkhytarMkhoian/herald-ios
Fetching https://github.com/AppsFlyerSDK/AppsFlyerFramework
[1/263] Fetching herald-ios
[264/6867] Fetching herald-ios, appsflyerframework
Fetched https://github.com/MkhytarMkhoian/herald-ios from cache (0.35s)
[265/6604] Fetching appsflyerframework
Fetched https://github.com/AppsFlyerSDK/AppsFlyerFramework from cache (24.19s)
Computing version for https://github.com/MkhytarMkhoian/herald-ios
Computed https://github.com/MkhytarMkhoian/herald-ios at 1.1.0 (24.35s)
Computing version for https://github.com/AppsFlyerSDK/AppsFlyerFramework
Computed https://github.com/AppsFlyerSDK/AppsFlyerFramework at 7.0.3 (0.89s)
Creating working copy for https://github.com/AppsFlyerSDK/AppsFlyerFramework
Working copy of https://github.com/AppsFlyerSDK/AppsFlyerFramework resolved at 7.0.3
Creating working copy for https://github.com/MkhytarMkhoian/herald-ios
Working copy of https://github.com/MkhytarMkhoian/herald-ios resolved at 1.1.0
Downloading binary artifact https://github.com/AppsFlyerSDK/AppsFlyerFramework/releases/download/7.0.3/AppsFlyerLib-Static-SPM.xcframework.zip
[16375/5421428] Downloading https://github.com/AppsFlyerSDK/AppsFlyerFramework/releases/download/7.0.3/AppsFlyerLib-Static-SPM.xcframework.zip
Downloaded https://github.com/AppsFlyerSDK/AppsFlyerFramework/releases/download/7.0.3/AppsFlyerLib-Static-SPM.xcframework.zip (0.48s)
Building for debugging...
[0/3] Write sources
[2/3] Write swift-version-24593BA9C3E375BF.txt
[4/18] Compiling HeraldCore IdentifiableUserService.swift
[5/18] Compiling HeraldCore Identity.swift
[6/18] Compiling HeraldCore Herald.swift
[7/18] Compiling HeraldCore HeraldProvider.swift
[8/18] Compiling HeraldCore Property.swift
[9/18] Compiling HeraldCore PropertyTrackerService.swift
[10/20] Compiling HeraldCore EventTrackerService.swift
[11/20] Compiling HeraldCore FallbackFactory.swift
[12/20] Compiling HeraldCore AnalyticsOperation.swift
[13/20] Compiling HeraldCore AnalyticsValue.swift
[14/20] Compiling HeraldCore AnalyticsFailure.swift
[15/20] Compiling HeraldCore AnalyticsLifecycleService.swift
[16/20] Emitting module HeraldCore
[17/20] Compiling HeraldCore ConsentService.swift
[18/20] Compiling HeraldCore Event.swift
[19/20] Compiling HeraldCore Resolution.swift
[20/20] Compiling HeraldCore UnhandledErrors.swift
[22/33] Compiling HeraldAppsFlyer PurchaseAppsFlyerEventTracker.swift
/host/spi-builder-workspace/Sources/HeraldAppsFlyer/AppsFlyerRevenueEvents.swift:1:8: error: no such module 'AppsFlyerLib'
  1 | import AppsFlyerLib
    |        `- error: no such module 'AppsFlyerLib'
  2 | import HeraldCore
  3 |
[23/34] Compiling HeraldAppsFlyer SubscribeAppsFlyerEventTracker.swift
/host/spi-builder-workspace/Sources/HeraldAppsFlyer/AppsFlyerRevenueEvents.swift:1:8: error: no such module 'AppsFlyerLib'
  1 | import AppsFlyerLib
    |        `- error: no such module 'AppsFlyerLib'
  2 | import HeraldCore
  3 |
error: emit-module command failed with exit code 1 (use -v to see invocation)
[24/34] Emitting module HeraldAppsFlyer
/host/spi-builder-workspace/Sources/HeraldAppsFlyer/AppsFlyerRevenueEvents.swift:1:8: error: no such module 'AppsFlyerLib'
  1 | import AppsFlyerLib
    |        `- error: no such module 'AppsFlyerLib'
  2 | import HeraldCore
  3 |
[25/34] Compiling HeraldAppsFlyer AppsFlyerEventTracker.swift
/host/spi-builder-workspace/Sources/HeraldAppsFlyer/AppsFlyerRevenueEvents.swift:1:8: error: no such module 'AppsFlyerLib'
  1 | import AppsFlyerLib
    |        `- error: no such module 'AppsFlyerLib'
  2 | import HeraldCore
  3 |
[26/34] Compiling HeraldAppsFlyer AppsFlyerEventTrackerFactory.swift
/host/spi-builder-workspace/Sources/HeraldAppsFlyer/AppsFlyerRevenueEvents.swift:1:8: error: no such module 'AppsFlyerLib'
  1 | import AppsFlyerLib
    |        `- error: no such module 'AppsFlyerLib'
  2 | import HeraldCore
  3 |
[27/34] Compiling HeraldAppsFlyer GenericAppsFlyerEventTracker.swift
/host/spi-builder-workspace/Sources/HeraldAppsFlyer/AppsFlyerRevenueEvents.swift:1:8: error: no such module 'AppsFlyerLib'
  1 | import AppsFlyerLib
    |        `- error: no such module 'AppsFlyerLib'
  2 | import HeraldCore
  3 |
[28/34] Compiling HeraldAppsFlyer AdRevenueAppsFlyerEventTracker.swift
/host/spi-builder-workspace/Sources/HeraldAppsFlyer/AppsFlyerRevenueEvents.swift:1:8: error: no such module 'AppsFlyerLib'
  1 | import AppsFlyerLib
    |        `- error: no such module 'AppsFlyerLib'
  2 | import HeraldCore
  3 |
[29/34] Compiling HeraldAppsFlyer AppsFlyerAnalyticsService.swift
/host/spi-builder-workspace/Sources/HeraldAppsFlyer/AppsFlyerRevenueEvents.swift:1:8: error: no such module 'AppsFlyerLib'
  1 | import AppsFlyerLib
    |        `- error: no such module 'AppsFlyerLib'
  2 | import HeraldCore
  3 |
[30/34] Compiling HeraldAppsFlyer AppsFlyerAnalyticsTrackerService.swift
/host/spi-builder-workspace/Sources/HeraldAppsFlyer/AppsFlyerRevenueEvents.swift:1:8: error: no such module 'AppsFlyerLib'
  1 | import AppsFlyerLib
    |        `- error: no such module 'AppsFlyerLib'
  2 | import HeraldCore
  3 |
[31/34] Compiling HeraldAppsFlyer AppsFlyerFactories.swift
/host/spi-builder-workspace/Sources/HeraldAppsFlyer/AppsFlyerRevenueEvents.swift:1:8: error: no such module 'AppsFlyerLib'
  1 | import AppsFlyerLib
    |        `- error: no such module 'AppsFlyerLib'
  2 | import HeraldCore
  3 |
[32/34] Compiling HeraldAppsFlyer AppsFlyerRevenueEvents.swift
/host/spi-builder-workspace/Sources/HeraldAppsFlyer/AppsFlyerRevenueEvents.swift:1:8: error: no such module 'AppsFlyerLib'
  1 | import AppsFlyerLib
    |        `- error: no such module 'AppsFlyerLib'
  2 | import HeraldCore
  3 |
[33/34] Compiling HeraldAppsFlyer AppsFlyerSDK.swift
/host/spi-builder-workspace/Sources/HeraldAppsFlyer/AppsFlyerRevenueEvents.swift:1:8: error: no such module 'AppsFlyerLib'
  1 | import AppsFlyerLib
    |        `- error: no such module 'AppsFlyerLib'
  2 | import HeraldCore
  3 |
[34/34] Compiling HeraldAppsFlyer AppsFlyerValues.swift
/host/spi-builder-workspace/Sources/HeraldAppsFlyer/AppsFlyerRevenueEvents.swift:1:8: error: no such module 'AppsFlyerLib'
  1 | import AppsFlyerLib
    |        `- error: no such module 'AppsFlyerLib'
  2 | import HeraldCore
  3 |
BUILD FAILURE 6.2 wasm