The Swift Package Index logo.Swift Package Index

Build Information

Failed to build NotificationBannerSwift, reference 4.0.0 (be5280), with Swift 6.4 for macOS (Xcode) using Xcode 27.0 on 21 Sep 2026 20:40:39 UTC.

Build Command

No build command. This typically means the build failed at an early stage where we determine the build command.

Build Log

========================================
RunAll
========================================
Builder version: 5.1.0
Interrupt handler set up.
========================================
Checkout
========================================
Clone URL: https://github.com/Daltron/NotificationBanner.git
Reference: 4.0.0
Initialized empty Git repository in /Users/admin/builder/spi-builder-workspace/.git/
From https://github.com/Daltron/NotificationBanner
 * tag               4.0.0      -> FETCH_HEAD
HEAD is now at be52806 Update Dependencies for Privacy Manifest (#426)
Cloned https://github.com/Daltron/NotificationBanner.git
Revision (git rev-parse @):
be52806c3b95f9210955a8a94259d40f8a9e928d
SUCCESS checkout https://github.com/Daltron/NotificationBanner.git at 4.0.0
========================================
Build
========================================
Selected platform:         macosXcodebuild
Swift version:             6.4
Building package at path:  $PWD
https://github.com/Daltron/NotificationBanner.git
Command line invocation:
    /Applications/Xcode-27.0.0-Release.Candidate.app/Contents/Developer/usr/bin/xcodebuild -IDEClonedSourcePackagesDirPathOverride=/Users/admin/builder/spi-builder-workspace/.dependencies -resolvePackageDependencies
2026-09-21 16:40:37.980 xcodebuild[563:3064] Writing error result bundle to /var/folders/xq/y_g06wb113726d38xsyx71_h0000gn/T/ResultBundle_2026-21-09_16-40-0037.xcresult
xcodebuild: error: The directory /Users/admin/builder/spi-builder-workspace contains 2 projects, including multiple projects with the current extension (.xcodeproj). Specify the project to use with the -project option.
Command line invocation:
    /Applications/Xcode-27.0.0-Release.Candidate.app/Contents/Developer/usr/bin/xcodebuild -IDEClonedSourcePackagesDirPathOverride=/Users/admin/builder/spi-builder-workspace/.dependencies -resolvePackageDependencies
2026-09-21 16:40:39.061 xcodebuild[573:3144] Writing error result bundle to /var/folders/xq/y_g06wb113726d38xsyx71_h0000gn/T/ResultBundle_2026-21-09_16-40-0039.xcresult
xcodebuild: error: The directory /Users/admin/builder/spi-builder-workspace contains 2 projects, including multiple projects with the current extension (.xcodeproj). Specify the project to use with the -project option.
BUILD FAILURE 6.4 macosXcodebuild