Build Information
Failed to build Postmortem, reference main (563041), with Swift 6.2 for Android on 3 Oct 2026 06:57:30 UTC.
Build Command
bash -c docker run --pull=always --rm -v "checkouts-53886770-0":/host -w "$PWD" -e JAVA_HOME="/root/.sdkman/candidates/java/current" -e SPI_BUILD="1" -e SPI_PROCESSING="1" registry.gitlab.com/saguaro1/spi-images:android-6.2-latest swift build --swift-sdk aarch64-unknown-linux-android28 2>&1Build Log
========================================
RunAll
========================================
Builder version: 5.1.1
Interrupt handler set up.
========================================
Checkout
========================================
Clone URL: https://github.com/CreatureSurvive/Postmortem.git
Reference: main
Initialized empty Git repository in /host/spi-builder-workspace/.git/
hint: Using 'master' as the name for the initial branch. This default branch name
hint: is subject to change. To configure the initial branch name to use in all
hint: of your new repositories, which will suppress this warning, call:
hint:
hint: git config --global init.defaultBranch <name>
hint:
hint: Names commonly chosen instead of 'master' are 'main', 'trunk' and
hint: 'development'. The just-created branch can be renamed via this command:
hint:
hint: git branch -m <name>
From https://github.com/CreatureSurvive/Postmortem
* branch main -> FETCH_HEAD
* [new branch] main -> origin/main
HEAD is now at 563041a Sort diagnostics by period, render summary code spans, symbolicate rows; add README screenshots
Cloned https://github.com/CreatureSurvive/Postmortem.git
Revision (git rev-parse @):
563041a5988ca864efd2289eb8c49b67b27b7bca
SPI manifest file found: $PWD/.spi.yml
SUCCESS checkout https://github.com/CreatureSurvive/Postmortem.git at main
========================================
Build
========================================
Selected platform: android
Swift version: 6.2
Building package at path: $PWD
https://github.com/CreatureSurvive/Postmortem.git
Running build ...
bash -c docker run --pull=always --rm -v "checkouts-53886770-0":/host -w "$PWD" -e JAVA_HOME="/root/.sdkman/candidates/java/current" -e SPI_BUILD="1" -e SPI_PROCESSING="1" registry.gitlab.com/saguaro1/spi-images:android-6.2-latest swift build --swift-sdk aarch64-unknown-linux-android28 2>&1
android-6.2-latest: Pulling from saguaro1/spi-images
Digest: sha256:f47b2a33897778fb58ca39c1139e193fa7f391fa362fe0d23c00db9747030994
Status: Image is up to date for registry.gitlab.com/saguaro1/spi-images:android-6.2-latest
Building for debugging...
[0/2] Write sources
[1/2] Write swift-version--11D90AFD9DD3AB2.txt
[3/16] Compiling Postmortem Symbolicator.swift
/host/spi-builder-workspace/Sources/Postmortem/Diagnostics.swift:1:8: error: no such module 'CryptoKit'
1 | import CryptoKit
| `- error: no such module 'CryptoKit'
2 | import Foundation
3 |
[4/16] Compiling Postmortem DiagnosticDetailView.swift
/host/spi-builder-workspace/Sources/Postmortem/Diagnostics.swift:1:8: error: no such module 'CryptoKit'
1 | import CryptoKit
| `- error: no such module 'CryptoKit'
2 | import Foundation
3 |
[5/16] Compiling Postmortem MetricDetailView.swift
/host/spi-builder-workspace/Sources/Postmortem/Diagnostics.swift:1:8: error: no such module 'CryptoKit'
1 | import CryptoKit
| `- error: no such module 'CryptoKit'
2 | import Foundation
3 |
[6/17] Compiling Postmortem MetricValue.swift
/host/spi-builder-workspace/Sources/Postmortem/Diagnostics.swift:1:8: error: no such module 'CryptoKit'
1 | import CryptoKit
| `- error: no such module 'CryptoKit'
2 | import Foundation
3 |
[7/17] Compiling Postmortem Metrics.swift
/host/spi-builder-workspace/Sources/Postmortem/Diagnostics.swift:1:8: error: no such module 'CryptoKit'
1 | import CryptoKit
| `- error: no such module 'CryptoKit'
2 | import Foundation
3 |
[8/17] Compiling Postmortem ReportStore.swift
/host/spi-builder-workspace/Sources/Postmortem/Diagnostics.swift:1:8: error: no such module 'CryptoKit'
1 | import CryptoKit
| `- error: no such module 'CryptoKit'
2 | import Foundation
3 |
[9/17] Compiling Postmortem StackTrace.swift
/host/spi-builder-workspace/Sources/Postmortem/Diagnostics.swift:1:8: error: no such module 'CryptoKit'
1 | import CryptoKit
| `- error: no such module 'CryptoKit'
2 | import Foundation
3 |
[10/17] Compiling Postmortem Collector.swift
/host/spi-builder-workspace/Sources/Postmortem/Diagnostics.swift:1:8: error: no such module 'CryptoKit'
1 | import CryptoKit
| `- error: no such module 'CryptoKit'
2 | import Foundation
3 |
[11/17] Compiling Postmortem CrashExplanation.swift
/host/spi-builder-workspace/Sources/Postmortem/Diagnostics.swift:1:8: error: no such module 'CryptoKit'
1 | import CryptoKit
| `- error: no such module 'CryptoKit'
2 | import Foundation
3 |
error: emit-module command failed with exit code 1 (use -v to see invocation)
[12/17] Emitting module Postmortem
/host/spi-builder-workspace/Sources/Postmortem/Diagnostics.swift:1:8: error: no such module 'CryptoKit'
1 | import CryptoKit
| `- error: no such module 'CryptoKit'
2 | import Foundation
3 |
[13/17] Compiling Postmortem JSONParser.swift
/host/spi-builder-workspace/Sources/Postmortem/Diagnostics.swift:1:8: error: no such module 'CryptoKit'
1 | import CryptoKit
| `- error: no such module 'CryptoKit'
2 | import Foundation
3 |
[14/17] Compiling Postmortem JSONValue.swift
/host/spi-builder-workspace/Sources/Postmortem/Diagnostics.swift:1:8: error: no such module 'CryptoKit'
1 | import CryptoKit
| `- error: no such module 'CryptoKit'
2 | import Foundation
3 |
[15/17] Compiling Postmortem DiagnosticReport.swift
/host/spi-builder-workspace/Sources/Postmortem/Diagnostics.swift:1:8: error: no such module 'CryptoKit'
1 | import CryptoKit
| `- error: no such module 'CryptoKit'
2 | import Foundation
3 |
[16/17] Compiling Postmortem Diagnostics.swift
/host/spi-builder-workspace/Sources/Postmortem/Diagnostics.swift:1:8: error: no such module 'CryptoKit'
1 | import CryptoKit
| `- error: no such module 'CryptoKit'
2 | import Foundation
3 |
[17/17] Compiling Postmortem PostmortemView.swift
/host/spi-builder-workspace/Sources/Postmortem/Diagnostics.swift:1:8: error: no such module 'CryptoKit'
1 | import CryptoKit
| `- error: no such module 'CryptoKit'
2 | import Foundation
3 |
BUILD FAILURE 6.2 android