Build Information
Failed to build MenuellaFoodSafety, reference v2.1.0 (8ddc98), with Swift 6.3 for Android on 14 Oct 2026 19:58:38 UTC.
Build Command
bash -c docker run --pull=always --rm -v "checkouts-53886768-0":/host -w "$PWD" -e JAVA_HOME="/root/.sdkman/candidates/java/current" -e SPI_BUILD="1" -e SPI_PROCESSING="1" registry.gitlab.com/saguaro1/spi-images:android-6.3-latest swift build --swift-sdk aarch64-unknown-linux-android28 2>&1Build Log
========================================
RunAll
========================================
Builder version: 5.1.3
Interrupt handler set up.
========================================
Checkout
========================================
Clone URL: https://github.com/menuella/food-safety.git
Reference: v2.1.0
Initialized empty Git repository in /host/spi-builder-workspace/.git/
hint: Using 'master' as the name for the initial branch. This default branch name
hint: is subject to change. To configure the initial branch name to use in all
hint: of your new repositories, which will suppress this warning, call:
hint:
hint: git config --global init.defaultBranch <name>
hint:
hint: Names commonly chosen instead of 'master' are 'main', 'trunk' and
hint: 'development'. The just-created branch can be renamed via this command:
hint:
hint: git branch -m <name>
From https://github.com/menuella/food-safety
* tag v2.1.0 -> FETCH_HEAD
HEAD is now at 8ddc98b feat(i18n): 2.1.0 — 23 new languages, 50 in total (#27)
Cloned https://github.com/menuella/food-safety.git
Revision (git rev-parse @):
8ddc98b1ab59f383cd000b0bcf09fe873a6f314c
SUCCESS checkout https://github.com/menuella/food-safety.git at v2.1.0
========================================
Build
========================================
Selected platform: android
Swift version: 6.3
Building package at path: $PWD
https://github.com/menuella/food-safety.git
Running build ...
bash -c docker run --pull=always --rm -v "checkouts-53886768-0":/host -w "$PWD" -e JAVA_HOME="/root/.sdkman/candidates/java/current" -e SPI_BUILD="1" -e SPI_PROCESSING="1" registry.gitlab.com/saguaro1/spi-images:android-6.3-latest swift build --swift-sdk aarch64-unknown-linux-android28 2>&1
android-6.3-latest: Pulling from saguaro1/spi-images
Digest: sha256:ec170ed262d75c9e928493cd00a486dad2d4f04db1b55d884efec7db42d0226b
Status: Image is up to date for registry.gitlab.com/saguaro1/spi-images:android-6.3-latest
Building for debugging...
[0/4] Copying Info.plist
[1/4] Copying Data
[2/4] Write sources
[3/4] Write swift-version-272D24FF697CF451.txt
error: emit-module command failed with exit code 1 (use -v to see invocation)
[5/8] Compiling MenuellaFoodSafety resource_bundle_accessor.swift
[6/8] Compiling MenuellaFoodSafety Models.swift
[7/8] Emitting module MenuellaFoodSafety
/host/spi-builder-workspace/packages/swift/Sources/MenuellaFoodSafety/FoodSafety.swift:59:23: error: cannot call value of non-function type 'URL?'
57 | }
58 | return urls
59 | .map { $0.deletingPathExtension().lastPathComponent }
| `- error: cannot call value of non-function type 'URL?'
60 | .sorted()
61 | }()
[8/8] Compiling MenuellaFoodSafety FoodSafety.swift
/host/spi-builder-workspace/packages/swift/Sources/MenuellaFoodSafety/FoodSafety.swift:59:23: error: cannot call value of non-function type 'URL?'
57 | }
58 | return urls
59 | .map { $0.deletingPathExtension().lastPathComponent }
| `- error: cannot call value of non-function type 'URL?'
60 | .sorted()
61 | }()
BUILD FAILURE 6.3 android