The Swift Package Index logo.Swift Package Index

Build Information

Failed to build valkey-swift, reference main (8b9bfa), with Swift 6.3 for Android on 19 Oct 2026 09:43:26 UTC.

Build Command

bash -c docker run --pull=always --rm -v "checkouts-54344847-0":/host -w "$PWD" -e JAVA_HOME="/root/.sdkman/candidates/java/current" -e SPI_BUILD="1" -e SPI_PROCESSING="1" registry.gitlab.com/saguaro1/spi-images:android-6.3-latest swift build --swift-sdk aarch64-unknown-linux-android28 2>&1

Build Log

========================================
RunAll
========================================
Builder version: 5.1.3
Interrupt handler set up.
========================================
Checkout
========================================
Clone URL: https://github.com/valkey-io/valkey-swift.git
Reference: main
Initialized empty Git repository in /host/spi-builder-workspace/.git/
hint: Using 'master' as the name for the initial branch. This default branch name
hint: is subject to change. To configure the initial branch name to use in all
hint: of your new repositories, which will suppress this warning, call:
hint:
hint: 	git config --global init.defaultBranch <name>
hint:
hint: Names commonly chosen instead of 'master' are 'main', 'trunk' and
hint: 'development'. The just-created branch can be renamed via this command:
hint:
hint: 	git branch -m <name>
From https://github.com/valkey-io/valkey-swift
 * branch            main       -> FETCH_HEAD
 * [new branch]      main       -> origin/main
HEAD is now at 8b9bfad Add typed LATENCY LATEST events (#405)
Cloned https://github.com/valkey-io/valkey-swift.git
Revision (git rev-parse @):
8b9bfad1a8ff22bab0065c31e4df4ac101525134
SPI manifest file found: $PWD/.spi.yml
SUCCESS checkout https://github.com/valkey-io/valkey-swift.git at main
========================================
Build
========================================
Selected platform:         android
Swift version:             6.3
Building package at path:  $PWD
https://github.com/valkey-io/valkey-swift.git
Running build ...
bash -c docker run --pull=always --rm -v "checkouts-54344847-0":/host -w "$PWD" -e JAVA_HOME="/root/.sdkman/candidates/java/current" -e SPI_BUILD="1" -e SPI_PROCESSING="1" registry.gitlab.com/saguaro1/spi-images:android-6.3-latest swift build --swift-sdk aarch64-unknown-linux-android28 2>&1
android-6.3-latest: Pulling from saguaro1/spi-images
Digest: sha256:ec170ed262d75c9e928493cd00a486dad2d4f04db1b55d884efec7db42d0226b
Status: Image is up to date for registry.gitlab.com/saguaro1/spi-images:android-6.3-latest
Fetching https://github.com/apple/swift-nio-ssl.git
Fetching https://github.com/swift-server/swift-service-lifecycle.git
Fetching https://github.com/apple/swift-nio.git
Fetching https://github.com/apple/swift-distributed-tracing.git
Fetching https://github.com/apple/swift-nio-transport-services.git
Fetching https://github.com/apple/swift-configuration.git
[1/2867] Fetching swift-nio-transport-services
[374/6958] Fetching swift-nio-transport-services, swift-configuration
[5405/9838] Fetching swift-nio-transport-services, swift-configuration, swift-service-lifecycle
[7132/16500] Fetching swift-nio-transport-services, swift-configuration, swift-service-lifecycle, swift-distributed-tracing
[7133/33388] Fetching swift-nio-transport-services, swift-configuration, swift-service-lifecycle, swift-distributed-tracing, swift-nio-ssl
Fetched https://github.com/swift-server/swift-service-lifecycle.git from cache (0.66s)
Fetched https://github.com/apple/swift-nio-transport-services.git from cache (0.66s)
Fetched https://github.com/apple/swift-configuration.git from cache (0.66s)
[8689/23550] Fetching swift-distributed-tracing, swift-nio-ssl
Fetched https://github.com/apple/swift-distributed-tracing.git from cache (0.66s)
Fetching https://github.com/apple/swift-collections.git
Fetching https://github.com/apple/swift-log.git
Fetching https://github.com/apple/swift-atomics.git
[2196/16888] Fetching swift-nio-ssl
[16889/103452] Fetching swift-nio-ssl, swift-nio
[19486/105341] Fetching swift-nio-ssl, swift-nio, swift-atomics
Fetched https://github.com/apple/swift-atomics.git from cache (0.47s)
[27276/103452] Fetching swift-nio-ssl, swift-nio
Fetched https://github.com/apple/swift-nio-ssl.git from cache (1.30s)
[38954/86564] Fetching swift-nio
[86565/94869] Fetching swift-nio, swift-log
Fetched https://github.com/apple/swift-log.git from cache (1.60s)
[1/28904] Fetching swift-collections
Fetched https://github.com/apple/swift-collections.git from cache (2.43s)
Fetched https://github.com/apple/swift-nio.git from cache (3.32s)
Computing version for https://github.com/apple/swift-nio-transport-services.git
Computed https://github.com/apple/swift-nio-transport-services.git at 1.28.0 (3.48s)
Computing version for https://github.com/apple/swift-atomics.git
Computed https://github.com/apple/swift-atomics.git at 1.3.1 (0.16s)
Computing version for https://github.com/apple/swift-configuration.git
Computed https://github.com/apple/swift-configuration.git at 1.2.2 (0.78s)
Fetching https://github.com/apple/swift-system
[1/7331] Fetching swift-system
Fetched https://github.com/apple/swift-system from cache (0.66s)
Computing version for https://github.com/swift-server/swift-service-lifecycle.git
Computed https://github.com/swift-server/swift-service-lifecycle.git at 2.13.0 (0.80s)
Fetching https://github.com/apple/swift-async-algorithms.git
[1/6821] Fetching swift-async-algorithms
Fetched https://github.com/apple/swift-async-algorithms.git from cache (0.55s)
Computing version for https://github.com/apple/swift-log.git
Computed https://github.com/apple/swift-log.git at 1.16.1 (0.71s)
Computing version for https://github.com/apple/swift-async-algorithms.git
Computed https://github.com/apple/swift-async-algorithms.git at 1.1.7 (0.18s)
Computing version for https://github.com/apple/swift-collections.git
Computed https://github.com/apple/swift-collections.git at 1.7.3 (0.22s)
Computing version for https://github.com/apple/swift-distributed-tracing.git
Computed https://github.com/apple/swift-distributed-tracing.git at 1.7.2 (0.14s)
Computing version for https://github.com/apple/swift-system
Computed https://github.com/apple/swift-system at 1.8.1 (0.17s)
Computing version for https://github.com/apple/swift-nio.git
Computed https://github.com/apple/swift-nio.git at 2.104.0 (0.26s)
Computing version for https://github.com/apple/swift-nio-ssl.git
Computed https://github.com/apple/swift-nio-ssl.git at 2.37.5 (0.18s)
Creating working copy for https://github.com/apple/swift-log.git
Working copy of https://github.com/apple/swift-log.git resolved at 1.16.1
Creating working copy for https://github.com/apple/swift-nio.git
Working copy of https://github.com/apple/swift-nio.git resolved at 2.104.0
Creating working copy for https://github.com/apple/swift-async-algorithms.git
Working copy of https://github.com/apple/swift-async-algorithms.git resolved at 1.1.7
Creating working copy for https://github.com/apple/swift-distributed-tracing.git
Working copy of https://github.com/apple/swift-distributed-tracing.git resolved at 1.7.2
Creating working copy for https://github.com/apple/swift-configuration.git
Working copy of https://github.com/apple/swift-configuration.git resolved at 1.2.2
Creating working copy for https://github.com/apple/swift-nio-transport-services.git
Working copy of https://github.com/apple/swift-nio-transport-services.git resolved at 1.28.0
Creating working copy for https://github.com/apple/swift-collections.git
Working copy of https://github.com/apple/swift-collections.git resolved at 1.7.3
Creating working copy for https://github.com/apple/swift-atomics.git
Working copy of https://github.com/apple/swift-atomics.git resolved at 1.3.1
Creating working copy for https://github.com/apple/swift-nio-ssl.git
Working copy of https://github.com/apple/swift-nio-ssl.git resolved at 2.37.5
Creating working copy for https://github.com/swift-server/swift-service-lifecycle.git
Working copy of https://github.com/swift-server/swift-service-lifecycle.git resolved at 2.13.0
Creating working copy for https://github.com/apple/swift-system
Working copy of https://github.com/apple/swift-system resolved at 1.8.1
Building for debugging...
[0/510] Compiling CNIODarwin shim.c
[0/510] Copying valkey-search-commands.json
[0/510] Copying valkey-json-commands.json
[0/510] Copying valkey-commands.json
[0/510] Copying valkey-bloom-commands.json
[5/510] Compiling fiat_curve25519_adx_mul.S
[6/510] Write sources
[7/510] Compiling fiat_curve25519_adx_square.S
[8/510] Write sources
[20/510] Compiling _AtomicsShims.c
[20/510] Write sources
[44/510] Write swift-version-272D24FF697CF451.txt
[45/510] Compiling CNIOWindows shim.c
[46/510] Compiling CNIOWindows WSAStartup.c
[47/510] Compiling CSystem shims.c
[48/523] Compiling a_utctm.cc
[49/523] Compiling unicode.cc
[50/535] Compiling tasn_new.cc
[51/599] Compiling tls_record.cc
[52/607] Compiling tls_method.cc
[54/610] Emitting module SystemPackage
[55/615] Compiling InternalCollectionsUtilities Iterable+CopyContents.swift
[56/615] Compiling InternalCollectionsUtilities Iterable+Equality.swift
[57/615] Compiling InternalCollectionsUtilities LifetimeOverride.swift
[58/615] Compiling InternalCollectionsUtilities MutableRef.swift
[59/618] Compiling InternalCollectionsUtilities UnsafeMutablePointer+Extras.swift
[60/618] Compiling InternalCollectionsUtilities UnsafeMutableRawBufferPointer+Extras.swift
[61/618] Compiling InternalCollectionsUtilities UnsafePointer+Extras.swift
[62/618] Compiling _NIODataStructures PriorityQueue.swift
[63/618] Compiling Instrumentation MultiplexInstrument.swift
[64/618] Compiling SystemPackage SystemString.swift
[65/618] Compiling SystemPackage Util+StringArray.swift
[66/618] Compiling SystemPackage Util.swift
[67/618] Compiling SystemPackage UtilConsumers.swift
[68/618] Compiling SystemPackage WinSDK+Overlay.swift
[69/618] Compiling InternalCollectionsUtilities MutableSpan+Extras.swift
[70/618] Compiling InternalCollectionsUtilities OutputSpan+Extras.swift
[71/618] Compiling InternalCollectionsUtilities RandomAccessCollection+Offsets.swift
[72/618] Compiling InternalCollectionsUtilities Span+Extras.swift
[73/618] Compiling InternalCollectionsUtilities UnsafeRawBufferPointer+Extras.swift
[74/618] Compiling InternalCollectionsUtilities _SortedCollection.swift
[75/618] Compiling InternalCollectionsUtilities _UniqueCollection.swift
[76/618] Compiling Instrumentation InstrumentationContextKey.swift
[77/618] Emitting module Instrumentation
[78/618] Compiling InternalCollectionsUtilities String+Padding.swift
[79/618] Compiling InternalCollectionsUtilities TemporaryAllocation.swift
[80/618] Compiling InternalCollectionsUtilities _UnsafeBitSet+Index.swift
[83/618] Compiling Instrumentation NoOpInstrument.swift
[84/618] Compiling InternalCollectionsUtilities Strideable+LimitHelpers.swift
[88/618] Compiling InternalCollectionsUtilities _UnsafeBitSet+_Word.swift
[89/618] Compiling InternalCollectionsUtilities _UnsafeBitSet.swift
[90/618] Compiling InternalCollectionsUtilities UnsafeBufferPointer+Extras.swift
[91/618] Compiling InternalCollectionsUtilities UnsafeMutableBufferPointer+Extras.swift
[93/618] Compiling InternalCollectionsUtilities FixedWidthInteger+roundUpToPowerOfTwo.swift
[94/618] Compiling InternalCollectionsUtilities Integer rank.swift
[95/618] Compiling InternalCollectionsUtilities UInt+first and last set bit.swift
[96/618] Compiling InternalCollectionsUtilities UInt+reversed.swift
[97/618] Compiling ValkeyCommandsBuilder patch.swift
[98/618] Compiling Logging LoggingSystem.swift
[103/619] Emitting module _NIODataStructures
[104/619] Emitting module _NIOBase64
[105/619] Compiling _NIOBase64 Base64.swift
[106/619] Compiling ConcurrencyHelpers LockedValueBox.swift
[107/620] Compiling _NIODataStructures Heap.swift
[108/620] Compiling _NIODataStructures _TinyArray.swift
[109/621] Emitting module InternalCollectionsUtilities
[110/621] Compiling InternalCollectionsUtilities BorrowingIteratorProtocol+Equality.swift
[111/621] Compiling Logging Logger+With.swift
[112/621] Compiling Logging Logger.swift
[113/621] Compiling InternalCollectionsUtilities BorrowingIteratorProtocol+Extras.swift
[114/621] Compiling InternalCollectionsUtilities Debugging.swift
[115/621] Compiling InternalCollectionsUtilities Descriptions.swift
[116/622] Compiling Instrumentation InstrumentationContext.swift
[117/622] Compiling Instrumentation Instrument.swift
[121/622] Compiling Logging Logger+Attributes.swift
[123/622] Compiling CNIOWASI CNIOWASI.c
[124/622] Wrapping AST for _NIODataStructures for debugging
[125/626] Wrapping AST for _NIOBase64 for debugging
[127/633] Compiling SpanPreview MutableSpan+InputSpanHelpers.swift
[128/634] Compiling SpanPreview OutputSpan+InputSpanHelpers.swift
[129/635] Emitting module SpanPreview
[130/635] Compiling SpanPreview InputSpan.swift
[130/635] Wrapping AST for InternalCollectionsUtilities for debugging
[131/645] Compiling CNIOPosix event_loop_id.c
[133/676] Compiling CNIOOpenBSD shim.c
[134/684] Compiling CNIOLinux liburing_shims.c
[135/684] Compiling CNIOLinux shim.c
[136/685] Wrapping AST for SpanPreview for debugging
[137/713] Compiling CNIOFreeBSD shim.c
[139/726] Compiling DequeModule UniqueDeque+Consumption.swift
[140/726] Compiling DequeModule UniqueDeque+ContainerOperations.swift
[141/726] Compiling DequeModule UniqueDeque+Deprecations.swift
[142/726] Compiling DequeModule UniqueDeque+Descriptions.swift
[143/726] Compiling DequeModule UniqueDeque+Equatable.swift
[144/726] Compiling DequeModule UniqueDeque+Hashable.swift
[144/731] Compiling CNIOBoringSSLShims shims.c
[146/731] Compiling DequeModule RigidDeque+Descriptions.swift
[147/731] Compiling DequeModule RigidDeque+Equatable.swift
[148/731] Compiling DequeModule RigidDeque+Hashable.swift
[149/731] Compiling DequeModule RigidDeque+Initializers.swift
[150/731] Compiling DequeModule RigidDeque+Insertions.swift
[151/731] Compiling DequeModule RigidDeque+Iterable.swift
[152/731] Compiling DequeModule UniqueDeque+Iterable.swift
[153/731] Compiling DequeModule UniqueDeque+Prepend.swift
[154/731] Compiling DequeModule UniqueDeque+Removals.swift
[166/731] Compiling DequeModule UniqueDeque+Initializers.swift
[167/731] Compiling DequeModule UniqueDeque+Insertions.swift
[167/734] Compiling fiat_p256_adx_sqr.S
[168/738] Compiling fiat_p256_adx_mul.S
[175/738] Compiling DequeModule RigidDeque+Prepend.swift
[176/738] Compiling DequeModule RigidDeque+Removals.swift
[177/738] Compiling DequeModule RigidDeque+Replacements.swift
[178/738] Compiling DequeModule RigidDeque+Testing.swift
[179/738] Compiling DequeModule RigidDeque.swift
[180/738] Compiling DequeModule UniqueDeque+Append.swift
[181/738] Compiling DequeModule _DequeBuffer.swift
[182/738] Compiling DequeModule _DequeBufferHeader.swift
[183/738] Compiling DequeModule RigidDeque+Append.swift
[184/738] Compiling DequeModule RigidDeque+Consumption.swift
[185/738] Compiling DequeModule RigidDeque+ContainerOperations.swift
[186/738] Compiling DequeModule RigidDeque+Deprecations.swift
[187/738] Compiling DequeModule Deque+CustomReflectable.swift
[188/738] Compiling DequeModule Deque+Descriptions.swift
[189/738] Compiling DequeModule Deque+Equatable.swift
[190/738] Compiling DequeModule Deque+ExpressibleByArrayLiteral.swift
[203/738] Compiling DequeModule Deque+Codable.swift
[204/738] Compiling DequeModule Deque+Collection.swift
[209/738] Compiling DequeModule Deque+Extras.swift
[210/738] Compiling DequeModule Deque+Hashable.swift
[211/738] Compiling DequeModule Deque+Testing.swift
[212/738] Compiling DequeModule Deque._Storage.swift
[213/738] Compiling DequeModule Deque._UnsafeHandle.swift
[214/738] Compiling DequeModule Deque.swift
[224/738] Compiling DequeModule UniqueDeque+Replacements.swift
[225/738] Compiling DequeModule UniqueDeque.swift
[226/738] Compiling DequeModule _DequeSlot.swift
[227/738] Compiling DequeModule _UnsafeDequeHandle.swift
[228/738] Compiling DequeModule _UnsafeDequeSegments.swift
[229/738] Compiling OrderedCollections OrderedDictionary+Sendable.swift
[230/738] Compiling OrderedCollections OrderedDictionary+Sequence.swift
[231/738] Compiling OrderedCollections OrderedSet+Hashable.swift
[232/738] Compiling OrderedCollections OrderedSet+Initializers.swift
[233/738] Compiling OrderedCollections OrderedSet+Insertions.swift
[234/738] Compiling OrderedCollections OrderedSet+Invariants.swift
[235/738] Compiling OrderedCollections OrderedSet+Move.swift
[236/738] Compiling OrderedCollections OrderedSet+Partial MutableCollection.swift
[237/738] Compiling OrderedCollections OrderedSet+Partial RangeReplaceableCollection.swift
[238/738] Compiling OrderedCollections OrderedSet+Partial SetAlgebra formIntersection.swift
[239/738] Emitting module ConcurrencyHelpers
[240/738] Compiling ConcurrencyHelpers Lock.swift
[241/739] Compiling OrderedCollections OrderedSet+Sendable.swift
[242/739] Compiling OrderedCollections OrderedSet+SubSequence.swift
[243/739] Compiling OrderedCollections OrderedSet+Testing.swift
[244/739] Compiling OrderedCollections OrderedSet+UnorderedView.swift
[245/739] Compiling OrderedCollections OrderedSet+UnstableInternals.swift
[246/739] Compiling OrderedCollections OrderedSet.swift
[247/739] Compiling OrderedCollections _UnsafeBitset.swift
[269/739] Emitting module Logging
[270/739] Compiling Logging MetadataProvider.swift
[271/740] Emitting module OrderedCollections
[284/742] Compiling Instrumentation Locks.swift
[285/742] Compiling Instrumentation InstrumentationSystem.swift
[286/743] Compiling tls13_server.cc
[287/743] Wrapping AST for Logging for debugging
[289/746] Wrapping AST for OrderedCollections for debugging
[290/746] Wrapping AST for SystemPackage for debugging
[291/746] Wrapping AST for ConcurrencyHelpers for debugging
[292/748] Wrapping AST for Instrumentation for debugging
[294/748] Compiling ValkeyCommandsBuilder app.swift
[295/748] Compiling ValkeyCommandsBuilder resource_bundle_accessor.swift
[296/748] Emitting module ServiceContextModule
[297/748] Compiling ServiceContextModule ServiceContextModule.swift
[298/749] Emitting module UnixSignals
[300/749] Compiling UnixSignals UnixSignal.swift
[301/749] Compiling ValkeyCommandsBuilder ValkeyCommandsRender.swift
[302/749] Compiling UnixSignals UnixSignalsSequence.swift
[309/758] Emitting module ValkeyCommandsBuilder
[310/758] Compiling ValkeyCommandsBuilder SwiftString.swift
[311/758] Compiling ValkeyCommandsBuilder ValkeyCommandJSON.swift
[312/759] Wrapping AST for ValkeyCommandsBuilder for debugging
[314/759] Compiling Tracing TracingTime.swift
[315/760] Compiling Tracing TracerProtocol.swift
[315/760] Wrapping AST for UnixSignals for debugging
[316/760] Write Objects.LinkFileList
[318/760] Compiling Tracing NoOpTracer.swift
[319/760] Compiling Tracing InstrumentationSystem+Tracing.swift
[320/760] Emitting module Tracing
[320/760] Wrapping AST for ServiceContextModule for debugging
[322/760] Compiling Tracing WithTracer.swift
[323/760] Compiling Tracing Tracer.swift
[323/760] Linking ValkeyCommandsBuilder
[325/760] Compiling Tracing TracerProtocol+Legacy.swift
[325/760] Compiling tls13_enc.cc
[327/760] Emitting module DequeModule
[327/761] Compiling tls13_both.cc
[328/761] Compiling tls13_client.cc
[330/761] Compiling t1_enc.cc
[331/762] Wrapping AST for DequeModule for debugging
[333/799] Compiling Tracing SpanProtocol.swift
[334/805] Compiling ssl_x509.cc
[335/805] Wrapping AST for Tracing for debugging
[337/805] Compiling Configuration JSONSnapshot.swift
[338/805] Compiling Configuration PropertyListSnapshot.swift
[339/805] Compiling Configuration ReloadingFileProvider.swift
[340/805] Compiling Configuration ReloadingFileProviderMetrics.swift
[341/805] Compiling Configuration YAMLSnapshot.swift
[342/805] Compiling Configuration InMemoryProvider.swift
[343/805] Compiling Configuration Deprecations.swift
[344/805] Compiling Configuration ExpressibleByConfigInt.swift
[345/805] Compiling Configuration ExpressibleByConfigString.swift
[346/805] Compiling Configuration CLIKeyEncoder.swift
[347/805] Compiling Configuration ConfigKeyEncoder.swift
[348/805] Compiling Configuration DotSeparatorKeyDecoder.swift
[348/810] Compiling ssl_stat.cc
[349/810] Compiling ssl_versions.cc
[351/810] Compiling Configuration EnvironmentKeyEncoder.swift
[352/810] Compiling Configuration EnvironmentVariablesProvider.swift
[353/810] Compiling Configuration CommonProviderFileSystem.swift
[354/810] Compiling Configuration DirectoryFilesProvider.swift
[355/810] Compiling Configuration FileProvider.swift
[356/810] Compiling Configuration FileProviderSnapshot.swift
[356/810] Compiling ssl_privkey.cc
[357/810] Compiling ssl_transcript.cc
[358/810] Compiling ssl_session.cc
[359/810] Compiling ssl_key_share.cc
[360/810] Compiling ssl_lib.cc
[361/810] Compiling ssl_file.cc
[362/810] Compiling ssl_buffer.cc
[363/810] Compiling ssl_credential.cc
[364/810] Compiling ssl_cert.cc
[365/810] Compiling ssl_cipher.cc
[366/810] Compiling ssl_asn1.cc
[368/810] Compiling Configuration SeparatorKeyEncoder.swift
[369/810] Compiling Configuration MultiProvider.swift
[370/810] Compiling Configuration CLIArgumentParser.swift
[371/810] Compiling Configuration CLISnapshot.swift
[372/810] Compiling Configuration CommandLineArgumentsProvider.swift
[373/810] Compiling Configuration EnvironmentFileParser.swift
[374/810] Compiling Configuration CombineLatestManyStorage.swift
[375/810] Compiling Configuration AsyncSequences.swift
[376/810] Compiling Configuration FoundationExtensions.swift
[377/810] Compiling Configuration Span.swift
[378/810] Compiling Configuration ConfigBytesFromStringDecoder.swift
[378/810] Compiling ssl_aead_ctx.cc
[380/810] Compiling Configuration AccessReporter.swift
[381/810] Compiling Configuration AccessLogger.swift
[382/810] Compiling Configuration FileAccessLogger.swift
[383/810] Compiling Configuration ConfigContext.swift
[384/810] Compiling Configuration ConfigKey.swift
[385/810] Compiling Configuration ConfigProvider.swift
[386/810] Compiling Configuration MutableInMemoryProvider.swift
[387/810] Compiling Configuration ConfigProvider+Operators.swift
[388/810] Compiling Configuration KeyMappingProvider.swift
[389/810] Compiling Configuration SecretsSpecifier.swift
[390/810] Compiling Configuration AsyncCombineLatestManySequence.swift
[391/810] Compiling Configuration CombineLatestManyStateMachine.swift
[391/810] Compiling s3_pkt.cc
[393/810] Compiling Configuration ConfigProviderHelpers.swift
[393/810] Compiling s3_lib.cc
[395/810] Compiling Configuration ConfigReader+internalHelpers.swift
[396/810] Compiling Configuration ConfigReader+methods.swift
[397/810] Compiling Configuration ConfigReader.swift
[398/810] Compiling Configuration ConfigSnapshotReader+methods.swift
[399/810] Compiling Configuration ConfigSnapshotReader.swift
[400/810] Emitting module Configuration
[401/811] Compiling s3_both.cc
[402/811] Wrapping AST for Configuration for debugging
[403/811] Compiling handshake_client.cc
[404/811] Compiling handshake_server.cc
[405/811] Compiling handshake.cc
[406/811] Compiling handoff.cc
[407/811] Compiling encrypted_client_hello.cc
[408/811] Compiling extensions.cc
[409/811] Compiling dtls_record.cc
[410/811] Compiling dtls_method.cc
[410/811] Compiling md5-x86_64-linux.S
[412/811] Compiling md5-x86_64-apple.S
[413/811] Compiling md5-586-linux.S
[414/811] Compiling md5-586-apple.S
[415/811] Compiling chacha20_poly1305_x86_64-linux.S
[416/811] Compiling chacha20_poly1305_x86_64-apple.S
[417/811] Compiling d1_srtp.cc
[418/811] Compiling chacha20_poly1305_armv8-win.S
[419/811] Compiling chacha20_poly1305_armv8-apple.S
[420/811] Compiling chacha-x86_64-linux.S
[421/811] Compiling chacha20_poly1305_armv8-linux.S
[422/811] Compiling d1_pkt.cc
[423/811] Compiling chacha-x86_64-apple.S
[424/811] Compiling chacha-x86-linux.S
[425/811] Compiling chacha-x86-apple.S
[426/811] Compiling chacha-armv8-win.S
[427/811] Compiling chacha-armv8-apple.S
[428/811] Compiling chacha-armv4-linux.S
[429/811] Compiling aes128gcmsiv-x86_64-linux.S
[430/811] Compiling chacha-armv8-linux.S
[431/811] Compiling aes128gcmsiv-x86_64-apple.S
[432/811] Compiling x86_64-mont5-linux.S
[433/811] Compiling x86_64-mont5-apple.S
[434/811] Compiling x86_64-mont-linux.S
[435/811] Compiling x86_64-mont-apple.S
[436/811] Compiling x86-mont-linux.S
[437/811] Compiling x86-mont-apple.S
[438/811] Compiling vpaes-x86_64-linux.S
[439/811] Compiling vpaes-x86_64-apple.S
[440/811] Compiling vpaes-x86-linux.S
[441/811] Compiling vpaes-x86-apple.S
[442/811] Compiling err_data.cc
[443/811] Compiling vpaes-armv8-win.S
[444/811] Compiling vpaes-armv8-apple.S
[445/811] Compiling vpaes-armv8-linux.S
[446/811] Compiling vpaes-armv7-linux.S
[447/811] Compiling sha512-x86_64-linux.S
[448/811] Compiling sha512-x86_64-apple.S
[449/811] Compiling sha512-armv8-win.S
[450/811] Compiling d1_lib.cc
[451/811] Compiling sha512-armv8-apple.S
[452/811] Compiling sha512-armv4-linux.S
[453/811] Compiling sha512-586-linux.S
[454/811] Compiling sha512-armv8-linux.S
[455/811] Compiling sha512-586-apple.S
[456/811] Compiling sha256-x86_64-linux.S
[457/811] Compiling sha256-x86_64-apple.S
[458/811] Compiling sha256-armv8-win.S
[459/811] Compiling sha256-armv8-apple.S
[460/811] Compiling sha256-armv8-linux.S
[461/811] Compiling sha256-armv4-linux.S
[462/811] Compiling sha256-586-linux.S
[463/811] Compiling sha256-586-apple.S
[464/811] Compiling sha1-x86_64-linux.S
[465/811] Compiling sha1-x86_64-apple.S
[466/811] Compiling sha1-armv8-win.S
[467/811] Compiling sha1-armv8-apple.S
[468/811] Compiling sha1-armv4-large-linux.S
[469/811] Compiling sha1-586-linux.S
[469/811] Compiling sha1-armv8-linux.S
[471/811] Compiling sha1-586-apple.S
[472/811] Compiling rsaz-avx2-linux.S
[473/811] Compiling rsaz-avx2-apple.S
[474/811] Compiling rdrand-x86_64-linux.S
[475/811] Compiling rdrand-x86_64-apple.S
[476/811] Compiling p256_beeu-x86_64-asm-linux.S
[477/811] Compiling p256_beeu-x86_64-asm-apple.S
[478/811] Compiling p256_beeu-armv8-asm-win.S
[479/811] Compiling p256_beeu-armv8-asm-linux.S
[480/811] Compiling p256_beeu-armv8-asm-apple.S
[481/811] Compiling p256-x86_64-asm-linux.S
[482/811] Compiling p256-armv8-asm-win.S
[483/811] Compiling p256-x86_64-asm-apple.S
[484/811] Compiling ghashv8-armv8-win.S
[485/811] Compiling p256-armv8-asm-apple.S
[485/811] Compiling p256-armv8-asm-linux.S
[487/811] Compiling ghashv8-armv8-linux.S
[488/811] Compiling ghashv8-armv8-apple.S
[489/811] Compiling ghashv8-armv7-linux.S
[490/811] Compiling ghash-x86_64-linux.S
[491/811] Compiling ghash-x86_64-apple.S
[492/811] Compiling ghash-x86-linux.S
[493/811] Compiling ghash-x86-apple.S
[494/811] Compiling ghash-ssse3-x86_64-linux.S
[495/811] Compiling ghash-ssse3-x86_64-apple.S
[496/811] Compiling ghash-ssse3-x86-linux.S
[497/811] Compiling ghash-ssse3-x86-apple.S
[498/811] Compiling ghash-neon-armv8-win.S
[499/811] Compiling ghash-neon-armv8-linux.S
[500/811] Compiling ghash-neon-armv8-apple.S
[501/811] Compiling ghash-armv4-linux.S
[502/811] Compiling co-586-linux.S
[503/811] Compiling co-586-apple.S
[504/811] Compiling bsaes-armv7-linux.S
[505/811] Compiling bn-armv8-win.S
[506/811] Compiling bn-armv8-linux.S
[507/811] Compiling bn-armv8-apple.S
[508/811] Compiling bn-586-linux.S
[509/811] Compiling bn-586-apple.S
[509/811] Compiling bio_ssl.cc
[511/811] Compiling armv8-mont-win.S
[512/811] Compiling armv8-mont-apple.S
[513/811] Compiling armv4-mont-linux.S
[514/811] Compiling armv8-mont-linux.S
[515/811] Compiling aesv8-gcm-armv8-win.S
[516/811] Compiling aesv8-gcm-armv8-apple.S
[517/811] Compiling aesv8-armv8-win.S
[518/811] Compiling aesv8-gcm-armv8-linux.S
[519/811] Compiling aesv8-armv8-linux.S
[520/811] Compiling d1_both.cc
[521/811] Compiling aesv8-armv8-apple.S
[522/811] Compiling aesv8-armv7-linux.S
[523/811] Compiling aesni-x86_64-linux.S
[524/811] Compiling aesni-x86_64-apple.S
[525/811] Compiling aesni-x86-linux.S
[526/811] Compiling aesni-x86-apple.S
[527/811] Compiling aesni-gcm-x86_64-linux.S
[528/811] Compiling aesni-gcm-x86_64-apple.S
[529/811] Compiling aes-gcm-avx2-x86_64-linux.S
[530/811] Compiling aes-gcm-avx10-x86_64-linux.S
[531/811] Compiling aes-gcm-avx2-x86_64-apple.S
[532/811] Compiling aes-gcm-avx10-x86_64-apple.S
[533/811] Compiling x_sig.cc
[534/811] Compiling x_x509.cc
[535/811] Compiling x_x509a.cc
[536/811] Compiling x_spki.cc
[537/811] Compiling x_req.cc
[538/811] Compiling x_val.cc
[539/811] Compiling x_pubkey.cc
[540/811] Compiling x_name.cc
[541/811] Compiling x_exten.cc
[542/811] Compiling x509spki.cc
[543/811] Compiling x_algor.cc
[544/811] Compiling x_attrib.cc
[545/811] Compiling x_crl.cc
[546/811] Compiling x509rset.cc
[547/811] Compiling x_all.cc
[548/811] Compiling x509name.cc
[549/811] Compiling x509_txt.cc
[550/811] Compiling x509cset.cc
[551/811] Compiling x509_v3.cc
[552/811] Compiling x509_vpm.cc
[553/811] Compiling x509_trs.cc
[554/811] Compiling x509_vfy.cc
[555/811] Compiling x509_set.cc
[556/811] Compiling x509_req.cc
[557/811] Compiling x509_obj.cc
[558/811] Compiling x509_def.cc
[559/811] Compiling x509_d2.cc
[560/811] Compiling x509_ext.cc
[561/811] Compiling x509_lu.cc
[562/811] Compiling x509.cc
[563/811] Compiling x509_cmp.cc
[564/811] Compiling x509_att.cc
[565/811] Compiling v3_prn.cc
[566/811] Compiling v3_skey.cc
[567/811] Compiling v3_utl.cc
[568/811] Compiling v3_purp.cc
[569/811] Compiling v3_pmaps.cc
[570/811] Compiling v3_ocsp.cc
[571/811] Compiling v3_pcons.cc
[572/811] Compiling v3_ncons.cc
[573/811] Compiling v3_int.cc
[574/811] Compiling v3_lib.cc
[575/811] Compiling v3_ia5.cc
[576/811] Compiling v3_info.cc
[577/811] Compiling v3_genn.cc
[577/811] Compiling v3_enum.cc
[577/811] Compiling v3_extku.cc
[580/811] Compiling v3_crld.cc
[581/811] Compiling v3_cpols.cc
[582/811] Compiling v3_bcons.cc
[583/811] Compiling v3_akeya.cc
[583/811] Compiling v3_bitst.cc
[583/811] Compiling v3_conf.cc
[586/811] Compiling v3_akey.cc
[587/811] Compiling v3_alt.cc
[588/811] Compiling t_x509a.cc
[589/811] Compiling i2d_pr.cc
[590/811] Compiling t_crl.cc
[591/811] Compiling t_x509.cc
[592/811] Compiling name_print.cc
[593/811] Compiling t_req.cc
[594/811] Compiling rsa_pss.cc
[595/811] Compiling policy.cc
[596/811] Compiling by_file.cc
[597/811] Compiling by_dir.cc
[598/811] Compiling voprf.cc
[599/811] Compiling a_verify.cc
[600/811] Compiling a_sign.cc
[601/811] Compiling a_digest.cc
[601/811] Compiling algorithm.cc
[603/811] Compiling asn1_gen.cc
[604/811] Compiling trust_token.cc
[605/811] Compiling thread_win.cc
[606/811] Compiling thread.cc
[607/811] Compiling thread_none.cc
[608/811] Compiling thread_pthread.cc
[609/811] Compiling stack.cc
[610/811] Compiling pmbtoken.cc
[611/811] Compiling slhdsa.cc
[612/811] Compiling spake2plus.cc
[613/811] Compiling siphash.cc
[614/811] Compiling sha512.cc
[615/811] Compiling sha256.cc
[616/811] Compiling sha1.cc
[617/811] Compiling rsa_print.cc
[617/811] Compiling rsa_extra.cc
[619/811] Compiling rsa_crypt.cc
[620/811] Compiling rc4.cc
[621/811] Compiling refcount.cc
[622/811] Compiling windows.cc
[623/811] Compiling urandom.cc
[624/811] Compiling trusty.cc
[625/811] Compiling rand.cc
[626/811] Compiling rsa_asn1.cc
[627/811] Compiling passive.cc
[628/811] Compiling ios.cc
[629/811] Compiling poly1305_arm_asm.S
[630/811] Compiling getentropy.cc
[631/811] Compiling forkunsafe.cc
[632/811] Compiling deterministic.cc
[633/811] Compiling fork_detect.cc
[634/811] Compiling poly1305_vec.cc
[635/811] Compiling pool.cc
[636/811] Compiling poly1305_arm.cc
[637/811] Compiling poly1305.cc
[638/811] Compiling pkcs7.cc
[639/811] Compiling pkcs8.cc
[639/811] Compiling p5_pbev2.cc
[641/811] Compiling pkcs8_x509.cc
[642/811] Compiling pkcs7_x509.cc
[643/811] Compiling pem_xaux.cc
[644/811] Compiling pem_x509.cc
[645/811] Compiling pem_pkey.cc
[646/811] Compiling pem_pk8.cc
[647/811] Compiling pem_oth.cc
[648/811] Compiling pem_info.cc
[649/811] Compiling mlkem.cc
[650/811] Compiling pem_lib.cc
[651/811] Compiling pem_all.cc
[652/811] Compiling obj_xref.cc
[653/811] Compiling obj.cc
[654/811] Compiling poly_rq_mul.S
[655/811] Compiling mldsa.cc
[656/811] Compiling fips_shared_support.cc
[657/811] Compiling mem.cc
[658/811] Compiling md5.cc
[659/811] Compiling md4.cc
[660/811] Compiling lhash.cc
[661/811] Compiling kyber.cc
[662/811] Compiling ex_data.cc
[663/811] Compiling sign.cc
[664/811] Compiling hrss.cc
[665/811] Compiling scrypt.cc
[666/811] Compiling print.cc
[667/811] Compiling hpke.cc
[668/811] Compiling pbkdf.cc
[669/811] Compiling p_x25519.cc
[670/811] Compiling p_x25519_asn1.cc
[671/811] Compiling p_rsa_asn1.cc
[672/811] Compiling p_ed25519.cc
[673/811] Compiling p_rsa.cc
[674/811] Compiling p_hkdf.cc
[675/811] Compiling p_ed25519_asn1.cc
[676/811] Compiling p_ec_asn1.cc
[677/811] Compiling p_ec.cc
[678/811] Compiling p_dh_asn1.cc
[679/811] Compiling p_dh.cc
[680/811] Compiling evp_ctx.cc
[681/811] Compiling p_dsa_asn1.cc
[682/811] Compiling evp_asn1.cc
[683/811] Compiling err.cc
[684/811] Compiling evp.cc
[685/811] Compiling engine.cc
[686/811] Compiling ecdh.cc
[687/811] Compiling ecdsa_asn1.cc
[688/811] Compiling hash_to_curve.cc
[689/811] Compiling ec_derive.cc
[690/811] Compiling dsa.cc
[691/811] Compiling dsa_asn1.cc
[692/811] Compiling ec_asn1.cc
[693/811] Compiling params.cc
[694/811] Compiling bcm.cc
[695/811] Compiling x25519-asm-arm.S
[696/811] Compiling digest_extra.cc
[697/811] Compiling dh_asn1.cc
[698/811] Compiling des.cc
[699/811] Compiling curve25519_64_adx.cc
[700/811] Compiling cpu_intel.cc
[701/811] Compiling spake25519.cc
[702/811] Compiling crypto.cc
[703/811] Compiling cpu_arm_linux.cc
[704/811] Compiling cpu_aarch64_win.cc
[705/811] Compiling curve25519.cc
[706/811] Compiling cpu_arm_freebsd.cc
[707/811] Compiling cpu_aarch64_sysreg.cc
[708/811] Compiling cpu_aarch64_openbsd.cc
[709/811] Compiling cpu_aarch64_linux.cc
[710/811] Compiling cpu_aarch64_fuchsia.cc
[711/811] Compiling cpu_aarch64_apple.cc
[712/811] Compiling get_cipher.cc
[713/811] Compiling tls_cbc.cc
[714/811] Compiling conf.cc
[715/811] Compiling e_tls.cc
[716/811] Compiling e_rc4.cc
[717/811] Compiling e_rc2.cc
[718/811] Compiling e_null.cc
[719/811] Compiling e_des.cc
[720/811] Compiling e_chacha20poly1305.cc
[721/811] Compiling e_aesgcmsiv.cc
[722/811] Compiling e_aesctrhmac.cc
[723/811] Compiling derive_key.cc
[724/811] Compiling chacha.cc
[725/811] Compiling ber.cc
[726/811] Compiling buf.cc
[727/811] Compiling cbb.cc
[728/811] Compiling cbs.cc
[729/811] Compiling asn1_compat.cc
[730/811] Compiling convert.cc
[731/811] Compiling blake2.cc
[732/811] Compiling bn_asn1.cc
[733/811] Compiling socket_helper.cc
[734/811] Compiling printf.cc
[734/811] Compiling socket.cc
[736/811] Compiling pair.cc
[737/811] Compiling hexdump.cc
[738/811] Compiling file.cc
[739/811] Compiling fd.cc
[740/811] Compiling errno.cc
[741/811] Compiling bio_mem.cc
[742/811] Compiling connect.cc
[743/811] Compiling bio.cc
[744/811] Compiling base64.cc
[745/811] Compiling tasn_fre.cc
[746/811] Compiling tasn_typ.cc
[747/811] Compiling tasn_enc.cc
[748/811] Compiling tasn_utl.cc
[749/811] Compiling posix_time.cc
[750/811] Compiling f_string.cc
[751/811] Compiling f_int.cc
[752/811] Compiling asn_pack.cc
[753/811] Compiling asn1_par.cc
[753/811] Compiling tasn_dec.cc
[755/811] Compiling asn1_lib.cc
[756/811] Compiling a_type.cc
[757/811] Compiling a_time.cc
[758/811] Compiling a_octet.cc
[759/811] Compiling a_strnid.cc
[760/811] Compiling a_strex.cc
[761/811] Compiling a_mbstr.cc
[762/811] Compiling a_object.cc
[763/811] Compiling a_i2d_fp.cc
[764/811] Compiling a_dup.cc
[765/811] Write sources
[766/811] Compiling a_d2i_fp.cc
[767/811] Write sources
[767/811] Compiling a_int.cc
[769/836] Compiling a_gentm.cc
[770/882] Compiling a_bool.cc
[771/882] Compiling a_bitstr.cc
[773/882] Compiling AsyncAlgorithms AsyncCompactedSequence.swift
[774/882] Compiling AsyncAlgorithms AsyncExclusiveReductionsSequence.swift
[775/884] Compiling AsyncAlgorithms DebounceStorage.swift
[776/884] Compiling AsyncAlgorithms Dictionary.swift
[777/884] Compiling AsyncAlgorithms AsyncAdjacentPairsSequence.swift
[778/884] Compiling AsyncAlgorithms AsyncBufferedByteIterator.swift
[779/884] Compiling AsyncAlgorithms AsyncChain2Sequence.swift
[780/884] Compiling Atomics IntegerOperations.swift
[781/884] Compiling Atomics Unmanaged extensions.swift
[782/884] Emitting module AsyncAlgorithms
[786/891] Compiling AsyncAlgorithms AsyncChain3Sequence.swift
[787/891] Compiling AsyncAlgorithms AsyncChunkedByGroupSequence.swift
[788/891] Compiling AsyncAlgorithms AsyncChunkedOnProjectionSequence.swift
[789/891] Compiling AsyncAlgorithms AsyncChunksOfCountOrSignalSequence.swift
[790/891] Compiling AsyncAlgorithms AsyncChunksOfCountSequence.swift
[791/891] Compiling AsyncAlgorithms UnboundedBufferStateMachine.swift
[792/891] Compiling AsyncAlgorithms UnboundedBufferStorage.swift
[793/891] Compiling AsyncAlgorithms AsyncChannel.swift
[794/891] Compiling AsyncAlgorithms AsyncThrowingChannel.swift
[795/891] Compiling AsyncAlgorithms ChannelStateMachine.swift
[796/891] Compiling AsyncAlgorithms ChannelStorage.swift
[797/891] Compiling AsyncAlgorithms AsyncCombineLatest2Sequence.swift
[797/891] Compiling c-nioatomics.c
[799/891] Compiling AsyncAlgorithms AsyncFlatMapLatestSequence.swift
[800/891] Compiling AsyncAlgorithms FlatMapLatestStateMachine.swift
[801/891] Compiling AsyncAlgorithms FlatMapLatestStorage.swift
[802/891] Compiling AsyncAlgorithms Disconnected.swift
[803/891] Compiling AsyncAlgorithms _TinyArray.swift
[804/891] Compiling AsyncAlgorithms AsyncInterspersedSequence.swift
[805/891] Compiling AsyncAlgorithms Locking.swift
[806/891] Emitting module Atomics
[810/891] Compiling AsyncAlgorithms CombineLatestStateMachine.swift
[811/891] Compiling AsyncAlgorithms CombineLatestStorage.swift
[814/891] Compiling AsyncAlgorithms AsyncCombineLatest3Sequence.swift
[815/891] Compiling AsyncAlgorithms AsyncDebounceSequence.swift
[816/891] Compiling AsyncAlgorithms DebounceStateMachine.swift
[818/892] Compiling AsyncAlgorithms AsyncSyncSequence.swift
[819/892] Compiling AsyncAlgorithms AsyncThrottleSequence.swift
[820/892] Compiling AsyncAlgorithms AsyncThrowingExclusiveReductionsSequence.swift
[821/892] Compiling AsyncAlgorithms AsyncThrowingInclusiveReductionsSequence.swift
[822/892] Compiling AsyncAlgorithms AsyncTimerSequence.swift
[823/892] Compiling AsyncAlgorithms AsyncBufferSequence.swift
[824/892] Compiling AsyncAlgorithms BoundedBufferStateMachine.swift
[825/892] Compiling AsyncAlgorithms BoundedBufferStorage.swift
[837/892] Compiling AsyncAlgorithms AsyncJoinedSequence.swift
[838/892] Compiling AsyncAlgorithms AsyncMapErrorSequence.swift
[839/892] Compiling AsyncAlgorithms AsyncRemoveDuplicatesSequence.swift
[840/892] Compiling AsyncAlgorithms AsyncShareSequence.swift
[840/892] Compiling c-atomics.c
[841/892] Wrapping AST for Atomics for debugging
[843/914] Compiling AsyncAlgorithms Rethrow.swift
[844/914] Compiling AsyncAlgorithms SetAlgebra.swift
[845/914] Compiling AsyncAlgorithms UnsafeTransfer.swift
[846/914] Compiling AsyncAlgorithms AsyncZip2Sequence.swift
[847/914] Compiling AsyncAlgorithms AsyncZip3Sequence.swift
[848/914] Compiling AsyncAlgorithms ZipStateMachine.swift
[849/914] Compiling AsyncAlgorithms ZipStorage.swift
[850/914] Compiling _ValkeyConnectionPool ConnectionPoolObservabilityDelegate.swift
[851/914] Compiling _ValkeyConnectionPool ConnectionRequest.swift
[852/915] Compiling NIOConcurrencyHelpers NIOLock.swift
[853/915] Compiling NIOConcurrencyHelpers lock.swift
[854/915] Compiling NIOConcurrencyHelpers NIOAtomic.swift
[855/915] Compiling _ValkeyConnectionPool PoolStateMachine+RequestQueue.swift
/host/spi-builder-workspace/Sources/ValkeyConnectionPool/PoolStateMachine.swift:904:48: error: cannot find 'pow' in scope
902 |
903 |         let start = Double(100_000_000)
904 |         let backoffNanosecondsDouble = start * pow(1.25, Double(attempts - 1))
    |                                                `- error: cannot find 'pow' in scope
905 |
906 |         // Cap to 60s _before_ we convert to Int64, to avoid trapping in the Int64 initializer.
/host/spi-builder-workspace/Sources/ValkeyConnectionPool/PoolStateMachine.swift:914:74: error: referencing instance method 'randomElement()' on 'ClosedRange' requires that 'Float16' conform to 'SignedInteger'
912 |         let jitterRange = (backoffNanoseconds / 100) * 3
913 |         // Pick a random element from the range +/- jitter range.
914 |         let jitter: Duration = .nanoseconds((-jitterRange...jitterRange).randomElement()!)
    |                                                                          `- error: referencing instance method 'randomElement()' on 'ClosedRange' requires that 'Float16' conform to 'SignedInteger'
915 |         let jitteredBackoff = backoff + jitter
916 |         return jitteredBackoff
Swift.ClosedRange:1:11: note: requirement from conditional conformance of 'ClosedRange<Float16>' to 'Collection'
 1 | extension ClosedRange : Collection, BidirectionalCollection, RandomAccessCollection where Bound : Strideable, Bound.Stride : SignedInteger {
   |           `- note: requirement from conditional conformance of 'ClosedRange<Float16>' to 'Collection'
 2 |     public typealias SubSequence = Slice<ClosedRange<Bound>>
 3 |     @inlinable public var startIndex: ClosedRange<Bound>.Index { get }
[856/915] Emitting module NIOConcurrencyHelpers
[857/915] Compiling _ValkeyConnectionPool PoolStateMachine.swift
/host/spi-builder-workspace/Sources/ValkeyConnectionPool/PoolStateMachine.swift:904:48: error: cannot find 'pow' in scope
902 |
903 |         let start = Double(100_000_000)
904 |         let backoffNanosecondsDouble = start * pow(1.25, Double(attempts - 1))
    |                                                `- error: cannot find 'pow' in scope
905 |
906 |         // Cap to 60s _before_ we convert to Int64, to avoid trapping in the Int64 initializer.
/host/spi-builder-workspace/Sources/ValkeyConnectionPool/PoolStateMachine.swift:914:74: error: referencing instance method 'randomElement()' on 'ClosedRange' requires that 'Float16' conform to 'SignedInteger'
912 |         let jitterRange = (backoffNanoseconds / 100) * 3
913 |         // Pick a random element from the range +/- jitter range.
914 |         let jitter: Duration = .nanoseconds((-jitterRange...jitterRange).randomElement()!)
    |                                                                          `- error: referencing instance method 'randomElement()' on 'ClosedRange' requires that 'Float16' conform to 'SignedInteger'
915 |         let jitteredBackoff = backoff + jitter
916 |         return jitteredBackoff
Swift.ClosedRange:1:11: note: requirement from conditional conformance of 'ClosedRange<Float16>' to 'Collection'
 1 | extension ClosedRange : Collection, BidirectionalCollection, RandomAccessCollection where Bound : Strideable, Bound.Stride : SignedInteger {
   |           `- note: requirement from conditional conformance of 'ClosedRange<Float16>' to 'Collection'
 2 |     public typealias SubSequence = Slice<ClosedRange<Bound>>
 3 |     @inlinable public var startIndex: ClosedRange<Bound>.Index { get }
[858/915] Compiling NIOConcurrencyHelpers NIOLockedValueBox.swift
[859/915] Compiling NIOConcurrencyHelpers atomics.swift
[860/915] Compiling NIOConcurrencyHelpers NIOThreadPoolWorkAvailable.swift
[861/916] Compiling _ValkeyConnectionPool TinyFastSequence.swift
[863/916] Compiling AsyncAlgorithms AsyncMerge2Sequence.swift
[864/916] Compiling AsyncAlgorithms AsyncMerge3Sequence.swift
[865/916] Compiling AsyncAlgorithms MergeStateMachine.swift
[866/916] Compiling AsyncAlgorithms MergeStorage.swift
[867/916] Compiling AsyncAlgorithms MultiProducerSingleConsumerAsyncChannel+Internal.swift
[868/916] Compiling AsyncAlgorithms MultiProducerSingleConsumerAsyncChannel.swift
[869/916] Compiling AsyncAlgorithms RangeReplaceableCollection.swift
[869/917] Wrapping AST for NIOConcurrencyHelpers for debugging
[871/918] Wrapping AST for AsyncAlgorithms for debugging
[873/990] Compiling ServiceLifecycle ServiceGroupConfiguration.swift
[874/991] Compiling ServiceLifecycle CancellationWaiter.swift
[875/991] Compiling NIOCore AddressedEnvelope.swift
[876/991] Compiling NIOCore AsyncAwaitSupport.swift
[879/991] Emitting module _ValkeyConnectionPool
[880/991] Compiling NIOCore AsyncChannelInboundStream.swift
[881/991] Compiling NIOCore AsyncChannelOutboundWriter.swift
[882/991] Emitting module ServiceLifecycle
[883/991] Compiling ServiceLifecycle ServiceRunnerError.swift
[884/991] Compiling ServiceLifecycle ClosureService.swift
[885/991] Compiling NIOCore NIOCoreSendableMetatype.swift
[886/991] Compiling NIOCore NIODecodedAsyncSequence.swift
[887/991] Compiling NIOCore NIOLoopBound.swift
[888/991] Compiling NIOCore NIOPooledRecvBufferAllocator.swift
[889/991] Compiling NIOCore NIOScheduledCallback.swift
[890/991] Compiling NIOCore NIOSendable.swift
[891/991] Compiling NIOCore NIOSplitLinesMessageDecoder.swift
[892/991] Compiling NIOCore NIOTransportAccessibleChannelCore.swift
[893/991] Compiling NIOCore RecvByteBufferAllocator.swift
[894/999] Compiling ServiceLifecycle Service.swift
[895/999] Compiling ServiceLifecycle ServiceGroup.swift
[896/999] Compiling ServiceLifecycle GracefulShutdown.swift
[898/1000] Compiling NIOCore Channel.swift
[899/1000] Compiling NIOCore ChannelHandler.swift
[900/1000] Compiling NIOCore ByteBuffer-quicBinaryEncodingStrategy.swift
[901/1000] Compiling NIOCore ByteBuffer-views.swift
[902/1000] Compiling NIOCore NIOAsyncWriter.swift
[903/1000] Compiling NIOCore ByteBuffer-multi-int.swift
[903/1000] Wrapping AST for ServiceLifecycle for debugging
BUILD FAILURE 6.3 android