Build Information
Failed to build NumericSwift, reference main (57c800), with Swift 6.2 for Wasm on 9 Jul 2026 18:06:56 UTC.
Build Command
bash -c docker run --pull=always --rm -v "checkouts-53886770-0":/host -w "$PWD" -e JAVA_HOME="/root/.sdkman/candidates/java/current" -e SPI_BUILD="1" -e SPI_PROCESSING="1" registry.gitlab.com/saguaro1/spi-images:wasm-6.2-latest swift build --swift-sdk swift-6.2-RELEASE_wasm 2>&1Build Log
========================================
RunAll
========================================
Builder version: 0e64495ecc1688c3b3e031a5ef1348b5c05091ae
Interrupt handler set up.
========================================
Checkout
========================================
Clone URL: https://github.com/ChrisGVE/NumericSwift.git
Reference: main
Initialized empty Git repository in /host/spi-builder-workspace/.git/
hint: Using 'master' as the name for the initial branch. This default branch name
hint: is subject to change. To configure the initial branch name to use in all
hint: of your new repositories, which will suppress this warning, call:
hint:
hint: git config --global init.defaultBranch <name>
hint:
hint: Names commonly chosen instead of 'master' are 'main', 'trunk' and
hint: 'development'. The just-created branch can be renamed via this command:
hint:
hint: git branch -m <name>
From https://github.com/ChrisGVE/NumericSwift
* branch main -> FETCH_HEAD
* [new branch] main -> origin/main
HEAD is now at 57c8005 chore: gitignore private/local-only working docs
Cloned https://github.com/ChrisGVE/NumericSwift.git
Revision (git rev-parse @):
57c8005fc31dabec8fec37c3b6e637d14fb4e63d
SPI manifest file found: $PWD/.spi.yml
SUCCESS checkout https://github.com/ChrisGVE/NumericSwift.git at main
========================================
Build
========================================
Selected platform: wasm
Swift version: 6.2
Building package at path: $PWD
https://github.com/ChrisGVE/NumericSwift.git
Running build ...
bash -c docker run --pull=always --rm -v "checkouts-53886770-0":/host -w "$PWD" -e JAVA_HOME="/root/.sdkman/candidates/java/current" -e SPI_BUILD="1" -e SPI_PROCESSING="1" registry.gitlab.com/saguaro1/spi-images:wasm-6.2-latest swift build --swift-sdk swift-6.2-RELEASE_wasm 2>&1
wasm-6.2-latest: Pulling from saguaro1/spi-images
Digest: sha256:dc8dffc38f1d92eca7ee5312617822470123661393ed20672e77964f9dcaaffb
Status: Image is up to date for registry.gitlab.com/saguaro1/spi-images:wasm-6.2-latest
Fetching https://github.com/apple/swift-docc-plugin
[1/2325] Fetching swift-docc-plugin
Fetched https://github.com/apple/swift-docc-plugin from cache (0.51s)
Computing version for https://github.com/apple/swift-docc-plugin
Computed https://github.com/apple/swift-docc-plugin at 1.5.0 (0.69s)
Fetching https://github.com/swiftlang/swift-docc-symbolkit
[1/3750] Fetching swift-docc-symbolkit
Fetched https://github.com/swiftlang/swift-docc-symbolkit from cache (0.59s)
Computing version for https://github.com/swiftlang/swift-docc-symbolkit
Computed https://github.com/swiftlang/swift-docc-symbolkit at 1.0.0 (0.79s)
Creating working copy for https://github.com/apple/swift-docc-plugin
Working copy of https://github.com/apple/swift-docc-plugin resolved at 1.5.0
Creating working copy for https://github.com/swiftlang/swift-docc-symbolkit
Working copy of https://github.com/swiftlang/swift-docc-symbolkit resolved at 1.0.0
[1/1] Compiling plugin Swift-DocC Preview
[2/2] Compiling plugin Swift-DocC
Building for debugging...
[2/15] Write sources
[6/15] Write swift-version-24593BA9C3E375BF.txt
error: emit-module command failed with exit code 1 (use -v to see invocation)
[8/68] Emitting module NumericSwift
/host/spi-builder-workspace/Sources/NumericSwift/Cluster.swift:11:8: error: no such module 'Accelerate'
9 |
10 | import Foundation
11 | import Accelerate
| `- error: no such module 'Accelerate'
12 |
13 | // MARK: - Result Types (public, top-level)
[9/75] Compiling NumericSwift NumericDiagnostic.swift
/host/spi-builder-workspace/Sources/NumericSwift/Cluster.swift:11:8: error: no such module 'Accelerate'
9 |
10 | import Foundation
11 | import Accelerate
| `- error: no such module 'Accelerate'
12 |
13 | // MARK: - Result Types (public, top-level)
[10/75] Compiling NumericSwift NumericDispatch+BinaryOps.swift
/host/spi-builder-workspace/Sources/NumericSwift/Cluster.swift:11:8: error: no such module 'Accelerate'
9 |
10 | import Foundation
11 | import Accelerate
| `- error: no such module 'Accelerate'
12 |
13 | // MARK: - Result Types (public, top-level)
[11/75] Compiling NumericSwift NumericDispatch+CoercionLattice.swift
/host/spi-builder-workspace/Sources/NumericSwift/Cluster.swift:11:8: error: no such module 'Accelerate'
9 |
10 | import Foundation
11 | import Accelerate
| `- error: no such module 'Accelerate'
12 |
13 | // MARK: - Result Types (public, top-level)
[12/75] Compiling NumericSwift NumericDispatch+ComplexMatrixArithmetic.swift
/host/spi-builder-workspace/Sources/NumericSwift/Cluster.swift:11:8: error: no such module 'Accelerate'
9 |
10 | import Foundation
11 | import Accelerate
| `- error: no such module 'Accelerate'
12 |
13 | // MARK: - Result Types (public, top-level)
[13/75] Compiling NumericSwift NumericDispatch+ComplexMatrixFunctions.swift
/host/spi-builder-workspace/Sources/NumericSwift/Cluster.swift:11:8: error: no such module 'Accelerate'
9 |
10 | import Foundation
11 | import Accelerate
| `- error: no such module 'Accelerate'
12 |
13 | // MARK: - Result Types (public, top-level)
[14/75] Compiling NumericSwift NumericDispatch+ComplexMatrixHelpers.swift
/host/spi-builder-workspace/Sources/NumericSwift/Cluster.swift:11:8: error: no such module 'Accelerate'
9 |
10 | import Foundation
11 | import Accelerate
| `- error: no such module 'Accelerate'
12 |
13 | // MARK: - Result Types (public, top-level)
[15/75] Compiling NumericSwift NumericDispatch+FunctionDispatchers.swift
/host/spi-builder-workspace/Sources/NumericSwift/Cluster.swift:11:8: error: no such module 'Accelerate'
9 |
10 | import Foundation
11 | import Accelerate
| `- error: no such module 'Accelerate'
12 |
13 | // MARK: - Result Types (public, top-level)
[16/75] Compiling NumericSwift LinAlg+Expm.swift
/host/spi-builder-workspace/Sources/NumericSwift/Cluster.swift:11:8: error: no such module 'Accelerate'
9 |
10 | import Foundation
11 | import Accelerate
| `- error: no such module 'Accelerate'
12 |
13 | // MARK: - Result Types (public, top-level)
[17/75] Compiling NumericSwift LinAlg+Internal.swift
/host/spi-builder-workspace/Sources/NumericSwift/Cluster.swift:11:8: error: no such module 'Accelerate'
9 |
10 | import Foundation
11 | import Accelerate
| `- error: no such module 'Accelerate'
12 |
13 | // MARK: - Result Types (public, top-level)
[18/75] Compiling NumericSwift LinAlg+Matrix.swift
/host/spi-builder-workspace/Sources/NumericSwift/Cluster.swift:11:8: error: no such module 'Accelerate'
9 |
10 | import Foundation
11 | import Accelerate
| `- error: no such module 'Accelerate'
12 |
13 | // MARK: - Result Types (public, top-level)
[19/75] Compiling NumericSwift LinAlg+MatrixFunctions.swift
/host/spi-builder-workspace/Sources/NumericSwift/Cluster.swift:11:8: error: no such module 'Accelerate'
9 |
10 | import Foundation
11 | import Accelerate
| `- error: no such module 'Accelerate'
12 |
13 | // MARK: - Result Types (public, top-level)
[20/75] Compiling NumericSwift LinAlg+Properties.swift
/host/spi-builder-workspace/Sources/NumericSwift/Cluster.swift:11:8: error: no such module 'Accelerate'
9 |
10 | import Foundation
11 | import Accelerate
| `- error: no such module 'Accelerate'
12 |
13 | // MARK: - Result Types (public, top-level)
[21/75] Compiling NumericSwift LinAlg+Solvers.swift
/host/spi-builder-workspace/Sources/NumericSwift/Cluster.swift:11:8: error: no such module 'Accelerate'
9 |
10 | import Foundation
11 | import Accelerate
| `- error: no such module 'Accelerate'
12 |
13 | // MARK: - Result Types (public, top-level)
[22/75] Compiling NumericSwift LinAlg.swift
/host/spi-builder-workspace/Sources/NumericSwift/Cluster.swift:11:8: error: no such module 'Accelerate'
9 |
10 | import Foundation
11 | import Accelerate
| `- error: no such module 'Accelerate'
12 |
13 | // MARK: - Result Types (public, top-level)
[23/75] Compiling NumericSwift MathExpr.swift
/host/spi-builder-workspace/Sources/NumericSwift/Cluster.swift:11:8: error: no such module 'Accelerate'
9 |
10 | import Foundation
11 | import Accelerate
| `- error: no such module 'Accelerate'
12 |
13 | // MARK: - Result Types (public, top-level)
[24/75] Compiling NumericSwift NumericDispatch+FunctionRegistry.swift
/host/spi-builder-workspace/Sources/NumericSwift/Cluster.swift:11:8: error: no such module 'Accelerate'
9 |
10 | import Foundation
11 | import Accelerate
| `- error: no such module 'Accelerate'
12 |
13 | // MARK: - Result Types (public, top-level)
[25/75] Compiling NumericSwift NumericDispatch+MatrixPower.swift
/host/spi-builder-workspace/Sources/NumericSwift/Cluster.swift:11:8: error: no such module 'Accelerate'
9 |
10 | import Foundation
11 | import Accelerate
| `- error: no such module 'Accelerate'
12 |
13 | // MARK: - Result Types (public, top-level)
[26/75] Compiling NumericSwift NumericDispatch+UnaryFunctions.swift
/host/spi-builder-workspace/Sources/NumericSwift/Cluster.swift:11:8: error: no such module 'Accelerate'
9 |
10 | import Foundation
11 | import Accelerate
| `- error: no such module 'Accelerate'
12 |
13 | // MARK: - Result Types (public, top-level)
[27/75] Compiling NumericSwift NumericDispatch.swift
/host/spi-builder-workspace/Sources/NumericSwift/Cluster.swift:11:8: error: no such module 'Accelerate'
9 |
10 | import Foundation
11 | import Accelerate
| `- error: no such module 'Accelerate'
12 |
13 | // MARK: - Result Types (public, top-level)
[28/75] Compiling NumericSwift NumericValue+Accessors.swift
/host/spi-builder-workspace/Sources/NumericSwift/Cluster.swift:11:8: error: no such module 'Accelerate'
9 |
10 | import Foundation
11 | import Accelerate
| `- error: no such module 'Accelerate'
12 |
13 | // MARK: - Result Types (public, top-level)
[29/75] Compiling NumericSwift NumericValue+Equality.swift
/host/spi-builder-workspace/Sources/NumericSwift/Cluster.swift:11:8: error: no such module 'Accelerate'
9 |
10 | import Foundation
11 | import Accelerate
| `- error: no such module 'Accelerate'
12 |
13 | // MARK: - Result Types (public, top-level)
[30/75] Compiling NumericSwift NumericValue.swift
/host/spi-builder-workspace/Sources/NumericSwift/Cluster.swift:11:8: error: no such module 'Accelerate'
9 |
10 | import Foundation
11 | import Accelerate
| `- error: no such module 'Accelerate'
12 |
13 | // MARK: - Result Types (public, top-level)
[31/75] Compiling NumericSwift Optimization.swift
/host/spi-builder-workspace/Sources/NumericSwift/Cluster.swift:11:8: error: no such module 'Accelerate'
9 |
10 | import Foundation
11 | import Accelerate
| `- error: no such module 'Accelerate'
12 |
13 | // MARK: - Result Types (public, top-level)
[32/75] Compiling NumericSwift PlotSwiftIntegration.swift
/host/spi-builder-workspace/Sources/NumericSwift/Cluster.swift:11:8: error: no such module 'Accelerate'
9 |
10 | import Foundation
11 | import Accelerate
| `- error: no such module 'Accelerate'
12 |
13 | // MARK: - Result Types (public, top-level)
[33/75] Compiling NumericSwift Regression.swift
/host/spi-builder-workspace/Sources/NumericSwift/Cluster.swift:11:8: error: no such module 'Accelerate'
9 |
10 | import Foundation
11 | import Accelerate
| `- error: no such module 'Accelerate'
12 |
13 | // MARK: - Result Types (public, top-level)
[34/75] Compiling NumericSwift SeededRNG.swift
/host/spi-builder-workspace/Sources/NumericSwift/Cluster.swift:11:8: error: no such module 'Accelerate'
9 |
10 | import Foundation
11 | import Accelerate
| `- error: no such module 'Accelerate'
12 |
13 | // MARK: - Result Types (public, top-level)
[35/75] Compiling NumericSwift Series.swift
/host/spi-builder-workspace/Sources/NumericSwift/Cluster.swift:11:8: error: no such module 'Accelerate'
9 |
10 | import Foundation
11 | import Accelerate
| `- error: no such module 'Accelerate'
12 |
13 | // MARK: - Result Types (public, top-level)
[36/75] Compiling NumericSwift Sparse.swift
/host/spi-builder-workspace/Sources/NumericSwift/Cluster.swift:11:8: error: no such module 'Accelerate'
9 |
10 | import Foundation
11 | import Accelerate
| `- error: no such module 'Accelerate'
12 |
13 | // MARK: - Result Types (public, top-level)
[37/75] Compiling NumericSwift Spatial.swift
/host/spi-builder-workspace/Sources/NumericSwift/Cluster.swift:11:8: error: no such module 'Accelerate'
9 |
10 | import Foundation
11 | import Accelerate
| `- error: no such module 'Accelerate'
12 |
13 | // MARK: - Result Types (public, top-level)
[38/75] Compiling NumericSwift Integration.swift
/host/spi-builder-workspace/Sources/NumericSwift/Cluster.swift:11:8: error: no such module 'Accelerate'
9 |
10 | import Foundation
11 | import Accelerate
| `- error: no such module 'Accelerate'
12 |
13 | // MARK: - Result Types (public, top-level)
[39/75] Compiling NumericSwift IntegrationStiff.swift
/host/spi-builder-workspace/Sources/NumericSwift/Cluster.swift:11:8: error: no such module 'Accelerate'
9 |
10 | import Foundation
11 | import Accelerate
| `- error: no such module 'Accelerate'
12 |
13 | // MARK: - Result Types (public, top-level)
[40/75] Compiling NumericSwift Interpolation.swift
/host/spi-builder-workspace/Sources/NumericSwift/Cluster.swift:11:8: error: no such module 'Accelerate'
9 |
10 | import Foundation
11 | import Accelerate
| `- error: no such module 'Accelerate'
12 |
13 | // MARK: - Result Types (public, top-level)
[41/75] Compiling NumericSwift InterpolationND.swift
/host/spi-builder-workspace/Sources/NumericSwift/Cluster.swift:11:8: error: no such module 'Accelerate'
9 |
10 | import Foundation
11 | import Accelerate
| `- error: no such module 'Accelerate'
12 |
13 | // MARK: - Result Types (public, top-level)
[42/75] Compiling NumericSwift LinAlg+Arithmetic.swift
/host/spi-builder-workspace/Sources/NumericSwift/Cluster.swift:11:8: error: no such module 'Accelerate'
9 |
10 | import Foundation
11 | import Accelerate
| `- error: no such module 'Accelerate'
12 |
13 | // MARK: - Result Types (public, top-level)
[43/75] Compiling NumericSwift LinAlg+Complex.swift
/host/spi-builder-workspace/Sources/NumericSwift/Cluster.swift:11:8: error: no such module 'Accelerate'
9 |
10 | import Foundation
11 | import Accelerate
| `- error: no such module 'Accelerate'
12 |
13 | // MARK: - Result Types (public, top-level)
[44/75] Compiling NumericSwift LinAlg+ComplexMatrix.swift
/host/spi-builder-workspace/Sources/NumericSwift/Cluster.swift:11:8: error: no such module 'Accelerate'
9 |
10 | import Foundation
11 | import Accelerate
| `- error: no such module 'Accelerate'
12 |
13 | // MARK: - Result Types (public, top-level)
[45/75] Compiling NumericSwift LinAlg+Decompositions.swift
/host/spi-builder-workspace/Sources/NumericSwift/Cluster.swift:11:8: error: no such module 'Accelerate'
9 |
10 | import Foundation
11 | import Accelerate
| `- error: no such module 'Accelerate'
12 |
13 | // MARK: - Result Types (public, top-level)
[46/75] Compiling NumericSwift MathExprAST.swift
/host/spi-builder-workspace/Sources/NumericSwift/Cluster.swift:11:8: error: no such module 'Accelerate'
9 |
10 | import Foundation
11 | import Accelerate
| `- error: no such module 'Accelerate'
12 |
13 | // MARK: - Result Types (public, top-level)
[47/75] Compiling NumericSwift MathExprFallbackParser.swift
/host/spi-builder-workspace/Sources/NumericSwift/Cluster.swift:11:8: error: no such module 'Accelerate'
9 |
10 | import Foundation
11 | import Accelerate
| `- error: no such module 'Accelerate'
12 |
13 | // MARK: - Result Types (public, top-level)
[48/75] Compiling NumericSwift MathExprLegacy.swift
/host/spi-builder-workspace/Sources/NumericSwift/Cluster.swift:11:8: error: no such module 'Accelerate'
9 |
10 | import Foundation
11 | import Accelerate
| `- error: no such module 'Accelerate'
12 |
13 | // MARK: - Result Types (public, top-level)
[49/75] Compiling NumericSwift MathLexAST+Decodable.swift
/host/spi-builder-workspace/Sources/NumericSwift/Cluster.swift:11:8: error: no such module 'Accelerate'
9 |
10 | import Foundation
11 | import Accelerate
| `- error: no such module 'Accelerate'
12 |
13 | // MARK: - Result Types (public, top-level)
[50/75] Compiling NumericSwift MathLexAST+DecodableExtra.swift
/host/spi-builder-workspace/Sources/NumericSwift/Cluster.swift:11:8: error: no such module 'Accelerate'
9 |
10 | import Foundation
11 | import Accelerate
| `- error: no such module 'Accelerate'
12 |
13 | // MARK: - Result Types (public, top-level)
[51/75] Compiling NumericSwift MathLexAST.swift
/host/spi-builder-workspace/Sources/NumericSwift/Cluster.swift:11:8: error: no such module 'Accelerate'
9 |
10 | import Foundation
11 | import Accelerate
| `- error: no such module 'Accelerate'
12 |
13 | // MARK: - Result Types (public, top-level)
[52/75] Compiling NumericSwift NumberTheory.swift
/host/spi-builder-workspace/Sources/NumericSwift/Cluster.swift:11:8: error: no such module 'Accelerate'
9 |
10 | import Foundation
11 | import Accelerate
| `- error: no such module 'Accelerate'
12 |
13 | // MARK: - Result Types (public, top-level)
[53/75] Compiling NumericSwift SpatialDistance.swift
/host/spi-builder-workspace/Sources/NumericSwift/Cluster.swift:11:8: error: no such module 'Accelerate'
9 |
10 | import Foundation
11 | import Accelerate
| `- error: no such module 'Accelerate'
12 |
13 | // MARK: - Result Types (public, top-level)
[54/75] Compiling NumericSwift SpecialFunctions.swift
/host/spi-builder-workspace/Sources/NumericSwift/Cluster.swift:11:8: error: no such module 'Accelerate'
9 |
10 | import Foundation
11 | import Accelerate
| `- error: no such module 'Accelerate'
12 |
13 | // MARK: - Result Types (public, top-level)
[55/75] Compiling NumericSwift Statistics.swift
/host/spi-builder-workspace/Sources/NumericSwift/Cluster.swift:11:8: error: no such module 'Accelerate'
9 |
10 | import Foundation
11 | import Accelerate
| `- error: no such module 'Accelerate'
12 |
13 | // MARK: - Result Types (public, top-level)
[56/75] Compiling NumericSwift UnifiedEvaluator.swift
/host/spi-builder-workspace/Sources/NumericSwift/Cluster.swift:11:8: error: no such module 'Accelerate'
9 |
10 | import Foundation
11 | import Accelerate
| `- error: no such module 'Accelerate'
12 |
13 | // MARK: - Result Types (public, top-level)
[57/75] Compiling NumericSwift UnifiedEvaluatorCore.swift
/host/spi-builder-workspace/Sources/NumericSwift/Cluster.swift:11:8: error: no such module 'Accelerate'
9 |
10 | import Foundation
11 | import Accelerate
| `- error: no such module 'Accelerate'
12 |
13 | // MARK: - Result Types (public, top-level)
[58/75] Compiling NumericSwift UnifiedEvaluatorMatrix.swift
/host/spi-builder-workspace/Sources/NumericSwift/Cluster.swift:11:8: error: no such module 'Accelerate'
9 |
10 | import Foundation
11 | import Accelerate
| `- error: no such module 'Accelerate'
12 |
13 | // MARK: - Result Types (public, top-level)
[59/75] Compiling NumericSwift Utilities.swift
/host/spi-builder-workspace/Sources/NumericSwift/Cluster.swift:11:8: error: no such module 'Accelerate'
9 |
10 | import Foundation
11 | import Accelerate
| `- error: no such module 'Accelerate'
12 |
13 | // MARK: - Result Types (public, top-level)
[60/75] Compiling NumericSwift ArraySwiftIntegration.swift
/host/spi-builder-workspace/Sources/NumericSwift/Cluster.swift:11:8: error: no such module 'Accelerate'
9 |
10 | import Foundation
11 | import Accelerate
| `- error: no such module 'Accelerate'
12 |
13 | // MARK: - Result Types (public, top-level)
[61/75] Compiling NumericSwift BFGS.swift
/host/spi-builder-workspace/Sources/NumericSwift/Cluster.swift:11:8: error: no such module 'Accelerate'
9 |
10 | import Foundation
11 | import Accelerate
| `- error: no such module 'Accelerate'
12 |
13 | // MARK: - Result Types (public, top-level)
[62/75] Compiling NumericSwift Cluster.swift
/host/spi-builder-workspace/Sources/NumericSwift/Cluster.swift:11:8: error: no such module 'Accelerate'
9 |
10 | import Foundation
11 | import Accelerate
| `- error: no such module 'Accelerate'
12 |
13 | // MARK: - Result Types (public, top-level)
[63/75] Compiling NumericSwift Complex.swift
/host/spi-builder-workspace/Sources/NumericSwift/Cluster.swift:11:8: error: no such module 'Accelerate'
9 |
10 | import Foundation
11 | import Accelerate
| `- error: no such module 'Accelerate'
12 |
13 | // MARK: - Result Types (public, top-level)
[64/75] Compiling NumericSwift Constants.swift
/host/spi-builder-workspace/Sources/NumericSwift/Cluster.swift:11:8: error: no such module 'Accelerate'
9 |
10 | import Foundation
11 | import Accelerate
| `- error: no such module 'Accelerate'
12 |
13 | // MARK: - Result Types (public, top-level)
[65/75] Compiling NumericSwift DiscreteDistributions.swift
/host/spi-builder-workspace/Sources/NumericSwift/Cluster.swift:11:8: error: no such module 'Accelerate'
9 |
10 | import Foundation
11 | import Accelerate
| `- error: no such module 'Accelerate'
12 |
13 | // MARK: - Result Types (public, top-level)
[66/75] Compiling NumericSwift Distributions.swift
/host/spi-builder-workspace/Sources/NumericSwift/Cluster.swift:11:8: error: no such module 'Accelerate'
9 |
10 | import Foundation
11 | import Accelerate
| `- error: no such module 'Accelerate'
12 |
13 | // MARK: - Result Types (public, top-level)
[67/75] Compiling NumericSwift Geometry.swift
/host/spi-builder-workspace/Sources/NumericSwift/Cluster.swift:11:8: error: no such module 'Accelerate'
9 |
10 | import Foundation
11 | import Accelerate
| `- error: no such module 'Accelerate'
12 |
13 | // MARK: - Result Types (public, top-level)
BUILD FAILURE 6.2 wasm