Build Information
Failed to build swift-bylaws, reference main (030f7c), with Swift 6.2 for Android on 30 Sep 2026 09:28:02 UTC.
Build Command
bash -c docker run --pull=always --rm -v "checkouts-54344845-0":/host -w "$PWD" -e JAVA_HOME="/root/.sdkman/candidates/java/current" -e SPI_BUILD="1" -e SPI_PROCESSING="1" registry.gitlab.com/saguaro1/spi-images:android-6.2-latest swift build --swift-sdk aarch64-unknown-linux-android28 2>&1Build Log
========================================
RunAll
========================================
Builder version: 5.1.1
Interrupt handler set up.
========================================
Checkout
========================================
Clone URL: https://github.com/theblixguy/swift-bylaws.git
Reference: main
Initialized empty Git repository in /host/spi-builder-workspace/.git/
hint: Using 'master' as the name for the initial branch. This default branch name
hint: is subject to change. To configure the initial branch name to use in all
hint: of your new repositories, which will suppress this warning, call:
hint:
hint: git config --global init.defaultBranch <name>
hint:
hint: Names commonly chosen instead of 'master' are 'main', 'trunk' and
hint: 'development'. The just-created branch can be renamed via this command:
hint:
hint: git branch -m <name>
From https://github.com/theblixguy/swift-bylaws
* branch main -> FETCH_HEAD
* [new branch] main -> origin/main
HEAD is now at 030f7c5 Release v0.6.1 [skip ci]
Cloned https://github.com/theblixguy/swift-bylaws.git
Revision (git rev-parse @):
030f7c5183a9dfcfd7472cfbe89139b43c33c77e
SPI manifest file found: $PWD/.spi.yml
SUCCESS checkout https://github.com/theblixguy/swift-bylaws.git at main
========================================
Build
========================================
Selected platform: android
Swift version: 6.2
Building package at path: $PWD
https://github.com/theblixguy/swift-bylaws.git
Running build ...
bash -c docker run --pull=always --rm -v "checkouts-54344845-0":/host -w "$PWD" -e JAVA_HOME="/root/.sdkman/candidates/java/current" -e SPI_BUILD="1" -e SPI_PROCESSING="1" registry.gitlab.com/saguaro1/spi-images:android-6.2-latest swift build --swift-sdk aarch64-unknown-linux-android28 2>&1
android-6.2-latest: Pulling from saguaro1/spi-images
Digest: sha256:f47b2a33897778fb58ca39c1139e193fa7f391fa362fe0d23c00db9747030994
Status: Image is up to date for registry.gitlab.com/saguaro1/spi-images:android-6.2-latest
Fetching https://github.com/apple/swift-argument-parser.git
Fetching https://github.com/pointfreeco/swift-clocks.git
Fetching https://github.com/swiftlang/swift-syntax.git
Fetching https://github.com/apple/swift-system.git
Fetching https://github.com/apple/swift-crypto.git
Fetching https://github.com/swiftlang/swift-tools-protocols.git
[1/33549] Fetching swift-tools-protocols
[20802/40535] Fetching swift-tools-protocols, swift-system
[29945/59483] Fetching swift-tools-protocols, swift-system, swift-argument-parser
[59484/78055] Fetching swift-tools-protocols, swift-system, swift-argument-parser, swift-crypto
Fetched https://github.com/apple/swift-system.git from cache (0.90s)
[52683/71069] Fetching swift-tools-protocols, swift-argument-parser, swift-crypto
[57513/151156] Fetching swift-tools-protocols, swift-argument-parser, swift-crypto, swift-syntax
[59985/152602] Fetching swift-tools-protocols, swift-argument-parser, swift-crypto, swift-syntax, swift-clocks
Fetched https://github.com/apple/swift-argument-parser.git from cache (1.74s)
[78394/133654] Fetching swift-tools-protocols, swift-crypto, swift-syntax, swift-clocks
Fetched https://github.com/swiftlang/swift-tools-protocols.git from cache (1.74s)
[46447/100105] Fetching swift-crypto, swift-syntax, swift-clocks
Fetched https://github.com/apple/swift-crypto.git from cache (1.75s)
[28676/81533] Fetching swift-syntax, swift-clocks
Fetched https://github.com/pointfreeco/swift-clocks.git from cache (3.72s)
Fetched https://github.com/swiftlang/swift-syntax.git from cache (3.74s)
Computing version for https://github.com/swiftlang/swift-syntax.git
Computed https://github.com/swiftlang/swift-syntax.git at 602.0.0 (4.77s)
Computing version for https://github.com/pointfreeco/swift-clocks.git
Computed https://github.com/pointfreeco/swift-clocks.git at 1.1.1 (0.16s)
Fetching https://github.com/pointfreeco/swift-concurrency-extras
Fetching https://github.com/pointfreeco/xctest-dynamic-overlay
[1/1058] Fetching swift-concurrency-extras
[1059/3785] Fetching swift-concurrency-extras, xctest-dynamic-overlay
Fetched https://github.com/pointfreeco/swift-concurrency-extras from cache (0.88s)
Fetched https://github.com/pointfreeco/xctest-dynamic-overlay from cache (0.88s)
Computing version for https://github.com/swiftlang/swift-tools-protocols.git
Computed https://github.com/swiftlang/swift-tools-protocols.git at 0.0.10 (1.82s)
Computing version for https://github.com/apple/swift-argument-parser.git
Computed https://github.com/apple/swift-argument-parser.git at 1.8.2 (0.15s)
Computing version for https://github.com/apple/swift-system.git
Computed https://github.com/apple/swift-system.git at 1.7.5 (0.18s)
Computing version for https://github.com/apple/swift-crypto.git
Computed https://github.com/apple/swift-crypto.git at 4.5.1 (0.47s)
Fetching https://github.com/apple/swift-asn1.git
[1/1986] Fetching swift-asn1
Fetched https://github.com/apple/swift-asn1.git from cache (0.59s)
Computing version for https://github.com/pointfreeco/xctest-dynamic-overlay
Computed https://github.com/pointfreeco/xctest-dynamic-overlay at 1.13.1 (0.80s)
Computing version for https://github.com/pointfreeco/swift-concurrency-extras
Computed https://github.com/pointfreeco/swift-concurrency-extras at 1.4.1 (0.20s)
Computing version for https://github.com/apple/swift-asn1.git
Computed https://github.com/apple/swift-asn1.git at 1.7.3 (0.17s)
Creating working copy for https://github.com/apple/swift-system.git
Working copy of https://github.com/apple/swift-system.git resolved at 1.7.5
Creating working copy for https://github.com/pointfreeco/xctest-dynamic-overlay
Working copy of https://github.com/pointfreeco/xctest-dynamic-overlay resolved at 1.13.1
Creating working copy for https://github.com/pointfreeco/swift-concurrency-extras
Working copy of https://github.com/pointfreeco/swift-concurrency-extras resolved at 1.4.1
Creating working copy for https://github.com/apple/swift-argument-parser.git
Working copy of https://github.com/apple/swift-argument-parser.git resolved at 1.8.2
Creating working copy for https://github.com/swiftlang/swift-tools-protocols.git
Working copy of https://github.com/swiftlang/swift-tools-protocols.git resolved at 0.0.10
Creating working copy for https://github.com/pointfreeco/swift-clocks.git
Working copy of https://github.com/pointfreeco/swift-clocks.git resolved at 1.1.1
Creating working copy for https://github.com/apple/swift-asn1.git
Working copy of https://github.com/apple/swift-asn1.git resolved at 1.7.3
Creating working copy for https://github.com/apple/swift-crypto.git
Working copy of https://github.com/apple/swift-crypto.git resolved at 4.5.1
Creating working copy for https://github.com/swiftlang/swift-syntax.git
Working copy of https://github.com/swiftlang/swift-syntax.git resolved at 602.0.0
Downloading package prebuilt https://download.swift.org/prebuilts/swift-syntax/602.0.0/swift-6.2-RELEASE-MacroSupport-ubuntu_jammy_x86_64.tar.gz
Downloaded https://download.swift.org/prebuilts/swift-syntax/602.0.0/swift-6.2-RELEASE-MacroSupport-ubuntu_jammy_x86_64.tar.gz (0.26s)
[1/1] Compiling plugin BylawsBuildToolPlugin
[2/2] Compiling plugin BylawsPlugin
[3/3] Compiling plugin GenerateManual
[4/4] Compiling plugin GenerateDoccReference
Building for debugging...
[4/857] Write sources
[20/857] Compiling CIndexStore CIndexStore.c
[20/857] Write sources
[21/857] Compiling KeccakHash.c
[23/857] Compiling ghash-ssse3-x86_64-apple.S
[24/857] Compiling _SwiftSyntaxCShims PlatformMutex.c
[25/857] Compiling chacha-armv8-apple.S
[26/857] Compiling sha1-586-linux.S
[27/857] Compiling sha1-586-apple.S
[28/857] Compiling CXKCPShims shims.c
[29/857] Compiling ghash-armv4-linux.S
[30/857] Compiling KeccakSponge.c
[31/857] Compiling SimpleFIPS202.c
[32/857] Compiling fiat_p256_adx_sqr.S
[33/857] Compiling fiat_p256_adx_mul.S
[34/857] Compiling fiat_curve25519_adx_square.S
[35/857] Compiling fiat_curve25519_adx_mul.S
[36/857] Compiling md5-x86_64-linux.S
[37/857] Compiling CSystem shims.c
[38/857] Compiling md5-x86_64-apple.S
[38/857] Compiling md5-586-linux.S
[40/857] Compiling md5-586-apple.S
[41/857] Compiling chacha20_poly1305_x86_64-apple.S
[42/857] Compiling chacha20_poly1305_armv8-win.S
[43/857] Compiling chacha20_poly1305_armv8-apple.S
[44/857] Compiling chacha20_poly1305_armv8-linux.S
[45/857] Compiling chacha20_poly1305_x86_64-linux.S
[46/857] Compiling chacha-x86_64-apple.S
[47/857] Compiling chacha-x86_64-linux.S
[48/857] Compiling chacha-x86-linux.S
[49/857] Compiling chacha-armv8-linux.S
[50/857] Compiling chacha-armv8-win.S
[50/857] Compiling chacha-x86-apple.S
[52/857] Compiling chacha-armv4-linux.S
[53/857] Compiling aes128gcmsiv-x86_64-linux.S
[54/857] Compiling x86_64-mont5-apple.S
[55/857] Compiling aes128gcmsiv-x86_64-apple.S
[56/857] Compiling CCryptoBoringSSLShims shims.c
[57/857] Compiling x86_64-mont-linux.S
[58/857] Compiling x86_64-mont5-linux.S
[59/857] Compiling x86_64-mont-apple.S
[60/857] Compiling x86-mont-linux.S
[61/857] Compiling vpaes-x86_64-linux.S
[62/857] Compiling vpaes-x86-linux.S
[63/857] Compiling x86-mont-apple.S
[64/857] Compiling vpaes-x86_64-apple.S
[65/857] Compiling KeccakP-1600-opt64.c
[66/857] Compiling vpaes-x86-apple.S
[67/857] Compiling vpaes-armv8-win.S
[68/857] Compiling vpaes-armv8-apple.S
[68/857] Compiling vpaes-armv8-linux.S
[70/857] Compiling sha512-x86_64-linux.S
[71/857] Compiling vpaes-armv7-linux.S
[72/857] Compiling sha512-x86_64-apple.S
[73/857] Compiling sha512-armv8-win.S
[74/857] Compiling sha512-armv8-apple.S
[75/857] Compiling sha512-armv8-linux.S
[76/857] Compiling sha512-armv4-linux.S
[77/857] Compiling sha512-586-apple.S
[78/857] Compiling sha256-x86_64-apple.S
[79/857] Compiling sha512-586-linux.S
[80/857] Compiling sha256-armv8-linux.S
[81/857] Compiling sha256-armv8-win.S
[82/857] Compiling sha256-armv8-apple.S
[83/857] Compiling err_data.cc
[84/857] Compiling sha256-x86_64-linux.S
[85/857] Compiling sha256-armv4-linux.S
[86/857] Compiling sha256-586-linux.S
[87/857] Compiling sha256-586-apple.S
[88/857] Compiling sha1-x86_64-apple.S
[89/857] Compiling sha1-armv8-win.S
[90/857] Compiling sha1-armv8-linux.S
[91/857] Compiling sha1-armv8-apple.S
[92/857] Compiling sha1-x86_64-linux.S
[93/857] Compiling sha1-armv4-large-linux.S
[94/857] Compiling rdrand-x86_64-linux.S
[95/857] Compiling rsaz-avx2-linux.S
[96/857] Compiling rdrand-x86_64-apple.S
[97/857] Compiling rsaz-avx2-apple.S
[98/857] Compiling p256_beeu-x86_64-asm-linux.S
[99/857] Compiling p256_beeu-armv8-asm-win.S
[100/857] Compiling p256_beeu-armv8-asm-linux.S
[101/857] Compiling p256_beeu-x86_64-asm-apple.S
[102/857] Compiling p256_beeu-armv8-asm-apple.S
[103/857] Compiling p256-x86_64-asm-linux.S
[103/857] Compiling p256-x86_64-asm-apple.S
[105/857] Compiling p256-armv8-asm-win.S
[106/857] Compiling p256-armv8-asm-linux.S
[107/857] Compiling ghashv8-armv8-win.S
[108/857] Compiling p256-armv8-asm-apple.S
[109/857] Compiling ghashv8-armv8-linux.S
[110/857] Compiling ghashv8-armv8-apple.S
[111/857] Compiling ghash-x86_64-apple.S
[112/857] Compiling ghashv8-armv7-linux.S
[113/857] Compiling ghash-x86_64-linux.S
[114/857] Compiling ghash-x86-linux.S
[115/857] Compiling ghash-x86-apple.S
[116/857] Compiling ghash-ssse3-x86_64-linux.S
[117/857] Compiling ghash-ssse3-x86-linux.S
[118/857] Compiling ghash-neon-armv8-win.S
[119/857] Compiling ghash-ssse3-x86-apple.S
[120/857] Compiling ghash-neon-armv8-apple.S
[121/857] Compiling ghash-neon-armv8-linux.S
[122/857] Compiling co-586-linux.S
[123/857] Compiling co-586-apple.S
[124/857] Compiling bsaes-armv7-linux.S
[125/857] Compiling bn-armv8-win.S
[126/857] Compiling bn-armv8-linux.S
[127/857] Compiling armv8-mont-win.S
[127/857] Compiling bn-armv8-apple.S
[127/857] Compiling bn-586-linux.S
[130/857] Compiling bn-586-apple.S
[131/857] Compiling armv8-mont-linux.S
[132/857] Compiling armv8-mont-apple.S
[133/857] Compiling armv4-mont-linux.S
[134/857] Compiling aesv8-gcm-armv8-win.S
[135/857] Compiling aesv8-gcm-armv8-linux.S
[136/857] Compiling aesv8-armv8-linux.S
[137/857] Compiling aesv8-gcm-armv8-apple.S
[138/857] Compiling aesv8-armv8-win.S
[139/857] Compiling aesv8-armv7-linux.S
[139/857] Compiling aesv8-armv8-apple.S
[141/857] Compiling aesni-x86_64-linux.S
[142/857] Compiling aesni-x86_64-apple.S
[143/857] Compiling aes-gcm-avx512-x86_64-apple.S
[144/857] Compiling aesni-gcm-x86_64-apple.S
[145/857] Compiling aesni-x86-linux.S
[146/857] Compiling aesni-gcm-x86_64-linux.S
[147/857] Compiling aesni-x86-apple.S
[148/857] Compiling aes-gcm-avx512-x86_64-linux.S
[149/857] Compiling aes-gcm-avx2-x86_64-linux.S
[150/857] Compiling aes-gcm-avx2-x86_64-apple.S
[151/857] Compiling xwing.cc
[152/857] Compiling x_sig.cc
[153/857] Compiling x_req.cc
[154/857] Compiling x_spki.cc
[155/857] Compiling x_name.cc
[156/857] Compiling x_x509.cc
[157/857] Compiling x_x509a.cc
[158/857] Compiling x_pubkey.cc
[159/857] Compiling x_exten.cc
[160/857] Compiling x_attrib.cc
[161/857] Compiling x_all.cc
[162/857] Compiling x509name.cc
[163/857] Compiling x509spki.cc
[164/857] Compiling x_algor.cc
[165/857] Compiling x509rset.cc
[166/857] Compiling x_crl.cc
[167/857] Compiling x509cset.cc
[168/857] Compiling x509_v3.cc
[169/857] Compiling x509_vfy.cc
[170/857] Compiling x509_txt.cc
[171/857] Compiling x509_vpm.cc
[172/857] Compiling x509_set.cc
[173/857] Compiling x509_trs.cc
[174/857] Compiling x509_req.cc
[175/857] Compiling x509_obj.cc
[176/857] Compiling x509.cc
[177/857] Compiling x509_def.cc
[178/857] Compiling x509_cmp.cc
[179/857] Compiling x509_d2.cc
[180/857] Compiling x509_ext.cc
[181/857] Compiling x509_lu.cc
[182/857] Compiling x509_att.cc
[183/857] Compiling v3_utl.cc
[184/857] Compiling v3_prn.cc
[185/857] Compiling v3_ocsp.cc
[186/857] Compiling v3_purp.cc
[187/857] Compiling v3_ncons.cc
[188/857] Compiling v3_skey.cc
[189/857] Compiling v3_pmaps.cc
[190/857] Compiling v3_pcons.cc
[191/857] Compiling v3_ia5.cc
[192/857] Compiling v3_int.cc
[193/857] Compiling v3_info.cc
[194/857] Compiling v3_lib.cc
[195/857] Compiling v3_enum.cc
[196/857] Compiling v3_extku.cc
[197/857] Compiling v3_crld.cc
[198/857] Compiling v3_genn.cc
[199/857] Compiling v3_cpols.cc
[200/857] Compiling v3_bitst.cc
[201/857] Compiling v3_conf.cc
[202/857] Compiling v3_bcons.cc
[203/857] Compiling v3_alt.cc
[204/857] Compiling v3_akey.cc
[205/857] Compiling v3_akeya.cc
[206/857] Compiling t_x509a.cc
[207/857] Compiling t_crl.cc
[208/857] Compiling t_x509.cc
[209/857] Compiling i2d_pr.cc
[210/857] Compiling t_req.cc
[211/857] Compiling rsa_pss.cc
[212/857] Compiling name_print.cc
[213/857] Compiling policy.cc
[214/857] Compiling a_verify.cc
[215/857] Compiling by_file.cc
[216/857] Compiling by_dir.cc
[217/857] Compiling asn1_gen.cc
[218/857] Compiling algorithm.cc
[219/857] Compiling a_digest.cc
[220/857] Compiling thread_win.cc
[221/857] Compiling a_sign.cc
[222/857] Compiling voprf.cc
[223/857] Compiling thread_pthread.cc
[224/857] Compiling trust_token.cc
[225/857] Compiling thread.cc
[226/857] Compiling thread_none.cc
[227/857] Compiling stack.cc
[228/857] Compiling pmbtoken.cc
[229/857] Compiling sha256.cc
[230/857] Compiling sha512.cc
[231/857] Compiling sha1.cc
[232/857] Compiling siphash.cc
[233/857] Compiling slhdsa.cc
[234/857] Compiling rsa_extra.cc
[235/857] Compiling rsa_print.cc
[236/857] Compiling spake2plus.cc
[237/857] Compiling refcount.cc
[238/857] Compiling rsa_crypt.cc
[239/857] Compiling urandom.cc
[240/857] Compiling rc4.cc
[241/857] Compiling trusty.cc
[242/857] Compiling windows.cc
[243/857] Compiling forkunsafe.cc
[244/857] Compiling rand.cc
[245/857] Compiling getentropy.cc
[246/857] Compiling ios.cc
[247/857] Compiling poly1305_arm_asm.S
[248/857] Compiling passive.cc
[249/857] Compiling rsa_asn1.cc
[250/857] Compiling deterministic.cc
[251/857] Compiling fork_detect.cc
[252/857] Compiling poly1305_arm.cc
[253/857] Compiling poly1305.cc
[254/857] Compiling poly1305_vec.cc
[255/857] Compiling pool.cc
[256/857] Compiling pem_xaux.cc
[257/857] Compiling pkcs7.cc
[258/857] Compiling p5_pbev2.cc
[259/857] Compiling pkcs8_x509.cc
[260/857] Compiling pkcs8.cc
[261/857] Compiling pkcs7_x509.cc
[262/857] Compiling pem_x509.cc
[263/857] Compiling pem_pkey.cc
[264/857] Compiling mlkem.cc
[265/857] Compiling pem_lib.cc
[266/857] Compiling obj_xref.cc
[267/857] Compiling pem_pk8.cc
[268/857] Compiling pem_oth.cc
[269/857] Compiling mldsa.cc
[270/857] Compiling pem_info.cc
[271/857] Compiling pem_all.cc
[272/857] Compiling mem.cc
[273/857] Compiling obj.cc
[274/857] Compiling lhash.cc
[275/857] Compiling poly_rq_mul.S
[276/857] Compiling fips_shared_support.cc
[277/857] Compiling md4.cc
[278/857] Compiling md5.cc
[279/857] Compiling fuzzer_mode.cc
[280/857] Compiling ex_data.cc
[281/857] Compiling kyber.cc
[282/857] Compiling hrss.cc
[283/857] Compiling hpke.cc
[284/857] Compiling scrypt.cc
[285/857] Compiling sign.cc
[286/857] Compiling pbkdf.cc
[287/857] Compiling print.cc
[288/857] Compiling p_x25519.cc
[289/857] Compiling p_x25519_asn1.cc
[290/857] Compiling p_ed25519_asn1.cc
[291/857] Compiling p_rsa_asn1.cc
[292/857] Compiling p_rsa.cc
[293/857] Compiling p_ed25519.cc
[294/857] Compiling p_ec.cc
[295/857] Compiling p_hkdf.cc
[296/857] Compiling p_dh_asn1.cc
[297/857] Compiling p_ec_asn1.cc
[298/857] Compiling evp_asn1.cc
[299/857] Compiling evp_ctx.cc
[300/857] Compiling err.cc
[301/857] Compiling p_dh.cc
[302/857] Compiling p_dsa_asn1.cc
[303/857] Compiling ecdsa_p1363.cc
[304/857] Compiling engine.cc
[305/857] Compiling evp.cc
[306/857] Compiling ecdh.cc
[307/857] Compiling ec_derive.cc
[308/857] Compiling hash_to_curve.cc
[309/857] Compiling ecdsa_asn1.cc
[310/857] Compiling dsa.cc
[311/857] Compiling ec_asn1.cc
[312/857] Compiling dsa_asn1.cc
[313/857] Compiling digest_extra.cc
[314/857] Compiling x25519-asm-arm.S
[315/857] Compiling des.cc
[316/857] Compiling params.cc
[317/857] Compiling dh_asn1.cc
[318/857] Compiling curve25519.cc
[319/857] Compiling crypto.cc
[320/857] Compiling cpu_intel.cc
[321/857] Compiling spake25519.cc
[322/857] Compiling cpu_arm_freebsd.cc
[323/857] Compiling cpu_arm_linux.cc
[324/857] Compiling cpu_aarch64_win.cc
[325/857] Compiling curve25519_64_adx.cc
[326/857] Compiling cpu_aarch64_sysreg.cc
[327/857] Compiling cpu_aarch64_openbsd.cc
[328/857] Compiling cpu_aarch64_linux.cc
[329/857] Compiling cpu_aarch64_fuchsia.cc
[330/857] Compiling cpu_aarch64_apple.cc
[331/857] Compiling conf.cc
[332/857] Compiling e_rc4.cc
[333/857] Compiling tls_cbc.cc
[334/857] Compiling get_cipher.cc
[335/857] Compiling e_tls.cc
[336/857] Compiling e_rc2.cc
[337/857] Compiling e_des.cc
[338/857] Compiling e_null.cc
[339/857] Compiling e_aeseax.cc
[340/857] Compiling derive_key.cc
[341/857] Compiling e_chacha20poly1305.cc
[342/857] Compiling e_aesgcmsiv.cc
[343/857] Compiling cms.cc
[344/857] Compiling e_aesctrhmac.cc
[345/857] Compiling chacha.cc
[346/857] Compiling unicode.cc
[347/857] Compiling sqrt.cc
[348/857] Compiling buf.cc
[349/857] Compiling div.cc
[350/857] Compiling exponentiation.cc
[351/857] Compiling ber.cc
[352/857] Compiling cbb.cc
[353/857] Compiling asn1_compat.cc
[354/857] Compiling cbs.cc
[355/857] Compiling bn_asn1.cc
[356/857] Compiling blake2.cc
[357/857] Compiling fd.cc
[358/857] Compiling printf.cc
[359/857] Compiling pair.cc
[360/857] Compiling hexdump.cc
[361/857] Compiling file.cc
[362/857] Compiling convert.cc
[363/857] Compiling bio_mem.cc
[364/857] Compiling errno.cc
[365/857] Compiling base64.cc
[366/857] Compiling tasn_typ.cc
[367/857] Compiling bio.cc
[368/857] Compiling tasn_fre.cc
[369/857] Compiling tasn_utl.cc
[370/857] Compiling tasn_new.cc
[371/857] Compiling f_int.cc
[372/857] Compiling tasn_enc.cc
[373/857] Compiling posix_time.cc
[374/857] Compiling f_string.cc
[375/857] Compiling asn_pack.cc
[376/857] Compiling tasn_dec.cc
[377/857] Compiling asn1_par.cc
[378/857] Compiling a_octet.cc
[379/857] Compiling a_utctm.cc
[380/857] Compiling asn1_lib.cc
[381/857] Compiling a_time.cc
[382/857] Compiling a_type.cc
[383/857] Compiling a_strex.cc
[384/857] Compiling a_i2d_fp.cc
[385/857] Compiling a_strnid.cc
[386/857] Compiling a_gentm.cc
[387/857] Compiling a_int.cc
[388/857] Compiling a_mbstr.cc
[388/857] Write sources
[397/857] Compiling a_object.cc
[398/857] Write sources
[400/857] Compiling _SwiftSyntaxCShims PlatformMutex.c
[401/857] Write sources
[402/857] Compiling a_dup.cc
[402/857] Write sources
[423/857] Compiling a_d2i_fp.cc
[424/857] Compiling ToolsProtocolsCAtomics CAtomics.c
[425/857] Write swift-version--11D90AFD9DD3AB2.txt
[426/857] Compiling CXKCPShims shims.c
[427/857] Compiling SimpleFIPS202.c
[428/857] Compiling KeccakSponge.c
[429/907] Compiling aes.cc
[430/909] Compiling a_bool.cc
[431/909] Compiling KeccakP-1600-opt64.c
[432/912] Compiling a_bitstr.cc
[434/913] Emitting module SwiftSyntax601
[435/915] Emitting module SwiftSyntax600
[435/915] Compiling bcm.cc
[437/917] Compiling SwiftSyntax602 Empty.swift
[438/917] Emitting module SwiftSyntax602
[440/918] Compiling SwiftSyntax601 Empty.swift
[441/918] Emitting module SwiftSyntax601
[443/921] Emitting module SwiftSyntax510
[444/921] Compiling SwiftSyntax510 Empty.swift
[446/926] Emitting module SwiftSyntax509
[447/926] Compiling SwiftSyntax509 Empty.swift
[448/927] Compiling SwiftSyntax600 Empty.swift
[451/928] Compiling SwiftSyntax510 Empty.swift
[452/928] Emitting module SwiftSyntax510
[453/929] Emitting module SwiftSyntax602
[454/929] Compiling SwiftSyntax602 Empty.swift
[457/932] Compiling SwiftSyntax600 Empty.swift
[458/932] Emitting module SwiftSyntax600
[459/933] Compiling SwiftSyntax509 Empty.swift
[460/933] Emitting module SwiftSyntax509
[462/1064] Wrapping AST for SwiftSyntax602 for debugging
[464/1090] Compiling SwiftSyntax601 Empty.swift
[464/1131] Wrapping AST for SwiftSyntax600 for debugging
[466/1140] Wrapping AST for SwiftSyntax510 for debugging
[467/1140] Wrapping AST for SwiftSyntax509 for debugging
[468/1140] Wrapping AST for SwiftSyntax601 for debugging
[469/1196] Compiling KeccakHash.c
[471/1203] Compiling SwiftSyntax SyntaxIdentifier.swift
[472/1203] Compiling SwiftSyntax SyntaxNodeStructure.swift
[473/1203] Compiling SwiftSyntax SyntaxProtocol.swift
[474/1203] Compiling SwiftSyntax SyntaxText.swift
[475/1203] Compiling SwiftSyntax SyntaxTreeViewMode.swift
[476/1208] Compiling SwiftSyntax TokenDiagnostic.swift
[477/1208] Compiling SwiftSyntax TokenSequence.swift
[478/1208] Compiling SwiftSyntax TokenSyntax.swift
[479/1208] Compiling SwiftSyntax Trivia.swift
[480/1208] Compiling SwiftSyntax Utils.swift
[480/1208] Compiling CSystem shims.c
[482/1208] Compiling SwiftSyntax SwiftSyntaxCompatibility.swift
[483/1208] Compiling SwiftSyntax Syntax.swift
[484/1208] Compiling SwiftSyntax SyntaxChildren.swift
[485/1208] Compiling SwiftSyntax SyntaxCollection.swift
[486/1208] Compiling SwiftSyntax SyntaxHashable.swift
[486/1208] Compiling CIndexStore CIndexStore.c
[488/1208] Compiling SwiftSyntax RawSyntaxLayoutView.swift
[489/1208] Compiling SwiftSyntax RawSyntaxNodeProtocol.swift
[490/1208] Compiling SwiftSyntax RawSyntaxTokenView.swift
[491/1208] Compiling SwiftSyntax SourceEdit.swift
[492/1208] Compiling SwiftSyntax AbsolutePosition.swift
[493/1208] Compiling SwiftSyntax Identifier.swift
[494/1208] Compiling SwiftSyntax MemoryLayout.swift
[495/1208] Compiling SwiftSyntax MissingNodeInitializers.swift
[496/1208] Compiling SwiftSyntax RawSyntax.swift
[497/1208] Compiling SwiftSyntax RawSyntaxArena.swift
[498/1245] Compiling SystemPackage FilePathString.swift
[499/1245] Compiling SystemPackage FilePathSyntax.swift
[500/1245] Compiling SystemPackage FilePathTemp.swift
[501/1245] Compiling SystemPackage FilePathTempPosix.swift
[502/1245] Compiling SystemPackage FilePathTempWindows.swift
[503/1245] Compiling SystemPackage FilePathWindows.swift
[504/1245] Compiling SystemPackage FilePermissions.swift
[505/1245] Compiling SystemPackage FileFlags.swift
[506/1245] Compiling SystemPackage FileMode.swift
[507/1253] Compiling ArgumentParserToolInfo ToolInfo.swift
[508/1253] Emitting module ArgumentParserToolInfo
[510/1254] Compiling SystemPackage SystemString.swift
[511/1254] Compiling SystemPackage Util+StringArray.swift
[512/1254] Compiling SystemPackage Util.swift
[513/1254] Compiling SystemPackage UtilConsumers.swift
[514/1254] Compiling SystemPackage WinSDK+Overlay.swift
[515/1254] Compiling CryptoBoringWrapper RandomBytes.swift
[515/1254] Compiling CCryptoBoringSSLShims shims.c
[517/1301] Compiling CryptoBoringWrapper CryptoKitErrors_boring.swift
[518/1301] Compiling ArgumentParser FishCompletionsGenerator.swift
[519/1301] Compiling ArgumentParser ZshCompletionsGenerator.swift
[520/1301] Compiling ArgumentParser Argument.swift
[521/1301] Compiling ArgumentParser ArgumentDiscussion.swift
[522/1302] Compiling ArgumentParser CommandParser.swift
[523/1302] Compiling ArgumentParser InputKey.swift
[524/1302] Compiling ArgumentParser InputOrigin.swift
[525/1302] Compiling ArgumentParser Name.swift
[526/1302] Compiling ArgumentParser Parsed.swift
[527/1307] Compiling ToolsProtocolsSwiftExtensions ThreadSafeBox.swift
[528/1307] Compiling ToolsProtocolsSwiftExtensions Task+WithPriorityChangedHandler.swift
[529/1307] Compiling ArgumentParser BashCompletionsGenerator.swift
[530/1307] Compiling ArgumentParser CompletionsGenerator.swift
[531/1307] Emitting module ToolsProtocolsSwiftExtensions
[532/1307] Compiling ToolsProtocolsSwiftExtensions PipeAsStringHandler.swift
[533/1307] Compiling ToolsProtocolsSwiftExtensions URLExtensions.swift
[534/1307] Compiling ToolsProtocolsSwiftExtensions NSLock+WithLock.swift
[535/1308] Compiling fiat_p256_adx_sqr.S
[537/1308] Compiling CryptoBoringWrapper FiniteFieldArithmeticContext.swift
[538/1316] Emitting module CryptoBoringWrapper
[539/1316] Compiling CryptoBoringWrapper BoringSSLAEAD.swift
[540/1316] Compiling CryptoBoringWrapper EllipticCurve.swift
[541/1316] Compiling SKLogging Logging.swift
[542/1316] Compiling ArgumentParser AsyncParsableCommand.swift
[543/1316] Compiling ArgumentParser CommandConfiguration.swift
[544/1316] Compiling ArgumentParser CommandGroup.swift
[545/1316] Compiling ArgumentParser EnumerableFlag.swift
[546/1316] Compiling ArgumentParser ExpressibleByArgument.swift
[547/1316] Compiling ArgumentParser ParsableArguments.swift
[548/1316] Compiling ArgumentParser ParsableCommand.swift
[549/1316] Compiling ArgumentParser ArgumentDecoder.swift
[550/1316] Compiling ArgumentParser ArgumentDefinition.swift
[551/1316] Compiling ArgumentParser ArgumentSet.swift
[552/1317] Compiling ArgumentParser MessageInfo.swift
[553/1317] Compiling ArgumentParser UsageGenerator.swift
[554/1317] Compiling ArgumentParser CollectionExtensions.swift
[555/1317] Compiling ArgumentParser Foundation.swift
[556/1317] Compiling ArgumentParser ParentCommand.swift
[557/1317] Compiling SKLogging Error+ForLogging.swift
[558/1317] Compiling ArgumentParser NameSpecification.swift
[559/1317] Compiling ArgumentParser Option.swift
[560/1317] Compiling ArgumentParser OptionGroup.swift
[561/1317] Compiling ArgumentParser HelpCommand.swift
[562/1317] Compiling ArgumentParser HelpGenerator.swift
[563/1317] Compiling CryptoBoringWrapper EllipticCurvePoint.swift
[564/1317] Compiling CryptoBoringWrapper ArbitraryPrecisionInteger.swift
[565/1318] Compiling SKLogging LoggingScope.swift
[566/1318] Emitting module SKLogging
[567/1318] Compiling SKLogging CustomLogStringConvertible.swift
[569/1318] Emitting module ArgumentParser
[576/1324] Compiling ArgumentParser ArgumentHelp.swift
[577/1324] Compiling ArgumentParser ArgumentVisibility.swift
[578/1324] Compiling ArgumentParser CompletionKind.swift
[578/1324] Wrapping AST for ToolsProtocolsSwiftExtensions for debugging
[580/1324] Compiling SKLogging SplitLogMessage.swift
[590/1324] Emitting module SystemPackage
[596/1324] Compiling ArgumentParser Flag.swift
[602/1326] Compiling SystemPackage WinSDK+Overlay.swift
[603/1326] Compiling ArgumentParser Platform.swift
[604/1326] Compiling ArgumentParser SequenceExtensions.swift
[605/1326] Compiling ArgumentParser StringExtensions.swift
[606/1326] Compiling ArgumentParser SwiftExtensions.swift
[607/1326] Compiling ArgumentParser Tree.swift
[608/1409] Compiling fiat_p256_adx_mul.S
[610/1409] Compiling SKLogging NonDarwinLogging.swift
[611/1411] Compiling Crypto Insecure_HashFunctions.swift
[612/1411] Compiling Crypto MLKEM_boring.swift
[613/1411] Compiling Crypto MLKEM_wrapper.swift
[614/1411] Compiling Crypto XWing_boring.swift
[615/1411] Compiling Crypto KEM-Errors.swift
[616/1411] Compiling Crypto ECDSASignature.swift
[617/1411] Compiling Crypto PEMDocument.swift
[618/1411] Compiling Crypto PKCS8PrivateKey.swift
[619/1411] Compiling Crypto SEC1PrivateKey.swift
[620/1411] Compiling Crypto SubjectPublicKeyInfo.swift
[621/1411] Compiling Crypto CryptoError_boring.swift
[622/1411] Compiling Crypto CryptoKitErrors.swift
[623/1411] Compiling Crypto Digest_boring.swift
[624/1411] Compiling Crypto Digest.swift
[625/1411] Compiling Crypto AES-GCM.swift
[626/1411] Compiling Crypto AES-GCM_boring.swift
[627/1411] Compiling Crypto ChaChaPoly_boring.swift
[628/1411] Compiling Crypto ChaChaPoly.swift
[629/1411] Compiling Crypto Cipher.swift
[630/1411] Compiling Crypto Nonces.swift
[631/1411] Compiling Crypto ASN1.swift
[632/1411] Compiling Crypto ASN1Any.swift
[633/1411] Compiling Crypto ASN1BitString.swift
[644/1419] Compiling Crypto ASN1Boolean.swift
[645/1419] Compiling Crypto ASN1Identifier.swift
[652/1419] Emitting module SystemPackage
[653/1420] Compiling fiat_curve25519_adx_square.S
[654/1420] Wrapping AST for SystemPackage for debugging
[655/1420] Compiling fiat_curve25519_adx_mul.S
[656/1420] Compiling md5-x86_64-linux.S
[661/1420] Compiling Crypto KEM.swift
[662/1420] Compiling Crypto MLKEM.swift
[663/1420] Compiling Crypto XWing.swift
[664/1420] Compiling Crypto ECDH_boring.swift
[665/1420] Compiling Crypto DH.swift
[666/1420] Compiling Crypto ECDH.swift
[667/1420] Compiling Crypto ANSIx963.swift
[668/1420] Compiling Crypto HKDF.swift
[669/1420] Compiling Crypto AESWrap.swift
[670/1420] Compiling Crypto AESWrap_boring.swift
[671/1420] Compiling Crypto Ed25519_boring.swift
[672/1420] Compiling Crypto NISTCurvesKeys_boring.swift
[673/1420] Compiling Crypto X25519Keys_boring.swift
[674/1420] Compiling Crypto Curve25519.swift
[675/1420] Compiling Crypto Ed25519Keys.swift
[676/1420] Compiling Crypto NISTCurvesKeys.swift
[677/1420] Compiling Crypto X25519Keys.swift
[678/1420] Compiling Crypto SymmetricKeys.swift
[679/1420] Compiling Crypto HMAC.swift
[680/1420] Compiling Crypto HPKE-LabeledExtract.swift
[681/1420] Compiling Crypto HPKE-Utils.swift
[682/1420] Compiling SwiftSyntax SyntaxNodesC.swift
[683/1420] Compiling SwiftSyntax SyntaxNodesD.swift
[684/1420] Compiling SwiftSyntax SyntaxNodesEF.swift
[685/1420] Compiling SwiftSyntax SyntaxNodesGHI.swift
[686/1420] Compiling SwiftSyntax SyntaxNodesJKLMN.swift
[687/1420] Compiling SwiftSyntax SyntaxNodesOP.swift
[688/1420] Compiling SwiftSyntax SyntaxNodesQRS.swift
[689/1420] Compiling SwiftSyntax SyntaxNodesTUVWXYZ.swift
[690/1420] Compiling Crypto HPKE-Modes.swift
[691/1420] Compiling Crypto Insecure.swift
[692/1420] Compiling Crypto MACFunctions.swift
[693/1420] Compiling Crypto MessageAuthenticationCode.swift
[694/1420] Compiling Crypto AES.swift
[695/1420] Compiling Crypto ECDSASignature_boring.swift
[695/1436] Compiling md5-x86_64-apple.S
[697/1438] Emitting module LanguageServerProtocol
[697/1438] Compiling md5-586-linux.S
[698/1438] Compiling md5-586-apple.S
[700/1438] Compiling Crypto ASN1Strings.swift
[701/1438] Compiling Crypto ArraySliceBigint.swift
[702/1438] Compiling Crypto GeneralizedTime.swift
[703/1438] Compiling Crypto ObjectIdentifier.swift
[706/1438] Compiling Crypto HPKE-KDF.swift
[707/1438] Compiling Crypto HPKE-KexKeyDerivation.swift
[717/1438] Compiling err_data.cc
[718/1438] Compiling chacha20_poly1305_x86_64-linux.S
[719/1438] Compiling chacha20_poly1305_x86_64-apple.S
[720/1438] Compiling chacha20_poly1305_armv8-win.S
[721/1438] Compiling chacha20_poly1305_armv8-linux.S
[722/1438] Compiling chacha20_poly1305_armv8-apple.S
[724/1438] Compiling BylawsPaths LexicalFilePath.swift
[725/1438] Emitting module BylawsPaths
[726/1439] Compiling chacha-x86_64-linux.S
[727/1439] Compiling chacha-x86_64-apple.S
[728/1439] Compiling chacha-x86-linux.S
[729/1439] Compiling chacha-x86-apple.S
[742/1439] Compiling Crypto ASN1Integer.swift
[743/1439] Compiling Crypto ASN1Null.swift
[744/1439] Compiling Crypto ASN1OctetString.swift
[758/1439] Compiling Crypto Digests.swift
[759/1439] Compiling Crypto HashFunctions.swift
[760/1439] Compiling Crypto HashFunctions_SHA2.swift
[761/1439] Compiling Crypto HashFunctions_SHA3.swift
[762/1439] Compiling Crypto Digest_xkcp.swift
[763/1439] Compiling Crypto HPKE-AEAD.swift
[764/1439] Compiling Crypto HPKE-Ciphersuite.swift
[768/1439] Compiling chacha-armv8-win.S
[769/1455] Compiling chacha-armv8-linux.S
[771/1455] Compiling SKLogging OrLog.swift
[772/1455] Compiling SKLogging SetGlobalLogFileHandler.swift
[772/1456] Compiling chacha-armv8-apple.S
[774/1456] Compiling chacha-armv4-linux.S
[775/1456] Compiling aes128gcmsiv-x86_64-linux.S
[776/1456] Compiling aes128gcmsiv-x86_64-apple.S
[777/1456] Wrapping AST for SKLogging for debugging
[778/1456] Compiling x86_64-mont5-linux.S
[779/1456] Compiling x86_64-mont5-apple.S
[781/1456] Compiling BylawsIndexStore IndexStoreError.swift
/host/spi-builder-workspace/Sources/BylawsIndexStore/Store/IndexStoreError.swift:6:2: error: unknown attribute 'nonexhaustive'
4 | ///
5 | /// Later versions may add cases.
6 | @nonexhaustive
| `- error: unknown attribute 'nonexhaustive'
7 | public enum IndexStoreError: Error, Sendable, Hashable {
8 | /// The dynamic loader's `reason` for failing to open the index library at
[782/1456] Compiling BylawsIndexStore IndexStoreLibrary.swift
/host/spi-builder-workspace/Sources/BylawsIndexStore/Store/IndexStoreError.swift:6:2: error: unknown attribute 'nonexhaustive'
4 | ///
5 | /// Later versions may add cases.
6 | @nonexhaustive
| `- error: unknown attribute 'nonexhaustive'
7 | public enum IndexStoreError: Error, Sendable, Hashable {
8 | /// The dynamic loader's `reason` for failing to open the index library at
[782/1456] Compiling x86_64-mont-linux.S
[783/1458] Compiling x86_64-mont-apple.S
[785/1458] Compiling BylawsIndexStore IndexStoreCandidates.swift
[786/1458] Compiling BylawsIndexStore IndexStoreDirectory.swift
error: emit-module command failed with exit code 1 (use -v to see invocation)
[787/1458] Emitting module BylawsIndexStore
/host/spi-builder-workspace/Sources/BylawsIndexStore/Model/IndexSymbol.swift:9:4: error: unknown attribute 'nonexhaustive'
7 | ///
8 | /// Later versions may add cases.
9 | @nonexhaustive
| `- error: unknown attribute 'nonexhaustive'
10 | public enum Kind: Sendable, Hashable {
11 | /// A module.
/host/spi-builder-workspace/Sources/BylawsIndexStore/Store/IndexStoreError.swift:6:2: error: unknown attribute 'nonexhaustive'
4 | ///
5 | /// Later versions may add cases.
6 | @nonexhaustive
| `- error: unknown attribute 'nonexhaustive'
7 | public enum IndexStoreError: Error, Sendable, Hashable {
8 | /// The dynamic loader's `reason` for failing to open the index library at
[787/1458] Compiling x86-mont-linux.S
[788/1458] Compiling x86-mont-apple.S
[789/1458] Compiling vpaes-x86_64-linux.S
[804/1458] Compiling vpaes-x86-linux.S
[806/1458] Compiling BylawsIndexStore ProjectIndex.swift
[807/1458] Compiling BylawsIndexStore IndexStore.swift
[808/1458] Compiling BylawsIndexStore IndexReference.swift
[809/1458] Compiling BylawsIndexStore IndexRelation.swift
[812/1458] Compiling vpaes-x86_64-apple.S
[814/1458] Compiling BylawsIndexStore IndexOccurrence.swift
[815/1458] Compiling BylawsIndexStore IndexRecord.swift
[816/1458] Compiling BylawsIndexStore IndexReference+Order.swift
[817/1458] Compiling BylawsIndexStore IndexSymbol.swift
/host/spi-builder-workspace/Sources/BylawsIndexStore/Model/IndexSymbol.swift:9:4: error: unknown attribute 'nonexhaustive'
7 | ///
8 | /// Later versions may add cases.
9 | @nonexhaustive
| `- error: unknown attribute 'nonexhaustive'
10 | public enum Kind: Sendable, Hashable {
11 | /// A module.
[818/1458] Compiling BylawsIndexStore IndexUnit.swift
/host/spi-builder-workspace/Sources/BylawsIndexStore/Model/IndexSymbol.swift:9:4: error: unknown attribute 'nonexhaustive'
7 | ///
8 | /// Later versions may add cases.
9 | @nonexhaustive
| `- error: unknown attribute 'nonexhaustive'
10 | public enum Kind: Sendable, Hashable {
11 | /// A module.
[819/1458] Emitting module Crypto
[819/1470] Compiling vpaes-x86-apple.S
[820/1470] Compiling vpaes-armv8-win.S
[822/1470] Compiling vpaes-armv8-apple.S
[823/1470] Compiling vpaes-armv8-linux.S
[824/1470] Compiling sha512-x86_64-linux.S
[825/1470] Compiling vpaes-armv7-linux.S
[826/1470] Compiling sha512-x86_64-apple.S
[827/1470] Compiling sha512-armv8-win.S
[828/1470] Compiling sha512-armv8-linux.S
[829/1470] Compiling sha512-586-linux.S
[830/1470] Compiling sha512-armv8-apple.S
[831/1470] Compiling sha512-armv4-linux.S
[832/1470] Compiling sha256-x86_64-linux.S
[833/1470] Compiling sha512-586-apple.S
[834/1470] Compiling sha256-x86_64-apple.S
[835/1470] Compiling sha256-armv8-win.S
[840/1470] Compiling BylawsIndexStore IndexStoreLocation.swift
[841/1470] Compiling BylawsIndexStore ToolchainPaths.swift
[854/1470] Compiling BylawsIndexStore SymbolRole.swift
[855/1470] Compiling BylawsIndexStore IndexOccurrences.swift
[860/1470] Compiling sha256-armv8-apple.S
[861/1470] Compiling sha256-armv8-linux.S
[862/1470] Compiling sha256-armv4-linux.S
[865/1470] Compiling sha256-586-linux.S
[866/1470] Compiling sha256-586-apple.S
[867/1470] Compiling sha1-x86_64-linux.S
[868/1470] Compiling sha1-x86_64-apple.S
[869/1470] Compiling sha1-armv8-win.S
[870/1470] Compiling sha1-armv8-linux.S
[871/1470] Compiling sha1-armv8-apple.S
[872/1470] Compiling sha1-armv4-large-linux.S
[873/1470] Compiling sha1-586-linux.S
[874/1470] Compiling sha1-586-apple.S
[879/1470] Compiling rsaz-avx2-linux.S
[882/1470] Compiling rsaz-avx2-apple.S
[883/1470] Compiling rdrand-x86_64-linux.S
[884/1470] Compiling rdrand-x86_64-apple.S
[884/1470] Compiling p256_beeu-x86_64-asm-apple.S
[884/1470] Compiling p256_beeu-x86_64-asm-linux.S
BUILD FAILURE 6.2 android