Build Information
Failed to build RxResource, reference 0.5.0 (1302bd), with Swift 6.4 for macOS (Xcode) using Xcode 27.0 on 19 Sep 2026 00:04:52 UTC.
Build Command
env DEVELOPER_DIR=/Applications/Xcode-27.0.0-Release.Candidate.app xcrun xcodebuild -IDEClonedSourcePackagesDirPathOverride=$PWD/.dependencies -skipMacroValidation -skipPackagePluginValidation -derivedDataPath $PWD/.derivedData build -scheme RxResource -destination platform=macOS,arch=arm64Build Log
cd /Users/admin/builder/spi-builder-workspace/.swiftpm/xcode
builtin-SwiftPerFileCompile Binder.swift
SwiftCompile normal arm64 /Users/admin/builder/spi-builder-workspace/.dependencies/checkouts/RxSwift/Sources/RxSwift/BooleanDisposable.swift (in target 'RxSwift' from project 'RxSwift')
cd /Users/admin/builder/spi-builder-workspace/.swiftpm/xcode
builtin-SwiftPerFileCompile BooleanDisposable.swift
SwiftCompile normal arm64 Compiling\ Empty.swift,\ Enumerated.swift,\ Error.swift,\ Errors.swift,\ Event.swift,\ Filter.swift,\ First.swift,\ Generate.swift,\ GroupBy.swift,\ GroupedObservable.swift,\ HistoricalScheduler.swift,\ HistoricalSchedulerTimeConverter.swift,\ ImmediateSchedulerType.swift,\ Infallible+CombineLatest+Collection.swift,\ Infallible+CombineLatest+arity.swift,\ Infallible+Concurrency.swift /Users/admin/builder/spi-builder-workspace/.dependencies/checkouts/RxSwift/Sources/RxSwift/Empty.swift /Users/admin/builder/spi-builder-workspace/.dependencies/checkouts/RxSwift/Sources/RxSwift/Enumerated.swift /Users/admin/builder/spi-builder-workspace/.dependencies/checkouts/RxSwift/Sources/RxSwift/Error.swift /Users/admin/builder/spi-builder-workspace/.dependencies/checkouts/RxSwift/Sources/RxSwift/Errors.swift /Users/admin/builder/spi-builder-workspace/.dependencies/checkouts/RxSwift/Sources/RxSwift/Event.swift /Users/admin/builder/spi-builder-workspace/.dependencies/checkouts/RxSwift/Sources/RxSwift/Filter.swift /Users/admin/builder/spi-builder-workspace/.dependencies/checkouts/RxSwift/Sources/RxSwift/First.swift /Users/admin/builder/spi-builder-workspace/.dependencies/checkouts/RxSwift/Sources/RxSwift/Generate.swift /Users/admin/builder/spi-builder-workspace/.dependencies/checkouts/RxSwift/Sources/RxSwift/GroupBy.swift /Users/admin/builder/spi-builder-workspace/.dependencies/checkouts/RxSwift/Sources/RxSwift/GroupedObservable.swift /Users/admin/builder/spi-builder-workspace/.dependencies/checkouts/RxSwift/Sources/RxSwift/HistoricalScheduler.swift /Users/admin/builder/spi-builder-workspace/.dependencies/checkouts/RxSwift/Sources/RxSwift/HistoricalSchedulerTimeConverter.swift /Users/admin/builder/spi-builder-workspace/.dependencies/checkouts/RxSwift/Sources/RxSwift/ImmediateSchedulerType.swift /Users/admin/builder/spi-builder-workspace/.dependencies/checkouts/RxSwift/Sources/RxSwift/Infallible+CombineLatest+Collection.swift /Users/admin/builder/spi-builder-workspace/.dependencies/checkouts/RxSwift/Sources/RxSwift/Infallible+CombineLatest+arity.swift /Users/admin/builder/spi-builder-workspace/.dependencies/checkouts/RxSwift/Sources/RxSwift/Infallible+Concurrency.swift (in target 'RxSwift' from project 'RxSwift')
SwiftCompile normal arm64 /Users/admin/builder/spi-builder-workspace/.dependencies/checkouts/RxSwift/Sources/RxSwift/Empty.swift (in target 'RxSwift' from project 'RxSwift')
cd /Users/admin/builder/spi-builder-workspace/.swiftpm/xcode
builtin-SwiftPerFileCompile Empty.swift
SwiftCompile normal arm64 /Users/admin/builder/spi-builder-workspace/.dependencies/checkouts/RxSwift/Sources/RxSwift/Enumerated.swift (in target 'RxSwift' from project 'RxSwift')
cd /Users/admin/builder/spi-builder-workspace/.swiftpm/xcode
builtin-SwiftPerFileCompile Enumerated.swift
SwiftCompile normal arm64 /Users/admin/builder/spi-builder-workspace/.dependencies/checkouts/RxSwift/Sources/RxSwift/Error.swift (in target 'RxSwift' from project 'RxSwift')
cd /Users/admin/builder/spi-builder-workspace/.swiftpm/xcode
builtin-SwiftPerFileCompile Error.swift
SwiftCompile normal arm64 /Users/admin/builder/spi-builder-workspace/.dependencies/checkouts/RxSwift/Sources/RxSwift/Errors.swift (in target 'RxSwift' from project 'RxSwift')
cd /Users/admin/builder/spi-builder-workspace/.swiftpm/xcode
builtin-SwiftPerFileCompile Errors.swift
SwiftCompile normal arm64 /Users/admin/builder/spi-builder-workspace/.dependencies/checkouts/RxSwift/Sources/RxSwift/Event.swift (in target 'RxSwift' from project 'RxSwift')
cd /Users/admin/builder/spi-builder-workspace/.swiftpm/xcode
builtin-SwiftPerFileCompile Event.swift
SwiftCompile normal arm64 /Users/admin/builder/spi-builder-workspace/.dependencies/checkouts/RxSwift/Sources/RxSwift/Filter.swift (in target 'RxSwift' from project 'RxSwift')
cd /Users/admin/builder/spi-builder-workspace/.swiftpm/xcode
builtin-SwiftPerFileCompile Filter.swift
SwiftCompile normal arm64 /Users/admin/builder/spi-builder-workspace/.dependencies/checkouts/RxSwift/Sources/RxSwift/First.swift (in target 'RxSwift' from project 'RxSwift')
cd /Users/admin/builder/spi-builder-workspace/.swiftpm/xcode
builtin-SwiftPerFileCompile First.swift
SwiftCompile normal arm64 /Users/admin/builder/spi-builder-workspace/.dependencies/checkouts/RxSwift/Sources/RxSwift/Generate.swift (in target 'RxSwift' from project 'RxSwift')
cd /Users/admin/builder/spi-builder-workspace/.swiftpm/xcode
builtin-SwiftPerFileCompile Generate.swift
SwiftCompile normal arm64 /Users/admin/builder/spi-builder-workspace/.dependencies/checkouts/RxSwift/Sources/RxSwift/GroupBy.swift (in target 'RxSwift' from project 'RxSwift')
cd /Users/admin/builder/spi-builder-workspace/.swiftpm/xcode
builtin-SwiftPerFileCompile GroupBy.swift
SwiftCompile normal arm64 /Users/admin/builder/spi-builder-workspace/.dependencies/checkouts/RxSwift/Sources/RxSwift/GroupedObservable.swift (in target 'RxSwift' from project 'RxSwift')
cd /Users/admin/builder/spi-builder-workspace/.swiftpm/xcode
builtin-SwiftPerFileCompile GroupedObservable.swift
SwiftCompile normal arm64 /Users/admin/builder/spi-builder-workspace/.dependencies/checkouts/RxSwift/Sources/RxSwift/HistoricalScheduler.swift (in target 'RxSwift' from project 'RxSwift')
cd /Users/admin/builder/spi-builder-workspace/.swiftpm/xcode
builtin-SwiftPerFileCompile HistoricalScheduler.swift
SwiftCompile normal arm64 /Users/admin/builder/spi-builder-workspace/.dependencies/checkouts/RxSwift/Sources/RxSwift/HistoricalSchedulerTimeConverter.swift (in target 'RxSwift' from project 'RxSwift')
cd /Users/admin/builder/spi-builder-workspace/.swiftpm/xcode
builtin-SwiftPerFileCompile HistoricalSchedulerTimeConverter.swift
SwiftCompile normal arm64 /Users/admin/builder/spi-builder-workspace/.dependencies/checkouts/RxSwift/Sources/RxSwift/ImmediateSchedulerType.swift (in target 'RxSwift' from project 'RxSwift')
cd /Users/admin/builder/spi-builder-workspace/.swiftpm/xcode
builtin-SwiftPerFileCompile ImmediateSchedulerType.swift
SwiftCompile normal arm64 /Users/admin/builder/spi-builder-workspace/.dependencies/checkouts/RxSwift/Sources/RxSwift/Infallible+CombineLatest+Collection.swift (in target 'RxSwift' from project 'RxSwift')
cd /Users/admin/builder/spi-builder-workspace/.swiftpm/xcode
builtin-SwiftPerFileCompile Infallible+CombineLatest+Collection.swift
SwiftCompile normal arm64 /Users/admin/builder/spi-builder-workspace/.dependencies/checkouts/RxSwift/Sources/RxSwift/Infallible+CombineLatest+arity.swift (in target 'RxSwift' from project 'RxSwift')
cd /Users/admin/builder/spi-builder-workspace/.swiftpm/xcode
builtin-SwiftPerFileCompile Infallible+CombineLatest+arity.swift
SwiftCompile normal arm64 /Users/admin/builder/spi-builder-workspace/.dependencies/checkouts/RxSwift/Sources/RxSwift/Infallible+Concurrency.swift (in target 'RxSwift' from project 'RxSwift')
cd /Users/admin/builder/spi-builder-workspace/.swiftpm/xcode
builtin-SwiftPerFileCompile Infallible+Concurrency.swift
SwiftDriverJobDiscovery normal arm64 Emitting module for RxSwift (in target 'RxSwift' from project 'RxSwift')
SwiftDriverJobDiscovery normal arm64 Compiling Empty.swift, Enumerated.swift, Error.swift, Errors.swift, Event.swift, Filter.swift, First.swift, Generate.swift, GroupBy.swift, GroupedObservable.swift, HistoricalScheduler.swift, HistoricalSchedulerTimeConverter.swift, ImmediateSchedulerType.swift, Infallible+CombineLatest+Collection.swift, Infallible+CombineLatest+arity.swift, Infallible+Concurrency.swift (in target 'RxSwift' from project 'RxSwift')
SwiftDriver\ Compilation\ Requirements RxSwift normal arm64 com.apple.xcode.tools.swift.compiler (in target 'RxSwift' from project 'RxSwift')
cd /Users/admin/builder/spi-builder-workspace/.swiftpm/xcode
builtin-Swift-Compilation-Requirements -- /Applications/Xcode-27.0.0-Release.Candidate.app/Contents/Developer/Toolchains/XcodeDefault.xctoolchain/usr/bin/swiftc -parse-as-library -module-name RxSwift -Onone @/Users/admin/builder/spi-builder-workspace/.derivedData/Build/Intermediates.noindex/RxSwift.build/Debug/RxSwift-t.build/Objects-normal/arm64/RxSwift.SwiftFileList -DSWIFT_PACKAGE -DDEBUG -DSWIFT_MODULE_RESOURCE_BUNDLE_AVAILABLE -DXcode -plugin-path /Applications/Xcode-27.0.0-Release.Candidate.app/Contents/Developer/Toolchains/XcodeDefault.xctoolchain/usr/lib/swift/host/plugins/testing -enable-experimental-feature DebugDescriptionMacro -sdk /Applications/Xcode-27.0.0-Release.Candidate.app/Contents/Developer/Platforms/MacOSX.platform/Developer/SDKs/MacOSX27.0.sdk -target arm64-apple-macos12.0 -g -module-cache-path /Users/admin/builder/spi-builder-workspace/.derivedData/ModuleCache.noindex -Xfrontend -serialize-debugging-options -profile-coverage-mapping -profile-generate -enable-testing -suppress-warnings -index-store-path /Users/admin/builder/spi-builder-workspace/.derivedData/Index.noindex/DataStore -Xcc -D_LIBCPP_HARDENING_MODE\=_LIBCPP_HARDENING_MODE_DEBUG -swift-version 5 -I /Users/admin/builder/spi-builder-workspace/.derivedData/Build/Products/Debug -Isystem /Applications/Xcode-27.0.0-Release.Candidate.app/Contents/Developer/Platforms/MacOSX.platform/Developer/usr/lib -F /Users/admin/builder/spi-builder-workspace/.derivedData/Build/Products/Debug -F /Applications/Xcode-27.0.0-Release.Candidate.app/Contents/Developer/Platforms/MacOSX.platform/Developer/Library/Frameworks -c -j10 -enable-batch-mode -incremental -Xcc -ivfsstatcache -Xcc /Users/admin/builder/spi-builder-workspace/.derivedData/SDKStatCaches.noindex/macosx27.0-26A425-e829b21a6f8c9b70876ba0858053c0446a22442a12e9d48fe1a705f55a1adfc4.sdkstatcache -output-file-map /Users/admin/builder/spi-builder-workspace/.derivedData/Build/Intermediates.noindex/RxSwift.build/Debug/RxSwift-t.build/Objects-normal/arm64/RxSwift-OutputFileMap.json -save-temps -no-color-diagnostics -explicit-module-build -module-cache-path /Users/admin/builder/spi-builder-workspace/.derivedData/Build/Intermediates.noindex/SwiftExplicitPrecompiledModules -clang-scanner-module-cache-path /Users/admin/builder/spi-builder-workspace/.derivedData/ModuleCache.noindex -sdk-module-cache-path /Users/admin/builder/spi-builder-workspace/.derivedData/SDKExplicitPrecompiledModules -emit-dependencies -emit-module -emit-module-path /Users/admin/builder/spi-builder-workspace/.derivedData/Build/Intermediates.noindex/RxSwift.build/Debug/RxSwift-t.build/Objects-normal/arm64/RxSwift.swiftmodule -serialize-diagnostics -dependency-scan-serialize-diagnostics-path /Users/admin/builder/spi-builder-workspace/.derivedData/Build/Intermediates.noindex/RxSwift.build/Debug/RxSwift-t.build/Objects-normal/arm64/RxSwift-dependency-scan.dia -validate-clang-modules-once -clang-build-session-file /Users/admin/builder/spi-builder-workspace/.derivedData/ModuleCache.noindex/Session.modulevalidation -Xcc -fmodules-prune-interval\=86400 -Xcc -fmodules-prune-after\=345600 -package-name rxswift -emit-const-values -const-gather-protocols-list /Users/admin/builder/spi-builder-workspace/.derivedData/Build/Intermediates.noindex/RxSwift.build/Debug/RxSwift-t.build/Objects-normal/arm64/RxSwift_const_extract_protocols.json -Xcc -I/Users/admin/builder/spi-builder-workspace/.derivedData/Build/Products/Debug/include -Xcc -I/Users/admin/builder/spi-builder-workspace/.derivedData/Build/Intermediates.noindex/RxSwift.build/Debug/RxSwift-t.build/DerivedSources-normal/arm64 -Xcc -I/Users/admin/builder/spi-builder-workspace/.derivedData/Build/Intermediates.noindex/RxSwift.build/Debug/RxSwift-t.build/DerivedSources/arm64 -Xcc -I/Users/admin/builder/spi-builder-workspace/.derivedData/Build/Intermediates.noindex/RxSwift.build/Debug/RxSwift-t.build/DerivedSources -Xcc -DSWIFT_PACKAGE -Xcc -DDEBUG\=1 -emit-objc-header -emit-objc-header-path /Users/admin/builder/spi-builder-workspace/.derivedData/Build/Intermediates.noindex/RxSwift.build/Debug/RxSwift-t.build/Objects-normal/arm64/RxSwift-Swift.h -working-directory /Users/admin/builder/spi-builder-workspace/.swiftpm/xcode -experimental-emit-module-separately -disable-cmo
SwiftMergeGeneratedHeaders /Users/admin/builder/spi-builder-workspace/.derivedData/Build/Intermediates.noindex/GeneratedModuleMaps/RxSwift-Swift.h /Users/admin/builder/spi-builder-workspace/.derivedData/Build/Intermediates.noindex/RxSwift.build/Debug/RxSwift-t.build/Objects-normal/arm64/RxSwift-Swift.h (in target 'RxSwift' from project 'RxSwift')
cd /Users/admin/builder/spi-builder-workspace/.dependencies/checkouts/RxSwift
builtin-swiftHeaderTool -arch arm64 /Users/admin/builder/spi-builder-workspace/.derivedData/Build/Intermediates.noindex/RxSwift.build/Debug/RxSwift-t.build/Objects-normal/arm64/RxSwift-Swift.h -o /Users/admin/builder/spi-builder-workspace/.derivedData/Build/Intermediates.noindex/GeneratedModuleMaps/RxSwift-Swift.h
Copy /Users/admin/builder/spi-builder-workspace/.derivedData/Build/Products/Debug/RxSwift.swiftmodule/arm64-apple-macos.swiftmodule /Users/admin/builder/spi-builder-workspace/.derivedData/Build/Intermediates.noindex/RxSwift.build/Debug/RxSwift-t.build/Objects-normal/arm64/RxSwift.swiftmodule (in target 'RxSwift' from project 'RxSwift')
cd /Users/admin/builder/spi-builder-workspace/.dependencies/checkouts/RxSwift
builtin-copy -exclude .DS_Store -exclude CVS -exclude .svn -exclude .git -exclude .hg -resolve-src-symlinks -rename /Users/admin/builder/spi-builder-workspace/.derivedData/Build/Intermediates.noindex/RxSwift.build/Debug/RxSwift-t.build/Objects-normal/arm64/RxSwift.swiftmodule /Users/admin/builder/spi-builder-workspace/.derivedData/Build/Products/Debug/RxSwift.swiftmodule/arm64-apple-macos.swiftmodule
Copy /Users/admin/builder/spi-builder-workspace/.derivedData/Build/Products/Debug/RxSwift.swiftmodule/arm64-apple-macos.swiftdoc /Users/admin/builder/spi-builder-workspace/.derivedData/Build/Intermediates.noindex/RxSwift.build/Debug/RxSwift-t.build/Objects-normal/arm64/RxSwift.swiftdoc (in target 'RxSwift' from project 'RxSwift')
cd /Users/admin/builder/spi-builder-workspace/.dependencies/checkouts/RxSwift
builtin-copy -exclude .DS_Store -exclude CVS -exclude .svn -exclude .git -exclude .hg -resolve-src-symlinks -rename /Users/admin/builder/spi-builder-workspace/.derivedData/Build/Intermediates.noindex/RxSwift.build/Debug/RxSwift-t.build/Objects-normal/arm64/RxSwift.swiftdoc /Users/admin/builder/spi-builder-workspace/.derivedData/Build/Products/Debug/RxSwift.swiftmodule/arm64-apple-macos.swiftdoc
SwiftDriverJobDiscovery normal arm64 Compiling Multicast.swift, Never.swift, NopDisposable.swift, Observable+Concurrency.swift, Observable.swift, ObservableConvertibleType+Infallible.swift, ObservableConvertibleType.swift, ObservableType+Extensions.swift, ObservableType+PrimitiveSequence.swift, ObservableType.swift, ObserveOn.swift, ObserverBase.swift, ObserverType.swift, OperationQueueScheduler.swift, Optional.swift, Platform.Darwin.swift (in target 'RxSwift' from project 'RxSwift')
Copy /Users/admin/builder/spi-builder-workspace/.derivedData/Build/Products/Debug/RxSwift.swiftmodule/arm64-apple-macos.abi.json /Users/admin/builder/spi-builder-workspace/.derivedData/Build/Intermediates.noindex/RxSwift.build/Debug/RxSwift-t.build/Objects-normal/arm64/RxSwift.abi.json (in target 'RxSwift' from project 'RxSwift')
cd /Users/admin/builder/spi-builder-workspace/.dependencies/checkouts/RxSwift
builtin-copy -exclude .DS_Store -exclude CVS -exclude .svn -exclude .git -exclude .hg -resolve-src-symlinks -rename /Users/admin/builder/spi-builder-workspace/.derivedData/Build/Intermediates.noindex/RxSwift.build/Debug/RxSwift-t.build/Objects-normal/arm64/RxSwift.abi.json /Users/admin/builder/spi-builder-workspace/.derivedData/Build/Products/Debug/RxSwift.swiftmodule/arm64-apple-macos.abi.json
Copy /Users/admin/builder/spi-builder-workspace/.derivedData/Build/Products/Debug/RxSwift.swiftmodule/Project/arm64-apple-macos.swiftsourceinfo /Users/admin/builder/spi-builder-workspace/.derivedData/Build/Intermediates.noindex/RxSwift.build/Debug/RxSwift-t.build/Objects-normal/arm64/RxSwift.swiftsourceinfo (in target 'RxSwift' from project 'RxSwift')
cd /Users/admin/builder/spi-builder-workspace/.dependencies/checkouts/RxSwift
builtin-copy -exclude .DS_Store -exclude CVS -exclude .svn -exclude .git -exclude .hg -resolve-src-symlinks -rename /Users/admin/builder/spi-builder-workspace/.derivedData/Build/Intermediates.noindex/RxSwift.build/Debug/RxSwift-t.build/Objects-normal/arm64/RxSwift.swiftsourceinfo /Users/admin/builder/spi-builder-workspace/.derivedData/Build/Products/Debug/RxSwift.swiftmodule/Project/arm64-apple-macos.swiftsourceinfo
SwiftDriverJobDiscovery normal arm64 Compiling SingleAsync.swift, Sink.swift, Skip.swift, SkipUntil.swift, SkipWhile.swift, StartWith.swift, SubjectType.swift, SubscribeOn.swift, SubscriptionDisposable.swift, SwiftSupport.swift, Switch.swift, SwitchIfEmpty.swift, SynchronizedDisposeType.swift, SynchronizedOnType.swift, SynchronizedUnsubscribeType.swift, TailRecursiveSink.swift (in target 'RxSwift' from project 'RxSwift')
SwiftDriverJobDiscovery normal arm64 Compiling Debounce.swift, Debug.swift, Decode.swift, DefaultIfEmpty.swift, Deferred.swift, Delay.swift, DelaySubscription.swift, Dematerialize.swift, DispatchQueue+Extensions.swift, DispatchQueueConfiguration.swift, Disposable.swift, Disposables.swift, DisposeBag.swift, DisposeBase.swift, DistinctUntilChanged.swift, Do.swift, ElementAt.swift (in target 'RxSwift' from project 'RxSwift')
SwiftDriverJobDiscovery normal arm64 Compiling Platform.Linux.swift, PrimitiveSequence+Concurrency.swift, PrimitiveSequence+Zip+arity.swift, PrimitiveSequence.swift, PriorityQueue.swift, Producer.swift, PublishSubject.swift, Queue.swift, Range.swift, Reactive.swift, RecursiveLock.swift, RecursiveScheduler.swift, Reduce.swift, RefCountDisposable.swift, Repeat.swift, ReplaySubject.swift (in target 'RxSwift' from project 'RxSwift')
SwiftDriverJobDiscovery normal arm64 Compiling RetryWhen.swift, Rx.swift, RxMutableBox.swift, Sample.swift, Scan.swift, ScheduledDisposable.swift, ScheduledItem.swift, ScheduledItemType.swift, SchedulerServices+Emulation.swift, SchedulerType.swift, Sequence.swift, SerialDispatchQueueScheduler.swift, SerialDisposable.swift, ShareReplayScope.swift, Single.swift, SingleAssignmentDisposable.swift (in target 'RxSwift' from project 'RxSwift')
SwiftDriverJobDiscovery normal arm64 Compiling resource_bundle_accessor.swift, AddRef.swift, Amb.swift, AnonymousDisposable.swift, AnonymousObserver.swift, AnyObserver.swift, AsMaybe.swift, AsSingle.swift, AsyncLock.swift, AsyncSubject.swift, AtomicInt.swift, Bag+Rx.swift, Bag.swift, BehaviorSubject.swift, BinaryDisposable.swift, Binder.swift, BooleanDisposable.swift (in target 'RxSwift' from project 'RxSwift')
SwiftDriverJobDiscovery normal arm64 Compiling Take.swift, TakeLast.swift, TakeWithPredicate.swift, Throttle.swift, Timeout.swift, Timer.swift, ToArray.swift, Using.swift, VirtualTimeConverterType.swift, VirtualTimeScheduler.swift, Window.swift, WithLatestFrom.swift, WithUnretained.swift, Zip+Collection.swift, Zip+arity.swift, Zip.swift (in target 'RxSwift' from project 'RxSwift')
SwiftDriverJobDiscovery normal arm64 Compiling Infallible+Create.swift, Infallible+Debug.swift, Infallible+Operators.swift, Infallible+Zip+arity.swift, Infallible.swift, InfiniteSequence.swift, InvocableScheduledItem.swift, InvocableType.swift, Just.swift, Lock.swift, LockOwnerType.swift, MainScheduler.swift, Map.swift, Materialize.swift, Maybe.swift, Merge.swift (in target 'RxSwift' from project 'RxSwift')
SwiftDriverJobDiscovery normal arm64 Compiling Buffer.swift, Cancelable.swift, Catch.swift, CombineLatest+Collection.swift, CombineLatest+arity.swift, CombineLatest.swift, CompactMap.swift, Completable+AndThen.swift, Completable.swift, CompositeDisposable.swift, Concat.swift, ConcurrentDispatchQueueScheduler.swift, ConcurrentMainScheduler.swift, ConnectableObservableType.swift, Create.swift, CurrentThreadScheduler.swift, Date+Dispatch.swift (in target 'RxSwift' from project 'RxSwift')
SwiftDriver\ Compilation RxSwift normal arm64 com.apple.xcode.tools.swift.compiler (in target 'RxSwift' from project 'RxSwift')
cd /Users/admin/builder/spi-builder-workspace/.swiftpm/xcode
builtin-Swift-Compilation -- /Applications/Xcode-27.0.0-Release.Candidate.app/Contents/Developer/Toolchains/XcodeDefault.xctoolchain/usr/bin/swiftc -parse-as-library -module-name RxSwift -Onone @/Users/admin/builder/spi-builder-workspace/.derivedData/Build/Intermediates.noindex/RxSwift.build/Debug/RxSwift-t.build/Objects-normal/arm64/RxSwift.SwiftFileList -DSWIFT_PACKAGE -DDEBUG -DSWIFT_MODULE_RESOURCE_BUNDLE_AVAILABLE -DXcode -plugin-path /Applications/Xcode-27.0.0-Release.Candidate.app/Contents/Developer/Toolchains/XcodeDefault.xctoolchain/usr/lib/swift/host/plugins/testing -enable-experimental-feature DebugDescriptionMacro -sdk /Applications/Xcode-27.0.0-Release.Candidate.app/Contents/Developer/Platforms/MacOSX.platform/Developer/SDKs/MacOSX27.0.sdk -target arm64-apple-macos12.0 -g -module-cache-path /Users/admin/builder/spi-builder-workspace/.derivedData/ModuleCache.noindex -Xfrontend -serialize-debugging-options -profile-coverage-mapping -profile-generate -enable-testing -suppress-warnings -index-store-path /Users/admin/builder/spi-builder-workspace/.derivedData/Index.noindex/DataStore -Xcc -D_LIBCPP_HARDENING_MODE\=_LIBCPP_HARDENING_MODE_DEBUG -swift-version 5 -I /Users/admin/builder/spi-builder-workspace/.derivedData/Build/Products/Debug -Isystem /Applications/Xcode-27.0.0-Release.Candidate.app/Contents/Developer/Platforms/MacOSX.platform/Developer/usr/lib -F /Users/admin/builder/spi-builder-workspace/.derivedData/Build/Products/Debug -F /Applications/Xcode-27.0.0-Release.Candidate.app/Contents/Developer/Platforms/MacOSX.platform/Developer/Library/Frameworks -c -j10 -enable-batch-mode -incremental -Xcc -ivfsstatcache -Xcc /Users/admin/builder/spi-builder-workspace/.derivedData/SDKStatCaches.noindex/macosx27.0-26A425-e829b21a6f8c9b70876ba0858053c0446a22442a12e9d48fe1a705f55a1adfc4.sdkstatcache -output-file-map /Users/admin/builder/spi-builder-workspace/.derivedData/Build/Intermediates.noindex/RxSwift.build/Debug/RxSwift-t.build/Objects-normal/arm64/RxSwift-OutputFileMap.json -save-temps -no-color-diagnostics -explicit-module-build -module-cache-path /Users/admin/builder/spi-builder-workspace/.derivedData/Build/Intermediates.noindex/SwiftExplicitPrecompiledModules -clang-scanner-module-cache-path /Users/admin/builder/spi-builder-workspace/.derivedData/ModuleCache.noindex -sdk-module-cache-path /Users/admin/builder/spi-builder-workspace/.derivedData/SDKExplicitPrecompiledModules -emit-dependencies -emit-module -emit-module-path /Users/admin/builder/spi-builder-workspace/.derivedData/Build/Intermediates.noindex/RxSwift.build/Debug/RxSwift-t.build/Objects-normal/arm64/RxSwift.swiftmodule -serialize-diagnostics -dependency-scan-serialize-diagnostics-path /Users/admin/builder/spi-builder-workspace/.derivedData/Build/Intermediates.noindex/RxSwift.build/Debug/RxSwift-t.build/Objects-normal/arm64/RxSwift-dependency-scan.dia -validate-clang-modules-once -clang-build-session-file /Users/admin/builder/spi-builder-workspace/.derivedData/ModuleCache.noindex/Session.modulevalidation -Xcc -fmodules-prune-interval\=86400 -Xcc -fmodules-prune-after\=345600 -package-name rxswift -emit-const-values -const-gather-protocols-list /Users/admin/builder/spi-builder-workspace/.derivedData/Build/Intermediates.noindex/RxSwift.build/Debug/RxSwift-t.build/Objects-normal/arm64/RxSwift_const_extract_protocols.json -Xcc -I/Users/admin/builder/spi-builder-workspace/.derivedData/Build/Products/Debug/include -Xcc -I/Users/admin/builder/spi-builder-workspace/.derivedData/Build/Intermediates.noindex/RxSwift.build/Debug/RxSwift-t.build/DerivedSources-normal/arm64 -Xcc -I/Users/admin/builder/spi-builder-workspace/.derivedData/Build/Intermediates.noindex/RxSwift.build/Debug/RxSwift-t.build/DerivedSources/arm64 -Xcc -I/Users/admin/builder/spi-builder-workspace/.derivedData/Build/Intermediates.noindex/RxSwift.build/Debug/RxSwift-t.build/DerivedSources -Xcc -DSWIFT_PACKAGE -Xcc -DDEBUG\=1 -emit-objc-header -emit-objc-header-path /Users/admin/builder/spi-builder-workspace/.derivedData/Build/Intermediates.noindex/RxSwift.build/Debug/RxSwift-t.build/Objects-normal/arm64/RxSwift-Swift.h -working-directory /Users/admin/builder/spi-builder-workspace/.swiftpm/xcode -experimental-emit-module-separately -disable-cmo
SwiftDriver RxRelay normal arm64 com.apple.xcode.tools.swift.compiler (in target 'RxRelay' from project 'RxSwift')
cd /Users/admin/builder/spi-builder-workspace/.swiftpm/xcode
builtin-SwiftDriver -- /Applications/Xcode-27.0.0-Release.Candidate.app/Contents/Developer/Toolchains/XcodeDefault.xctoolchain/usr/bin/swiftc -parse-as-library -module-name RxRelay -Onone @/Users/admin/builder/spi-builder-workspace/.derivedData/Build/Intermediates.noindex/RxSwift.build/Debug/RxRelay-t.build/Objects-normal/arm64/RxRelay.SwiftFileList -DSWIFT_PACKAGE -DDEBUG -DSWIFT_MODULE_RESOURCE_BUNDLE_AVAILABLE -DXcode -plugin-path /Applications/Xcode-27.0.0-Release.Candidate.app/Contents/Developer/Toolchains/XcodeDefault.xctoolchain/usr/lib/swift/host/plugins/testing -enable-experimental-feature DebugDescriptionMacro -sdk /Applications/Xcode-27.0.0-Release.Candidate.app/Contents/Developer/Platforms/MacOSX.platform/Developer/SDKs/MacOSX27.0.sdk -target arm64-apple-macos12.0 -g -module-cache-path /Users/admin/builder/spi-builder-workspace/.derivedData/ModuleCache.noindex -Xfrontend -serialize-debugging-options -profile-coverage-mapping -profile-generate -enable-testing -suppress-warnings -index-store-path /Users/admin/builder/spi-builder-workspace/.derivedData/Index.noindex/DataStore -Xcc -D_LIBCPP_HARDENING_MODE\=_LIBCPP_HARDENING_MODE_DEBUG -swift-version 5 -I /Users/admin/builder/spi-builder-workspace/.derivedData/Build/Products/Debug -Isystem /Applications/Xcode-27.0.0-Release.Candidate.app/Contents/Developer/Platforms/MacOSX.platform/Developer/usr/lib -F /Users/admin/builder/spi-builder-workspace/.derivedData/Build/Products/Debug/PackageFrameworks -F /Users/admin/builder/spi-builder-workspace/.derivedData/Build/Products/Debug -F /Applications/Xcode-27.0.0-Release.Candidate.app/Contents/Developer/Platforms/MacOSX.platform/Developer/Library/Frameworks -c -j10 -enable-batch-mode -incremental -Xcc -ivfsstatcache -Xcc /Users/admin/builder/spi-builder-workspace/.derivedData/SDKStatCaches.noindex/macosx27.0-26A425-e829b21a6f8c9b70876ba0858053c0446a22442a12e9d48fe1a705f55a1adfc4.sdkstatcache -output-file-map /Users/admin/builder/spi-builder-workspace/.derivedData/Build/Intermediates.noindex/RxSwift.build/Debug/RxRelay-t.build/Objects-normal/arm64/RxRelay-OutputFileMap.json -save-temps -no-color-diagnostics -explicit-module-build -module-cache-path /Users/admin/builder/spi-builder-workspace/.derivedData/Build/Intermediates.noindex/SwiftExplicitPrecompiledModules -clang-scanner-module-cache-path /Users/admin/builder/spi-builder-workspace/.derivedData/ModuleCache.noindex -sdk-module-cache-path /Users/admin/builder/spi-builder-workspace/.derivedData/SDKExplicitPrecompiledModules -emit-dependencies -emit-module -emit-module-path /Users/admin/builder/spi-builder-workspace/.derivedData/Build/Intermediates.noindex/RxSwift.build/Debug/RxRelay-t.build/Objects-normal/arm64/RxRelay.swiftmodule -serialize-diagnostics -dependency-scan-serialize-diagnostics-path /Users/admin/builder/spi-builder-workspace/.derivedData/Build/Intermediates.noindex/RxSwift.build/Debug/RxRelay-t.build/Objects-normal/arm64/RxRelay-dependency-scan.dia -validate-clang-modules-once -clang-build-session-file /Users/admin/builder/spi-builder-workspace/.derivedData/ModuleCache.noindex/Session.modulevalidation -Xcc -fmodules-prune-interval\=86400 -Xcc -fmodules-prune-after\=345600 -package-name rxswift -emit-const-values -const-gather-protocols-list /Users/admin/builder/spi-builder-workspace/.derivedData/Build/Intermediates.noindex/RxSwift.build/Debug/RxRelay-t.build/Objects-normal/arm64/RxRelay_const_extract_protocols.json -Xcc -I/Users/admin/builder/spi-builder-workspace/.derivedData/Build/Products/Debug/include -Xcc -I/Users/admin/builder/spi-builder-workspace/.derivedData/Build/Intermediates.noindex/RxSwift.build/Debug/RxRelay-t.build/DerivedSources-normal/arm64 -Xcc -I/Users/admin/builder/spi-builder-workspace/.derivedData/Build/Intermediates.noindex/RxSwift.build/Debug/RxRelay-t.build/DerivedSources/arm64 -Xcc -I/Users/admin/builder/spi-builder-workspace/.derivedData/Build/Intermediates.noindex/RxSwift.build/Debug/RxRelay-t.build/DerivedSources -Xcc -DSWIFT_PACKAGE -Xcc -DDEBUG\=1 -emit-objc-header -emit-objc-header-path /Users/admin/builder/spi-builder-workspace/.derivedData/Build/Intermediates.noindex/RxSwift.build/Debug/RxRelay-t.build/Objects-normal/arm64/RxRelay-Swift.h -working-directory /Users/admin/builder/spi-builder-workspace/.swiftpm/xcode -experimental-emit-module-separately -disable-cmo
ScanDependencies /Users/admin/builder/spi-builder-workspace/.derivedData/Build/Intermediates.noindex/RxSwift.build/Debug/RxCocoaRuntime-t.build/Objects-normal/arm64/resource_bundle_accessor.o /Users/admin/builder/spi-builder-workspace/.derivedData/Build/Intermediates.noindex/RxSwift.build/Debug/RxCocoaRuntime-t.build/DerivedSources/resource_bundle_accessor.m normal arm64 objective-c com.apple.compilers.llvm.clang.1_0.compiler (in target 'RxCocoaRuntime' from project 'RxSwift')
cd /Users/admin/builder/spi-builder-workspace/.swiftpm/xcode
Using response file: /Users/admin/builder/spi-builder-workspace/.derivedData/Build/Intermediates.noindex/RxSwift.build/Debug/RxCocoaRuntime-t.build/Objects-normal/arm64/e6072d4f65d7061329687fe24e3d63a7-common-args.resp
builtin-ScanDependencies -o /Users/admin/builder/spi-builder-workspace/.derivedData/Build/Intermediates.noindex/RxSwift.build/Debug/RxCocoaRuntime-t.build/Objects-normal/arm64/resource_bundle_accessor.o.scan -- /Applications/Xcode-27.0.0-Release.Candidate.app/Contents/Developer/Toolchains/XcodeDefault.xctoolchain/usr/bin/clang -x objective-c -ivfsstatcache /Users/admin/builder/spi-builder-workspace/.derivedData/SDKStatCaches.noindex/macosx27.0-26A425-e829b21a6f8c9b70876ba0858053c0446a22442a12e9d48fe1a705f55a1adfc4.sdkstatcache -target arm64-apple-macos12.0 -fmessage-length\=0 -fdiagnostics-show-note-include-stack -fmacro-backtrace-limit\=0 -fno-color-diagnostics -fmodules-prune-interval\=86400 -fmodules-prune-after\=345600 -fbuild-session-file\=/Users/admin/builder/spi-builder-workspace/.derivedData/ModuleCache.noindex/Session.modulevalidation -fmodules-validate-once-per-build-session -Wnon-modular-include-in-framework-module -Werror\=non-modular-include-in-framework-module -Wno-trigraphs -Wno-missing-field-initializers -Wno-missing-prototypes -Wno-return-type -Wno-implicit-atomic-properties -Wno-objc-interface-ivars -Wno-arc-repeated-use-of-weak -Wno-missing-braces -Wparentheses -Wswitch -Wno-unused-function -Wno-unused-label -Wno-unused-parameter -Wno-unused-variable -Wunused-value -Wno-empty-body -Wno-uninitialized -Wno-unknown-pragmas -w -Wno-shadow -Wno-four-char-constants -Wno-conversion -Wno-constant-conversion -Wno-int-conversion -Wno-bool-conversion -Wno-enum-conversion -Wno-float-conversion -Wno-non-literal-null-conversion -Wno-objc-literal-conversion -Wshorten-64-to-32 -Wpointer-sign -Wno-newline-eof -Wno-selector -Wno-strict-selector-match -Wno-undeclared-selector -Wno-deprecated-implementations -Wno-implicit-fallthrough -isysroot /Applications/Xcode-27.0.0-Release.Candidate.app/Contents/Developer/Platforms/MacOSX.platform/Developer/SDKs/MacOSX27.0.sdk -fstrict-aliasing -Wprotocol -Wdeprecated-declarations -Wno-sign-conversion -Wno-infinite-recursion -Wno-comma -Wno-block-capture-autoreleasing -Wno-strict-prototypes -Wno-semicolon-before-method-body -index-store-path /Users/admin/builder/spi-builder-workspace/.derivedData/Index.noindex/DataStore @/Users/admin/builder/spi-builder-workspace/.derivedData/Build/Intermediates.noindex/RxSwift.build/Debug/RxCocoaRuntime-t.build/Objects-normal/arm64/e6072d4f65d7061329687fe24e3d63a7-common-args.resp -include /Users/admin/builder/spi-builder-workspace/.derivedData/Build/Intermediates.noindex/RxSwift.build/Debug/RxCocoaRuntime-t.build/DerivedSources/resource_bundle_accessor.h -MMD -MT dependencies -MF /Users/admin/builder/spi-builder-workspace/.derivedData/Build/Intermediates.noindex/RxSwift.build/Debug/RxCocoaRuntime-t.build/Objects-normal/arm64/resource_bundle_accessor.d --serialize-diagnostics /Users/admin/builder/spi-builder-workspace/.derivedData/Build/Intermediates.noindex/RxSwift.build/Debug/RxCocoaRuntime-t.build/Objects-normal/arm64/resource_bundle_accessor.dia -c /Users/admin/builder/spi-builder-workspace/.derivedData/Build/Intermediates.noindex/RxSwift.build/Debug/RxCocoaRuntime-t.build/DerivedSources/resource_bundle_accessor.m -o /Users/admin/builder/spi-builder-workspace/.derivedData/Build/Intermediates.noindex/RxSwift.build/Debug/RxCocoaRuntime-t.build/Objects-normal/arm64/resource_bundle_accessor.o -index-unit-output-path /RxSwift.build/Debug/RxCocoaRuntime-t.build/Objects-normal/arm64/resource_bundle_accessor.o
ScanDependencies /Users/admin/builder/spi-builder-workspace/.derivedData/Build/Intermediates.noindex/RxSwift.build/Debug/RxCocoaRuntime-t.build/Objects-normal/arm64/_RXKVOObserver.o /Users/admin/builder/spi-builder-workspace/.dependencies/checkouts/RxSwift/Sources/RxCocoaRuntime/_RXKVOObserver.m normal arm64 objective-c com.apple.compilers.llvm.clang.1_0.compiler (in target 'RxCocoaRuntime' from project 'RxSwift')
cd /Users/admin/builder/spi-builder-workspace/.swiftpm/xcode
Using response file: /Users/admin/builder/spi-builder-workspace/.derivedData/Build/Intermediates.noindex/RxSwift.build/Debug/RxCocoaRuntime-t.build/Objects-normal/arm64/e6072d4f65d7061329687fe24e3d63a7-common-args.resp
builtin-ScanDependencies -o /Users/admin/builder/spi-builder-workspace/.derivedData/Build/Intermediates.noindex/RxSwift.build/Debug/RxCocoaRuntime-t.build/Objects-normal/arm64/_RXKVOObserver.o.scan -- /Applications/Xcode-27.0.0-Release.Candidate.app/Contents/Developer/Toolchains/XcodeDefault.xctoolchain/usr/bin/clang -x objective-c -ivfsstatcache /Users/admin/builder/spi-builder-workspace/.derivedData/SDKStatCaches.noindex/macosx27.0-26A425-e829b21a6f8c9b70876ba0858053c0446a22442a12e9d48fe1a705f55a1adfc4.sdkstatcache -target arm64-apple-macos12.0 -fmessage-length\=0 -fdiagnostics-show-note-include-stack -fmacro-backtrace-limit\=0 -fno-color-diagnostics -fmodules-prune-interval\=86400 -fmodules-prune-after\=345600 -fbuild-session-file\=/Users/admin/builder/spi-builder-workspace/.derivedData/ModuleCache.noindex/Session.modulevalidation -fmodules-validate-once-per-build-session -Wnon-modular-include-in-framework-module -Werror\=non-modular-include-in-framework-module -Wno-trigraphs -Wno-missing-field-initializers -Wno-missing-prototypes -Wno-return-type -Wno-implicit-atomic-properties -Wno-objc-interface-ivars -Wno-arc-repeated-use-of-weak -Wno-missing-braces -Wparentheses -Wswitch -Wno-unused-function -Wno-unused-label -Wno-unused-parameter -Wno-unused-variable -Wunused-value -Wno-empty-body -Wno-uninitialized -Wno-unknown-pragmas -w -Wno-shadow -Wno-four-char-constants -Wno-conversion -Wno-constant-conversion -Wno-int-conversion -Wno-bool-conversion -Wno-enum-conversion -Wno-float-conversion -Wno-non-literal-null-conversion -Wno-objc-literal-conversion -Wshorten-64-to-32 -Wpointer-sign -Wno-newline-eof -Wno-selector -Wno-strict-selector-match -Wno-undeclared-selector -Wno-deprecated-implementations -Wno-implicit-fallthrough -isysroot /Applications/Xcode-27.0.0-Release.Candidate.app/Contents/Developer/Platforms/MacOSX.platform/Developer/SDKs/MacOSX27.0.sdk -fstrict-aliasing -Wprotocol -Wdeprecated-declarations -Wno-sign-conversion -Wno-infinite-recursion -Wno-comma -Wno-block-capture-autoreleasing -Wno-strict-prototypes -Wno-semicolon-before-method-body -index-store-path /Users/admin/builder/spi-builder-workspace/.derivedData/Index.noindex/DataStore @/Users/admin/builder/spi-builder-workspace/.derivedData/Build/Intermediates.noindex/RxSwift.build/Debug/RxCocoaRuntime-t.build/Objects-normal/arm64/e6072d4f65d7061329687fe24e3d63a7-common-args.resp -include /Users/admin/builder/spi-builder-workspace/.derivedData/Build/Intermediates.noindex/RxSwift.build/Debug/RxCocoaRuntime-t.build/DerivedSources/resource_bundle_accessor.h -MMD -MT dependencies -MF /Users/admin/builder/spi-builder-workspace/.derivedData/Build/Intermediates.noindex/RxSwift.build/Debug/RxCocoaRuntime-t.build/Objects-normal/arm64/_RXKVOObserver.d --serialize-diagnostics /Users/admin/builder/spi-builder-workspace/.derivedData/Build/Intermediates.noindex/RxSwift.build/Debug/RxCocoaRuntime-t.build/Objects-normal/arm64/_RXKVOObserver.dia -c /Users/admin/builder/spi-builder-workspace/.dependencies/checkouts/RxSwift/Sources/RxCocoaRuntime/_RXKVOObserver.m -o /Users/admin/builder/spi-builder-workspace/.derivedData/Build/Intermediates.noindex/RxSwift.build/Debug/RxCocoaRuntime-t.build/Objects-normal/arm64/_RXKVOObserver.o -index-unit-output-path /RxSwift.build/Debug/RxCocoaRuntime-t.build/Objects-normal/arm64/_RXKVOObserver.o
ScanDependencies /Users/admin/builder/spi-builder-workspace/.derivedData/Build/Intermediates.noindex/RxSwift.build/Debug/RxCocoaRuntime-t.build/Objects-normal/arm64/_RXObjCRuntime.o /Users/admin/builder/spi-builder-workspace/.dependencies/checkouts/RxSwift/Sources/RxCocoaRuntime/_RXObjCRuntime.m normal arm64 objective-c com.apple.compilers.llvm.clang.1_0.compiler (in target 'RxCocoaRuntime' from project 'RxSwift')
cd /Users/admin/builder/spi-builder-workspace/.swiftpm/xcode
Using response file: /Users/admin/builder/spi-builder-workspace/.derivedData/Build/Intermediates.noindex/RxSwift.build/Debug/RxCocoaRuntime-t.build/Objects-normal/arm64/e6072d4f65d7061329687fe24e3d63a7-common-args.resp
builtin-ScanDependencies -o /Users/admin/builder/spi-builder-workspace/.derivedData/Build/Intermediates.noindex/RxSwift.build/Debug/RxCocoaRuntime-t.build/Objects-normal/arm64/_RXObjCRuntime.o.scan -- /Applications/Xcode-27.0.0-Release.Candidate.app/Contents/Developer/Toolchains/XcodeDefault.xctoolchain/usr/bin/clang -x objective-c -ivfsstatcache /Users/admin/builder/spi-builder-workspace/.derivedData/SDKStatCaches.noindex/macosx27.0-26A425-e829b21a6f8c9b70876ba0858053c0446a22442a12e9d48fe1a705f55a1adfc4.sdkstatcache -target arm64-apple-macos12.0 -fmessage-length\=0 -fdiagnostics-show-note-include-stack -fmacro-backtrace-limit\=0 -fno-color-diagnostics -fmodules-prune-interval\=86400 -fmodules-prune-after\=345600 -fbuild-session-file\=/Users/admin/builder/spi-builder-workspace/.derivedData/ModuleCache.noindex/Session.modulevalidation -fmodules-validate-once-per-build-session -Wnon-modular-include-in-framework-module -Werror\=non-modular-include-in-framework-module -Wno-trigraphs -Wno-missing-field-initializers -Wno-missing-prototypes -Wno-return-type -Wno-implicit-atomic-properties -Wno-objc-interface-ivars -Wno-arc-repeated-use-of-weak -Wno-missing-braces -Wparentheses -Wswitch -Wno-unused-function -Wno-unused-label -Wno-unused-parameter -Wno-unused-variable -Wunused-value -Wno-empty-body -Wno-uninitialized -Wno-unknown-pragmas -w -Wno-shadow -Wno-four-char-constants -Wno-conversion -Wno-constant-conversion -Wno-int-conversion -Wno-bool-conversion -Wno-enum-conversion -Wno-float-conversion -Wno-non-literal-null-conversion -Wno-objc-literal-conversion -Wshorten-64-to-32 -Wpointer-sign -Wno-newline-eof -Wno-selector -Wno-strict-selector-match -Wno-undeclared-selector -Wno-deprecated-implementations -Wno-implicit-fallthrough -isysroot /Applications/Xcode-27.0.0-Release.Candidate.app/Contents/Developer/Platforms/MacOSX.platform/Developer/SDKs/MacOSX27.0.sdk -fstrict-aliasing -Wprotocol -Wdeprecated-declarations -Wno-sign-conversion -Wno-infinite-recursion -Wno-comma -Wno-block-capture-autoreleasing -Wno-strict-prototypes -Wno-semicolon-before-method-body -index-store-path /Users/admin/builder/spi-builder-workspace/.derivedData/Index.noindex/DataStore @/Users/admin/builder/spi-builder-workspace/.derivedData/Build/Intermediates.noindex/RxSwift.build/Debug/RxCocoaRuntime-t.build/Objects-normal/arm64/e6072d4f65d7061329687fe24e3d63a7-common-args.resp -include /Users/admin/builder/spi-builder-workspace/.derivedData/Build/Intermediates.noindex/RxSwift.build/Debug/RxCocoaRuntime-t.build/DerivedSources/resource_bundle_accessor.h -MMD -MT dependencies -MF /Users/admin/builder/spi-builder-workspace/.derivedData/Build/Intermediates.noindex/RxSwift.build/Debug/RxCocoaRuntime-t.build/Objects-normal/arm64/_RXObjCRuntime.d --serialize-diagnostics /Users/admin/builder/spi-builder-workspace/.derivedData/Build/Intermediates.noindex/RxSwift.build/Debug/RxCocoaRuntime-t.build/Objects-normal/arm64/_RXObjCRuntime.dia -c /Users/admin/builder/spi-builder-workspace/.dependencies/checkouts/RxSwift/Sources/RxCocoaRuntime/_RXObjCRuntime.m -o /Users/admin/builder/spi-builder-workspace/.derivedData/Build/Intermediates.noindex/RxSwift.build/Debug/RxCocoaRuntime-t.build/Objects-normal/arm64/_RXObjCRuntime.o -index-unit-output-path /RxSwift.build/Debug/RxCocoaRuntime-t.build/Objects-normal/arm64/_RXObjCRuntime.o
ScanDependencies /Users/admin/builder/spi-builder-workspace/.derivedData/Build/Intermediates.noindex/RxSwift.build/Debug/RxCocoaRuntime-t.build/Objects-normal/arm64/_RXDelegateProxy.o /Users/admin/builder/spi-builder-workspace/.dependencies/checkouts/RxSwift/Sources/RxCocoaRuntime/_RXDelegateProxy.m normal arm64 objective-c com.apple.compilers.llvm.clang.1_0.compiler (in target 'RxCocoaRuntime' from project 'RxSwift')
cd /Users/admin/builder/spi-builder-workspace/.swiftpm/xcode
Using response file: /Users/admin/builder/spi-builder-workspace/.derivedData/Build/Intermediates.noindex/RxSwift.build/Debug/RxCocoaRuntime-t.build/Objects-normal/arm64/e6072d4f65d7061329687fe24e3d63a7-common-args.resp
builtin-ScanDependencies -o /Users/admin/builder/spi-builder-workspace/.derivedData/Build/Intermediates.noindex/RxSwift.build/Debug/RxCocoaRuntime-t.build/Objects-normal/arm64/_RXDelegateProxy.o.scan -- /Applications/Xcode-27.0.0-Release.Candidate.app/Contents/Developer/Toolchains/XcodeDefault.xctoolchain/usr/bin/clang -x objective-c -ivfsstatcache /Users/admin/builder/spi-builder-workspace/.derivedData/SDKStatCaches.noindex/macosx27.0-26A425-e829b21a6f8c9b70876ba0858053c0446a22442a12e9d48fe1a705f55a1adfc4.sdkstatcache -target arm64-apple-macos12.0 -fmessage-length\=0 -fdiagnostics-show-note-include-stack -fmacro-backtrace-limit\=0 -fno-color-diagnostics -fmodules-prune-interval\=86400 -fmodules-prune-after\=345600 -fbuild-session-file\=/Users/admin/builder/spi-builder-workspace/.derivedData/ModuleCache.noindex/Session.modulevalidation -fmodules-validate-once-per-build-session -Wnon-modular-include-in-framework-module -Werror\=non-modular-include-in-framework-module -Wno-trigraphs -Wno-missing-field-initializers -Wno-missing-prototypes -Wno-return-type -Wno-implicit-atomic-properties -Wno-objc-interface-ivars -Wno-arc-repeated-use-of-weak -Wno-missing-braces -Wparentheses -Wswitch -Wno-unused-function -Wno-unused-label -Wno-unused-parameter -Wno-unused-variable -Wunused-value -Wno-empty-body -Wno-uninitialized -Wno-unknown-pragmas -w -Wno-shadow -Wno-four-char-constants -Wno-conversion -Wno-constant-conversion -Wno-int-conversion -Wno-bool-conversion -Wno-enum-conversion -Wno-float-conversion -Wno-non-literal-null-conversion -Wno-objc-literal-conversion -Wshorten-64-to-32 -Wpointer-sign -Wno-newline-eof -Wno-selector -Wno-strict-selector-match -Wno-undeclared-selector -Wno-deprecated-implementations -Wno-implicit-fallthrough -isysroot /Applications/Xcode-27.0.0-Release.Candidate.app/Contents/Developer/Platforms/MacOSX.platform/Developer/SDKs/MacOSX27.0.sdk -fstrict-aliasing -Wprotocol -Wdeprecated-declarations -Wno-sign-conversion -Wno-infinite-recursion -Wno-comma -Wno-block-capture-autoreleasing -Wno-strict-prototypes -Wno-semicolon-before-method-body -index-store-path /Users/admin/builder/spi-builder-workspace/.derivedData/Index.noindex/DataStore @/Users/admin/builder/spi-builder-workspace/.derivedData/Build/Intermediates.noindex/RxSwift.build/Debug/RxCocoaRuntime-t.build/Objects-normal/arm64/e6072d4f65d7061329687fe24e3d63a7-common-args.resp -include /Users/admin/builder/spi-builder-workspace/.derivedData/Build/Intermediates.noindex/RxSwift.build/Debug/RxCocoaRuntime-t.build/DerivedSources/resource_bundle_accessor.h -MMD -MT dependencies -MF /Users/admin/builder/spi-builder-workspace/.derivedData/Build/Intermediates.noindex/RxSwift.build/Debug/RxCocoaRuntime-t.build/Objects-normal/arm64/_RXDelegateProxy.d --serialize-diagnostics /Users/admin/builder/spi-builder-workspace/.derivedData/Build/Intermediates.noindex/RxSwift.build/Debug/RxCocoaRuntime-t.build/Objects-normal/arm64/_RXDelegateProxy.dia -c /Users/admin/builder/spi-builder-workspace/.dependencies/checkouts/RxSwift/Sources/RxCocoaRuntime/_RXDelegateProxy.m -o /Users/admin/builder/spi-builder-workspace/.derivedData/Build/Intermediates.noindex/RxSwift.build/Debug/RxCocoaRuntime-t.build/Objects-normal/arm64/_RXDelegateProxy.o -index-unit-output-path /RxSwift.build/Debug/RxCocoaRuntime-t.build/Objects-normal/arm64/_RXDelegateProxy.o
ScanDependencies /Users/admin/builder/spi-builder-workspace/.derivedData/Build/Intermediates.noindex/RxSwift.build/Debug/RxCocoaRuntime-t.build/Objects-normal/arm64/_RX.o /Users/admin/builder/spi-builder-workspace/.dependencies/checkouts/RxSwift/Sources/RxCocoaRuntime/_RX.m normal arm64 objective-c com.apple.compilers.llvm.clang.1_0.compiler (in target 'RxCocoaRuntime' from project 'RxSwift')
cd /Users/admin/builder/spi-builder-workspace/.swiftpm/xcode
Using response file: /Users/admin/builder/spi-builder-workspace/.derivedData/Build/Intermediates.noindex/RxSwift.build/Debug/RxCocoaRuntime-t.build/Objects-normal/arm64/e6072d4f65d7061329687fe24e3d63a7-common-args.resp
builtin-ScanDependencies -o /Users/admin/builder/spi-builder-workspace/.derivedData/Build/Intermediates.noindex/RxSwift.build/Debug/RxCocoaRuntime-t.build/Objects-normal/arm64/_RX.o.scan -- /Applications/Xcode-27.0.0-Release.Candidate.app/Contents/Developer/Toolchains/XcodeDefault.xctoolchain/usr/bin/clang -x objective-c -ivfsstatcache /Users/admin/builder/spi-builder-workspace/.derivedData/SDKStatCaches.noindex/macosx27.0-26A425-e829b21a6f8c9b70876ba0858053c0446a22442a12e9d48fe1a705f55a1adfc4.sdkstatcache -target arm64-apple-macos12.0 -fmessage-length\=0 -fdiagnostics-show-note-include-stack -fmacro-backtrace-limit\=0 -fno-color-diagnostics -fmodules-prune-interval\=86400 -fmodules-prune-after\=345600 -fbuild-session-file\=/Users/admin/builder/spi-builder-workspace/.derivedData/ModuleCache.noindex/Session.modulevalidation -fmodules-validate-once-per-build-session -Wnon-modular-include-in-framework-module -Werror\=non-modular-include-in-framework-module -Wno-trigraphs -Wno-missing-field-initializers -Wno-missing-prototypes -Wno-return-type -Wno-implicit-atomic-properties -Wno-objc-interface-ivars -Wno-arc-repeated-use-of-weak -Wno-missing-braces -Wparentheses -Wswitch -Wno-unused-function -Wno-unused-label -Wno-unused-parameter -Wno-unused-variable -Wunused-value -Wno-empty-body -Wno-uninitialized -Wno-unknown-pragmas -w -Wno-shadow -Wno-four-char-constants -Wno-conversion -Wno-constant-conversion -Wno-int-conversion -Wno-bool-conversion -Wno-enum-conversion -Wno-float-conversion -Wno-non-literal-null-conversion -Wno-objc-literal-conversion -Wshorten-64-to-32 -Wpointer-sign -Wno-newline-eof -Wno-selector -Wno-strict-selector-match -Wno-undeclared-selector -Wno-deprecated-implementations -Wno-implicit-fallthrough -isysroot /Applications/Xcode-27.0.0-Release.Candidate.app/Contents/Developer/Platforms/MacOSX.platform/Developer/SDKs/MacOSX27.0.sdk -fstrict-aliasing -Wprotocol -Wdeprecated-declarations -Wno-sign-conversion -Wno-infinite-recursion -Wno-comma -Wno-block-capture-autoreleasing -Wno-strict-prototypes -Wno-semicolon-before-method-body -index-store-path /Users/admin/builder/spi-builder-workspace/.derivedData/Index.noindex/DataStore @/Users/admin/builder/spi-builder-workspace/.derivedData/Build/Intermediates.noindex/RxSwift.build/Debug/RxCocoaRuntime-t.build/Objects-normal/arm64/e6072d4f65d7061329687fe24e3d63a7-common-args.resp -include /Users/admin/builder/spi-builder-workspace/.derivedData/Build/Intermediates.noindex/RxSwift.build/Debug/RxCocoaRuntime-t.build/DerivedSources/resource_bundle_accessor.h -MMD -MT dependencies -MF /Users/admin/builder/spi-builder-workspace/.derivedData/Build/Intermediates.noindex/RxSwift.build/Debug/RxCocoaRuntime-t.build/Objects-normal/arm64/_RX.d --serialize-diagnostics /Users/admin/builder/spi-builder-workspace/.derivedData/Build/Intermediates.noindex/RxSwift.build/Debug/RxCocoaRuntime-t.build/Objects-normal/arm64/_RX.dia -c /Users/admin/builder/spi-builder-workspace/.dependencies/checkouts/RxSwift/Sources/RxCocoaRuntime/_RX.m -o /Users/admin/builder/spi-builder-workspace/.derivedData/Build/Intermediates.noindex/RxSwift.build/Debug/RxCocoaRuntime-t.build/Objects-normal/arm64/_RX.o -index-unit-output-path /RxSwift.build/Debug/RxCocoaRuntime-t.build/Objects-normal/arm64/_RX.o
Ld /Users/admin/builder/spi-builder-workspace/.derivedData/Build/Products/Debug/RxSwift.o normal (in target 'RxSwift' from project 'RxSwift')
cd /Users/admin/builder/spi-builder-workspace/.dependencies/checkouts/RxSwift
/Applications/Xcode-27.0.0-Release.Candidate.app/Contents/Developer/Toolchains/XcodeDefault.xctoolchain/usr/bin/clang -Xlinker -reproducible -target arm64-apple-macos12.0 -r -isysroot /Applications/Xcode-27.0.0-Release.Candidate.app/Contents/Developer/Platforms/MacOSX.platform/Developer/SDKs/MacOSX27.0.sdk -O0 -w -Xlinker -no_warn_duplicate_libraries -F/Users/admin/builder/spi-builder-workspace/.derivedData/Build/Intermediates.noindex/EagerLinkingTBDs/Debug -F/Users/admin/builder/spi-builder-workspace/.derivedData/Build/Products/Debug -iframework /Applications/Xcode-27.0.0-Release.Candidate.app/Contents/Developer/Platforms/MacOSX.platform/Developer/Library/Frameworks -filelist /Users/admin/builder/spi-builder-workspace/.derivedData/Build/Intermediates.noindex/RxSwift.build/Debug/RxSwift-t.build/Objects-normal/arm64/RxSwift.LinkFileList -nostdlib -Xlinker -object_path_lto -Xlinker /Users/admin/builder/spi-builder-workspace/.derivedData/Build/Intermediates.noindex/RxSwift.build/Debug/RxSwift-t.build/Objects-normal/arm64/RxSwift_lto.o -Xlinker -no_deduplicate -Xlinker -debug_variant -Xlinker -dependency_info -Xlinker /Users/admin/builder/spi-builder-workspace/.derivedData/Build/Intermediates.noindex/RxSwift.build/Debug/RxSwift-t.build/Objects-normal/arm64/RxSwift_dependency_info.dat -fobjc-link-runtime -L/Applications/Xcode-27.0.0-Release.Candidate.app/Contents/Developer/Toolchains/XcodeDefault.xctoolchain/usr/lib/swift/macosx -L/usr/lib/swift -Xlinker -add_ast_path -Xlinker /Users/admin/builder/spi-builder-workspace/.derivedData/Build/Intermediates.noindex/RxSwift.build/Debug/RxSwift-t.build/Objects-normal/arm64/RxSwift.swiftmodule -o /Users/admin/builder/spi-builder-workspace/.derivedData/Build/Products/Debug/RxSwift.o
ExtractAppIntentsMetadata (in target 'RxSwift' from project 'RxSwift')
cd /Users/admin/builder/spi-builder-workspace/.dependencies/checkouts/RxSwift
/Applications/Xcode-27.0.0-Release.Candidate.app/Contents/Developer/Toolchains/XcodeDefault.xctoolchain/usr/bin/appintentsmetadataprocessor --toolchain-dir /var/run/com.apple.security.cryptexd/mnt/com.apple.MobileAsset.MetalToolchain-v27.1.266.1.s5IGdp/Metal.xctoolchain --module-name RxSwift --sdk-root /Applications/Xcode-27.0.0-Release.Candidate.app/Contents/Developer/Platforms/MacOSX.platform/Developer/SDKs/MacOSX27.0.sdk --xcode-version 27A266a --platform-family macOS --deployment-target 12.0 --bundle-identifier rxswift.RxSwift --output /Users/admin/builder/spi-builder-workspace/.derivedData/Build/Products/Debug/RxSwift.appintents --target-triple arm64-apple-macos12.0 --binary-file /Users/admin/builder/spi-builder-workspace/.derivedData/Build/Products/Debug/RxSwift.o --dependency-file /Users/admin/builder/spi-builder-workspace/.derivedData/Build/Intermediates.noindex/RxSwift.build/Debug/RxSwift-t.build/Objects-normal/arm64/RxSwift_dependency_info.dat --stringsdata-file /Users/admin/builder/spi-builder-workspace/.derivedData/Build/Intermediates.noindex/RxSwift.build/Debug/RxSwift-t.build/Objects-normal/arm64/ExtractedAppShortcutsMetadata.stringsdata --source-file-list /Users/admin/builder/spi-builder-workspace/.derivedData/Build/Intermediates.noindex/RxSwift.build/Debug/RxSwift-t.build/Objects-normal/arm64/RxSwift.SwiftFileList --metadata-file-list /Users/admin/builder/spi-builder-workspace/.derivedData/Build/Intermediates.noindex/RxSwift.build/Debug/RxSwift-t.build/RxSwift.DependencyMetadataFileList --static-metadata-file-list /Users/admin/builder/spi-builder-workspace/.derivedData/Build/Intermediates.noindex/RxSwift.build/Debug/RxSwift-t.build/RxSwift.DependencyStaticMetadataFileList --swift-const-vals-list /Users/admin/builder/spi-builder-workspace/.derivedData/Build/Intermediates.noindex/RxSwift.build/Debug/RxSwift-t.build/Objects-normal/arm64/RxSwift.SwiftConstValuesFileList --force --compile-time-extraction --deployment-aware-processing --no-app-shortcuts-localization
2026-09-18 20:04:44.059 appintentsmetadataprocessor[764:4889] Starting appintentsmetadataprocessor export
2026-09-18 20:04:44.154 appintentsmetadataprocessor[764:4889] Extracted no relevant App Intents symbols, skipping writing output
SwiftCompile normal arm64 Compiling\ BehaviorRelay.swift /Users/admin/builder/spi-builder-workspace/.dependencies/checkouts/RxSwift/Sources/RxRelay/BehaviorRelay.swift (in target 'RxRelay' from project 'RxSwift')
SwiftCompile normal arm64 /Users/admin/builder/spi-builder-workspace/.dependencies/checkouts/RxSwift/Sources/RxRelay/BehaviorRelay.swift (in target 'RxRelay' from project 'RxSwift')
cd /Users/admin/builder/spi-builder-workspace/.swiftpm/xcode
builtin-SwiftPerFileCompile BehaviorRelay.swift
SwiftCompile normal arm64 Compiling\ PublishRelay.swift /Users/admin/builder/spi-builder-workspace/.dependencies/checkouts/RxSwift/Sources/RxRelay/PublishRelay.swift (in target 'RxRelay' from project 'RxSwift')
SwiftCompile normal arm64 /Users/admin/builder/spi-builder-workspace/.dependencies/checkouts/RxSwift/Sources/RxRelay/PublishRelay.swift (in target 'RxRelay' from project 'RxSwift')
cd /Users/admin/builder/spi-builder-workspace/.swiftpm/xcode
builtin-SwiftPerFileCompile PublishRelay.swift
SwiftCompile normal arm64 Compiling\ resource_bundle_accessor.swift /Users/admin/builder/spi-builder-workspace/.derivedData/Build/Intermediates.noindex/RxSwift.build/Debug/RxRelay-t.build/DerivedSources/resource_bundle_accessor.swift (in target 'RxRelay' from project 'RxSwift')
SwiftCompile normal arm64 /Users/admin/builder/spi-builder-workspace/.derivedData/Build/Intermediates.noindex/RxSwift.build/Debug/RxRelay-t.build/DerivedSources/resource_bundle_accessor.swift (in target 'RxRelay' from project 'RxSwift')
cd /Users/admin/builder/spi-builder-workspace/.swiftpm/xcode
builtin-SwiftPerFileCompile resource_bundle_accessor.swift
SwiftEmitModule normal arm64 Emitting\ module\ for\ RxRelay (in target 'RxRelay' from project 'RxSwift')
SwiftCompile normal arm64 (in target 'RxRelay' from project 'RxSwift')
cd /Users/admin/builder/spi-builder-workspace/.swiftpm/xcode
SwiftCompile normal arm64 Compiling\ ReplayRelay.swift /Users/admin/builder/spi-builder-workspace/.dependencies/checkouts/RxSwift/Sources/RxRelay/ReplayRelay.swift (in target 'RxRelay' from project 'RxSwift')
SwiftCompile normal arm64 /Users/admin/builder/spi-builder-workspace/.dependencies/checkouts/RxSwift/Sources/RxRelay/ReplayRelay.swift (in target 'RxRelay' from project 'RxSwift')
cd /Users/admin/builder/spi-builder-workspace/.swiftpm/xcode
builtin-SwiftPerFileCompile ReplayRelay.swift
SwiftCompile normal arm64 Compiling\ Observable+Bind.swift /Users/admin/builder/spi-builder-workspace/.dependencies/checkouts/RxSwift/Sources/RxRelay/Observable+Bind.swift (in target 'RxRelay' from project 'RxSwift')
SwiftCompile normal arm64 /Users/admin/builder/spi-builder-workspace/.dependencies/checkouts/RxSwift/Sources/RxRelay/Observable+Bind.swift (in target 'RxRelay' from project 'RxSwift')
cd /Users/admin/builder/spi-builder-workspace/.swiftpm/xcode
builtin-SwiftPerFileCompile Observable+Bind.swift
SwiftDriverJobDiscovery normal arm64 Compiling PublishRelay.swift (in target 'RxRelay' from project 'RxSwift')
SwiftCompile normal arm64 Compiling\ Utils.swift /Users/admin/builder/spi-builder-workspace/.dependencies/checkouts/RxSwift/Sources/RxRelay/Utils.swift (in target 'RxRelay' from project 'RxSwift')
SwiftCompile normal arm64 /Users/admin/builder/spi-builder-workspace/.dependencies/checkouts/RxSwift/Sources/RxRelay/Utils.swift (in target 'RxRelay' from project 'RxSwift')
cd /Users/admin/builder/spi-builder-workspace/.swiftpm/xcode
builtin-SwiftPerFileCompile Utils.swift
SwiftDriverJobDiscovery normal arm64 Compiling ReplayRelay.swift (in target 'RxRelay' from project 'RxSwift')
SwiftDriverJobDiscovery normal arm64 Compiling BehaviorRelay.swift (in target 'RxRelay' from project 'RxSwift')
PrecompileModule /Users/admin/builder/spi-builder-workspace/.derivedData/Build/Intermediates.noindex/ExplicitPrecompiledModules/_Builtin_stdbool-3X3D2BDKF10HGGZ6HJ06SBB7G.scan
cd /
builtin-precompileModule /Users/admin/builder/spi-builder-workspace/.derivedData/Build/Intermediates.noindex/ExplicitPrecompiledModules/_Builtin_stdbool-3X3D2BDKF10HGGZ6HJ06SBB7G.scan
PrecompileModule /Users/admin/builder/spi-builder-workspace/.derivedData/Build/Intermediates.noindex/ExplicitPrecompiledModules/_Builtin_float-5WKBLAPJEFF6V859SS58AFSV6.scan
cd /
builtin-precompileModule /Users/admin/builder/spi-builder-workspace/.derivedData/Build/Intermediates.noindex/ExplicitPrecompiledModules/_Builtin_float-5WKBLAPJEFF6V859SS58AFSV6.scan
PrecompileModule /Users/admin/builder/spi-builder-workspace/.derivedData/Build/Intermediates.noindex/ExplicitPrecompiledModules/_Builtin_stddef-ES6SR829FJMEEITWE58WGO3FE.scan
cd /
builtin-precompileModule /Users/admin/builder/spi-builder-workspace/.derivedData/Build/Intermediates.noindex/ExplicitPrecompiledModules/_Builtin_stddef-ES6SR829FJMEEITWE58WGO3FE.scan
PrecompileModule /Users/admin/builder/spi-builder-workspace/.derivedData/Build/Intermediates.noindex/ExplicitPrecompiledModules/ptrcheck-CGW7TGY2HJD5827J7M220N7OA.scan
cd /
builtin-precompileModule /Users/admin/builder/spi-builder-workspace/.derivedData/Build/Intermediates.noindex/ExplicitPrecompiledModules/ptrcheck-CGW7TGY2HJD5827J7M220N7OA.scan
PrecompileModule /Users/admin/builder/spi-builder-workspace/.derivedData/Build/Intermediates.noindex/ExplicitPrecompiledModules/_AvailabilityInternal-9AWZJ5ILZRICWM0KA6G0CH2KQ.scan
cd /
builtin-precompileModule /Users/admin/builder/spi-builder-workspace/.derivedData/Build/Intermediates.noindex/ExplicitPrecompiledModules/_AvailabilityInternal-9AWZJ5ILZRICWM0KA6G0CH2KQ.scan
PrecompileModule /Users/admin/builder/spi-builder-workspace/.derivedData/Build/Intermediates.noindex/ExplicitPrecompiledModules/ptrauth-1FGGUPU6HD611XT4ITX0CGBGB.scan
cd /
builtin-precompileModule /Users/admin/builder/spi-builder-workspace/.derivedData/Build/Intermediates.noindex/ExplicitPrecompiledModules/ptrauth-1FGGUPU6HD611XT4ITX0CGBGB.scan
PrecompileModule /Users/admin/builder/spi-builder-workspace/.derivedData/Build/Intermediates.noindex/ExplicitPrecompiledModules/_Builtin_stdarg-EIPUEV8FUURRP21FCZH48G760.scan
cd /
builtin-precompileModule /Users/admin/builder/spi-builder-workspace/.derivedData/Build/Intermediates.noindex/ExplicitPrecompiledModules/_Builtin_stdarg-EIPUEV8FUURRP21FCZH48G760.scan
SwiftDriverJobDiscovery normal arm64 Emitting module for RxRelay (in target 'RxRelay' from project 'RxSwift')
SwiftDriver\ Compilation\ Requirements RxRelay normal arm64 com.apple.xcode.tools.swift.compiler (in target 'RxRelay' from project 'RxSwift')
cd /Users/admin/builder/spi-builder-workspace/.swiftpm/xcode
builtin-Swift-Compilation-Requirements -- /Applications/Xcode-27.0.0-Release.Candidate.app/Contents/Developer/Toolchains/XcodeDefault.xctoolchain/usr/bin/swiftc -parse-as-library -module-name RxRelay -Onone @/Users/admin/builder/spi-builder-workspace/.derivedData/Build/Intermediates.noindex/RxSwift.build/Debug/RxRelay-t.build/Objects-normal/arm64/RxRelay.SwiftFileList -DSWIFT_PACKAGE -DDEBUG -DSWIFT_MODULE_RESOURCE_BUNDLE_AVAILABLE -DXcode -plugin-path /Applications/Xcode-27.0.0-Release.Candidate.app/Contents/Developer/Toolchains/XcodeDefault.xctoolchain/usr/lib/swift/host/plugins/testing -enable-experimental-feature DebugDescriptionMacro -sdk /Applications/Xcode-27.0.0-Release.Candidate.app/Contents/Developer/Platforms/MacOSX.platform/Developer/SDKs/MacOSX27.0.sdk -target arm64-apple-macos12.0 -g -module-cache-path /Users/admin/builder/spi-builder-workspace/.derivedData/ModuleCache.noindex -Xfrontend -serialize-debugging-options -profile-coverage-mapping -profile-generate -enable-testing -suppress-warnings -index-store-path /Users/admin/builder/spi-builder-workspace/.derivedData/Index.noindex/DataStore -Xcc -D_LIBCPP_HARDENING_MODE\=_LIBCPP_HARDENING_MODE_DEBUG -swift-version 5 -I /Users/admin/builder/spi-builder-workspace/.derivedData/Build/Products/Debug -Isystem /Applications/Xcode-27.0.0-Release.Candidate.app/Contents/Developer/Platforms/MacOSX.platform/Developer/usr/lib -F /Users/admin/builder/spi-builder-workspace/.derivedData/Build/Products/Debug/PackageFrameworks -F /Users/admin/builder/spi-builder-workspace/.derivedData/Build/Products/Debug -F /Applications/Xcode-27.0.0-Release.Candidate.app/Contents/Developer/Platforms/MacOSX.platform/Developer/Library/Frameworks -c -j10 -enable-batch-mode -incremental -Xcc -ivfsstatcache -Xcc /Users/admin/builder/spi-builder-workspace/.derivedData/SDKStatCaches.noindex/macosx27.0-26A425-e829b21a6f8c9b70876ba0858053c0446a22442a12e9d48fe1a705f55a1adfc4.sdkstatcache -output-file-map /Users/admin/builder/spi-builder-workspace/.derivedData/Build/Intermediates.noindex/RxSwift.build/Debug/RxRelay-t.build/Objects-normal/arm64/RxRelay-OutputFileMap.json -save-temps -no-color-diagnostics -explicit-module-build -module-cache-path /Users/admin/builder/spi-builder-workspace/.derivedData/Build/Intermediates.noindex/SwiftExplicitPrecompiledModules -clang-scanner-module-cache-path /Users/admin/builder/spi-builder-workspace/.derivedData/ModuleCache.noindex -sdk-module-cache-path /Users/admin/builder/spi-builder-workspace/.derivedData/SDKExplicitPrecompiledModules -emit-dependencies -emit-module -emit-module-path /Users/admin/builder/spi-builder-workspace/.derivedData/Build/Intermediates.noindex/RxSwift.build/Debug/RxRelay-t.build/Objects-normal/arm64/RxRelay.swiftmodule -serialize-diagnostics -dependency-scan-serialize-diagnostics-path /Users/admin/builder/spi-builder-workspace/.derivedData/Build/Intermediates.noindex/RxSwift.build/Debug/RxRelay-t.build/Objects-normal/arm64/RxRelay-dependency-scan.dia -validate-clang-modules-once -clang-build-session-file /Users/admin/builder/spi-builder-workspace/.derivedData/ModuleCache.noindex/Session.modulevalidation -Xcc -fmodules-prune-interval\=86400 -Xcc -fmodules-prune-after\=345600 -package-name rxswift -emit-const-values -const-gather-protocols-list /Users/admin/builder/spi-builder-workspace/.derivedData/Build/Intermediates.noindex/RxSwift.build/Debug/RxRelay-t.build/Objects-normal/arm64/RxRelay_const_extract_protocols.json -Xcc -I/Users/admin/builder/spi-builder-workspace/.derivedData/Build/Products/Debug/include -Xcc -I/Users/admin/builder/spi-builder-workspace/.derivedData/Build/Intermediates.noindex/RxSwift.build/Debug/RxRelay-t.build/DerivedSources-normal/arm64 -Xcc -I/Users/admin/builder/spi-builder-workspace/.derivedData/Build/Intermediates.noindex/RxSwift.build/Debug/RxRelay-t.build/DerivedSources/arm64 -Xcc -I/Users/admin/builder/spi-builder-workspace/.derivedData/Build/Intermediates.noindex/RxSwift.build/Debug/RxRelay-t.build/DerivedSources -Xcc -DSWIFT_PACKAGE -Xcc -DDEBUG\=1 -emit-objc-header -emit-objc-header-path /Users/admin/builder/spi-builder-workspace/.derivedData/Build/Intermediates.noindex/RxSwift.build/Debug/RxRelay-t.build/Objects-normal/arm64/RxRelay-Swift.h -working-directory /Users/admin/builder/spi-builder-workspace/.swiftpm/xcode -experimental-emit-module-separately -disable-cmo
SwiftDriverJobDiscovery normal arm64 Compiling resource_bundle_accessor.swift (in target 'RxRelay' from project 'RxSwift')
SwiftMergeGeneratedHeaders /Users/admin/builder/spi-builder-workspace/.derivedData/Build/Intermediates.noindex/GeneratedModuleMaps/RxRelay-Swift.h /Users/admin/builder/spi-builder-workspace/.derivedData/Build/Intermediates.noindex/RxSwift.build/Debug/RxRelay-t.build/Objects-normal/arm64/RxRelay-Swift.h (in target 'RxRelay' from project 'RxSwift')
cd /Users/admin/builder/spi-builder-workspace/.dependencies/checkouts/RxSwift
builtin-swiftHeaderTool -arch arm64 /Users/admin/builder/spi-builder-workspace/.derivedData/Build/Intermediates.noindex/RxSwift.build/Debug/RxRelay-t.build/Objects-normal/arm64/RxRelay-Swift.h -o /Users/admin/builder/spi-builder-workspace/.derivedData/Build/Intermediates.noindex/GeneratedModuleMaps/RxRelay-Swift.h
Copy /Users/admin/builder/spi-builder-workspace/.derivedData/Build/Products/Debug/RxRelay.swiftmodule/arm64-apple-macos.swiftmodule /Users/admin/builder/spi-builder-workspace/.derivedData/Build/Intermediates.noindex/RxSwift.build/Debug/RxRelay-t.build/Objects-normal/arm64/RxRelay.swiftmodule (in target 'RxRelay' from project 'RxSwift')
cd /Users/admin/builder/spi-builder-workspace/.dependencies/checkouts/RxSwift
builtin-copy -exclude .DS_Store -exclude CVS -exclude .svn -exclude .git -exclude .hg -resolve-src-symlinks -rename /Users/admin/builder/spi-builder-workspace/.derivedData/Build/Intermediates.noindex/RxSwift.build/Debug/RxRelay-t.build/Objects-normal/arm64/RxRelay.swiftmodule /Users/admin/builder/spi-builder-workspace/.derivedData/Build/Products/Debug/RxRelay.swiftmodule/arm64-apple-macos.swiftmodule
Copy /Users/admin/builder/spi-builder-workspace/.derivedData/Build/Products/Debug/RxRelay.swiftmodule/arm64-apple-macos.swiftdoc /Users/admin/builder/spi-builder-workspace/.derivedData/Build/Intermediates.noindex/RxSwift.build/Debug/RxRelay-t.build/Objects-normal/arm64/RxRelay.swiftdoc (in target 'RxRelay' from project 'RxSwift')
cd /Users/admin/builder/spi-builder-workspace/.dependencies/checkouts/RxSwift
builtin-copy -exclude .DS_Store -exclude CVS -exclude .svn -exclude .git -exclude .hg -resolve-src-symlinks -rename /Users/admin/builder/spi-builder-workspace/.derivedData/Build/Intermediates.noindex/RxSwift.build/Debug/RxRelay-t.build/Objects-normal/arm64/RxRelay.swiftdoc /Users/admin/builder/spi-builder-workspace/.derivedData/Build/Products/Debug/RxRelay.swiftmodule/arm64-apple-macos.swiftdoc
Copy /Users/admin/builder/spi-builder-workspace/.derivedData/Build/Products/Debug/RxRelay.swiftmodule/arm64-apple-macos.abi.json /Users/admin/builder/spi-builder-workspace/.derivedData/Build/Intermediates.noindex/RxSwift.build/Debug/RxRelay-t.build/Objects-normal/arm64/RxRelay.abi.json (in target 'RxRelay' from project 'RxSwift')
cd /Users/admin/builder/spi-builder-workspace/.dependencies/checkouts/RxSwift
builtin-copy -exclude .DS_Store -exclude CVS -exclude .svn -exclude .git -exclude .hg -resolve-src-symlinks -rename /Users/admin/builder/spi-builder-workspace/.derivedData/Build/Intermediates.noindex/RxSwift.build/Debug/RxRelay-t.build/Objects-normal/arm64/RxRelay.abi.json /Users/admin/builder/spi-builder-workspace/.derivedData/Build/Products/Debug/RxRelay.swiftmodule/arm64-apple-macos.abi.json
Copy /Users/admin/builder/spi-builder-workspace/.derivedData/Build/Products/Debug/RxRelay.swiftmodule/Project/arm64-apple-macos.swiftsourceinfo /Users/admin/builder/spi-builder-workspace/.derivedData/Build/Intermediates.noindex/RxSwift.build/Debug/RxRelay-t.build/Objects-normal/arm64/RxRelay.swiftsourceinfo (in target 'RxRelay' from project 'RxSwift')
cd /Users/admin/builder/spi-builder-workspace/.dependencies/checkouts/RxSwift
builtin-copy -exclude .DS_Store -exclude CVS -exclude .svn -exclude .git -exclude .hg -resolve-src-symlinks -rename /Users/admin/builder/spi-builder-workspace/.derivedData/Build/Intermediates.noindex/RxSwift.build/Debug/RxRelay-t.build/Objects-normal/arm64/RxRelay.swiftsourceinfo /Users/admin/builder/spi-builder-workspace/.derivedData/Build/Products/Debug/RxRelay.swiftmodule/Project/arm64-apple-macos.swiftsourceinfo
SwiftDriver RxCocoa normal arm64 com.apple.xcode.tools.swift.compiler (in target 'RxCocoa' from project 'RxSwift')
cd /Users/admin/builder/spi-builder-workspace/.swiftpm/xcode
builtin-SwiftDriver -- /Applications/Xcode-27.0.0-Release.Candidate.app/Contents/Developer/Toolchains/XcodeDefault.xctoolchain/usr/bin/swiftc -parse-as-library -module-name RxCocoa -Onone @/Users/admin/builder/spi-builder-workspace/.derivedData/Build/Intermediates.noindex/RxSwift.build/Debug/RxCocoa-t.build/Objects-normal/arm64/RxCocoa.SwiftFileList -DSWIFT_PACKAGE -DDEBUG -DSWIFT_MODULE_RESOURCE_BUNDLE_AVAILABLE -Xcc -fmodule-map-file\=/Users/admin/builder/spi-builder-workspace/.derivedData/Build/Intermediates.noindex/GeneratedModuleMaps/RxCocoaRuntime.modulemap -DXcode -plugin-path /Applications/Xcode-27.0.0-Release.Candidate.app/Contents/Developer/Toolchains/XcodeDefault.xctoolchain/usr/lib/swift/host/plugins/testing -enable-experimental-feature DebugDescriptionMacro -sdk /Applications/Xcode-27.0.0-Release.Candidate.app/Contents/Developer/Platforms/MacOSX.platform/Developer/SDKs/MacOSX27.0.sdk -target arm64-apple-macos12.0 -g -module-cache-path /Users/admin/builder/spi-builder-workspace/.derivedData/ModuleCache.noindex -Xfrontend -serialize-debugging-options -profile-coverage-mapping -profile-generate -enable-testing -suppress-warnings -index-store-path /Users/admin/builder/spi-builder-workspace/.derivedData/Index.noindex/DataStore -Xcc -D_LIBCPP_HARDENING_MODE\=_LIBCPP_HARDENING_MODE_DEBUG -swift-version 5 -I /Users/admin/builder/spi-builder-workspace/.derivedData/Build/Products/Debug -Isystem /Applications/Xcode-27.0.0-Release.Candidate.app/Contents/Developer/Platforms/MacOSX.platform/Developer/usr/lib -F /Users/admin/builder/spi-builder-workspace/.derivedData/Build/Products/Debug/PackageFrameworks -F /Users/admin/builder/spi-builder-workspace/.derivedData/Build/Products/Debug -F /Applications/Xcode-27.0.0-Release.Candidate.app/Contents/Developer/Platforms/MacOSX.platform/Developer/Library/Frameworks -c -j10 -enable-batch-mode -incremental -Xcc -ivfsstatcache -Xcc /Users/admin/builder/spi-builder-workspace/.derivedData/SDKStatCaches.noindex/macosx27.0-26A425-e829b21a6f8c9b70876ba0858053c0446a22442a12e9d48fe1a705f55a1adfc4.sdkstatcache -output-file-map /Users/admin/builder/spi-builder-workspace/.derivedData/Build/Intermediates.noindex/RxSwift.build/Debug/RxCocoa-t.build/Objects-normal/arm64/RxCocoa-OutputFileMap.json -save-temps -no-color-diagnostics -explicit-module-build -module-cache-path /Users/admin/builder/spi-builder-workspace/.derivedData/Build/Intermediates.noindex/SwiftExplicitPrecompiledModules -clang-scanner-module-cache-path /Users/admin/builder/spi-builder-workspace/.derivedData/ModuleCache.noindex -sdk-module-cache-path /Users/admin/builder/spi-builder-workspace/.derivedData/SDKExplicitPrecompiledModules -emit-dependencies -emit-module -emit-module-path /Users/admin/builder/spi-builder-workspace/.derivedData/Build/Intermediates.noindex/RxSwift.build/Debug/RxCocoa-t.build/Objects-normal/arm64/RxCocoa.swiftmodule -serialize-diagnostics -dependency-scan-serialize-diagnostics-path /Users/admin/builder/spi-builder-workspace/.derivedData/Build/Intermediates.noindex/RxSwift.build/Debug/RxCocoa-t.build/Objects-normal/arm64/RxCocoa-dependency-scan.dia -validate-clang-modules-once -clang-build-session-file /Users/admin/builder/spi-builder-workspace/.derivedData/ModuleCache.noindex/Session.modulevalidation -Xcc -fmodules-prune-interval\=86400 -Xcc -fmodules-prune-after\=345600 -package-name rxswift -emit-const-values -const-gather-protocols-list /Users/admin/builder/spi-builder-workspace/.derivedData/Build/Intermediates.noindex/RxSwift.build/Debug/RxCocoa-t.build/Objects-normal/arm64/RxCocoa_const_extract_protocols.json -Xcc -I/Users/admin/builder/spi-builder-workspace/.dependencies/checkouts/RxSwift/Sources/RxCocoaRuntime/include -Xcc -I/Users/admin/builder/spi-builder-workspace/.derivedData/Build/Products/Debug/include -Xcc -I/Users/admin/builder/spi-builder-workspace/.derivedData/Build/Intermediates.noindex/RxSwift.build/Debug/RxCocoa-t.build/DerivedSources-normal/arm64 -Xcc -I/Users/admin/builder/spi-builder-workspace/.derivedData/Build/Intermediates.noindex/RxSwift.build/Debug/RxCocoa-t.build/DerivedSources/arm64 -Xcc -I/Users/admin/builder/spi-builder-workspace/.derivedData/Build/Intermediates.noindex/RxSwift.build/Debug/RxCocoa-t.build/DerivedSources -Xcc -DSWIFT_PACKAGE -Xcc -DDEBUG\=1 -emit-objc-header -emit-objc-header-path /Users/admin/builder/spi-builder-workspace/.derivedData/Build/Intermediates.noindex/RxSwift.build/Debug/RxCocoa-t.build/Objects-normal/arm64/RxCocoa-Swift.h -working-directory /Users/admin/builder/spi-builder-workspace/.swiftpm/xcode -experimental-emit-module-separately -disable-cmo
SwiftDriverJobDiscovery normal arm64 Compiling Utils.swift (in target 'RxRelay' from project 'RxSwift')
PrecompileModule /Users/admin/builder/spi-builder-workspace/.derivedData/Build/Intermediates.noindex/ExplicitPrecompiledModules/_DarwinFoundation1-2YZYJZ3LD7B7CG4267L7M2F69.scan
cd /
builtin-precompileModule /Users/admin/builder/spi-builder-workspace/.derivedData/Build/Intermediates.noindex/ExplicitPrecompiledModules/_DarwinFoundation1-2YZYJZ3LD7B7CG4267L7M2F69.scan
SwiftDriverJobDiscovery normal arm64 Compiling Observable+Bind.swift (in target 'RxRelay' from project 'RxSwift')
SwiftDriver\ Compilation RxRelay normal arm64 com.apple.xcode.tools.swift.compiler (in target 'RxRelay' from project 'RxSwift')
cd /Users/admin/builder/spi-builder-workspace/.swiftpm/xcode
builtin-Swift-Compilation -- /Applications/Xcode-27.0.0-Release.Candidate.app/Contents/Developer/Toolchains/XcodeDefault.xctoolchain/usr/bin/swiftc -parse-as-library -module-name RxRelay -Onone @/Users/admin/builder/spi-builder-workspace/.derivedData/Build/Intermediates.noindex/RxSwift.build/Debug/RxRelay-t.build/Objects-normal/arm64/RxRelay.SwiftFileList -DSWIFT_PACKAGE -DDEBUG -DSWIFT_MODULE_RESOURCE_BUNDLE_AVAILABLE -DXcode -plugin-path /Applications/Xcode-27.0.0-Release.Candidate.app/Contents/Developer/Toolchains/XcodeDefault.xctoolchain/usr/lib/swift/host/plugins/testing -enable-experimental-feature DebugDescriptionMacro -sdk /Applications/Xcode-27.0.0-Release.Candidate.app/Contents/Developer/Platforms/MacOSX.platform/Developer/SDKs/MacOSX27.0.sdk -target arm64-apple-macos12.0 -g -module-cache-path /Users/admin/builder/spi-builder-workspace/.derivedData/ModuleCache.noindex -Xfrontend -serialize-debugging-options -profile-coverage-mapping -profile-generate -enable-testing -suppress-warnings -index-store-path /Users/admin/builder/spi-builder-workspace/.derivedData/Index.noindex/DataStore -Xcc -D_LIBCPP_HARDENING_MODE\=_LIBCPP_HARDENING_MODE_DEBUG -swift-version 5 -I /Users/admin/builder/spi-builder-workspace/.derivedData/Build/Products/Debug -Isystem /Applications/Xcode-27.0.0-Release.Candidate.app/Contents/Developer/Platforms/MacOSX.platform/Developer/usr/lib -F /Users/admin/builder/spi-builder-workspace/.derivedData/Build/Products/Debug/PackageFrameworks -F /Users/admin/builder/spi-builder-workspace/.derivedData/Build/Products/Debug -F /Applications/Xcode-27.0.0-Release.Candidate.app/Contents/Developer/Platforms/MacOSX.platform/Developer/Library/Frameworks -c -j10 -enable-batch-mode -incremental -Xcc -ivfsstatcache -Xcc /Users/admin/builder/spi-builder-workspace/.derivedData/SDKStatCaches.noindex/macosx27.0-26A425-e829b21a6f8c9b70876ba0858053c0446a22442a12e9d48fe1a705f55a1adfc4.sdkstatcache -output-file-map /Users/admin/builder/spi-builder-workspace/.derivedData/Build/Intermediates.noindex/RxSwift.build/Debug/RxRelay-t.build/Objects-normal/arm64/RxRelay-OutputFileMap.json -save-temps -no-color-diagnostics -explicit-module-build -module-cache-path /Users/admin/builder/spi-builder-workspace/.derivedData/Build/Intermediates.noindex/SwiftExplicitPrecompiledModules -clang-scanner-module-cache-path /Users/admin/builder/spi-builder-workspace/.derivedData/ModuleCache.noindex -sdk-module-cache-path /Users/admin/builder/spi-builder-workspace/.derivedData/SDKExplicitPrecompiledModules -emit-dependencies -emit-module -emit-module-path /Users/admin/builder/spi-builder-workspace/.derivedData/Build/Intermediates.noindex/RxSwift.build/Debug/RxRelay-t.build/Objects-normal/arm64/RxRelay.swiftmodule -serialize-diagnostics -dependency-scan-serialize-diagnostics-path /Users/admin/builder/spi-builder-workspace/.derivedData/Build/Intermediates.noindex/RxSwift.build/Debug/RxRelay-t.build/Objects-normal/arm64/RxRelay-dependency-scan.dia -validate-clang-modules-once -clang-build-session-file /Users/admin/builder/spi-builder-workspace/.derivedData/ModuleCache.noindex/Session.modulevalidation -Xcc -fmodules-prune-interval\=86400 -Xcc -fmodules-prune-after\=345600 -package-name rxswift -emit-const-values -const-gather-protocols-list /Users/admin/builder/spi-builder-workspace/.derivedData/Build/Intermediates.noindex/RxSwift.build/Debug/RxRelay-t.build/Objects-normal/arm64/RxRelay_const_extract_protocols.json -Xcc -I/Users/admin/builder/spi-builder-workspace/.derivedData/Build/Products/Debug/include -Xcc -I/Users/admin/builder/spi-builder-workspace/.derivedData/Build/Intermediates.noindex/RxSwift.build/Debug/RxRelay-t.build/DerivedSources-normal/arm64 -Xcc -I/Users/admin/builder/spi-builder-workspace/.derivedData/Build/Intermediates.noindex/RxSwift.build/Debug/RxRelay-t.build/DerivedSources/arm64 -Xcc -I/Users/admin/builder/spi-builder-workspace/.derivedData/Build/Intermediates.noindex/RxSwift.build/Debug/RxRelay-t.build/DerivedSources -Xcc -DSWIFT_PACKAGE -Xcc -DDEBUG\=1 -emit-objc-header -emit-objc-header-path /Users/admin/builder/spi-builder-workspace/.derivedData/Build/Intermediates.noindex/RxSwift.build/Debug/RxRelay-t.build/Objects-normal/arm64/RxRelay-Swift.h -working-directory /Users/admin/builder/spi-builder-workspace/.swiftpm/xcode -experimental-emit-module-separately -disable-cmo
Ld /Users/admin/builder/spi-builder-workspace/.derivedData/Build/Products/Debug/RxRelay.o normal (in target 'RxRelay' from project 'RxSwift')
cd /Users/admin/builder/spi-builder-workspace/.dependencies/checkouts/RxSwift
/Applications/Xcode-27.0.0-Release.Candidate.app/Contents/Developer/Toolchains/XcodeDefault.xctoolchain/usr/bin/clang -Xlinker -reproducible -target arm64-apple-macos12.0 -r -isysroot /Applications/Xcode-27.0.0-Release.Candidate.app/Contents/Developer/Platforms/MacOSX.platform/Developer/SDKs/MacOSX27.0.sdk -O0 -w -Xlinker -no_warn_duplicate_libraries -F/Users/admin/builder/spi-builder-workspace/.derivedData/Build/Intermediates.noindex/EagerLinkingTBDs/Debug -F/Users/admin/builder/spi-builder-workspace/.derivedData/Build/Products/Debug/PackageFrameworks -F/Users/admin/builder/spi-builder-workspace/.derivedData/Build/Products/Debug -iframework /Applications/Xcode-27.0.0-Release.Candidate.app/Contents/Developer/Platforms/MacOSX.platform/Developer/Library/Frameworks -filelist /Users/admin/builder/spi-builder-workspace/.derivedData/Build/Intermediates.noindex/RxSwift.build/Debug/RxRelay-t.build/Objects-normal/arm64/RxRelay.LinkFileList -nostdlib -Xlinker -object_path_lto -Xlinker /Users/admin/builder/spi-builder-workspace/.derivedData/Build/Intermediates.noindex/RxSwift.build/Debug/RxRelay-t.build/Objects-normal/arm64/RxRelay_lto.o -Xlinker -no_deduplicate -Xlinker -debug_variant -Xlinker -dependency_info -Xlinker /Users/admin/builder/spi-builder-workspace/.derivedData/Build/Intermediates.noindex/RxSwift.build/Debug/RxRelay-t.build/Objects-normal/arm64/RxRelay_dependency_info.dat -fobjc-link-runtime -L/Applications/Xcode-27.0.0-Release.Candidate.app/Contents/Developer/Toolchains/XcodeDefault.xctoolchain/usr/lib/swift/macosx -L/usr/lib/swift -Xlinker -add_ast_path -Xlinker /Users/admin/builder/spi-builder-workspace/.derivedData/Build/Intermediates.noindex/RxSwift.build/Debug/RxRelay-t.build/Objects-normal/arm64/RxRelay.swiftmodule -o /Users/admin/builder/spi-builder-workspace/.derivedData/Build/Products/Debug/RxRelay.o
ExtractAppIntentsMetadata (in target 'RxRelay' from project 'RxSwift')
cd /Users/admin/builder/spi-builder-workspace/.dependencies/checkouts/RxSwift
/Applications/Xcode-27.0.0-Release.Candidate.app/Contents/Developer/Toolchains/XcodeDefault.xctoolchain/usr/bin/appintentsmetadataprocessor --toolchain-dir /var/run/com.apple.security.cryptexd/mnt/com.apple.MobileAsset.MetalToolchain-v27.1.266.1.s5IGdp/Metal.xctoolchain --module-name RxRelay --sdk-root /Applications/Xcode-27.0.0-Release.Candidate.app/Contents/Developer/Platforms/MacOSX.platform/Developer/SDKs/MacOSX27.0.sdk --xcode-version 27A266a --platform-family macOS --deployment-target 12.0 --bundle-identifier rxswift.RxRelay --output /Users/admin/builder/spi-builder-workspace/.derivedData/Build/Products/Debug/RxRelay.appintents --target-triple arm64-apple-macos12.0 --binary-file /Users/admin/builder/spi-builder-workspace/.derivedData/Build/Products/Debug/RxRelay.o --dependency-file /Users/admin/builder/spi-builder-workspace/.derivedData/Build/Intermediates.noindex/RxSwift.build/Debug/RxRelay-t.build/Objects-normal/arm64/RxRelay_dependency_info.dat --stringsdata-file /Users/admin/builder/spi-builder-workspace/.derivedData/Build/Intermediates.noindex/RxSwift.build/Debug/RxRelay-t.build/Objects-normal/arm64/ExtractedAppShortcutsMetadata.stringsdata --source-file-list /Users/admin/builder/spi-builder-workspace/.derivedData/Build/Intermediates.noindex/RxSwift.build/Debug/RxRelay-t.build/Objects-normal/arm64/RxRelay.SwiftFileList --metadata-file-list /Users/admin/builder/spi-builder-workspace/.derivedData/Build/Intermediates.noindex/RxSwift.build/Debug/RxRelay-t.build/RxRelay.DependencyMetadataFileList --static-metadata-file-list /Users/admin/builder/spi-builder-workspace/.derivedData/Build/Intermediates.noindex/RxSwift.build/Debug/RxRelay-t.build/RxRelay.DependencyStaticMetadataFileList --swift-const-vals-list /Users/admin/builder/spi-builder-workspace/.derivedData/Build/Intermediates.noindex/RxSwift.build/Debug/RxRelay-t.build/Objects-normal/arm64/RxRelay.SwiftConstValuesFileList --force --compile-time-extraction --deployment-aware-processing --no-app-shortcuts-localization
2026-09-18 20:04:44.621 appintentsmetadataprocessor[782:5003] Starting appintentsmetadataprocessor export
2026-09-18 20:04:44.686 appintentsmetadataprocessor[782:5003] Extracted no relevant App Intents symbols, skipping writing output
PrecompileModule /Users/admin/builder/spi-builder-workspace/.derivedData/Build/Intermediates.noindex/ExplicitPrecompiledModules/_Builtin_limits-AWJSUFX278CM8Y05DNAWOFJBL.scan
cd /
builtin-precompileModule /Users/admin/builder/spi-builder-workspace/.derivedData/Build/Intermediates.noindex/ExplicitPrecompiledModules/_Builtin_limits-AWJSUFX278CM8Y05DNAWOFJBL.scan
PrecompileModule /Users/admin/builder/spi-builder-workspace/.derivedData/Build/Intermediates.noindex/ExplicitPrecompiledModules/_DarwinFoundation2-DHIW72FIQKN7YJB9T0Q3OMHGN.scan
cd /
builtin-precompileModule /Users/admin/builder/spi-builder-workspace/.derivedData/Build/Intermediates.noindex/ExplicitPrecompiledModules/_DarwinFoundation2-DHIW72FIQKN7YJB9T0Q3OMHGN.scan
PrecompileModule /Users/admin/builder/spi-builder-workspace/.derivedData/Build/Intermediates.noindex/ExplicitPrecompiledModules/_Builtin_stdint-DRM66SC7LZ93NMWHBTVMT2KR4.scan
cd /
builtin-precompileModule /Users/admin/builder/spi-builder-workspace/.derivedData/Build/Intermediates.noindex/ExplicitPrecompiledModules/_Builtin_stdint-DRM66SC7LZ93NMWHBTVMT2KR4.scan
PrecompileModule /Users/admin/builder/spi-builder-workspace/.derivedData/Build/Intermediates.noindex/ExplicitPrecompiledModules/_Builtin_stdatomic-55DCI8X29DTZPXJKICYK8BTR7.scan
cd /
builtin-precompileModule /Users/admin/builder/spi-builder-workspace/.derivedData/Build/Intermediates.noindex/ExplicitPrecompiledModules/_Builtin_stdatomic-55DCI8X29DTZPXJKICYK8BTR7.scan
PrecompileModule /Users/admin/builder/spi-builder-workspace/.derivedData/Build/Intermediates.noindex/ExplicitPrecompiledModules/_DarwinFoundation3-5RLT2CBOFLBZGFREFYR5RDXOF.scan
cd /
builtin-precompileModule /Users/admin/builder/spi-builder-workspace/.derivedData/Build/Intermediates.noindex/ExplicitPrecompiledModules/_DarwinFoundation3-5RLT2CBOFLBZGFREFYR5RDXOF.scan
PrecompileModule /Users/admin/builder/spi-builder-workspace/.derivedData/Build/Intermediates.noindex/ExplicitPrecompiledModules/libDER-DAIRP0Y5AI9M1KXY0CKIFP1CZ.scan
cd /
builtin-precompileModule /Users/admin/builder/spi-builder-workspace/.derivedData/Build/Intermediates.noindex/ExplicitPrecompiledModules/libDER-DAIRP0Y5AI9M1KXY0CKIFP1CZ.scan
PrecompileModule /Users/admin/builder/spi-builder-workspace/.derivedData/Build/Intermediates.noindex/ExplicitPrecompiledModules/_Builtin_inttypes-D8476HCDC8AEA3CXXPZI20OOP.scan
cd /
builtin-precompileModule /Users/admin/builder/spi-builder-workspace/.derivedData/Build/Intermediates.noindex/ExplicitPrecompiledModules/_Builtin_inttypes-D8476HCDC8AEA3CXXPZI20OOP.scan
PrecompileModule /Users/admin/builder/spi-builder-workspace/.derivedData/Build/Intermediates.noindex/ExplicitPrecompiledModules/Darwin-38TUQCGRCGFC9ZPX4JE3O7L13.scan
cd /
builtin-precompileModule /Users/admin/builder/spi-builder-workspace/.derivedData/Build/Intermediates.noindex/ExplicitPrecompiledModules/Darwin-38TUQCGRCGFC9ZPX4JE3O7L13.scan
PrecompileModule /Users/admin/builder/spi-builder-workspace/.derivedData/Build/Intermediates.noindex/ExplicitPrecompiledModules/MachO-3L408190SLVTIUNHUTD8KR1UN.scan
cd /
builtin-precompileModule /Users/admin/builder/spi-builder-workspace/.derivedData/Build/Intermediates.noindex/ExplicitPrecompiledModules/MachO-3L408190SLVTIUNHUTD8KR1UN.scan
PrecompileModule /Users/admin/builder/spi-builder-workspace/.derivedData/Build/Intermediates.noindex/ExplicitPrecompiledModules/libkern-6FHEO7I19DHM1XFSQZVBW67VG.scan
cd /
builtin-precompileModule /Users/admin/builder/spi-builder-workspace/.derivedData/Build/Intermediates.noindex/ExplicitPrecompiledModules/libkern-6FHEO7I19DHM1XFSQZVBW67VG.scan
PrecompileModule /Users/admin/builder/spi-builder-workspace/.derivedData/Build/Intermediates.noindex/ExplicitPrecompiledModules/launch-EJNYM3C0E2SJXLRI8R41BJ701.scan
cd /
builtin-precompileModule /Users/admin/builder/spi-builder-workspace/.derivedData/Build/Intermediates.noindex/ExplicitPrecompiledModules/launch-EJNYM3C0E2SJXLRI8R41BJ701.scan
PrecompileModule /Users/admin/builder/spi-builder-workspace/.derivedData/Build/Intermediates.noindex/ExplicitPrecompiledModules/ObjectiveC-37E1IV9CX0YFRWXDPVG5QVHMM.scan
cd /
builtin-precompileModule /Users/admin/builder/spi-builder-workspace/.derivedData/Build/Intermediates.noindex/ExplicitPrecompiledModules/ObjectiveC-37E1IV9CX0YFRWXDPVG5QVHMM.scan
PrecompileModule /Users/admin/builder/spi-builder-workspace/.derivedData/Build/Intermediates.noindex/ExplicitPrecompiledModules/os_object-C5YP9JQCMLSGBD3QF9E5PJVRM.scan
cd /
builtin-precompileModule /Users/admin/builder/spi-builder-workspace/.derivedData/Build/Intermediates.noindex/ExplicitPrecompiledModules/os_object-C5YP9JQCMLSGBD3QF9E5PJVRM.scan
PrecompileModule /Users/admin/builder/spi-builder-workspace/.derivedData/Build/Intermediates.noindex/ExplicitPrecompiledModules/os_workgroup-7LFJ53YEQVUWY9782WM4H36XY.scan
cd /
builtin-precompileModule /Users/admin/builder/spi-builder-workspace/.derivedData/Build/Intermediates.noindex/ExplicitPrecompiledModules/os_workgroup-7LFJ53YEQVUWY9782WM4H36XY.scan
PrecompileModule /Users/admin/builder/spi-builder-workspace/.derivedData/Build/Intermediates.noindex/ExplicitPrecompiledModules/Dispatch-EL6WTR0CPH5TGQJ2R8E2NPP3W.scan
cd /
builtin-precompileModule /Users/admin/builder/spi-builder-workspace/.derivedData/Build/Intermediates.noindex/ExplicitPrecompiledModules/Dispatch-EL6WTR0CPH5TGQJ2R8E2NPP3W.scan
PrecompileModule /Users/admin/builder/spi-builder-workspace/.derivedData/Build/Intermediates.noindex/ExplicitPrecompiledModules/CoreFoundation-1UQ6BF5G2DOG5KIFVN741BZYG.scan
cd /
builtin-precompileModule /Users/admin/builder/spi-builder-workspace/.derivedData/Build/Intermediates.noindex/ExplicitPrecompiledModules/CoreFoundation-1UQ6BF5G2DOG5KIFVN741BZYG.scan
PrecompileModule /Users/admin/builder/spi-builder-workspace/.derivedData/Build/Intermediates.noindex/ExplicitPrecompiledModules/XPC-3ABSONFLPCVPXMF3KOG85MR0S.scan
cd /
builtin-precompileModule /Users/admin/builder/spi-builder-workspace/.derivedData/Build/Intermediates.noindex/ExplicitPrecompiledModules/XPC-3ABSONFLPCVPXMF3KOG85MR0S.scan
SwiftExplicitDependencyGeneratePcm arm64 /Users/admin/builder/spi-builder-workspace/.derivedData/SDKExplicitPrecompiledModules/UniformTypeIdentifiers-5LG8RE3Q01MBLZVRR3FFHHL5H.pcm
SwiftExplicitDependencyGeneratePcm arm64 /Users/admin/builder/spi-builder-workspace/.derivedData/SDKExplicitPrecompiledModules/DeveloperToolsSupport-13SNQ6N57G3DOS3KQA7V91OE7.pcm
SwiftExplicitDependencyGeneratePcm arm64 /Users/admin/builder/spi-builder-workspace/.derivedData/SDKExplicitPrecompiledModules/CoreGraphics-5TRMNDB7ZP6FFMRNSZCWEOZMD.pcm
SwiftExplicitDependencyGeneratePcm arm64 /Users/admin/builder/spi-builder-workspace/.derivedData/SDKExplicitPrecompiledModules/dnssd-5V92N9LLMCLZ0RRCJ1W0WH553.pcm
SwiftExplicitDependencyGeneratePcm arm64 /Users/admin/builder/spi-builder-workspace/.derivedData/SDKExplicitPrecompiledModules/CoreTransferable-2HJ1Z8HJBPECRD89AVJ0X7S63.pcm
SwiftExplicitDependencyGeneratePcm arm64 /Users/admin/builder/spi-builder-workspace/.derivedData/SDKExplicitPrecompiledModules/DataDetection-5GDUUWT6YIA10PE5D9A8SXWZ9.pcm
SwiftExplicitDependencyGeneratePcm arm64 /Users/admin/builder/spi-builder-workspace/.derivedData/SDKExplicitPrecompiledModules/Symbols-2NFSQR6R0R96WH1KKGBXW1J.pcm
SwiftExplicitDependencyGeneratePcm arm64 /Users/admin/builder/spi-builder-workspace/.derivedData/SDKExplicitPrecompiledModules/CoreData-4EPJ39F9L3QQ9486B5AMG5G6J.pcm
SwiftExplicitDependencyGeneratePcm arm64 /Users/admin/builder/spi-builder-workspace/.derivedData/SDKExplicitPrecompiledModules/_Builtin_tgmath-52XE6HC8DWOG6S7B5QAI046D1.pcm
SwiftExplicitDependencyGeneratePcm arm64 /Users/admin/builder/spi-builder-workspace/.derivedData/SDKExplicitPrecompiledModules/CUPS-45MNISAOHSEBD6VQA5G0MXN9H.pcm
SwiftExplicitDependencyGeneratePcm arm64 /Users/admin/builder/spi-builder-workspace/.derivedData/Build/Intermediates.noindex/SwiftExplicitPrecompiledModules/RxCocoaRuntime-149735YC3SJ8AI8D8NEE4HOY7.pcm
SwiftExplicitDependencyGeneratePcm arm64 /Users/admin/builder/spi-builder-workspace/.derivedData/SDKExplicitPrecompiledModules/_Builtin_intrinsics-4O6R03GTH5FLWSHEUBP0Z3GZ2.pcm
SwiftExplicitDependencyGeneratePcm arm64 /Users/admin/builder/spi-builder-workspace/.derivedData/SDKExplicitPrecompiledModules/IOSurface-1TUG4NQVIPJF59WSUNATZ447F.pcm
SwiftExplicitDependencyGeneratePcm arm64 /Users/admin/builder/spi-builder-workspace/.derivedData/SDKExplicitPrecompiledModules/_Builtin_stdatomic-8LN7S35C6I48KJOCW7VPXX04X.pcm
SwiftExplicitDependencyGeneratePcm arm64 /Users/admin/builder/spi-builder-workspace/.derivedData/SDKExplicitPrecompiledModules/Network-DNJ6CH9B8OJ51G462QPX58B5X.pcm
SwiftExplicitDependencyGeneratePcm arm64 /Users/admin/builder/spi-builder-workspace/.derivedData/SDKExplicitPrecompiledModules/ColorSync-BBCIZDDQ6O3QECFAWJQ6RU4ZJ.pcm
PrecompileModule /Users/admin/builder/spi-builder-workspace/.derivedData/Build/Intermediates.noindex/ExplicitPrecompiledModules/CFNetwork-E8CATQNDM80BTSD0YAYLT1APL.scan
cd /
builtin-precompileModule /Users/admin/builder/spi-builder-workspace/.derivedData/Build/Intermediates.noindex/ExplicitPrecompiledModules/CFNetwork-E8CATQNDM80BTSD0YAYLT1APL.scan
PrecompileModule /Users/admin/builder/spi-builder-workspace/.derivedData/Build/Intermediates.noindex/ExplicitPrecompiledModules/Security-SUZTC43TJAZ6YKPRZYCA2S59.scan
cd /
builtin-precompileModule /Users/admin/builder/spi-builder-workspace/.derivedData/Build/Intermediates.noindex/ExplicitPrecompiledModules/Security-SUZTC43TJAZ6YKPRZYCA2S59.scan
PrecompileModule /Users/admin/builder/spi-builder-workspace/.derivedData/Build/Intermediates.noindex/ExplicitPrecompiledModules/IOKit-4A9S5G3B3H6NKLSEDEAQ959KV.scan
cd /
builtin-precompileModule /Users/admin/builder/spi-builder-workspace/.derivedData/Build/Intermediates.noindex/ExplicitPrecompiledModules/IOKit-4A9S5G3B3H6NKLSEDEAQ959KV.scan
SwiftExplicitDependencyGeneratePcm arm64 /Users/admin/builder/spi-builder-workspace/.derivedData/SDKExplicitPrecompiledModules/os-BYOEVK2GEMB4Q8WWHGZGREA00.pcm
SwiftExplicitDependencyGeneratePcm arm64 /Users/admin/builder/spi-builder-workspace/.derivedData/SDKExplicitPrecompiledModules/CoreText-C1WSF2HWGIKVJ2XHWBKXQBSEY.pcm
SwiftExplicitDependencyGeneratePcm arm64 /Users/admin/builder/spi-builder-workspace/.derivedData/SDKExplicitPrecompiledModules/ImageIO-88YNP2EU498GB5YXIFJ9ANNYW.pcm
SwiftExplicitDependencyGeneratePcm arm64 /Users/admin/builder/spi-builder-workspace/.derivedData/SDKExplicitPrecompiledModules/JavaScriptCore-E3CCS97D24U12V9SQB1H9K5YE.pcm
SwiftExplicitDependencyGeneratePcm arm64 /Users/admin/builder/spi-builder-workspace/.derivedData/SDKExplicitPrecompiledModules/Accessibility-6F38G4T85MOHD9AA2EH4U2PJS.pcm
SwiftExplicitDependencyGeneratePcm arm64 /Users/admin/builder/spi-builder-workspace/.derivedData/SDKExplicitPrecompiledModules/Metal-KM8CI04R5X5OUWMGRMNZE4KP.pcm
SwiftExplicitDependencyGeneratePcm arm64 /Users/admin/builder/spi-builder-workspace/.derivedData/SDKExplicitPrecompiledModules/OpenGL-FXV81CD8YS42YTVJKJH1VLGA.pcm
SwiftExplicitDependencyGeneratePcm arm64 /Users/admin/builder/spi-builder-workspace/.derivedData/SDKExplicitPrecompiledModules/OSLog-1GSRGGGEESVJH9OULZA91RAA3.pcm
SwiftExplicitDependencyGeneratePcm arm64 /Users/admin/builder/spi-builder-workspace/.derivedData/SDKExplicitPrecompiledModules/ApplicationServices-ALXSS633FQY42UMJSLR6MNLSK.pcm
PrecompileModule /Users/admin/builder/spi-builder-workspace/.derivedData/Build/Intermediates.noindex/ExplicitPrecompiledModules/CoreGraphics-6254BEYQVDF0BO41WURUQG4MN.scan
cd /
builtin-precompileModule /Users/admin/builder/spi-builder-workspace/.derivedData/Build/Intermediates.noindex/ExplicitPrecompiledModules/CoreGraphics-6254BEYQVDF0BO41WURUQG4MN.scan
PrecompileModule /Users/admin/builder/spi-builder-workspace/.derivedData/Build/Intermediates.noindex/ExplicitPrecompiledModules/DiskArbitration-2QURVZZY79JF4BJUY0FC73JUZ.scan
cd /
builtin-precompileModule /Users/admin/builder/spi-builder-workspace/.derivedData/Build/Intermediates.noindex/ExplicitPrecompiledModules/DiskArbitration-2QURVZZY79JF4BJUY0FC73JUZ.scan
SwiftExplicitDependencyGeneratePcm arm64 /Users/admin/builder/spi-builder-workspace/.derivedData/SDKExplicitPrecompiledModules/simd-A9TKR8OE9APRJ1RNS7F0OBY4Q.pcm
PrecompileModule /Users/admin/builder/spi-builder-workspace/.derivedData/Build/Intermediates.noindex/ExplicitPrecompiledModules/CoreServices-2OGNDQG5UR9XOS6LBUNT3LPIU.scan
cd /
builtin-precompileModule /Users/admin/builder/spi-builder-workspace/.derivedData/Build/Intermediates.noindex/ExplicitPrecompiledModules/CoreServices-2OGNDQG5UR9XOS6LBUNT3LPIU.scan
SwiftExplicitDependencyGeneratePcm arm64 /Users/admin/builder/spi-builder-workspace/.derivedData/SDKExplicitPrecompiledModules/CoreVideo-11TKSDKW0L2K02H4B9ZHWLM3B.pcm
SwiftExplicitDependencyGeneratePcm arm64 /Users/admin/builder/spi-builder-workspace/.derivedData/SDKExplicitPrecompiledModules/CoreImage-AKYY8VSFWQ6KIIXG3EQJ7PW5T.pcm
SwiftExplicitDependencyGeneratePcm arm64 /Users/admin/builder/spi-builder-workspace/.derivedData/SDKExplicitPrecompiledModules/QuartzCore-AP21NXF3BYPWOG416U3DI6QME.pcm
PrecompileModule /Users/admin/builder/spi-builder-workspace/.derivedData/Build/Intermediates.noindex/ExplicitPrecompiledModules/Foundation-89IJ10YYSMDZIEEO6KT9C7RA5.scan
cd /
builtin-precompileModule /Users/admin/builder/spi-builder-workspace/.derivedData/Build/Intermediates.noindex/ExplicitPrecompiledModules/Foundation-89IJ10YYSMDZIEEO6KT9C7RA5.scan
SwiftExplicitDependencyGeneratePcm arm64 /Users/admin/builder/spi-builder-workspace/.derivedData/SDKExplicitPrecompiledModules/SwiftUICore-ESLJM4CVIQEQNCRTK6KPAF1I7.pcm
SwiftExplicitDependencyGeneratePcm arm64 /Users/admin/builder/spi-builder-workspace/.derivedData/SDKExplicitPrecompiledModules/AppKit-C2WRQ26QXORUMMNQB0M8H4QYD.pcm
SwiftExplicitDependencyGeneratePcm arm64 /Users/admin/builder/spi-builder-workspace/.derivedData/SDKExplicitPrecompiledModules/Spatial-2JNOU2HNJ0Q174XCFCD0GCOUQ.pcm
CompileC /Users/admin/builder/spi-builder-workspace/.derivedData/Build/Intermediates.noindex/RxSwift.build/Debug/RxCocoaRuntime-t.build/Objects-normal/arm64/resource_bundle_accessor.o /Users/admin/builder/spi-builder-workspace/.derivedData/Build/Intermediates.noindex/RxSwift.build/Debug/RxCocoaRuntime-t.build/DerivedSources/resource_bundle_accessor.m normal arm64 objective-c com.apple.compilers.llvm.clang.1_0.compiler (in target 'RxCocoaRuntime' from project 'RxSwift')
cd /Users/admin/builder/spi-builder-workspace/.swiftpm/xcode
Using response file: /Users/admin/builder/spi-builder-workspace/.derivedData/Build/Intermediates.noindex/RxSwift.build/Debug/RxCocoaRuntime-t.build/Objects-normal/arm64/e6072d4f65d7061329687fe24e3d63a7-common-args.resp
/Applications/Xcode-27.0.0-Release.Candidate.app/Contents/Developer/Toolchains/XcodeDefault.xctoolchain/usr/bin/clang -x objective-c -ivfsstatcache /Users/admin/builder/spi-builder-workspace/.derivedData/SDKStatCaches.noindex/macosx27.0-26A425-e829b21a6f8c9b70876ba0858053c0446a22442a12e9d48fe1a705f55a1adfc4.sdkstatcache -target arm64-apple-macos12.0 -fmessage-length\=0 -fdiagnostics-show-note-include-stack -fmacro-backtrace-limit\=0 -fno-color-diagnostics -fmodules-prune-interval\=86400 -fmodules-prune-after\=345600 -fbuild-session-file\=/Users/admin/builder/spi-builder-workspace/.derivedData/ModuleCache.noindex/Session.modulevalidation -fmodules-validate-once-per-build-session -Wnon-modular-include-in-framework-module -Werror\=non-modular-include-in-framework-module -Wno-trigraphs -Wno-missing-field-initializers -Wno-missing-prototypes -Wno-return-type -Wno-implicit-atomic-properties -Wno-objc-interface-ivars -Wno-arc-repeated-use-of-weak -Wno-missing-braces -Wparentheses -Wswitch -Wno-unused-function -Wno-unused-label -Wno-unused-parameter -Wno-unused-variable -Wunused-value -Wno-empty-body -Wno-uninitialized -Wno-unknown-pragmas -w -Wno-shadow -Wno-four-char-constants -Wno-conversion -Wno-constant-conversion -Wno-int-conversion -Wno-bool-conversion -Wno-enum-conversion -Wno-float-conversion -Wno-non-literal-null-conversion -Wno-objc-literal-conversion -Wshorten-64-to-32 -Wpointer-sign -Wno-newline-eof -Wno-selector -Wno-strict-selector-match -Wno-undeclared-selector -Wno-deprecated-implementations -Wno-implicit-fallthrough -isysroot /Applications/Xcode-27.0.0-Release.Candidate.app/Contents/Developer/Platforms/MacOSX.platform/Developer/SDKs/MacOSX27.0.sdk -fstrict-aliasing -Wprotocol -Wdeprecated-declarations -Wno-sign-conversion -Wno-infinite-recursion -Wno-comma -Wno-block-capture-autoreleasing -Wno-strict-prototypes -Wno-semicolon-before-method-body -index-store-path /Users/admin/builder/spi-builder-workspace/.derivedData/Index.noindex/DataStore @/Users/admin/builder/spi-builder-workspace/.derivedData/Build/Intermediates.noindex/RxSwift.build/Debug/RxCocoaRuntime-t.build/Objects-normal/arm64/e6072d4f65d7061329687fe24e3d63a7-common-args.resp -include /Users/admin/builder/spi-builder-workspace/.derivedData/Build/Intermediates.noindex/RxSwift.build/Debug/RxCocoaRuntime-t.build/DerivedSources/resource_bundle_accessor.h -MMD -MT dependencies -MF /Users/admin/builder/spi-builder-workspace/.derivedData/Build/Intermediates.noindex/RxSwift.build/Debug/RxCocoaRuntime-t.build/Objects-normal/arm64/resource_bundle_accessor.d --serialize-diagnostics /Users/admin/builder/spi-builder-workspace/.derivedData/Build/Intermediates.noindex/RxSwift.build/Debug/RxCocoaRuntime-t.build/Objects-normal/arm64/resource_bundle_accessor.dia -c /Users/admin/builder/spi-builder-workspace/.derivedData/Build/Intermediates.noindex/RxSwift.build/Debug/RxCocoaRuntime-t.build/DerivedSources/resource_bundle_accessor.m -o /Users/admin/builder/spi-builder-workspace/.derivedData/Build/Intermediates.noindex/RxSwift.build/Debug/RxCocoaRuntime-t.build/Objects-normal/arm64/resource_bundle_accessor.o -index-unit-output-path /RxSwift.build/Debug/RxCocoaRuntime-t.build/Objects-normal/arm64/resource_bundle_accessor.o
CompileC /Users/admin/builder/spi-builder-workspace/.derivedData/Build/Intermediates.noindex/RxSwift.build/Debug/RxCocoaRuntime-t.build/Objects-normal/arm64/_RXObjCRuntime.o /Users/admin/builder/spi-builder-workspace/.dependencies/checkouts/RxSwift/Sources/RxCocoaRuntime/_RXObjCRuntime.m normal arm64 objective-c com.apple.compilers.llvm.clang.1_0.compiler (in target 'RxCocoaRuntime' from project 'RxSwift')
cd /Users/admin/builder/spi-builder-workspace/.swiftpm/xcode
Using response file: /Users/admin/builder/spi-builder-workspace/.derivedData/Build/Intermediates.noindex/RxSwift.build/Debug/RxCocoaRuntime-t.build/Objects-normal/arm64/e6072d4f65d7061329687fe24e3d63a7-common-args.resp
/Applications/Xcode-27.0.0-Release.Candidate.app/Contents/Developer/Toolchains/XcodeDefault.xctoolchain/usr/bin/clang -x objective-c -ivfsstatcache /Users/admin/builder/spi-builder-workspace/.derivedData/SDKStatCaches.noindex/macosx27.0-26A425-e829b21a6f8c9b70876ba0858053c0446a22442a12e9d48fe1a705f55a1adfc4.sdkstatcache -target arm64-apple-macos12.0 -fmessage-length\=0 -fdiagnostics-show-note-include-stack -fmacro-backtrace-limit\=0 -fno-color-diagnostics -fmodules-prune-interval\=86400 -fmodules-prune-after\=345600 -fbuild-session-file\=/Users/admin/builder/spi-builder-workspace/.derivedData/ModuleCache.noindex/Session.modulevalidation -fmodules-validate-once-per-build-session -Wnon-modular-include-in-framework-module -Werror\=non-modular-include-in-framework-module -Wno-trigraphs -Wno-missing-field-initializers -Wno-missing-prototypes -Wno-return-type -Wno-implicit-atomic-properties -Wno-objc-interface-ivars -Wno-arc-repeated-use-of-weak -Wno-missing-braces -Wparentheses -Wswitch -Wno-unused-function -Wno-unused-label -Wno-unused-parameter -Wno-unused-variable -Wunused-value -Wno-empty-body -Wno-uninitialized -Wno-unknown-pragmas -w -Wno-shadow -Wno-four-char-constants -Wno-conversion -Wno-constant-conversion -Wno-int-conversion -Wno-bool-conversion -Wno-enum-conversion -Wno-float-conversion -Wno-non-literal-null-conversion -Wno-objc-literal-conversion -Wshorten-64-to-32 -Wpointer-sign -Wno-newline-eof -Wno-selector -Wno-strict-selector-match -Wno-undeclared-selector -Wno-deprecated-implementations -Wno-implicit-fallthrough -isysroot /Applications/Xcode-27.0.0-Release.Candidate.app/Contents/Developer/Platforms/MacOSX.platform/Developer/SDKs/MacOSX27.0.sdk -fstrict-aliasing -Wprotocol -Wdeprecated-declarations -Wno-sign-conversion -Wno-infinite-recursion -Wno-comma -Wno-block-capture-autoreleasing -Wno-strict-prototypes -Wno-semicolon-before-method-body -index-store-path /Users/admin/builder/spi-builder-workspace/.derivedData/Index.noindex/DataStore @/Users/admin/builder/spi-builder-workspace/.derivedData/Build/Intermediates.noindex/RxSwift.build/Debug/RxCocoaRuntime-t.build/Objects-normal/arm64/e6072d4f65d7061329687fe24e3d63a7-common-args.resp -include /Users/admin/builder/spi-builder-workspace/.derivedData/Build/Intermediates.noindex/RxSwift.build/Debug/RxCocoaRuntime-t.build/DerivedSources/resource_bundle_accessor.h -MMD -MT dependencies -MF /Users/admin/builder/spi-builder-workspace/.derivedData/Build/Intermediates.noindex/RxSwift.build/Debug/RxCocoaRuntime-t.build/Objects-normal/arm64/_RXObjCRuntime.d --serialize-diagnostics /Users/admin/builder/spi-builder-workspace/.derivedData/Build/Intermediates.noindex/RxSwift.build/Debug/RxCocoaRuntime-t.build/Objects-normal/arm64/_RXObjCRuntime.dia -c /Users/admin/builder/spi-builder-workspace/.dependencies/checkouts/RxSwift/Sources/RxCocoaRuntime/_RXObjCRuntime.m -o /Users/admin/builder/spi-builder-workspace/.derivedData/Build/Intermediates.noindex/RxSwift.build/Debug/RxCocoaRuntime-t.build/Objects-normal/arm64/_RXObjCRuntime.o -index-unit-output-path /RxSwift.build/Debug/RxCocoaRuntime-t.build/Objects-normal/arm64/_RXObjCRuntime.o
CompileC /Users/admin/builder/spi-builder-workspace/.derivedData/Build/Intermediates.noindex/RxSwift.build/Debug/RxCocoaRuntime-t.build/Objects-normal/arm64/_RX.o /Users/admin/builder/spi-builder-workspace/.dependencies/checkouts/RxSwift/Sources/RxCocoaRuntime/_RX.m normal arm64 objective-c com.apple.compilers.llvm.clang.1_0.compiler (in target 'RxCocoaRuntime' from project 'RxSwift')
cd /Users/admin/builder/spi-builder-workspace/.swiftpm/xcode
Using response file: /Users/admin/builder/spi-builder-workspace/.derivedData/Build/Intermediates.noindex/RxSwift.build/Debug/RxCocoaRuntime-t.build/Objects-normal/arm64/e6072d4f65d7061329687fe24e3d63a7-common-args.resp
/Applications/Xcode-27.0.0-Release.Candidate.app/Contents/Developer/Toolchains/XcodeDefault.xctoolchain/usr/bin/clang -x objective-c -ivfsstatcache /Users/admin/builder/spi-builder-workspace/.derivedData/SDKStatCaches.noindex/macosx27.0-26A425-e829b21a6f8c9b70876ba0858053c0446a22442a12e9d48fe1a705f55a1adfc4.sdkstatcache -target arm64-apple-macos12.0 -fmessage-length\=0 -fdiagnostics-show-note-include-stack -fmacro-backtrace-limit\=0 -fno-color-diagnostics -fmodules-prune-interval\=86400 -fmodules-prune-after\=345600 -fbuild-session-file\=/Users/admin/builder/spi-builder-workspace/.derivedData/ModuleCache.noindex/Session.modulevalidation -fmodules-validate-once-per-build-session -Wnon-modular-include-in-framework-module -Werror\=non-modular-include-in-framework-module -Wno-trigraphs -Wno-missing-field-initializers -Wno-missing-prototypes -Wno-return-type -Wno-implicit-atomic-properties -Wno-objc-interface-ivars -Wno-arc-repeated-use-of-weak -Wno-missing-braces -Wparentheses -Wswitch -Wno-unused-function -Wno-unused-label -Wno-unused-parameter -Wno-unused-variable -Wunused-value -Wno-empty-body -Wno-uninitialized -Wno-unknown-pragmas -w -Wno-shadow -Wno-four-char-constants -Wno-conversion -Wno-constant-conversion -Wno-int-conversion -Wno-bool-conversion -Wno-enum-conversion -Wno-float-conversion -Wno-non-literal-null-conversion -Wno-objc-literal-conversion -Wshorten-64-to-32 -Wpointer-sign -Wno-newline-eof -Wno-selector -Wno-strict-selector-match -Wno-undeclared-selector -Wno-deprecated-implementations -Wno-implicit-fallthrough -isysroot /Applications/Xcode-27.0.0-Release.Candidate.app/Contents/Developer/Platforms/MacOSX.platform/Developer/SDKs/MacOSX27.0.sdk -fstrict-aliasing -Wprotocol -Wdeprecated-declarations -Wno-sign-conversion -Wno-infinite-recursion -Wno-comma -Wno-block-capture-autoreleasing -Wno-strict-prototypes -Wno-semicolon-before-method-body -index-store-path /Users/admin/builder/spi-builder-workspace/.derivedData/Index.noindex/DataStore @/Users/admin/builder/spi-builder-workspace/.derivedData/Build/Intermediates.noindex/RxSwift.build/Debug/RxCocoaRuntime-t.build/Objects-normal/arm64/e6072d4f65d7061329687fe24e3d63a7-common-args.resp -include /Users/admin/builder/spi-builder-workspace/.derivedData/Build/Intermediates.noindex/RxSwift.build/Debug/RxCocoaRuntime-t.build/DerivedSources/resource_bundle_accessor.h -MMD -MT dependencies -MF /Users/admin/builder/spi-builder-workspace/.derivedData/Build/Intermediates.noindex/RxSwift.build/Debug/RxCocoaRuntime-t.build/Objects-normal/arm64/_RX.d --serialize-diagnostics /Users/admin/builder/spi-builder-workspace/.derivedData/Build/Intermediates.noindex/RxSwift.build/Debug/RxCocoaRuntime-t.build/Objects-normal/arm64/_RX.dia -c /Users/admin/builder/spi-builder-workspace/.dependencies/checkouts/RxSwift/Sources/RxCocoaRuntime/_RX.m -o /Users/admin/builder/spi-builder-workspace/.derivedData/Build/Intermediates.noindex/RxSwift.build/Debug/RxCocoaRuntime-t.build/Objects-normal/arm64/_RX.o -index-unit-output-path /RxSwift.build/Debug/RxCocoaRuntime-t.build/Objects-normal/arm64/_RX.o
CompileC /Users/admin/builder/spi-builder-workspace/.derivedData/Build/Intermediates.noindex/RxSwift.build/Debug/RxCocoaRuntime-t.build/Objects-normal/arm64/_RXDelegateProxy.o /Users/admin/builder/spi-builder-workspace/.dependencies/checkouts/RxSwift/Sources/RxCocoaRuntime/_RXDelegateProxy.m normal arm64 objective-c com.apple.compilers.llvm.clang.1_0.compiler (in target 'RxCocoaRuntime' from project 'RxSwift')
cd /Users/admin/builder/spi-builder-workspace/.swiftpm/xcode
Using response file: /Users/admin/builder/spi-builder-workspace/.derivedData/Build/Intermediates.noindex/RxSwift.build/Debug/RxCocoaRuntime-t.build/Objects-normal/arm64/e6072d4f65d7061329687fe24e3d63a7-common-args.resp
/Applications/Xcode-27.0.0-Release.Candidate.app/Contents/Developer/Toolchains/XcodeDefault.xctoolchain/usr/bin/clang -x objective-c -ivfsstatcache /Users/admin/builder/spi-builder-workspace/.derivedData/SDKStatCaches.noindex/macosx27.0-26A425-e829b21a6f8c9b70876ba0858053c0446a22442a12e9d48fe1a705f55a1adfc4.sdkstatcache -target arm64-apple-macos12.0 -fmessage-length\=0 -fdiagnostics-show-note-include-stack -fmacro-backtrace-limit\=0 -fno-color-diagnostics -fmodules-prune-interval\=86400 -fmodules-prune-after\=345600 -fbuild-session-file\=/Users/admin/builder/spi-builder-workspace/.derivedData/ModuleCache.noindex/Session.modulevalidation -fmodules-validate-once-per-build-session -Wnon-modular-include-in-framework-module -Werror\=non-modular-include-in-framework-module -Wno-trigraphs -Wno-missing-field-initializers -Wno-missing-prototypes -Wno-return-type -Wno-implicit-atomic-properties -Wno-objc-interface-ivars -Wno-arc-repeated-use-of-weak -Wno-missing-braces -Wparentheses -Wswitch -Wno-unused-function -Wno-unused-label -Wno-unused-parameter -Wno-unused-variable -Wunused-value -Wno-empty-body -Wno-uninitialized -Wno-unknown-pragmas -w -Wno-shadow -Wno-four-char-constants -Wno-conversion -Wno-constant-conversion -Wno-int-conversion -Wno-bool-conversion -Wno-enum-conversion -Wno-float-conversion -Wno-non-literal-null-conversion -Wno-objc-literal-conversion -Wshorten-64-to-32 -Wpointer-sign -Wno-newline-eof -Wno-selector -Wno-strict-selector-match -Wno-undeclared-selector -Wno-deprecated-implementations -Wno-implicit-fallthrough -isysroot /Applications/Xcode-27.0.0-Release.Candidate.app/Contents/Developer/Platforms/MacOSX.platform/Developer/SDKs/MacOSX27.0.sdk -fstrict-aliasing -Wprotocol -Wdeprecated-declarations -Wno-sign-conversion -Wno-infinite-recursion -Wno-comma -Wno-block-capture-autoreleasing -Wno-strict-prototypes -Wno-semicolon-before-method-body -index-store-path /Users/admin/builder/spi-builder-workspace/.derivedData/Index.noindex/DataStore @/Users/admin/builder/spi-builder-workspace/.derivedData/Build/Intermediates.noindex/RxSwift.build/Debug/RxCocoaRuntime-t.build/Objects-normal/arm64/e6072d4f65d7061329687fe24e3d63a7-common-args.resp -include /Users/admin/builder/spi-builder-workspace/.derivedData/Build/Intermediates.noindex/RxSwift.build/Debug/RxCocoaRuntime-t.build/DerivedSources/resource_bundle_accessor.h -MMD -MT dependencies -MF /Users/admin/builder/spi-builder-workspace/.derivedData/Build/Intermediates.noindex/RxSwift.build/Debug/RxCocoaRuntime-t.build/Objects-normal/arm64/_RXDelegateProxy.d --serialize-diagnostics /Users/admin/builder/spi-builder-workspace/.derivedData/Build/Intermediates.noindex/RxSwift.build/Debug/RxCocoaRuntime-t.build/Objects-normal/arm64/_RXDelegateProxy.dia -c /Users/admin/builder/spi-builder-workspace/.dependencies/checkouts/RxSwift/Sources/RxCocoaRuntime/_RXDelegateProxy.m -o /Users/admin/builder/spi-builder-workspace/.derivedData/Build/Intermediates.noindex/RxSwift.build/Debug/RxCocoaRuntime-t.build/Objects-normal/arm64/_RXDelegateProxy.o -index-unit-output-path /RxSwift.build/Debug/RxCocoaRuntime-t.build/Objects-normal/arm64/_RXDelegateProxy.o
CompileC /Users/admin/builder/spi-builder-workspace/.derivedData/Build/Intermediates.noindex/RxSwift.build/Debug/RxCocoaRuntime-t.build/Objects-normal/arm64/_RXKVOObserver.o /Users/admin/builder/spi-builder-workspace/.dependencies/checkouts/RxSwift/Sources/RxCocoaRuntime/_RXKVOObserver.m normal arm64 objective-c com.apple.compilers.llvm.clang.1_0.compiler (in target 'RxCocoaRuntime' from project 'RxSwift')
cd /Users/admin/builder/spi-builder-workspace/.swiftpm/xcode
Using response file: /Users/admin/builder/spi-builder-workspace/.derivedData/Build/Intermediates.noindex/RxSwift.build/Debug/RxCocoaRuntime-t.build/Objects-normal/arm64/e6072d4f65d7061329687fe24e3d63a7-common-args.resp
/Applications/Xcode-27.0.0-Release.Candidate.app/Contents/Developer/Toolchains/XcodeDefault.xctoolchain/usr/bin/clang -x objective-c -ivfsstatcache /Users/admin/builder/spi-builder-workspace/.derivedData/SDKStatCaches.noindex/macosx27.0-26A425-e829b21a6f8c9b70876ba0858053c0446a22442a12e9d48fe1a705f55a1adfc4.sdkstatcache -target arm64-apple-macos12.0 -fmessage-length\=0 -fdiagnostics-show-note-include-stack -fmacro-backtrace-limit\=0 -fno-color-diagnostics -fmodules-prune-interval\=86400 -fmodules-prune-after\=345600 -fbuild-session-file\=/Users/admin/builder/spi-builder-workspace/.derivedData/ModuleCache.noindex/Session.modulevalidation -fmodules-validate-once-per-build-session -Wnon-modular-include-in-framework-module -Werror\=non-modular-include-in-framework-module -Wno-trigraphs -Wno-missing-field-initializers -Wno-missing-prototypes -Wno-return-type -Wno-implicit-atomic-properties -Wno-objc-interface-ivars -Wno-arc-repeated-use-of-weak -Wno-missing-braces -Wparentheses -Wswitch -Wno-unused-function -Wno-unused-label -Wno-unused-parameter -Wno-unused-variable -Wunused-value -Wno-empty-body -Wno-uninitialized -Wno-unknown-pragmas -w -Wno-shadow -Wno-four-char-constants -Wno-conversion -Wno-constant-conversion -Wno-int-conversion -Wno-bool-conversion -Wno-enum-conversion -Wno-float-conversion -Wno-non-literal-null-conversion -Wno-objc-literal-conversion -Wshorten-64-to-32 -Wpointer-sign -Wno-newline-eof -Wno-selector -Wno-strict-selector-match -Wno-undeclared-selector -Wno-deprecated-implementations -Wno-implicit-fallthrough -isysroot /Applications/Xcode-27.0.0-Release.Candidate.app/Contents/Developer/Platforms/MacOSX.platform/Developer/SDKs/MacOSX27.0.sdk -fstrict-aliasing -Wprotocol -Wdeprecated-declarations -Wno-sign-conversion -Wno-infinite-recursion -Wno-comma -Wno-block-capture-autoreleasing -Wno-strict-prototypes -Wno-semicolon-before-method-body -index-store-path /Users/admin/builder/spi-builder-workspace/.derivedData/Index.noindex/DataStore @/Users/admin/builder/spi-builder-workspace/.derivedData/Build/Intermediates.noindex/RxSwift.build/Debug/RxCocoaRuntime-t.build/Objects-normal/arm64/e6072d4f65d7061329687fe24e3d63a7-common-args.resp -include /Users/admin/builder/spi-builder-workspace/.derivedData/Build/Intermediates.noindex/RxSwift.build/Debug/RxCocoaRuntime-t.build/DerivedSources/resource_bundle_accessor.h -MMD -MT dependencies -MF /Users/admin/builder/spi-builder-workspace/.derivedData/Build/Intermediates.noindex/RxSwift.build/Debug/RxCocoaRuntime-t.build/Objects-normal/arm64/_RXKVOObserver.d --serialize-diagnostics /Users/admin/builder/spi-builder-workspace/.derivedData/Build/Intermediates.noindex/RxSwift.build/Debug/RxCocoaRuntime-t.build/Objects-normal/arm64/_RXKVOObserver.dia -c /Users/admin/builder/spi-builder-workspace/.dependencies/checkouts/RxSwift/Sources/RxCocoaRuntime/_RXKVOObserver.m -o /Users/admin/builder/spi-builder-workspace/.derivedData/Build/Intermediates.noindex/RxSwift.build/Debug/RxCocoaRuntime-t.build/Objects-normal/arm64/_RXKVOObserver.o -index-unit-output-path /RxSwift.build/Debug/RxCocoaRuntime-t.build/Objects-normal/arm64/_RXKVOObserver.o
Ld /Users/admin/builder/spi-builder-workspace/.derivedData/Build/Products/Debug/RxCocoaRuntime.o normal (in target 'RxCocoaRuntime' from project 'RxSwift')
cd /Users/admin/builder/spi-builder-workspace/.dependencies/checkouts/RxSwift
/Applications/Xcode-27.0.0-Release.Candidate.app/Contents/Developer/Toolchains/XcodeDefault.xctoolchain/usr/bin/clang -Xlinker -reproducible -target arm64-apple-macos12.0 -r -isysroot /Applications/Xcode-27.0.0-Release.Candidate.app/Contents/Developer/Platforms/MacOSX.platform/Developer/SDKs/MacOSX27.0.sdk -O0 -w -Xlinker -no_warn_duplicate_libraries -F/Users/admin/builder/spi-builder-workspace/.derivedData/Build/Intermediates.noindex/EagerLinkingTBDs/Debug -F/Users/admin/builder/spi-builder-workspace/.derivedData/Build/Products/Debug/PackageFrameworks -F/Users/admin/builder/spi-builder-workspace/.derivedData/Build/Products/Debug -iframework /Applications/Xcode-27.0.0-Release.Candidate.app/Contents/Developer/Platforms/MacOSX.platform/Developer/Library/Frameworks -filelist /Users/admin/builder/spi-builder-workspace/.derivedData/Build/Intermediates.noindex/RxSwift.build/Debug/RxCocoaRuntime-t.build/Objects-normal/arm64/RxCocoaRuntime.LinkFileList -nostdlib -Xlinker -object_path_lto -Xlinker /Users/admin/builder/spi-builder-workspace/.derivedData/Build/Intermediates.noindex/RxSwift.build/Debug/RxCocoaRuntime-t.build/Objects-normal/arm64/RxCocoaRuntime_lto.o -Xlinker -no_deduplicate -Xlinker -debug_variant -Xlinker -dependency_info -Xlinker /Users/admin/builder/spi-builder-workspace/.derivedData/Build/Intermediates.noindex/RxSwift.build/Debug/RxCocoaRuntime-t.build/Objects-normal/arm64/RxCocoaRuntime_dependency_info.dat -fobjc-arc -fobjc-link-runtime -o /Users/admin/builder/spi-builder-workspace/.derivedData/Build/Products/Debug/RxCocoaRuntime.o
SwiftExplicitDependencyGeneratePcm arm64 /Users/admin/builder/spi-builder-workspace/.derivedData/SDKExplicitPrecompiledModules/WebKit-BULFI2S46IKD55LJG2JRB0DL8.pcm
SwiftExplicitDependencyGeneratePcm arm64 /Users/admin/builder/spi-builder-workspace/.derivedData/SDKExplicitPrecompiledModules/Cocoa-C4EM04F55Q09X00LN45U96140.pcm
SwiftEmitModule normal arm64 Emitting\ module\ for\ RxCocoa (in target 'RxCocoa' from project 'RxSwift')
SwiftCompile normal arm64 (in target 'RxCocoa' from project 'RxSwift')
cd /Users/admin/builder/spi-builder-workspace/.swiftpm/xcode
SwiftCompile normal arm64 Compiling\ RxTextViewDelegateProxy.swift,\ RxWKNavigationDelegateProxy.swift,\ SchedulerType+SharedSequence.swift,\ SectionedViewDataSourceType.swift,\ SharedSequence+Concurrency.swift,\ SharedSequence+Operators+arity.swift,\ SharedSequence+Operators.swift,\ SharedSequence.swift,\ Signal+Subscription.swift /Users/admin/builder/spi-builder-workspace/.dependencies/checkouts/RxSwift/Sources/RxCocoa/RxTextViewDelegateProxy.swift /Users/admin/builder/spi-builder-workspace/.dependencies/checkouts/RxSwift/Sources/RxCocoa/RxWKNavigationDelegateProxy.swift /Users/admin/builder/spi-builder-workspace/.dependencies/checkouts/RxSwift/Sources/RxCocoa/SchedulerType+SharedSequence.swift /Users/admin/builder/spi-builder-workspace/.dependencies/checkouts/RxSwift/Sources/RxCocoa/SectionedViewDataSourceType.swift /Users/admin/builder/spi-builder-workspace/.dependencies/checkouts/RxSwift/Sources/RxCocoa/SharedSequence+Concurrency.swift /Users/admin/builder/spi-builder-workspace/.dependencies/checkouts/RxSwift/Sources/RxCocoa/SharedSequence+Operators+arity.swift /Users/admin/builder/spi-builder-workspace/.dependencies/checkouts/RxSwift/Sources/RxCocoa/SharedSequence+Operators.swift /Users/admin/builder/spi-builder-workspace/.dependencies/checkouts/RxSwift/Sources/RxCocoa/SharedSequence.swift /Users/admin/builder/spi-builder-workspace/.dependencies/checkouts/RxSwift/Sources/RxCocoa/Signal+Subscription.swift (in target 'RxCocoa' from project 'RxSwift')
SwiftCompile normal arm64 /Users/admin/builder/spi-builder-workspace/.dependencies/checkouts/RxSwift/Sources/RxCocoa/RxTextViewDelegateProxy.swift (in target 'RxCocoa' from project 'RxSwift')
cd /Users/admin/builder/spi-builder-workspace/.swiftpm/xcode
builtin-SwiftPerFileCompile RxTextViewDelegateProxy.swift
SwiftCompile normal arm64 /Users/admin/builder/spi-builder-workspace/.dependencies/checkouts/RxSwift/Sources/RxCocoa/RxWKNavigationDelegateProxy.swift (in target 'RxCocoa' from project 'RxSwift')
cd /Users/admin/builder/spi-builder-workspace/.swiftpm/xcode
builtin-SwiftPerFileCompile RxWKNavigationDelegateProxy.swift
SwiftCompile normal arm64 /Users/admin/builder/spi-builder-workspace/.dependencies/checkouts/RxSwift/Sources/RxCocoa/SchedulerType+SharedSequence.swift (in target 'RxCocoa' from project 'RxSwift')
cd /Users/admin/builder/spi-builder-workspace/.swiftpm/xcode
builtin-SwiftPerFileCompile SchedulerType+SharedSequence.swift
SwiftCompile normal arm64 /Users/admin/builder/spi-builder-workspace/.dependencies/checkouts/RxSwift/Sources/RxCocoa/SectionedViewDataSourceType.swift (in target 'RxCocoa' from project 'RxSwift')
cd /Users/admin/builder/spi-builder-workspace/.swiftpm/xcode
builtin-SwiftPerFileCompile SectionedViewDataSourceType.swift
SwiftCompile normal arm64 /Users/admin/builder/spi-builder-workspace/.dependencies/checkouts/RxSwift/Sources/RxCocoa/SharedSequence+Concurrency.swift (in target 'RxCocoa' from project 'RxSwift')
cd /Users/admin/builder/spi-builder-workspace/.swiftpm/xcode
builtin-SwiftPerFileCompile SharedSequence+Concurrency.swift
SwiftCompile normal arm64 /Users/admin/builder/spi-builder-workspace/.dependencies/checkouts/RxSwift/Sources/RxCocoa/SharedSequence+Operators+arity.swift (in target 'RxCocoa' from project 'RxSwift')
cd /Users/admin/builder/spi-builder-workspace/.swiftpm/xcode
builtin-SwiftPerFileCompile SharedSequence+Operators+arity.swift
SwiftCompile normal arm64 /Users/admin/builder/spi-builder-workspace/.dependencies/checkouts/RxSwift/Sources/RxCocoa/SharedSequence+Operators.swift (in target 'RxCocoa' from project 'RxSwift')
cd /Users/admin/builder/spi-builder-workspace/.swiftpm/xcode
builtin-SwiftPerFileCompile SharedSequence+Operators.swift
SwiftCompile normal arm64 /Users/admin/builder/spi-builder-workspace/.dependencies/checkouts/RxSwift/Sources/RxCocoa/SharedSequence.swift (in target 'RxCocoa' from project 'RxSwift')
cd /Users/admin/builder/spi-builder-workspace/.swiftpm/xcode
builtin-SwiftPerFileCompile SharedSequence.swift
SwiftCompile normal arm64 /Users/admin/builder/spi-builder-workspace/.dependencies/checkouts/RxSwift/Sources/RxCocoa/Signal+Subscription.swift (in target 'RxCocoa' from project 'RxSwift')
cd /Users/admin/builder/spi-builder-workspace/.swiftpm/xcode
builtin-SwiftPerFileCompile Signal+Subscription.swift
SwiftCompile normal arm64 Compiling\ UIGestureRecognizer+Rx.swift,\ UINavigationController+Rx.swift,\ UIPickerView+Rx.swift,\ UIRefreshControl+Rx.swift,\ UIScrollView+Rx.swift,\ UISearchBar+Rx.swift,\ UISearchController+Rx.swift,\ UISegmentedControl+Rx.swift,\ UISlider+Rx.swift /Users/admin/builder/spi-builder-workspace/.dependencies/checkouts/RxSwift/Sources/RxCocoa/UIGestureRecognizer+Rx.swift /Users/admin/builder/spi-builder-workspace/.dependencies/checkouts/RxSwift/Sources/RxCocoa/UINavigationController+Rx.swift /Users/admin/builder/spi-builder-workspace/.dependencies/checkouts/RxSwift/Sources/RxCocoa/UIPickerView+Rx.swift /Users/admin/builder/spi-builder-workspace/.dependencies/checkouts/RxSwift/Sources/RxCocoa/UIRefreshControl+Rx.swift /Users/admin/builder/spi-builder-workspace/.dependencies/checkouts/RxSwift/Sources/RxCocoa/UIScrollView+Rx.swift /Users/admin/builder/spi-builder-workspace/.dependencies/checkouts/RxSwift/Sources/RxCocoa/UISearchBar+Rx.swift /Users/admin/builder/spi-builder-workspace/.dependencies/checkouts/RxSwift/Sources/RxCocoa/UISearchController+Rx.swift /Users/admin/builder/spi-builder-workspace/.dependencies/checkouts/RxSwift/Sources/RxCocoa/UISegmentedControl+Rx.swift /Users/admin/builder/spi-builder-workspace/.dependencies/checkouts/RxSwift/Sources/RxCocoa/UISlider+Rx.swift (in target 'RxCocoa' from project 'RxSwift')
SwiftCompile normal arm64 /Users/admin/builder/spi-builder-workspace/.dependencies/checkouts/RxSwift/Sources/RxCocoa/UIGestureRecognizer+Rx.swift (in target 'RxCocoa' from project 'RxSwift')
cd /Users/admin/builder/spi-builder-workspace/.swiftpm/xcode
builtin-SwiftPerFileCompile UIGestureRecognizer+Rx.swift
SwiftCompile normal arm64 /Users/admin/builder/spi-builder-workspace/.dependencies/checkouts/RxSwift/Sources/RxCocoa/UINavigationController+Rx.swift (in target 'RxCocoa' from project 'RxSwift')
cd /Users/admin/builder/spi-builder-workspace/.swiftpm/xcode
builtin-SwiftPerFileCompile UINavigationController+Rx.swift
SwiftCompile normal arm64 /Users/admin/builder/spi-builder-workspace/.dependencies/checkouts/RxSwift/Sources/RxCocoa/UIPickerView+Rx.swift (in target 'RxCocoa' from project 'RxSwift')
cd /Users/admin/builder/spi-builder-workspace/.swiftpm/xcode
builtin-SwiftPerFileCompile UIPickerView+Rx.swift
SwiftCompile normal arm64 /Users/admin/builder/spi-builder-workspace/.dependencies/checkouts/RxSwift/Sources/RxCocoa/UIRefreshControl+Rx.swift (in target 'RxCocoa' from project 'RxSwift')
cd /Users/admin/builder/spi-builder-workspace/.swiftpm/xcode
builtin-SwiftPerFileCompile UIRefreshControl+Rx.swift
SwiftCompile normal arm64 /Users/admin/builder/spi-builder-workspace/.dependencies/checkouts/RxSwift/Sources/RxCocoa/UIScrollView+Rx.swift (in target 'RxCocoa' from project 'RxSwift')
cd /Users/admin/builder/spi-builder-workspace/.swiftpm/xcode
builtin-SwiftPerFileCompile UIScrollView+Rx.swift
SwiftCompile normal arm64 /Users/admin/builder/spi-builder-workspace/.dependencies/checkouts/RxSwift/Sources/RxCocoa/UISearchBar+Rx.swift (in target 'RxCocoa' from project 'RxSwift')
cd /Users/admin/builder/spi-builder-workspace/.swiftpm/xcode
builtin-SwiftPerFileCompile UISearchBar+Rx.swift
SwiftCompile normal arm64 /Users/admin/builder/spi-builder-workspace/.dependencies/checkouts/RxSwift/Sources/RxCocoa/UISearchController+Rx.swift (in target 'RxCocoa' from project 'RxSwift')
cd /Users/admin/builder/spi-builder-workspace/.swiftpm/xcode
builtin-SwiftPerFileCompile UISearchController+Rx.swift
SwiftCompile normal arm64 /Users/admin/builder/spi-builder-workspace/.dependencies/checkouts/RxSwift/Sources/RxCocoa/UISegmentedControl+Rx.swift (in target 'RxCocoa' from project 'RxSwift')
cd /Users/admin/builder/spi-builder-workspace/.swiftpm/xcode
builtin-SwiftPerFileCompile UISegmentedControl+Rx.swift
SwiftCompile normal arm64 /Users/admin/builder/spi-builder-workspace/.dependencies/checkouts/RxSwift/Sources/RxCocoa/UISlider+Rx.swift (in target 'RxCocoa' from project 'RxSwift')
cd /Users/admin/builder/spi-builder-workspace/.swiftpm/xcode
builtin-SwiftPerFileCompile UISlider+Rx.swift
SwiftCompile normal arm64 Compiling\ Observable+Bind.swift,\ ObservableConvertibleType+Driver.swift,\ ObservableConvertibleType+SharedSequence.swift,\ ObservableConvertibleType+Signal.swift,\ PublishRelay+Signal.swift,\ RxCocoa.swift,\ RxCocoaObjCRuntimeError+Extensions.swift,\ RxCollectionViewDataSourcePrefetchingProxy.swift,\ RxCollectionViewDataSourceProxy.swift,\ RxCollectionViewDataSourceType.swift /Users/admin/builder/spi-builder-workspace/.dependencies/checkouts/RxSwift/Sources/RxCocoa/Observable+Bind.swift /Users/admin/builder/spi-builder-workspace/.dependencies/checkouts/RxSwift/Sources/RxCocoa/ObservableConvertibleType+Driver.swift /Users/admin/builder/spi-builder-workspace/.dependencies/checkouts/RxSwift/Sources/RxCocoa/ObservableConvertibleType+SharedSequence.swift /Users/admin/builder/spi-builder-workspace/.dependencies/checkouts/RxSwift/Sources/RxCocoa/ObservableConvertibleType+Signal.swift /Users/admin/builder/spi-builder-workspace/.dependencies/checkouts/RxSwift/Sources/RxCocoa/PublishRelay+Signal.swift /Users/admin/builder/spi-builder-workspace/.dependencies/checkouts/RxSwift/Sources/RxCocoa/RxCocoa.swift /Users/admin/builder/spi-builder-workspace/.dependencies/checkouts/RxSwift/Sources/RxCocoa/RxCocoaObjCRuntimeError+Extensions.swift /Users/admin/builder/spi-builder-workspace/.dependencies/checkouts/RxSwift/Sources/RxCocoa/RxCollectionViewDataSourcePrefetchingProxy.swift /Users/admin/builder/spi-builder-workspace/.dependencies/checkouts/RxSwift/Sources/RxCocoa/RxCollectionViewDataSourceProxy.swift /Users/admin/builder/spi-builder-workspace/.dependencies/checkouts/RxSwift/Sources/RxCocoa/RxCollectionViewDataSourceType.swift (in target 'RxCocoa' from project 'RxSwift')
SwiftCompile normal arm64 /Users/admin/builder/spi-builder-workspace/.dependencies/checkouts/RxSwift/Sources/RxCocoa/Observable+Bind.swift (in target 'RxCocoa' from project 'RxSwift')
cd /Users/admin/builder/spi-builder-workspace/.swiftpm/xcode
builtin-SwiftPerFileCompile Observable+Bind.swift
SwiftCompile normal arm64 /Users/admin/builder/spi-builder-workspace/.dependencies/checkouts/RxSwift/Sources/RxCocoa/ObservableConvertibleType+Driver.swift (in target 'RxCocoa' from project 'RxSwift')
cd /Users/admin/builder/spi-builder-workspace/.swiftpm/xcode
builtin-SwiftPerFileCompile ObservableConvertibleType+Driver.swift
SwiftCompile normal arm64 /Users/admin/builder/spi-builder-workspace/.dependencies/checkouts/RxSwift/Sources/RxCocoa/ObservableConvertibleType+SharedSequence.swift (in target 'RxCocoa' from project 'RxSwift')
cd /Users/admin/builder/spi-builder-workspace/.swiftpm/xcode
builtin-SwiftPerFileCompile ObservableConvertibleType+SharedSequence.swift
SwiftCompile normal arm64 /Users/admin/builder/spi-builder-workspace/.dependencies/checkouts/RxSwift/Sources/RxCocoa/ObservableConvertibleType+Signal.swift (in target 'RxCocoa' from project 'RxSwift')
cd /Users/admin/builder/spi-builder-workspace/.swiftpm/xcode
builtin-SwiftPerFileCompile ObservableConvertibleType+Signal.swift
SwiftCompile normal arm64 /Users/admin/builder/spi-builder-workspace/.dependencies/checkouts/RxSwift/Sources/RxCocoa/PublishRelay+Signal.swift (in target 'RxCocoa' from project 'RxSwift')
cd /Users/admin/builder/spi-builder-workspace/.swiftpm/xcode
builtin-SwiftPerFileCompile PublishRelay+Signal.swift
SwiftCompile normal arm64 /Users/admin/builder/spi-builder-workspace/.dependencies/checkouts/RxSwift/Sources/RxCocoa/RxCocoa.swift (in target 'RxCocoa' from project 'RxSwift')
cd /Users/admin/builder/spi-builder-workspace/.swiftpm/xcode
builtin-SwiftPerFileCompile RxCocoa.swift
SwiftCompile normal arm64 /Users/admin/builder/spi-builder-workspace/.dependencies/checkouts/RxSwift/Sources/RxCocoa/RxCocoaObjCRuntimeError+Extensions.swift (in target 'RxCocoa' from project 'RxSwift')
cd /Users/admin/builder/spi-builder-workspace/.swiftpm/xcode
builtin-SwiftPerFileCompile RxCocoaObjCRuntimeError+Extensions.swift
SwiftCompile normal arm64 /Users/admin/builder/spi-builder-workspace/.dependencies/checkouts/RxSwift/Sources/RxCocoa/RxCollectionViewDataSourcePrefetchingProxy.swift (in target 'RxCocoa' from project 'RxSwift')
cd /Users/admin/builder/spi-builder-workspace/.swiftpm/xcode
builtin-SwiftPerFileCompile RxCollectionViewDataSourcePrefetchingProxy.swift
SwiftCompile normal arm64 /Users/admin/builder/spi-builder-workspace/.dependencies/checkouts/RxSwift/Sources/RxCocoa/RxCollectionViewDataSourceProxy.swift (in target 'RxCocoa' from project 'RxSwift')
cd /Users/admin/builder/spi-builder-workspace/.swiftpm/xcode
builtin-SwiftPerFileCompile RxCollectionViewDataSourceProxy.swift
SwiftCompile normal arm64 /Users/admin/builder/spi-builder-workspace/.dependencies/checkouts/RxSwift/Sources/RxCocoa/RxCollectionViewDataSourceType.swift (in target 'RxCocoa' from project 'RxSwift')
cd /Users/admin/builder/spi-builder-workspace/.swiftpm/xcode
builtin-SwiftPerFileCompile RxCollectionViewDataSourceType.swift
SwiftCompile normal arm64 Compiling\ resource_bundle_accessor.swift,\ BehaviorRelay+Driver.swift,\ ControlEvent+Driver.swift,\ ControlEvent+Signal.swift,\ ControlEvent.swift,\ ControlProperty+Driver.swift,\ ControlProperty.swift,\ ControlTarget.swift,\ DelegateProxy.swift,\ DelegateProxyType.swift /Users/admin/builder/spi-builder-workspace/.derivedData/Build/Intermediates.noindex/RxSwift.build/Debug/RxCocoa-t.build/DerivedSources/resource_bundle_accessor.swift /Users/admin/builder/spi-builder-workspace/.dependencies/checkouts/RxSwift/Sources/RxCocoa/BehaviorRelay+Driver.swift /Users/admin/builder/spi-builder-workspace/.dependencies/checkouts/RxSwift/Sources/RxCocoa/ControlEvent+Driver.swift /Users/admin/builder/spi-builder-workspace/.dependencies/checkouts/RxSwift/Sources/RxCocoa/ControlEvent+Signal.swift /Users/admin/builder/spi-builder-workspace/.dependencies/checkouts/RxSwift/Sources/RxCocoa/ControlEvent.swift /Users/admin/builder/spi-builder-workspace/.dependencies/checkouts/RxSwift/Sources/RxCocoa/ControlProperty+Driver.swift /Users/admin/builder/spi-builder-workspace/.dependencies/checkouts/RxSwift/Sources/RxCocoa/ControlProperty.swift /Users/admin/builder/spi-builder-workspace/.dependencies/checkouts/RxSwift/Sources/RxCocoa/ControlTarget.swift /Users/admin/builder/spi-builder-workspace/.dependencies/checkouts/RxSwift/Sources/RxCocoa/DelegateProxy.swift /Users/admin/builder/spi-builder-workspace/.dependencies/checkouts/RxSwift/Sources/RxCocoa/DelegateProxyType.swift (in target 'RxCocoa' from project 'RxSwift')
SwiftCompile normal arm64 /Users/admin/builder/spi-builder-workspace/.derivedData/Build/Intermediates.noindex/RxSwift.build/Debug/RxCocoa-t.build/DerivedSources/resource_bundle_accessor.swift (in target 'RxCocoa' from project 'RxSwift')
cd /Users/admin/builder/spi-builder-workspace/.swiftpm/xcode
builtin-SwiftPerFileCompile resource_bundle_accessor.swift
SwiftCompile normal arm64 /Users/admin/builder/spi-builder-workspace/.dependencies/checkouts/RxSwift/Sources/RxCocoa/BehaviorRelay+Driver.swift (in target 'RxCocoa' from project 'RxSwift')
cd /Users/admin/builder/spi-builder-workspace/.swiftpm/xcode
builtin-SwiftPerFileCompile BehaviorRelay+Driver.swift
SwiftCompile normal arm64 /Users/admin/builder/spi-builder-workspace/.dependencies/checkouts/RxSwift/Sources/RxCocoa/ControlEvent+Driver.swift (in target 'RxCocoa' from project 'RxSwift')
cd /Users/admin/builder/spi-builder-workspace/.swiftpm/xcode
builtin-SwiftPerFileCompile ControlEvent+Driver.swift
SwiftCompile normal arm64 /Users/admin/builder/spi-builder-workspace/.dependencies/checkouts/RxSwift/Sources/RxCocoa/ControlEvent+Signal.swift (in target 'RxCocoa' from project 'RxSwift')
cd /Users/admin/builder/spi-builder-workspace/.swiftpm/xcode
builtin-SwiftPerFileCompile ControlEvent+Signal.swift
SwiftCompile normal arm64 /Users/admin/builder/spi-builder-workspace/.dependencies/checkouts/RxSwift/Sources/RxCocoa/ControlEvent.swift (in target 'RxCocoa' from project 'RxSwift')
cd /Users/admin/builder/spi-builder-workspace/.swiftpm/xcode
builtin-SwiftPerFileCompile ControlEvent.swift
SwiftCompile normal arm64 /Users/admin/builder/spi-builder-workspace/.dependencies/checkouts/RxSwift/Sources/RxCocoa/ControlProperty+Driver.swift (in target 'RxCocoa' from project 'RxSwift')
cd /Users/admin/builder/spi-builder-workspace/.swiftpm/xcode
builtin-SwiftPerFileCompile ControlProperty+Driver.swift
SwiftCompile normal arm64 /Users/admin/builder/spi-builder-workspace/.dependencies/checkouts/RxSwift/Sources/RxCocoa/ControlProperty.swift (in target 'RxCocoa' from project 'RxSwift')
cd /Users/admin/builder/spi-builder-workspace/.swiftpm/xcode
builtin-SwiftPerFileCompile ControlProperty.swift
SwiftCompile normal arm64 /Users/admin/builder/spi-builder-workspace/.dependencies/checkouts/RxSwift/Sources/RxCocoa/ControlTarget.swift (in target 'RxCocoa' from project 'RxSwift')
cd /Users/admin/builder/spi-builder-workspace/.swiftpm/xcode
builtin-SwiftPerFileCompile ControlTarget.swift
SwiftCompile normal arm64 /Users/admin/builder/spi-builder-workspace/.dependencies/checkouts/RxSwift/Sources/RxCocoa/DelegateProxy.swift (in target 'RxCocoa' from project 'RxSwift')
cd /Users/admin/builder/spi-builder-workspace/.swiftpm/xcode
builtin-SwiftPerFileCompile DelegateProxy.swift
SwiftCompile normal arm64 /Users/admin/builder/spi-builder-workspace/.dependencies/checkouts/RxSwift/Sources/RxCocoa/DelegateProxyType.swift (in target 'RxCocoa' from project 'RxSwift')
cd /Users/admin/builder/spi-builder-workspace/.swiftpm/xcode
builtin-SwiftPerFileCompile DelegateProxyType.swift
SwiftCompile normal arm64 Compiling\ UIStepper+Rx.swift,\ UISwitch+Rx.swift,\ UITabBar+Rx.swift,\ UITabBarController+Rx.swift,\ UITableView+Rx.swift,\ UITextField+Rx.swift,\ UITextView+Rx.swift,\ URLSession+Rx.swift,\ WKWebView+Rx.swift /Users/admin/builder/spi-builder-workspace/.dependencies/checkouts/RxSwift/Sources/RxCocoa/UIStepper+Rx.swift /Users/admin/builder/spi-builder-workspace/.dependencies/checkouts/RxSwift/Sources/RxCocoa/UISwitch+Rx.swift /Users/admin/builder/spi-builder-workspace/.dependencies/checkouts/RxSwift/Sources/RxCocoa/UITabBar+Rx.swift /Users/admin/builder/spi-builder-workspace/.dependencies/checkouts/RxSwift/Sources/RxCocoa/UITabBarController+Rx.swift /Users/admin/builder/spi-builder-workspace/.dependencies/checkouts/RxSwift/Sources/RxCocoa/UITableView+Rx.swift /Users/admin/builder/spi-builder-workspace/.dependencies/checkouts/RxSwift/Sources/RxCocoa/UITextField+Rx.swift /Users/admin/builder/spi-builder-workspace/.dependencies/checkouts/RxSwift/Sources/RxCocoa/UITextView+Rx.swift /Users/admin/builder/spi-builder-workspace/.dependencies/checkouts/RxSwift/Sources/RxCocoa/URLSession+Rx.swift /Users/admin/builder/spi-builder-workspace/.dependencies/checkouts/RxSwift/Sources/RxCocoa/WKWebView+Rx.swift (in target 'RxCocoa' from project 'RxSwift')
SwiftCompile normal arm64 /Users/admin/builder/spi-builder-workspace/.dependencies/checkouts/RxSwift/Sources/RxCocoa/UIStepper+Rx.swift (in target 'RxCocoa' from project 'RxSwift')
cd /Users/admin/builder/spi-builder-workspace/.swiftpm/xcode
builtin-SwiftPerFileCompile UIStepper+Rx.swift
SwiftCompile normal arm64 /Users/admin/builder/spi-builder-workspace/.dependencies/checkouts/RxSwift/Sources/RxCocoa/UISwitch+Rx.swift (in target 'RxCocoa' from project 'RxSwift')
cd /Users/admin/builder/spi-builder-workspace/.swiftpm/xcode
builtin-SwiftPerFileCompile UISwitch+Rx.swift
SwiftCompile normal arm64 /Users/admin/builder/spi-builder-workspace/.dependencies/checkouts/RxSwift/Sources/RxCocoa/UITabBar+Rx.swift (in target 'RxCocoa' from project 'RxSwift')
cd /Users/admin/builder/spi-builder-workspace/.swiftpm/xcode
builtin-SwiftPerFileCompile UITabBar+Rx.swift
SwiftCompile normal arm64 /Users/admin/builder/spi-builder-workspace/.dependencies/checkouts/RxSwift/Sources/RxCocoa/UITabBarController+Rx.swift (in target 'RxCocoa' from project 'RxSwift')
cd /Users/admin/builder/spi-builder-workspace/.swiftpm/xcode
builtin-SwiftPerFileCompile UITabBarController+Rx.swift
SwiftCompile normal arm64 /Users/admin/builder/spi-builder-workspace/.dependencies/checkouts/RxSwift/Sources/RxCocoa/UITableView+Rx.swift (in target 'RxCocoa' from project 'RxSwift')
cd /Users/admin/builder/spi-builder-workspace/.swiftpm/xcode
builtin-SwiftPerFileCompile UITableView+Rx.swift
SwiftCompile normal arm64 /Users/admin/builder/spi-builder-workspace/.dependencies/checkouts/RxSwift/Sources/RxCocoa/UITextField+Rx.swift (in target 'RxCocoa' from project 'RxSwift')
cd /Users/admin/builder/spi-builder-workspace/.swiftpm/xcode
builtin-SwiftPerFileCompile UITextField+Rx.swift
SwiftCompile normal arm64 /Users/admin/builder/spi-builder-workspace/.dependencies/checkouts/RxSwift/Sources/RxCocoa/UITextView+Rx.swift (in target 'RxCocoa' from project 'RxSwift')
cd /Users/admin/builder/spi-builder-workspace/.swiftpm/xcode
builtin-SwiftPerFileCompile UITextView+Rx.swift
SwiftCompile normal arm64 /Users/admin/builder/spi-builder-workspace/.dependencies/checkouts/RxSwift/Sources/RxCocoa/URLSession+Rx.swift (in target 'RxCocoa' from project 'RxSwift')
cd /Users/admin/builder/spi-builder-workspace/.swiftpm/xcode
builtin-SwiftPerFileCompile URLSession+Rx.swift
SwiftCompile normal arm64 /Users/admin/builder/spi-builder-workspace/.dependencies/checkouts/RxSwift/Sources/RxCocoa/WKWebView+Rx.swift (in target 'RxCocoa' from project 'RxSwift')
cd /Users/admin/builder/spi-builder-workspace/.swiftpm/xcode
builtin-SwiftPerFileCompile WKWebView+Rx.swift
SwiftCompile normal arm64 Compiling\ RxCollectionViewDelegateProxy.swift,\ RxCollectionViewReactiveArrayDataSource.swift,\ RxNavigationControllerDelegateProxy.swift,\ RxPickerViewAdapter.swift,\ RxPickerViewDataSourceProxy.swift,\ RxPickerViewDataSourceType.swift,\ RxPickerViewDelegateProxy.swift,\ RxScrollViewDelegateProxy.swift,\ RxSearchBarDelegateProxy.swift,\ RxSearchControllerDelegateProxy.swift /Users/admin/builder/spi-builder-workspace/.dependencies/checkouts/RxSwift/Sources/RxCocoa/RxCollectionViewDelegateProxy.swift /Users/admin/builder/spi-builder-workspace/.dependencies/checkouts/RxSwift/Sources/RxCocoa/RxCollectionViewReactiveArrayDataSource.swift /Users/admin/builder/spi-builder-workspace/.dependencies/checkouts/RxSwift/Sources/RxCocoa/RxNavigationControllerDelegateProxy.swift /Users/admin/builder/spi-builder-workspace/.dependencies/checkouts/RxSwift/Sources/RxCocoa/RxPickerViewAdapter.swift /Users/admin/builder/spi-builder-workspace/.dependencies/checkouts/RxSwift/Sources/RxCocoa/RxPickerViewDataSourceProxy.swift /Users/admin/builder/spi-builder-workspace/.dependencies/checkouts/RxSwift/Sources/RxCocoa/RxPickerViewDataSourceType.swift /Users/admin/builder/spi-builder-workspace/.dependencies/checkouts/RxSwift/Sources/RxCocoa/RxPickerViewDelegateProxy.swift /Users/admin/builder/spi-builder-workspace/.dependencies/checkouts/RxSwift/Sources/RxCocoa/RxScrollViewDelegateProxy.swift /Users/admin/builder/spi-builder-workspace/.dependencies/checkouts/RxSwift/Sources/RxCocoa/RxSearchBarDelegateProxy.swift /Users/admin/builder/spi-builder-workspace/.dependencies/checkouts/RxSwift/Sources/RxCocoa/RxSearchControllerDelegateProxy.swift (in target 'RxCocoa' from project 'RxSwift')
SwiftCompile normal arm64 /Users/admin/builder/spi-builder-workspace/.dependencies/checkouts/RxSwift/Sources/RxCocoa/RxCollectionViewDelegateProxy.swift (in target 'RxCocoa' from project 'RxSwift')
cd /Users/admin/builder/spi-builder-workspace/.swiftpm/xcode
builtin-SwiftPerFileCompile RxCollectionViewDelegateProxy.swift
SwiftCompile normal arm64 /Users/admin/builder/spi-builder-workspace/.dependencies/checkouts/RxSwift/Sources/RxCocoa/RxCollectionViewReactiveArrayDataSource.swift (in target 'RxCocoa' from project 'RxSwift')
cd /Users/admin/builder/spi-builder-workspace/.swiftpm/xcode
builtin-SwiftPerFileCompile RxCollectionViewReactiveArrayDataSource.swift
SwiftCompile normal arm64 /Users/admin/builder/spi-builder-workspace/.dependencies/checkouts/RxSwift/Sources/RxCocoa/RxNavigationControllerDelegateProxy.swift (in target 'RxCocoa' from project 'RxSwift')
cd /Users/admin/builder/spi-builder-workspace/.swiftpm/xcode
builtin-SwiftPerFileCompile RxNavigationControllerDelegateProxy.swift
SwiftCompile normal arm64 /Users/admin/builder/spi-builder-workspace/.dependencies/checkouts/RxSwift/Sources/RxCocoa/RxPickerViewAdapter.swift (in target 'RxCocoa' from project 'RxSwift')
cd /Users/admin/builder/spi-builder-workspace/.swiftpm/xcode
builtin-SwiftPerFileCompile RxPickerViewAdapter.swift
SwiftCompile normal arm64 /Users/admin/builder/spi-builder-workspace/.dependencies/checkouts/RxSwift/Sources/RxCocoa/RxPickerViewDataSourceProxy.swift (in target 'RxCocoa' from project 'RxSwift')
cd /Users/admin/builder/spi-builder-workspace/.swiftpm/xcode
builtin-SwiftPerFileCompile RxPickerViewDataSourceProxy.swift
SwiftCompile normal arm64 /Users/admin/builder/spi-builder-workspace/.dependencies/checkouts/RxSwift/Sources/RxCocoa/RxPickerViewDataSourceType.swift (in target 'RxCocoa' from project 'RxSwift')
cd /Users/admin/builder/spi-builder-workspace/.swiftpm/xcode
builtin-SwiftPerFileCompile RxPickerViewDataSourceType.swift
SwiftCompile normal arm64 /Users/admin/builder/spi-builder-workspace/.dependencies/checkouts/RxSwift/Sources/RxCocoa/RxPickerViewDelegateProxy.swift (in target 'RxCocoa' from project 'RxSwift')
cd /Users/admin/builder/spi-builder-workspace/.swiftpm/xcode
builtin-SwiftPerFileCompile RxPickerViewDelegateProxy.swift
SwiftCompile normal arm64 /Users/admin/builder/spi-builder-workspace/.dependencies/checkouts/RxSwift/Sources/RxCocoa/RxScrollViewDelegateProxy.swift (in target 'RxCocoa' from project 'RxSwift')
cd /Users/admin/builder/spi-builder-workspace/.swiftpm/xcode
builtin-SwiftPerFileCompile RxScrollViewDelegateProxy.swift
SwiftCompile normal arm64 /Users/admin/builder/spi-builder-workspace/.dependencies/checkouts/RxSwift/Sources/RxCocoa/RxSearchBarDelegateProxy.swift (in target 'RxCocoa' from project 'RxSwift')
cd /Users/admin/builder/spi-builder-workspace/.swiftpm/xcode
builtin-SwiftPerFileCompile RxSearchBarDelegateProxy.swift
SwiftCompile normal arm64 /Users/admin/builder/spi-builder-workspace/.dependencies/checkouts/RxSwift/Sources/RxCocoa/RxSearchControllerDelegateProxy.swift (in target 'RxCocoa' from project 'RxSwift')
cd /Users/admin/builder/spi-builder-workspace/.swiftpm/xcode
builtin-SwiftPerFileCompile RxSearchControllerDelegateProxy.swift
SwiftCompile normal arm64 Compiling\ Signal.swift,\ TextInput.swift,\ UIActivityIndicatorView+Rx.swift,\ UIApplication+Rx.swift,\ UIBarButtonItem+Rx.swift,\ UIButton+Rx.swift,\ UICollectionView+Rx.swift,\ UIControl+Rx.swift,\ UIDatePicker+Rx.swift /Users/admin/builder/spi-builder-workspace/.dependencies/checkouts/RxSwift/Sources/RxCocoa/Signal.swift /Users/admin/builder/spi-builder-workspace/.dependencies/checkouts/RxSwift/Sources/RxCocoa/TextInput.swift /Users/admin/builder/spi-builder-workspace/.dependencies/checkouts/RxSwift/Sources/RxCocoa/UIActivityIndicatorView+Rx.swift /Users/admin/builder/spi-builder-workspace/.dependencies/checkouts/RxSwift/Sources/RxCocoa/UIApplication+Rx.swift /Users/admin/builder/spi-builder-workspace/.dependencies/checkouts/RxSwift/Sources/RxCocoa/UIBarButtonItem+Rx.swift /Users/admin/builder/spi-builder-workspace/.dependencies/checkouts/RxSwift/Sources/RxCocoa/UIButton+Rx.swift /Users/admin/builder/spi-builder-workspace/.dependencies/checkouts/RxSwift/Sources/RxCocoa/UICollectionView+Rx.swift /Users/admin/builder/spi-builder-workspace/.dependencies/checkouts/RxSwift/Sources/RxCocoa/UIControl+Rx.swift /Users/admin/builder/spi-builder-workspace/.dependencies/checkouts/RxSwift/Sources/RxCocoa/UIDatePicker+Rx.swift (in target 'RxCocoa' from project 'RxSwift')
SwiftCompile normal arm64 /Users/admin/builder/spi-builder-workspace/.dependencies/checkouts/RxSwift/Sources/RxCocoa/Signal.swift (in target 'RxCocoa' from project 'RxSwift')
cd /Users/admin/builder/spi-builder-workspace/.swiftpm/xcode
builtin-SwiftPerFileCompile Signal.swift
SwiftCompile normal arm64 /Users/admin/builder/spi-builder-workspace/.dependencies/checkouts/RxSwift/Sources/RxCocoa/TextInput.swift (in target 'RxCocoa' from project 'RxSwift')
cd /Users/admin/builder/spi-builder-workspace/.swiftpm/xcode
builtin-SwiftPerFileCompile TextInput.swift
SwiftCompile normal arm64 /Users/admin/builder/spi-builder-workspace/.dependencies/checkouts/RxSwift/Sources/RxCocoa/UIActivityIndicatorView+Rx.swift (in target 'RxCocoa' from project 'RxSwift')
cd /Users/admin/builder/spi-builder-workspace/.swiftpm/xcode
builtin-SwiftPerFileCompile UIActivityIndicatorView+Rx.swift
SwiftCompile normal arm64 /Users/admin/builder/spi-builder-workspace/.dependencies/checkouts/RxSwift/Sources/RxCocoa/UIApplication+Rx.swift (in target 'RxCocoa' from project 'RxSwift')
cd /Users/admin/builder/spi-builder-workspace/.swiftpm/xcode
builtin-SwiftPerFileCompile UIApplication+Rx.swift
SwiftCompile normal arm64 /Users/admin/builder/spi-builder-workspace/.dependencies/checkouts/RxSwift/Sources/RxCocoa/UIBarButtonItem+Rx.swift (in target 'RxCocoa' from project 'RxSwift')
cd /Users/admin/builder/spi-builder-workspace/.swiftpm/xcode
builtin-SwiftPerFileCompile UIBarButtonItem+Rx.swift
SwiftCompile normal arm64 /Users/admin/builder/spi-builder-workspace/.dependencies/checkouts/RxSwift/Sources/RxCocoa/UIButton+Rx.swift (in target 'RxCocoa' from project 'RxSwift')
cd /Users/admin/builder/spi-builder-workspace/.swiftpm/xcode
builtin-SwiftPerFileCompile UIButton+Rx.swift
SwiftCompile normal arm64 /Users/admin/builder/spi-builder-workspace/.dependencies/checkouts/RxSwift/Sources/RxCocoa/UICollectionView+Rx.swift (in target 'RxCocoa' from project 'RxSwift')
cd /Users/admin/builder/spi-builder-workspace/.swiftpm/xcode
builtin-SwiftPerFileCompile UICollectionView+Rx.swift
SwiftCompile normal arm64 /Users/admin/builder/spi-builder-workspace/.dependencies/checkouts/RxSwift/Sources/RxCocoa/UIControl+Rx.swift (in target 'RxCocoa' from project 'RxSwift')
cd /Users/admin/builder/spi-builder-workspace/.swiftpm/xcode
builtin-SwiftPerFileCompile UIControl+Rx.swift
SwiftCompile normal arm64 /Users/admin/builder/spi-builder-workspace/.dependencies/checkouts/RxSwift/Sources/RxCocoa/UIDatePicker+Rx.swift (in target 'RxCocoa' from project 'RxSwift')
cd /Users/admin/builder/spi-builder-workspace/.swiftpm/xcode
builtin-SwiftPerFileCompile UIDatePicker+Rx.swift
SwiftCompile normal arm64 Compiling\ DispatchQueue+Extensions.swift,\ Driver+Subscription.swift,\ Driver.swift,\ Infallible+Bind.swift,\ Infallible+Driver.swift,\ ItemEvents.swift,\ KVORepresentable+CoreGraphics.swift,\ KVORepresentable+Swift.swift,\ KVORepresentable.swift,\ NSButton+Rx.swift /Users/admin/builder/spi-builder-workspace/.dependencies/checkouts/RxSwift/Sources/RxCocoa/DispatchQueue+Extensions.swift /Users/admin/builder/spi-builder-workspace/.dependencies/checkouts/RxSwift/Sources/RxCocoa/Driver+Subscription.swift /Users/admin/builder/spi-builder-workspace/.dependencies/checkouts/RxSwift/Sources/RxCocoa/Driver.swift /Users/admin/builder/spi-builder-workspace/.dependencies/checkouts/RxSwift/Sources/RxCocoa/Infallible+Bind.swift /Users/admin/builder/spi-builder-workspace/.dependencies/checkouts/RxSwift/Sources/RxCocoa/Infallible+Driver.swift /Users/admin/builder/spi-builder-workspace/.dependencies/checkouts/RxSwift/Sources/RxCocoa/ItemEvents.swift /Users/admin/builder/spi-builder-workspace/.dependencies/checkouts/RxSwift/Sources/RxCocoa/KVORepresentable+CoreGraphics.swift /Users/admin/builder/spi-builder-workspace/.dependencies/checkouts/RxSwift/Sources/RxCocoa/KVORepresentable+Swift.swift /Users/admin/builder/spi-builder-workspace/.dependencies/checkouts/RxSwift/Sources/RxCocoa/KVORepresentable.swift /Users/admin/builder/spi-builder-workspace/.dependencies/checkouts/RxSwift/Sources/RxCocoa/NSButton+Rx.swift (in target 'RxCocoa' from project 'RxSwift')
SwiftCompile normal arm64 /Users/admin/builder/spi-builder-workspace/.dependencies/checkouts/RxSwift/Sources/RxCocoa/DispatchQueue+Extensions.swift (in target 'RxCocoa' from project 'RxSwift')
cd /Users/admin/builder/spi-builder-workspace/.swiftpm/xcode
builtin-SwiftPerFileCompile DispatchQueue+Extensions.swift
SwiftCompile normal arm64 /Users/admin/builder/spi-builder-workspace/.dependencies/checkouts/RxSwift/Sources/RxCocoa/Driver+Subscription.swift (in target 'RxCocoa' from project 'RxSwift')
cd /Users/admin/builder/spi-builder-workspace/.swiftpm/xcode
builtin-SwiftPerFileCompile Driver+Subscription.swift
SwiftCompile normal arm64 /Users/admin/builder/spi-builder-workspace/.dependencies/checkouts/RxSwift/Sources/RxCocoa/Driver.swift (in target 'RxCocoa' from project 'RxSwift')
cd /Users/admin/builder/spi-builder-workspace/.swiftpm/xcode
builtin-SwiftPerFileCompile Driver.swift
SwiftCompile normal arm64 /Users/admin/builder/spi-builder-workspace/.dependencies/checkouts/RxSwift/Sources/RxCocoa/Infallible+Bind.swift (in target 'RxCocoa' from project 'RxSwift')
cd /Users/admin/builder/spi-builder-workspace/.swiftpm/xcode
builtin-SwiftPerFileCompile Infallible+Bind.swift
SwiftCompile normal arm64 /Users/admin/builder/spi-builder-workspace/.dependencies/checkouts/RxSwift/Sources/RxCocoa/Infallible+Driver.swift (in target 'RxCocoa' from project 'RxSwift')
cd /Users/admin/builder/spi-builder-workspace/.swiftpm/xcode
builtin-SwiftPerFileCompile Infallible+Driver.swift
SwiftCompile normal arm64 /Users/admin/builder/spi-builder-workspace/.dependencies/checkouts/RxSwift/Sources/RxCocoa/ItemEvents.swift (in target 'RxCocoa' from project 'RxSwift')
cd /Users/admin/builder/spi-builder-workspace/.swiftpm/xcode
builtin-SwiftPerFileCompile ItemEvents.swift
SwiftCompile normal arm64 /Users/admin/builder/spi-builder-workspace/.dependencies/checkouts/RxSwift/Sources/RxCocoa/KVORepresentable+CoreGraphics.swift (in target 'RxCocoa' from project 'RxSwift')
cd /Users/admin/builder/spi-builder-workspace/.swiftpm/xcode
builtin-SwiftPerFileCompile KVORepresentable+CoreGraphics.swift
SwiftCompile normal arm64 /Users/admin/builder/spi-builder-workspace/.dependencies/checkouts/RxSwift/Sources/RxCocoa/KVORepresentable+Swift.swift (in target 'RxCocoa' from project 'RxSwift')
cd /Users/admin/builder/spi-builder-workspace/.swiftpm/xcode
builtin-SwiftPerFileCompile KVORepresentable+Swift.swift
SwiftCompile normal arm64 /Users/admin/builder/spi-builder-workspace/.dependencies/checkouts/RxSwift/Sources/RxCocoa/KVORepresentable.swift (in target 'RxCocoa' from project 'RxSwift')
cd /Users/admin/builder/spi-builder-workspace/.swiftpm/xcode
builtin-SwiftPerFileCompile KVORepresentable.swift
SwiftCompile normal arm64 /Users/admin/builder/spi-builder-workspace/.dependencies/checkouts/RxSwift/Sources/RxCocoa/NSButton+Rx.swift (in target 'RxCocoa' from project 'RxSwift')
cd /Users/admin/builder/spi-builder-workspace/.swiftpm/xcode
builtin-SwiftPerFileCompile NSButton+Rx.swift
SwiftCompile normal arm64 Compiling\ RxTabBarControllerDelegateProxy.swift,\ RxTabBarDelegateProxy.swift,\ RxTableViewDataSourcePrefetchingProxy.swift,\ RxTableViewDataSourceProxy.swift,\ RxTableViewDataSourceType.swift,\ RxTableViewDelegateProxy.swift,\ RxTableViewReactiveArrayDataSource.swift,\ RxTarget.swift,\ RxTextStorageDelegateProxy.swift /Users/admin/builder/spi-builder-workspace/.dependencies/checkouts/RxSwift/Sources/RxCocoa/RxTabBarControllerDelegateProxy.swift /Users/admin/builder/spi-builder-workspace/.dependencies/checkouts/RxSwift/Sources/RxCocoa/RxTabBarDelegateProxy.swift /Users/admin/builder/spi-builder-workspace/.dependencies/checkouts/RxSwift/Sources/RxCocoa/RxTableViewDataSourcePrefetchingProxy.swift /Users/admin/builder/spi-builder-workspace/.dependencies/checkouts/RxSwift/Sources/RxCocoa/RxTableViewDataSourceProxy.swift /Users/admin/builder/spi-builder-workspace/.dependencies/checkouts/RxSwift/Sources/RxCocoa/RxTableViewDataSourceType.swift /Users/admin/builder/spi-builder-workspace/.dependencies/checkouts/RxSwift/Sources/RxCocoa/RxTableViewDelegateProxy.swift /Users/admin/builder/spi-builder-workspace/.dependencies/checkouts/RxSwift/Sources/RxCocoa/RxTableViewReactiveArrayDataSource.swift /Users/admin/builder/spi-builder-workspace/.dependencies/checkouts/RxSwift/Sources/RxCocoa/RxTarget.swift /Users/admin/builder/spi-builder-workspace/.dependencies/checkouts/RxSwift/Sources/RxCocoa/RxTextStorageDelegateProxy.swift (in target 'RxCocoa' from project 'RxSwift')
SwiftCompile normal arm64 /Users/admin/builder/spi-builder-workspace/.dependencies/checkouts/RxSwift/Sources/RxCocoa/RxTabBarControllerDelegateProxy.swift (in target 'RxCocoa' from project 'RxSwift')
cd /Users/admin/builder/spi-builder-workspace/.swiftpm/xcode
builtin-SwiftPerFileCompile RxTabBarControllerDelegateProxy.swift
SwiftCompile normal arm64 /Users/admin/builder/spi-builder-workspace/.dependencies/checkouts/RxSwift/Sources/RxCocoa/RxTabBarDelegateProxy.swift (in target 'RxCocoa' from project 'RxSwift')
cd /Users/admin/builder/spi-builder-workspace/.swiftpm/xcode
builtin-SwiftPerFileCompile RxTabBarDelegateProxy.swift
SwiftCompile normal arm64 /Users/admin/builder/spi-builder-workspace/.dependencies/checkouts/RxSwift/Sources/RxCocoa/RxTableViewDataSourcePrefetchingProxy.swift (in target 'RxCocoa' from project 'RxSwift')
cd /Users/admin/builder/spi-builder-workspace/.swiftpm/xcode
builtin-SwiftPerFileCompile RxTableViewDataSourcePrefetchingProxy.swift
SwiftCompile normal arm64 /Users/admin/builder/spi-builder-workspace/.dependencies/checkouts/RxSwift/Sources/RxCocoa/RxTableViewDataSourceProxy.swift (in target 'RxCocoa' from project 'RxSwift')
cd /Users/admin/builder/spi-builder-workspace/.swiftpm/xcode
builtin-SwiftPerFileCompile RxTableViewDataSourceProxy.swift
SwiftCompile normal arm64 /Users/admin/builder/spi-builder-workspace/.dependencies/checkouts/RxSwift/Sources/RxCocoa/RxTableViewDataSourceType.swift (in target 'RxCocoa' from project 'RxSwift')
cd /Users/admin/builder/spi-builder-workspace/.swiftpm/xcode
builtin-SwiftPerFileCompile RxTableViewDataSourceType.swift
SwiftCompile normal arm64 /Users/admin/builder/spi-builder-workspace/.dependencies/checkouts/RxSwift/Sources/RxCocoa/RxTableViewDelegateProxy.swift (in target 'RxCocoa' from project 'RxSwift')
cd /Users/admin/builder/spi-builder-workspace/.swiftpm/xcode
builtin-SwiftPerFileCompile RxTableViewDelegateProxy.swift
SwiftCompile normal arm64 /Users/admin/builder/spi-builder-workspace/.dependencies/checkouts/RxSwift/Sources/RxCocoa/RxTableViewReactiveArrayDataSource.swift (in target 'RxCocoa' from project 'RxSwift')
cd /Users/admin/builder/spi-builder-workspace/.swiftpm/xcode
builtin-SwiftPerFileCompile RxTableViewReactiveArrayDataSource.swift
SwiftCompile normal arm64 /Users/admin/builder/spi-builder-workspace/.dependencies/checkouts/RxSwift/Sources/RxCocoa/RxTarget.swift (in target 'RxCocoa' from project 'RxSwift')
cd /Users/admin/builder/spi-builder-workspace/.swiftpm/xcode
builtin-SwiftPerFileCompile RxTarget.swift
SwiftCompile normal arm64 /Users/admin/builder/spi-builder-workspace/.dependencies/checkouts/RxSwift/Sources/RxCocoa/RxTextStorageDelegateProxy.swift (in target 'RxCocoa' from project 'RxSwift')
cd /Users/admin/builder/spi-builder-workspace/.swiftpm/xcode
builtin-SwiftPerFileCompile RxTextStorageDelegateProxy.swift
SwiftCompile normal arm64 Compiling\ NSControl+Rx.swift,\ NSObject+Rx+KVORepresentable.swift,\ NSObject+Rx+RawRepresentable.swift,\ NSObject+Rx.swift,\ NSSlider+Rx.swift,\ NSTextField+Rx.swift,\ NSTextStorage+Rx.swift,\ NSTextView+Rx.swift,\ NSView+Rx.swift,\ NotificationCenter+Rx.swift /Users/admin/builder/spi-builder-workspace/.dependencies/checkouts/RxSwift/Sources/RxCocoa/NSControl+Rx.swift /Users/admin/builder/spi-builder-workspace/.dependencies/checkouts/RxSwift/Sources/RxCocoa/NSObject+Rx+KVORepresentable.swift /Users/admin/builder/spi-builder-workspace/.dependencies/checkouts/RxSwift/Sources/RxCocoa/NSObject+Rx+RawRepresentable.swift /Users/admin/builder/spi-builder-workspace/.dependencies/checkouts/RxSwift/Sources/RxCocoa/NSObject+Rx.swift /Users/admin/builder/spi-builder-workspace/.dependencies/checkouts/RxSwift/Sources/RxCocoa/NSSlider+Rx.swift /Users/admin/builder/spi-builder-workspace/.dependencies/checkouts/RxSwift/Sources/RxCocoa/NSTextField+Rx.swift /Users/admin/builder/spi-builder-workspace/.dependencies/checkouts/RxSwift/Sources/RxCocoa/NSTextStorage+Rx.swift /Users/admin/builder/spi-builder-workspace/.dependencies/checkouts/RxSwift/Sources/RxCocoa/NSTextView+Rx.swift /Users/admin/builder/spi-builder-workspace/.dependencies/checkouts/RxSwift/Sources/RxCocoa/NSView+Rx.swift /Users/admin/builder/spi-builder-workspace/.dependencies/checkouts/RxSwift/Sources/RxCocoa/NotificationCenter+Rx.swift (in target 'RxCocoa' from project 'RxSwift')
SwiftCompile normal arm64 /Users/admin/builder/spi-builder-workspace/.dependencies/checkouts/RxSwift/Sources/RxCocoa/NSControl+Rx.swift (in target 'RxCocoa' from project 'RxSwift')
cd /Users/admin/builder/spi-builder-workspace/.swiftpm/xcode
builtin-SwiftPerFileCompile NSControl+Rx.swift
SwiftCompile normal arm64 /Users/admin/builder/spi-builder-workspace/.dependencies/checkouts/RxSwift/Sources/RxCocoa/NSObject+Rx+KVORepresentable.swift (in target 'RxCocoa' from project 'RxSwift')
cd /Users/admin/builder/spi-builder-workspace/.swiftpm/xcode
builtin-SwiftPerFileCompile NSObject+Rx+KVORepresentable.swift
SwiftCompile normal arm64 /Users/admin/builder/spi-builder-workspace/.dependencies/checkouts/RxSwift/Sources/RxCocoa/NSObject+Rx+RawRepresentable.swift (in target 'RxCocoa' from project 'RxSwift')
cd /Users/admin/builder/spi-builder-workspace/.swiftpm/xcode
builtin-SwiftPerFileCompile NSObject+Rx+RawRepresentable.swift
SwiftCompile normal arm64 /Users/admin/builder/spi-builder-workspace/.dependencies/checkouts/RxSwift/Sources/RxCocoa/NSObject+Rx.swift (in target 'RxCocoa' from project 'RxSwift')
cd /Users/admin/builder/spi-builder-workspace/.swiftpm/xcode
builtin-SwiftPerFileCompile NSObject+Rx.swift
SwiftCompile normal arm64 /Users/admin/builder/spi-builder-workspace/.dependencies/checkouts/RxSwift/Sources/RxCocoa/NSSlider+Rx.swift (in target 'RxCocoa' from project 'RxSwift')
cd /Users/admin/builder/spi-builder-workspace/.swiftpm/xcode
builtin-SwiftPerFileCompile NSSlider+Rx.swift
SwiftCompile normal arm64 /Users/admin/builder/spi-builder-workspace/.dependencies/checkouts/RxSwift/Sources/RxCocoa/NSTextField+Rx.swift (in target 'RxCocoa' from project 'RxSwift')
cd /Users/admin/builder/spi-builder-workspace/.swiftpm/xcode
builtin-SwiftPerFileCompile NSTextField+Rx.swift
SwiftCompile normal arm64 /Users/admin/builder/spi-builder-workspace/.dependencies/checkouts/RxSwift/Sources/RxCocoa/NSTextStorage+Rx.swift (in target 'RxCocoa' from project 'RxSwift')
cd /Users/admin/builder/spi-builder-workspace/.swiftpm/xcode
builtin-SwiftPerFileCompile NSTextStorage+Rx.swift
SwiftCompile normal arm64 /Users/admin/builder/spi-builder-workspace/.dependencies/checkouts/RxSwift/Sources/RxCocoa/NSTextView+Rx.swift (in target 'RxCocoa' from project 'RxSwift')
cd /Users/admin/builder/spi-builder-workspace/.swiftpm/xcode
builtin-SwiftPerFileCompile NSTextView+Rx.swift
SwiftCompile normal arm64 /Users/admin/builder/spi-builder-workspace/.dependencies/checkouts/RxSwift/Sources/RxCocoa/NSView+Rx.swift (in target 'RxCocoa' from project 'RxSwift')
cd /Users/admin/builder/spi-builder-workspace/.swiftpm/xcode
builtin-SwiftPerFileCompile NSView+Rx.swift
SwiftCompile normal arm64 /Users/admin/builder/spi-builder-workspace/.dependencies/checkouts/RxSwift/Sources/RxCocoa/NotificationCenter+Rx.swift (in target 'RxCocoa' from project 'RxSwift')
cd /Users/admin/builder/spi-builder-workspace/.swiftpm/xcode
builtin-SwiftPerFileCompile NotificationCenter+Rx.swift
SwiftDriverJobDiscovery normal arm64 Compiling UIGestureRecognizer+Rx.swift, UINavigationController+Rx.swift, UIPickerView+Rx.swift, UIRefreshControl+Rx.swift, UIScrollView+Rx.swift, UISearchBar+Rx.swift, UISearchController+Rx.swift, UISegmentedControl+Rx.swift, UISlider+Rx.swift (in target 'RxCocoa' from project 'RxSwift')
SwiftDriverJobDiscovery normal arm64 Compiling RxCollectionViewDelegateProxy.swift, RxCollectionViewReactiveArrayDataSource.swift, RxNavigationControllerDelegateProxy.swift, RxPickerViewAdapter.swift, RxPickerViewDataSourceProxy.swift, RxPickerViewDataSourceType.swift, RxPickerViewDelegateProxy.swift, RxScrollViewDelegateProxy.swift, RxSearchBarDelegateProxy.swift, RxSearchControllerDelegateProxy.swift (in target 'RxCocoa' from project 'RxSwift')
SwiftDriverJobDiscovery normal arm64 Compiling RxTabBarControllerDelegateProxy.swift, RxTabBarDelegateProxy.swift, RxTableViewDataSourcePrefetchingProxy.swift, RxTableViewDataSourceProxy.swift, RxTableViewDataSourceType.swift, RxTableViewDelegateProxy.swift, RxTableViewReactiveArrayDataSource.swift, RxTarget.swift, RxTextStorageDelegateProxy.swift (in target 'RxCocoa' from project 'RxSwift')
SwiftDriverJobDiscovery normal arm64 Emitting module for RxCocoa (in target 'RxCocoa' from project 'RxSwift')
SwiftDriver\ Compilation\ Requirements RxCocoa normal arm64 com.apple.xcode.tools.swift.compiler (in target 'RxCocoa' from project 'RxSwift')
cd /Users/admin/builder/spi-builder-workspace/.swiftpm/xcode
builtin-Swift-Compilation-Requirements -- /Applications/Xcode-27.0.0-Release.Candidate.app/Contents/Developer/Toolchains/XcodeDefault.xctoolchain/usr/bin/swiftc -parse-as-library -module-name RxCocoa -Onone @/Users/admin/builder/spi-builder-workspace/.derivedData/Build/Intermediates.noindex/RxSwift.build/Debug/RxCocoa-t.build/Objects-normal/arm64/RxCocoa.SwiftFileList -DSWIFT_PACKAGE -DDEBUG -DSWIFT_MODULE_RESOURCE_BUNDLE_AVAILABLE -Xcc -fmodule-map-file\=/Users/admin/builder/spi-builder-workspace/.derivedData/Build/Intermediates.noindex/GeneratedModuleMaps/RxCocoaRuntime.modulemap -DXcode -plugin-path /Applications/Xcode-27.0.0-Release.Candidate.app/Contents/Developer/Toolchains/XcodeDefault.xctoolchain/usr/lib/swift/host/plugins/testing -enable-experimental-feature DebugDescriptionMacro -sdk /Applications/Xcode-27.0.0-Release.Candidate.app/Contents/Developer/Platforms/MacOSX.platform/Developer/SDKs/MacOSX27.0.sdk -target arm64-apple-macos12.0 -g -module-cache-path /Users/admin/builder/spi-builder-workspace/.derivedData/ModuleCache.noindex -Xfrontend -serialize-debugging-options -profile-coverage-mapping -profile-generate -enable-testing -suppress-warnings -index-store-path /Users/admin/builder/spi-builder-workspace/.derivedData/Index.noindex/DataStore -Xcc -D_LIBCPP_HARDENING_MODE\=_LIBCPP_HARDENING_MODE_DEBUG -swift-version 5 -I /Users/admin/builder/spi-builder-workspace/.derivedData/Build/Products/Debug -Isystem /Applications/Xcode-27.0.0-Release.Candidate.app/Contents/Developer/Platforms/MacOSX.platform/Developer/usr/lib -F /Users/admin/builder/spi-builder-workspace/.derivedData/Build/Products/Debug/PackageFrameworks -F /Users/admin/builder/spi-builder-workspace/.derivedData/Build/Products/Debug -F /Applications/Xcode-27.0.0-Release.Candidate.app/Contents/Developer/Platforms/MacOSX.platform/Developer/Library/Frameworks -c -j10 -enable-batch-mode -incremental -Xcc -ivfsstatcache -Xcc /Users/admin/builder/spi-builder-workspace/.derivedData/SDKStatCaches.noindex/macosx27.0-26A425-e829b21a6f8c9b70876ba0858053c0446a22442a12e9d48fe1a705f55a1adfc4.sdkstatcache -output-file-map /Users/admin/builder/spi-builder-workspace/.derivedData/Build/Intermediates.noindex/RxSwift.build/Debug/RxCocoa-t.build/Objects-normal/arm64/RxCocoa-OutputFileMap.json -save-temps -no-color-diagnostics -explicit-module-build -module-cache-path /Users/admin/builder/spi-builder-workspace/.derivedData/Build/Intermediates.noindex/SwiftExplicitPrecompiledModules -clang-scanner-module-cache-path /Users/admin/builder/spi-builder-workspace/.derivedData/ModuleCache.noindex -sdk-module-cache-path /Users/admin/builder/spi-builder-workspace/.derivedData/SDKExplicitPrecompiledModules -emit-dependencies -emit-module -emit-module-path /Users/admin/builder/spi-builder-workspace/.derivedData/Build/Intermediates.noindex/RxSwift.build/Debug/RxCocoa-t.build/Objects-normal/arm64/RxCocoa.swiftmodule -serialize-diagnostics -dependency-scan-serialize-diagnostics-path /Users/admin/builder/spi-builder-workspace/.derivedData/Build/Intermediates.noindex/RxSwift.build/Debug/RxCocoa-t.build/Objects-normal/arm64/RxCocoa-dependency-scan.dia -validate-clang-modules-once -clang-build-session-file /Users/admin/builder/spi-builder-workspace/.derivedData/ModuleCache.noindex/Session.modulevalidation -Xcc -fmodules-prune-interval\=86400 -Xcc -fmodules-prune-after\=345600 -package-name rxswift -emit-const-values -const-gather-protocols-list /Users/admin/builder/spi-builder-workspace/.derivedData/Build/Intermediates.noindex/RxSwift.build/Debug/RxCocoa-t.build/Objects-normal/arm64/RxCocoa_const_extract_protocols.json -Xcc -I/Users/admin/builder/spi-builder-workspace/.dependencies/checkouts/RxSwift/Sources/RxCocoaRuntime/include -Xcc -I/Users/admin/builder/spi-builder-workspace/.derivedData/Build/Products/Debug/include -Xcc -I/Users/admin/builder/spi-builder-workspace/.derivedData/Build/Intermediates.noindex/RxSwift.build/Debug/RxCocoa-t.build/DerivedSources-normal/arm64 -Xcc -I/Users/admin/builder/spi-builder-workspace/.derivedData/Build/Intermediates.noindex/RxSwift.build/Debug/RxCocoa-t.build/DerivedSources/arm64 -Xcc -I/Users/admin/builder/spi-builder-workspace/.derivedData/Build/Intermediates.noindex/RxSwift.build/Debug/RxCocoa-t.build/DerivedSources -Xcc -DSWIFT_PACKAGE -Xcc -DDEBUG\=1 -emit-objc-header -emit-objc-header-path /Users/admin/builder/spi-builder-workspace/.derivedData/Build/Intermediates.noindex/RxSwift.build/Debug/RxCocoa-t.build/Objects-normal/arm64/RxCocoa-Swift.h -working-directory /Users/admin/builder/spi-builder-workspace/.swiftpm/xcode -experimental-emit-module-separately -disable-cmo
SwiftMergeGeneratedHeaders /Users/admin/builder/spi-builder-workspace/.derivedData/Build/Intermediates.noindex/GeneratedModuleMaps/RxCocoa-Swift.h /Users/admin/builder/spi-builder-workspace/.derivedData/Build/Intermediates.noindex/RxSwift.build/Debug/RxCocoa-t.build/Objects-normal/arm64/RxCocoa-Swift.h (in target 'RxCocoa' from project 'RxSwift')
cd /Users/admin/builder/spi-builder-workspace/.dependencies/checkouts/RxSwift
builtin-swiftHeaderTool -arch arm64 /Users/admin/builder/spi-builder-workspace/.derivedData/Build/Intermediates.noindex/RxSwift.build/Debug/RxCocoa-t.build/Objects-normal/arm64/RxCocoa-Swift.h -o /Users/admin/builder/spi-builder-workspace/.derivedData/Build/Intermediates.noindex/GeneratedModuleMaps/RxCocoa-Swift.h
Copy /Users/admin/builder/spi-builder-workspace/.derivedData/Build/Products/Debug/RxCocoa.swiftmodule/arm64-apple-macos.swiftdoc /Users/admin/builder/spi-builder-workspace/.derivedData/Build/Intermediates.noindex/RxSwift.build/Debug/RxCocoa-t.build/Objects-normal/arm64/RxCocoa.swiftdoc (in target 'RxCocoa' from project 'RxSwift')
cd /Users/admin/builder/spi-builder-workspace/.dependencies/checkouts/RxSwift
builtin-copy -exclude .DS_Store -exclude CVS -exclude .svn -exclude .git -exclude .hg -resolve-src-symlinks -rename /Users/admin/builder/spi-builder-workspace/.derivedData/Build/Intermediates.noindex/RxSwift.build/Debug/RxCocoa-t.build/Objects-normal/arm64/RxCocoa.swiftdoc /Users/admin/builder/spi-builder-workspace/.derivedData/Build/Products/Debug/RxCocoa.swiftmodule/arm64-apple-macos.swiftdoc
Copy /Users/admin/builder/spi-builder-workspace/.derivedData/Build/Products/Debug/RxCocoa.swiftmodule/arm64-apple-macos.swiftmodule /Users/admin/builder/spi-builder-workspace/.derivedData/Build/Intermediates.noindex/RxSwift.build/Debug/RxCocoa-t.build/Objects-normal/arm64/RxCocoa.swiftmodule (in target 'RxCocoa' from project 'RxSwift')
cd /Users/admin/builder/spi-builder-workspace/.dependencies/checkouts/RxSwift
builtin-copy -exclude .DS_Store -exclude CVS -exclude .svn -exclude .git -exclude .hg -resolve-src-symlinks -rename /Users/admin/builder/spi-builder-workspace/.derivedData/Build/Intermediates.noindex/RxSwift.build/Debug/RxCocoa-t.build/Objects-normal/arm64/RxCocoa.swiftmodule /Users/admin/builder/spi-builder-workspace/.derivedData/Build/Products/Debug/RxCocoa.swiftmodule/arm64-apple-macos.swiftmodule
Copy /Users/admin/builder/spi-builder-workspace/.derivedData/Build/Products/Debug/RxCocoa.swiftmodule/arm64-apple-macos.abi.json /Users/admin/builder/spi-builder-workspace/.derivedData/Build/Intermediates.noindex/RxSwift.build/Debug/RxCocoa-t.build/Objects-normal/arm64/RxCocoa.abi.json (in target 'RxCocoa' from project 'RxSwift')
cd /Users/admin/builder/spi-builder-workspace/.dependencies/checkouts/RxSwift
builtin-copy -exclude .DS_Store -exclude CVS -exclude .svn -exclude .git -exclude .hg -resolve-src-symlinks -rename /Users/admin/builder/spi-builder-workspace/.derivedData/Build/Intermediates.noindex/RxSwift.build/Debug/RxCocoa-t.build/Objects-normal/arm64/RxCocoa.abi.json /Users/admin/builder/spi-builder-workspace/.derivedData/Build/Products/Debug/RxCocoa.swiftmodule/arm64-apple-macos.abi.json
Copy /Users/admin/builder/spi-builder-workspace/.derivedData/Build/Products/Debug/RxCocoa.swiftmodule/Project/arm64-apple-macos.swiftsourceinfo /Users/admin/builder/spi-builder-workspace/.derivedData/Build/Intermediates.noindex/RxSwift.build/Debug/RxCocoa-t.build/Objects-normal/arm64/RxCocoa.swiftsourceinfo (in target 'RxCocoa' from project 'RxSwift')
cd /Users/admin/builder/spi-builder-workspace/.dependencies/checkouts/RxSwift
builtin-copy -exclude .DS_Store -exclude CVS -exclude .svn -exclude .git -exclude .hg -resolve-src-symlinks -rename /Users/admin/builder/spi-builder-workspace/.derivedData/Build/Intermediates.noindex/RxSwift.build/Debug/RxCocoa-t.build/Objects-normal/arm64/RxCocoa.swiftsourceinfo /Users/admin/builder/spi-builder-workspace/.derivedData/Build/Products/Debug/RxCocoa.swiftmodule/Project/arm64-apple-macos.swiftsourceinfo
SwiftDriver RxResource normal arm64 com.apple.xcode.tools.swift.compiler (in target 'RxResource' from project 'RxResource')
cd /Users/admin/builder/spi-builder-workspace/.swiftpm/xcode
builtin-SwiftDriver -- /Applications/Xcode-27.0.0-Release.Candidate.app/Contents/Developer/Toolchains/XcodeDefault.xctoolchain/usr/bin/swiftc -parse-as-library -module-name RxResource -Onone @/Users/admin/builder/spi-builder-workspace/.derivedData/Build/Intermediates.noindex/RxResource.build/Debug/RxResource-t.build/Objects-normal/arm64/RxResource.SwiftFileList -DSWIFT_PACKAGE -DDEBUG -DSWIFT_MODULE_RESOURCE_BUNDLE_UNAVAILABLE -Xcc -fmodule-map-file\=/Users/admin/builder/spi-builder-workspace/.derivedData/Build/Intermediates.noindex/GeneratedModuleMaps/RxCocoaRuntime.modulemap -DXcode -plugin-path /Applications/Xcode-27.0.0-Release.Candidate.app/Contents/Developer/Toolchains/XcodeDefault.xctoolchain/usr/lib/swift/host/plugins/testing -enable-experimental-feature DebugDescriptionMacro -sdk /Applications/Xcode-27.0.0-Release.Candidate.app/Contents/Developer/Platforms/MacOSX.platform/Developer/SDKs/MacOSX27.0.sdk -target arm64-apple-macos12.0 -g -module-cache-path /Users/admin/builder/spi-builder-workspace/.derivedData/ModuleCache.noindex -Xfrontend -serialize-debugging-options -profile-coverage-mapping -profile-generate -enable-testing -index-store-path /Users/admin/builder/spi-builder-workspace/.derivedData/Index.noindex/DataStore -Xcc -D_LIBCPP_HARDENING_MODE\=_LIBCPP_HARDENING_MODE_DEBUG -swift-version 5 -I /Users/admin/builder/spi-builder-workspace/.derivedData/Build/Products/Debug -Isystem /Applications/Xcode-27.0.0-Release.Candidate.app/Contents/Developer/Platforms/MacOSX.platform/Developer/usr/lib -F /Users/admin/builder/spi-builder-workspace/.derivedData/Build/Products/Debug/PackageFrameworks -F /Users/admin/builder/spi-builder-workspace/.derivedData/Build/Products/Debug -F /Applications/Xcode-27.0.0-Release.Candidate.app/Contents/Developer/Platforms/MacOSX.platform/Developer/Library/Frameworks -c -j10 -enable-batch-mode -incremental -Xcc -ivfsstatcache -Xcc /Users/admin/builder/spi-builder-workspace/.derivedData/SDKStatCaches.noindex/macosx27.0-26A425-e829b21a6f8c9b70876ba0858053c0446a22442a12e9d48fe1a705f55a1adfc4.sdkstatcache -output-file-map /Users/admin/builder/spi-builder-workspace/.derivedData/Build/Intermediates.noindex/RxResource.build/Debug/RxResource-t.build/Objects-normal/arm64/RxResource-OutputFileMap.json -save-temps -no-color-diagnostics -explicit-module-build -module-cache-path /Users/admin/builder/spi-builder-workspace/.derivedData/Build/Intermediates.noindex/SwiftExplicitPrecompiledModules -clang-scanner-module-cache-path /Users/admin/builder/spi-builder-workspace/.derivedData/ModuleCache.noindex -sdk-module-cache-path /Users/admin/builder/spi-builder-workspace/.derivedData/SDKExplicitPrecompiledModules -emit-dependencies -emit-module -emit-module-path /Users/admin/builder/spi-builder-workspace/.derivedData/Build/Intermediates.noindex/RxResource.build/Debug/RxResource-t.build/Objects-normal/arm64/RxResource.swiftmodule -serialize-diagnostics -dependency-scan-serialize-diagnostics-path /Users/admin/builder/spi-builder-workspace/.derivedData/Build/Intermediates.noindex/RxResource.build/Debug/RxResource-t.build/Objects-normal/arm64/RxResource-dependency-scan.dia -validate-clang-modules-once -clang-build-session-file /Users/admin/builder/spi-builder-workspace/.derivedData/ModuleCache.noindex/Session.modulevalidation -Xcc -fmodules-prune-interval\=86400 -Xcc -fmodules-prune-after\=345600 -emit-const-values -const-gather-protocols-list /Users/admin/builder/spi-builder-workspace/.derivedData/Build/Intermediates.noindex/RxResource.build/Debug/RxResource-t.build/Objects-normal/arm64/RxResource_const_extract_protocols.json -Xcc -I/Users/admin/builder/spi-builder-workspace/.dependencies/checkouts/RxSwift/Sources/RxCocoaRuntime/include -Xcc -I/Users/admin/builder/spi-builder-workspace/.derivedData/Build/Products/Debug/include -Xcc -I/Users/admin/builder/spi-builder-workspace/.derivedData/Build/Intermediates.noindex/RxResource.build/Debug/RxResource-t.build/DerivedSources-normal/arm64 -Xcc -I/Users/admin/builder/spi-builder-workspace/.derivedData/Build/Intermediates.noindex/RxResource.build/Debug/RxResource-t.build/DerivedSources/arm64 -Xcc -I/Users/admin/builder/spi-builder-workspace/.derivedData/Build/Intermediates.noindex/RxResource.build/Debug/RxResource-t.build/DerivedSources -Xcc -DSWIFT_PACKAGE -Xcc -DDEBUG\=1 -emit-objc-header -emit-objc-header-path /Users/admin/builder/spi-builder-workspace/.derivedData/Build/Intermediates.noindex/RxResource.build/Debug/RxResource-t.build/Objects-normal/arm64/RxResource-Swift.h -working-directory /Users/admin/builder/spi-builder-workspace/.swiftpm/xcode -experimental-emit-module-separately -disable-cmo
error: Clang dependency scanning failure: (in target 'RxResource' from project 'RxResource')
/Users/admin/builder/spi-builder-workspace/Sources/RxResource/Scene.swift:10:8: error: Unable to resolve module dependency: 'UIKit' (in target 'RxResource' from project 'RxResource')
note: A dependency of main module 'RxResource'
/Users/admin/builder/spi-builder-workspace/Sources/RxResource/Scene.swift:10:8: note: A dependency of main module 'RxResource'
import UIKit
^ (in target 'RxResource' from project 'RxResource')
SwiftDriverJobDiscovery normal arm64 Compiling Observable+Bind.swift, ObservableConvertibleType+Driver.swift, ObservableConvertibleType+SharedSequence.swift, ObservableConvertibleType+Signal.swift, PublishRelay+Signal.swift, RxCocoa.swift, RxCocoaObjCRuntimeError+Extensions.swift, RxCollectionViewDataSourcePrefetchingProxy.swift, RxCollectionViewDataSourceProxy.swift, RxCollectionViewDataSourceType.swift (in target 'RxCocoa' from project 'RxSwift')
PruneExplicitPrecompiledModules /Users/admin/builder/spi-builder-workspace/.derivedData/Build/Intermediates.noindex/SwiftExplicitPrecompiledModules
PruneExplicitPrecompiledModules /Users/admin/builder/spi-builder-workspace/.derivedData/SDKExplicitPrecompiledModules
PruneExplicitPrecompiledModules /Users/admin/builder/spi-builder-workspace/.derivedData/Build/Intermediates.noindex/ExplicitPrecompiledModules
2026-09-18 20:04:32.685 xcodebuild[686:4372] [MT] IDERunDestination: Supported platforms for the buildables in the current scheme is empty.
--- xcodebuild: WARNING: Using the first of multiple matching destinations:
{ platform:macOS, arch:arm64, id:915c603c73664f49f59d2fe347f6f745766bdb6a, name:My Mac }
{ platform:macOS, arch:arm64, variant:Mac Catalyst, id:915c603c73664f49f59d2fe347f6f745766bdb6a, name:My Mac }
{ platform:macOS, arch:arm64, variant:DriverKit, id:915c603c73664f49f59d2fe347f6f745766bdb6a, name:My Mac }
{ platform:macOS, arch:arm64, variant:Designed for [iPad,iPhone], id:915c603c73664f49f59d2fe347f6f745766bdb6a, name:My Mac }
** BUILD FAILED **
The following build commands failed:
SwiftDriver RxResource normal arm64 com.apple.xcode.tools.swift.compiler (in target 'RxResource' from project 'RxResource')
Building workspace RxResource with scheme RxResource
(2 failures)
Command line invocation:
/Applications/Xcode-27.0.0-Release.Candidate.app/Contents/Developer/usr/bin/xcodebuild -IDEClonedSourcePackagesDirPathOverride=/Users/admin/builder/spi-builder-workspace/.dependencies -resolvePackageDependencies
Resolve Package Graph
Resolved source packages:
RxSwift: https://github.com/ReactiveX/RxSwift.git @ 6.10.2
RxResource: /Users/admin/builder/spi-builder-workspace
resolved source packages: RxSwift, RxResource
2026-09-18 20:04:48.971 xcodebuild[859:5443] [MT] IDERunDestination: Supported platforms for the buildables in the current scheme is empty.
{
"dependencies" : [
{
"identity" : "rxswift",
"requirement" : {
"range" : [
{
"lower_bound" : "6.0.0",
"upper_bound" : "7.0.0"
}
]
},
"type" : "sourceControl",
"url" : "https://github.com/ReactiveX/RxSwift.git"
}
],
"manifest_display_name" : "RxResource",
"name" : "RxResource",
"path" : "/Users/admin/builder/spi-builder-workspace",
"platforms" : [
{
"name" : "ios",
"version" : "9.0"
}
],
"products" : [
{
"name" : "RxResource",
"targets" : [
"RxResource"
],
"type" : {
"library" : [
"automatic"
]
}
}
],
"targets" : [
{
"c99name" : "RxResourceTests",
"module_type" : "SwiftTarget",
"name" : "RxResourceTests",
"path" : "Tests/RxResourceTests",
"product_dependencies" : [
"RxSwift",
"RxTest"
],
"sources" : [
"CycleTests.swift",
"ResourceTests.swift"
],
"target_dependencies" : [
"RxResource"
],
"type" : "test"
},
{
"c99name" : "RxResource",
"module_type" : "SwiftTarget",
"name" : "RxResource",
"path" : "Sources/RxResource",
"product_dependencies" : [
"RxSwift",
"RxCocoa"
],
"product_memberships" : [
"RxResource"
],
"sources" : [
"Cycle.swift",
"Resource.swift",
"Scene.swift"
],
"type" : "library"
}
],
"tools_version" : "5.6"
}
{
"workspace" : {
"name" : "RxResource",
"schemes" : [
"RxResource"
]
}
}
2026-09-18 20:04:50.336 xcodebuild[867:5512] [MT] IDERunDestination: Supported platforms for the buildables in the current scheme is empty.
Running build ...
env DEVELOPER_DIR=/Applications/Xcode-27.0.0-Release.Candidate.app xcrun xcodebuild -IDEClonedSourcePackagesDirPathOverride=$PWD/.dependencies -skipMacroValidation -skipPackagePluginValidation -derivedDataPath $PWD/.derivedData build -scheme RxResource -destination platform=macOS,arch=arm64
Command line invocation:
/Applications/Xcode-27.0.0-Release.Candidate.app/Contents/Developer/usr/bin/xcodebuild -IDEClonedSourcePackagesDirPathOverride=/Users/admin/builder/spi-builder-workspace/.dependencies -skipMacroValidation -skipPackagePluginValidation -derivedDataPath /Users/admin/builder/spi-builder-workspace/.derivedData build -scheme RxResource -destination platform=macOS,arch=arm64
Resolve Package Graph
Resolved source packages:
RxResource: /Users/admin/builder/spi-builder-workspace
RxSwift: https://github.com/ReactiveX/RxSwift.git @ 6.10.2
ComputePackagePrebuildTargetDependencyGraph
Prepare packages
CreateBuildRequest
SendProjectDescription
CreateBuildOperation
ComputeTargetDependencyGraph
note: Building targets in dependency order
note: Target dependency graph (12 targets)
Target 'RxResource-product' in project 'RxResource'
➜ Explicit dependency on target 'RxResource' in project 'RxResource'
➜ Explicit dependency on target 'RxSwift-product' in project 'RxSwift'
➜ Explicit dependency on target 'RxCocoa-product' in project 'RxSwift'
Target 'RxResource' in project 'RxResource'
➜ Explicit dependency on target 'RxSwift-product' in project 'RxSwift'
➜ Explicit dependency on target 'RxCocoa-product' in project 'RxSwift'
Target 'RxCocoa-product' in project 'RxSwift'
➜ Explicit dependency on target 'RxCocoa' in project 'RxSwift'
➜ Explicit dependency on target 'RxSwift_RxCocoa' in project 'RxSwift'
➜ Explicit dependency on target 'RxSwift' in project 'RxSwift'
➜ Explicit dependency on target 'RxRelay' in project 'RxSwift'
➜ Explicit dependency on target 'RxCocoaRuntime' in project 'RxSwift'
Target 'RxCocoa' in project 'RxSwift'
➜ Explicit dependency on target 'RxSwift_RxCocoa' in project 'RxSwift'
➜ Explicit dependency on target 'RxSwift' in project 'RxSwift'
➜ Explicit dependency on target 'RxRelay' in project 'RxSwift'
➜ Explicit dependency on target 'RxCocoaRuntime' in project 'RxSwift'
Target 'RxCocoaRuntime' in project 'RxSwift'
➜ Explicit dependency on target 'RxSwift_RxCocoaRuntime' in project 'RxSwift'
➜ Explicit dependency on target 'RxSwift' in project 'RxSwift'
Target 'RxSwift_RxCocoaRuntime' in project 'RxSwift' (no dependencies)
Target 'RxRelay' in project 'RxSwift'
➜ Explicit dependency on target 'RxSwift_RxRelay' in project 'RxSwift'
➜ Explicit dependency on target 'RxSwift' in project 'RxSwift'
Target 'RxSwift_RxRelay' in project 'RxSwift' (no dependencies)
Target 'RxSwift_RxCocoa' in project 'RxSwift' (no dependencies)
Target 'RxSwift-product' in project 'RxSwift'
➜ Explicit dependency on target 'RxSwift' in project 'RxSwift'
➜ Explicit dependency on target 'RxSwift_RxSwift' in project 'RxSwift'
Target 'RxSwift' in project 'RxSwift'
➜ Explicit dependency on target 'RxSwift_RxSwift' in project 'RxSwift'
Target 'RxSwift_RxSwift' in project 'RxSwift' (no dependencies)
GatherProvisioningInputs
CreateBuildDescription
ClangStatCache /Applications/Xcode-27.0.0-Release.Candidate.app/Contents/Developer/Toolchains/XcodeDefault.xctoolchain/usr/bin/clang-stat-cache /Applications/Xcode-27.0.0-Release.Candidate.app/Contents/Developer/Platforms/MacOSX.platform/Developer/SDKs/MacOSX27.0.sdk /Users/admin/builder/spi-builder-workspace/.derivedData/SDKStatCaches.noindex/macosx27.0-26A425-e829b21a6f8c9b70876ba0858053c0446a22442a12e9d48fe1a705f55a1adfc4.sdkstatcache
cd /Users/admin/builder/spi-builder-workspace/.swiftpm/xcode
/Applications/Xcode-27.0.0-Release.Candidate.app/Contents/Developer/Toolchains/XcodeDefault.xctoolchain/usr/bin/clang-stat-cache /Applications/Xcode-27.0.0-Release.Candidate.app/Contents/Developer/Platforms/MacOSX.platform/Developer/SDKs/MacOSX27.0.sdk -o /Users/admin/builder/spi-builder-workspace/.derivedData/SDKStatCaches.noindex/macosx27.0-26A425-e829b21a6f8c9b70876ba0858053c0446a22442a12e9d48fe1a705f55a1adfc4.sdkstatcache
SwiftDriver RxCocoa normal arm64 com.apple.xcode.tools.swift.compiler (in target 'RxCocoa' from project 'RxSwift')
cd /Users/admin/builder/spi-builder-workspace/.swiftpm/xcode
builtin-SwiftDriver -- /Applications/Xcode-27.0.0-Release.Candidate.app/Contents/Developer/Toolchains/XcodeDefault.xctoolchain/usr/bin/swiftc -parse-as-library -module-name RxCocoa -Onone @/Users/admin/builder/spi-builder-workspace/.derivedData/Build/Intermediates.noindex/RxSwift.build/Debug/RxCocoa-t.build/Objects-normal/arm64/RxCocoa.SwiftFileList -DSWIFT_PACKAGE -DDEBUG -DSWIFT_MODULE_RESOURCE_BUNDLE_AVAILABLE -Xcc -fmodule-map-file\=/Users/admin/builder/spi-builder-workspace/.derivedData/Build/Intermediates.noindex/GeneratedModuleMaps/RxCocoaRuntime.modulemap -DXcode -plugin-path /Applications/Xcode-27.0.0-Release.Candidate.app/Contents/Developer/Toolchains/XcodeDefault.xctoolchain/usr/lib/swift/host/plugins/testing -enable-experimental-feature DebugDescriptionMacro -sdk /Applications/Xcode-27.0.0-Release.Candidate.app/Contents/Developer/Platforms/MacOSX.platform/Developer/SDKs/MacOSX27.0.sdk -target arm64-apple-macos12.0 -g -module-cache-path /Users/admin/builder/spi-builder-workspace/.derivedData/ModuleCache.noindex -Xfrontend -serialize-debugging-options -profile-coverage-mapping -profile-generate -enable-testing -suppress-warnings -index-store-path /Users/admin/builder/spi-builder-workspace/.derivedData/Index.noindex/DataStore -Xcc -D_LIBCPP_HARDENING_MODE\=_LIBCPP_HARDENING_MODE_DEBUG -swift-version 5 -I /Users/admin/builder/spi-builder-workspace/.derivedData/Build/Products/Debug -Isystem /Applications/Xcode-27.0.0-Release.Candidate.app/Contents/Developer/Platforms/MacOSX.platform/Developer/usr/lib -F /Users/admin/builder/spi-builder-workspace/.derivedData/Build/Products/Debug/PackageFrameworks -F /Users/admin/builder/spi-builder-workspace/.derivedData/Build/Products/Debug -F /Applications/Xcode-27.0.0-Release.Candidate.app/Contents/Developer/Platforms/MacOSX.platform/Developer/Library/Frameworks -c -j10 -enable-batch-mode -incremental -Xcc -ivfsstatcache -Xcc /Users/admin/builder/spi-builder-workspace/.derivedData/SDKStatCaches.noindex/macosx27.0-26A425-e829b21a6f8c9b70876ba0858053c0446a22442a12e9d48fe1a705f55a1adfc4.sdkstatcache -output-file-map /Users/admin/builder/spi-builder-workspace/.derivedData/Build/Intermediates.noindex/RxSwift.build/Debug/RxCocoa-t.build/Objects-normal/arm64/RxCocoa-OutputFileMap.json -save-temps -no-color-diagnostics -explicit-module-build -module-cache-path /Users/admin/builder/spi-builder-workspace/.derivedData/Build/Intermediates.noindex/SwiftExplicitPrecompiledModules -clang-scanner-module-cache-path /Users/admin/builder/spi-builder-workspace/.derivedData/ModuleCache.noindex -sdk-module-cache-path /Users/admin/builder/spi-builder-workspace/.derivedData/SDKExplicitPrecompiledModules -emit-dependencies -emit-module -emit-module-path /Users/admin/builder/spi-builder-workspace/.derivedData/Build/Intermediates.noindex/RxSwift.build/Debug/RxCocoa-t.build/Objects-normal/arm64/RxCocoa.swiftmodule -serialize-diagnostics -dependency-scan-serialize-diagnostics-path /Users/admin/builder/spi-builder-workspace/.derivedData/Build/Intermediates.noindex/RxSwift.build/Debug/RxCocoa-t.build/Objects-normal/arm64/RxCocoa-dependency-scan.dia -validate-clang-modules-once -clang-build-session-file /Users/admin/builder/spi-builder-workspace/.derivedData/ModuleCache.noindex/Session.modulevalidation -Xcc -fmodules-prune-interval\=86400 -Xcc -fmodules-prune-after\=345600 -package-name rxswift -emit-const-values -const-gather-protocols-list /Users/admin/builder/spi-builder-workspace/.derivedData/Build/Intermediates.noindex/RxSwift.build/Debug/RxCocoa-t.build/Objects-normal/arm64/RxCocoa_const_extract_protocols.json -Xcc -I/Users/admin/builder/spi-builder-workspace/.dependencies/checkouts/RxSwift/Sources/RxCocoaRuntime/include -Xcc -I/Users/admin/builder/spi-builder-workspace/.derivedData/Build/Products/Debug/include -Xcc -I/Users/admin/builder/spi-builder-workspace/.derivedData/Build/Intermediates.noindex/RxSwift.build/Debug/RxCocoa-t.build/DerivedSources-normal/arm64 -Xcc -I/Users/admin/builder/spi-builder-workspace/.derivedData/Build/Intermediates.noindex/RxSwift.build/Debug/RxCocoa-t.build/DerivedSources/arm64 -Xcc -I/Users/admin/builder/spi-builder-workspace/.derivedData/Build/Intermediates.noindex/RxSwift.build/Debug/RxCocoa-t.build/DerivedSources -Xcc -DSWIFT_PACKAGE -Xcc -DDEBUG\=1 -emit-objc-header -emit-objc-header-path /Users/admin/builder/spi-builder-workspace/.derivedData/Build/Intermediates.noindex/RxSwift.build/Debug/RxCocoa-t.build/Objects-normal/arm64/RxCocoa-Swift.h -working-directory /Users/admin/builder/spi-builder-workspace/.swiftpm/xcode -experimental-emit-module-separately -disable-cmo
SwiftDriver RxResource normal arm64 com.apple.xcode.tools.swift.compiler (in target 'RxResource' from project 'RxResource')
cd /Users/admin/builder/spi-builder-workspace/.swiftpm/xcode
builtin-SwiftDriver -- /Applications/Xcode-27.0.0-Release.Candidate.app/Contents/Developer/Toolchains/XcodeDefault.xctoolchain/usr/bin/swiftc -parse-as-library -module-name RxResource -Onone @/Users/admin/builder/spi-builder-workspace/.derivedData/Build/Intermediates.noindex/RxResource.build/Debug/RxResource-t.build/Objects-normal/arm64/RxResource.SwiftFileList -DSWIFT_PACKAGE -DDEBUG -DSWIFT_MODULE_RESOURCE_BUNDLE_UNAVAILABLE -Xcc -fmodule-map-file\=/Users/admin/builder/spi-builder-workspace/.derivedData/Build/Intermediates.noindex/GeneratedModuleMaps/RxCocoaRuntime.modulemap -DXcode -plugin-path /Applications/Xcode-27.0.0-Release.Candidate.app/Contents/Developer/Toolchains/XcodeDefault.xctoolchain/usr/lib/swift/host/plugins/testing -enable-experimental-feature DebugDescriptionMacro -sdk /Applications/Xcode-27.0.0-Release.Candidate.app/Contents/Developer/Platforms/MacOSX.platform/Developer/SDKs/MacOSX27.0.sdk -target arm64-apple-macos12.0 -g -module-cache-path /Users/admin/builder/spi-builder-workspace/.derivedData/ModuleCache.noindex -Xfrontend -serialize-debugging-options -profile-coverage-mapping -profile-generate -enable-testing -index-store-path /Users/admin/builder/spi-builder-workspace/.derivedData/Index.noindex/DataStore -Xcc -D_LIBCPP_HARDENING_MODE\=_LIBCPP_HARDENING_MODE_DEBUG -swift-version 5 -I /Users/admin/builder/spi-builder-workspace/.derivedData/Build/Products/Debug -Isystem /Applications/Xcode-27.0.0-Release.Candidate.app/Contents/Developer/Platforms/MacOSX.platform/Developer/usr/lib -F /Users/admin/builder/spi-builder-workspace/.derivedData/Build/Products/Debug/PackageFrameworks -F /Users/admin/builder/spi-builder-workspace/.derivedData/Build/Products/Debug -F /Applications/Xcode-27.0.0-Release.Candidate.app/Contents/Developer/Platforms/MacOSX.platform/Developer/Library/Frameworks -c -j10 -enable-batch-mode -incremental -Xcc -ivfsstatcache -Xcc /Users/admin/builder/spi-builder-workspace/.derivedData/SDKStatCaches.noindex/macosx27.0-26A425-e829b21a6f8c9b70876ba0858053c0446a22442a12e9d48fe1a705f55a1adfc4.sdkstatcache -output-file-map /Users/admin/builder/spi-builder-workspace/.derivedData/Build/Intermediates.noindex/RxResource.build/Debug/RxResource-t.build/Objects-normal/arm64/RxResource-OutputFileMap.json -save-temps -no-color-diagnostics -explicit-module-build -module-cache-path /Users/admin/builder/spi-builder-workspace/.derivedData/Build/Intermediates.noindex/SwiftExplicitPrecompiledModules -clang-scanner-module-cache-path /Users/admin/builder/spi-builder-workspace/.derivedData/ModuleCache.noindex -sdk-module-cache-path /Users/admin/builder/spi-builder-workspace/.derivedData/SDKExplicitPrecompiledModules -emit-dependencies -emit-module -emit-module-path /Users/admin/builder/spi-builder-workspace/.derivedData/Build/Intermediates.noindex/RxResource.build/Debug/RxResource-t.build/Objects-normal/arm64/RxResource.swiftmodule -serialize-diagnostics -dependency-scan-serialize-diagnostics-path /Users/admin/builder/spi-builder-workspace/.derivedData/Build/Intermediates.noindex/RxResource.build/Debug/RxResource-t.build/Objects-normal/arm64/RxResource-dependency-scan.dia -validate-clang-modules-once -clang-build-session-file /Users/admin/builder/spi-builder-workspace/.derivedData/ModuleCache.noindex/Session.modulevalidation -Xcc -fmodules-prune-interval\=86400 -Xcc -fmodules-prune-after\=345600 -emit-const-values -const-gather-protocols-list /Users/admin/builder/spi-builder-workspace/.derivedData/Build/Intermediates.noindex/RxResource.build/Debug/RxResource-t.build/Objects-normal/arm64/RxResource_const_extract_protocols.json -Xcc -I/Users/admin/builder/spi-builder-workspace/.dependencies/checkouts/RxSwift/Sources/RxCocoaRuntime/include -Xcc -I/Users/admin/builder/spi-builder-workspace/.derivedData/Build/Products/Debug/include -Xcc -I/Users/admin/builder/spi-builder-workspace/.derivedData/Build/Intermediates.noindex/RxResource.build/Debug/RxResource-t.build/DerivedSources-normal/arm64 -Xcc -I/Users/admin/builder/spi-builder-workspace/.derivedData/Build/Intermediates.noindex/RxResource.build/Debug/RxResource-t.build/DerivedSources/arm64 -Xcc -I/Users/admin/builder/spi-builder-workspace/.derivedData/Build/Intermediates.noindex/RxResource.build/Debug/RxResource-t.build/DerivedSources -Xcc -DSWIFT_PACKAGE -Xcc -DDEBUG\=1 -emit-objc-header -emit-objc-header-path /Users/admin/builder/spi-builder-workspace/.derivedData/Build/Intermediates.noindex/RxResource.build/Debug/RxResource-t.build/Objects-normal/arm64/RxResource-Swift.h -working-directory /Users/admin/builder/spi-builder-workspace/.swiftpm/xcode -experimental-emit-module-separately -disable-cmo
error: Clang dependency scanning failure: (in target 'RxResource' from project 'RxResource')
/Users/admin/builder/spi-builder-workspace/Sources/RxResource/Scene.swift:10:8: error: Unable to resolve module dependency: 'UIKit' (in target 'RxResource' from project 'RxResource')
note: A dependency of main module 'RxResource'
/Users/admin/builder/spi-builder-workspace/Sources/RxResource/Scene.swift:10:8: note: A dependency of main module 'RxResource'
import UIKit
^ (in target 'RxResource' from project 'RxResource')
PruneExplicitPrecompiledModules /Users/admin/builder/spi-builder-workspace/.derivedData/Build/Intermediates.noindex/SwiftExplicitPrecompiledModules
PruneExplicitPrecompiledModules /Users/admin/builder/spi-builder-workspace/.derivedData/SDKExplicitPrecompiledModules
PruneExplicitPrecompiledModules /Users/admin/builder/spi-builder-workspace/.derivedData/Build/Intermediates.noindex/ExplicitPrecompiledModules
2026-09-18 20:04:51.449 xcodebuild[868:5536] [MT] IDERunDestination: Supported platforms for the buildables in the current scheme is empty.
--- xcodebuild: WARNING: Using the first of multiple matching destinations:
{ platform:macOS, arch:arm64, id:915c603c73664f49f59d2fe347f6f745766bdb6a, name:My Mac }
{ platform:macOS, arch:arm64, variant:Mac Catalyst, id:915c603c73664f49f59d2fe347f6f745766bdb6a, name:My Mac }
{ platform:macOS, arch:arm64, variant:DriverKit, id:915c603c73664f49f59d2fe347f6f745766bdb6a, name:My Mac }
{ platform:macOS, arch:arm64, variant:Designed for [iPad,iPhone], id:915c603c73664f49f59d2fe347f6f745766bdb6a, name:My Mac }
** BUILD FAILED **
The following build commands failed:
SwiftDriver RxResource normal arm64 com.apple.xcode.tools.swift.compiler (in target 'RxResource' from project 'RxResource')
Building workspace RxResource with scheme RxResource
(2 failures)
BUILD FAILURE 6.4 macosXcodebuild