Build Information
Failed to build IQKeyboardCore, reference main (4ece00), with Swift 6.2 for macOS (SPM) on 25 Jun 2026 14:38:04 UTC.
Build Command
env DEVELOPER_DIR=/Applications/Xcode-26.3.0.app xcrun swift build --arch arm64Build Log
========================================
RunAll
========================================
Builder version: undefined version: run 'make version' to update
Interrupt handler set up.
========================================
Checkout
========================================
Clone URL: https://github.com/hackiftekhar/IQKeyboardCore.git
Reference: main
Initialized empty Git repository in /Users/admin/builder/spi-builder-workspace/.git/
From https://github.com/hackiftekhar/IQKeyboardCore
* branch main -> FETCH_HEAD
* [new branch] main -> origin/main
HEAD is now at 4ece00f 1.0.9
Cloned https://github.com/hackiftekhar/IQKeyboardCore.git
Revision (git rev-parse @):
4ece00fae7ddff664eb7b2c7d3b4b722bcdd438c
SUCCESS checkout https://github.com/hackiftekhar/IQKeyboardCore.git at main
========================================
Build
========================================
Selected platform: macosSpm
Swift version: 6.2
Building package at path: $PWD
https://github.com/hackiftekhar/IQKeyboardCore.git
Running build ...
env DEVELOPER_DIR=/Applications/Xcode-26.3.0.app xcrun swift build --arch arm64
Building for debugging...
[0/3] Write sources
[1/3] Copying PrivacyInfo.xcprivacy
[2/3] Write swift-version--3CB7CFEC50E0D141.txt
error: emit-module command failed with exit code 1 (use -v to see invocation)
[4/9] Emitting module IQKeyboardCore
/Users/admin/builder/spi-builder-workspace/IQKeyboardCore/Classes/IQKeyboardExtended.swift:24:8: error: no such module 'UIKit'
22 | // THE SOFTWARE.
23 |
24 | import UIKit
| `- error: no such module 'UIKit'
25 |
26 | /// Wrapper for IQKeyboardManager compatible types. This type provides an extension point for
[5/9] Compiling IQKeyboardCore IQTextInputView.swift
/Users/admin/builder/spi-builder-workspace/IQKeyboardCore/Classes/IQKeyboardExtended.swift:24:8: error: no such module 'UIKit'
22 | // THE SOFTWARE.
23 |
24 | import UIKit
| `- error: no such module 'UIKit'
25 |
26 | /// Wrapper for IQKeyboardManager compatible types. This type provides an extension point for
[6/9] Compiling IQKeyboardCore IQKeyboardExtended.swift
/Users/admin/builder/spi-builder-workspace/IQKeyboardCore/Classes/IQKeyboardExtended.swift:24:8: error: no such module 'UIKit'
22 | // THE SOFTWARE.
23 |
24 | import UIKit
| `- error: no such module 'UIKit'
25 |
26 | /// Wrapper for IQKeyboardManager compatible types. This type provides an extension point for
[7/9] Compiling IQKeyboardCore UIView+Hierarchy.swift
/Users/admin/builder/spi-builder-workspace/IQKeyboardCore/Classes/IQKeyboardExtended.swift:24:8: error: no such module 'UIKit'
22 | // THE SOFTWARE.
23 |
24 | import UIKit
| `- error: no such module 'UIKit'
25 |
26 | /// Wrapper for IQKeyboardManager compatible types. This type provides an extension point for
[8/9] Compiling IQKeyboardCore IQKeyboardConstants.swift
/Users/admin/builder/spi-builder-workspace/IQKeyboardCore/Classes/IQKeyboardExtended.swift:24:8: error: no such module 'UIKit'
22 | // THE SOFTWARE.
23 |
24 | import UIKit
| `- error: no such module 'UIKit'
25 |
26 | /// Wrapper for IQKeyboardManager compatible types. This type provides an extension point for
[9/9] Compiling IQKeyboardCore resource_bundle_accessor.swift
/Users/admin/builder/spi-builder-workspace/IQKeyboardCore/Classes/IQKeyboardExtended.swift:24:8: error: no such module 'UIKit'
22 | // THE SOFTWARE.
23 |
24 | import UIKit
| `- error: no such module 'UIKit'
25 |
26 | /// Wrapper for IQKeyboardManager compatible types. This type provides an extension point for
BUILD FAILURE 6.2 macosSpm