Build Information
Failed to build RevenueCat, reference 5.95.0 (95ad25), with Swift 6.3 for Linux on 14 Oct 2026 00:40:59 UTC.
Build Command
bash -c docker run --pull=always --rm -v "checkouts-54344847-0":/host -w "$PWD" -e JAVA_HOME="/root/.sdkman/candidates/java/current" -e SPI_BUILD="1" -e SPI_PROCESSING="1" registry.gitlab.com/saguaro1/spi-images:basic-6.3-latest swift build --triple x86_64-unknown-linux-gnu 2>&1Build Log
========================================
RunAll
========================================
Builder version: 5.1.2
Interrupt handler set up.
========================================
Checkout
========================================
Clone URL: https://github.com/RevenueCat/purchases-ios-spm.git
Reference: 5.95.0
Initialized empty Git repository in /host/spi-builder-workspace/.git/
hint: Using 'master' as the name for the initial branch. This default branch name
hint: is subject to change. To configure the initial branch name to use in all
hint: of your new repositories, which will suppress this warning, call:
hint:
hint: git config --global init.defaultBranch <name>
hint:
hint: Names commonly chosen instead of 'master' are 'main', 'trunk' and
hint: 'development'. The just-created branch can be renamed via this command:
hint:
hint: git branch -m <name>
From https://github.com/RevenueCat/purchases-ios-spm
* tag 5.95.0 -> FETCH_HEAD
HEAD is now at 95ad250 Update RevenueCat-Swift.h for version 5.95.0
Cloned https://github.com/RevenueCat/purchases-ios-spm.git
Revision (git rev-parse @):
95ad250230efa7fc3e811c158ed264832aed2e79
SPI manifest file found: $PWD/.spi.yml
SUCCESS checkout https://github.com/RevenueCat/purchases-ios-spm.git at 5.95.0
========================================
Build
========================================
Selected platform: linux
Swift version: 6.3
Building package at path: $PWD
https://github.com/RevenueCat/purchases-ios-spm.git
Running build ...
bash -c docker run --pull=always --rm -v "checkouts-54344847-0":/host -w "$PWD" -e JAVA_HOME="/root/.sdkman/candidates/java/current" -e SPI_BUILD="1" -e SPI_PROCESSING="1" registry.gitlab.com/saguaro1/spi-images:basic-6.3-latest swift build --triple x86_64-unknown-linux-gnu 2>&1
basic-6.3-latest: Pulling from saguaro1/spi-images
Digest: sha256:3ca70b9b8664d81efdd98fa96053b1e7cad14580e7715018d5ab4380e807ba72
Status: Image is up to date for registry.gitlab.com/saguaro1/spi-images:basic-6.3-latest
Fetching https://github.com/quick/nimble
Fetching https://github.com/pointfreeco/swift-snapshot-testing
[1/20002] Fetching nimble
[1602/36503] Fetching nimble, swift-snapshot-testing
Fetched https://github.com/quick/nimble from cache (2.54s)
Fetched https://github.com/pointfreeco/swift-snapshot-testing from cache (2.56s)
Computing version for https://github.com/pointfreeco/swift-snapshot-testing
Computed https://github.com/pointfreeco/swift-snapshot-testing at 1.18.9 (2.76s)
Fetching https://github.com/pointfreeco/swift-custom-dump
Fetching https://github.com/swiftlang/swift-syntax
[1/5669] Fetching swift-custom-dump
[5670/86169] Fetching swift-custom-dump, swift-syntax
Fetched https://github.com/pointfreeco/swift-custom-dump from cache (3.84s)
Fetched https://github.com/swiftlang/swift-syntax from cache (3.87s)
Computing version for https://github.com/quick/nimble
Computed https://github.com/quick/nimble at 13.7.1 (4.03s)
Fetching https://github.com/mattgallagher/CwlPreconditionTesting.git
[1/1257] Fetching cwlpreconditiontesting
Fetched https://github.com/mattgallagher/CwlPreconditionTesting.git from cache (1.12s)
Computing version for https://github.com/mattgallagher/CwlPreconditionTesting.git
Computed https://github.com/mattgallagher/CwlPreconditionTesting.git at 2.2.2 (1.30s)
Fetching https://github.com/mattgallagher/CwlCatchException.git
[1/460] Fetching cwlcatchexception
Fetched https://github.com/mattgallagher/CwlCatchException.git from cache (0.58s)
Computing version for https://github.com/mattgallagher/CwlCatchException.git
Computed https://github.com/mattgallagher/CwlCatchException.git at 2.2.1 (0.76s)
Computing version for https://github.com/pointfreeco/swift-custom-dump
Computed https://github.com/pointfreeco/swift-custom-dump at 1.7.3 (0.15s)
Fetching https://github.com/pointfreeco/xctest-dynamic-overlay
[1/2727] Fetching xctest-dynamic-overlay
Fetched https://github.com/pointfreeco/xctest-dynamic-overlay from cache (0.64s)
Computing version for https://github.com/pointfreeco/xctest-dynamic-overlay
Computed https://github.com/pointfreeco/xctest-dynamic-overlay at 1.13.1 (1.56s)
Computing version for https://github.com/swiftlang/swift-syntax
Computed https://github.com/swiftlang/swift-syntax at 602.0.0 (0.28s)
Creating working copy for https://github.com/pointfreeco/xctest-dynamic-overlay
Working copy of https://github.com/pointfreeco/xctest-dynamic-overlay resolved at 1.13.1
Creating working copy for https://github.com/mattgallagher/CwlCatchException.git
Working copy of https://github.com/mattgallagher/CwlCatchException.git resolved at 2.2.1
Creating working copy for https://github.com/swiftlang/swift-syntax
Working copy of https://github.com/swiftlang/swift-syntax resolved at 602.0.0
Creating working copy for https://github.com/quick/nimble
Working copy of https://github.com/quick/nimble resolved at 13.7.1
Creating working copy for https://github.com/pointfreeco/swift-custom-dump
Working copy of https://github.com/pointfreeco/swift-custom-dump resolved at 1.7.3
Creating working copy for https://github.com/mattgallagher/CwlPreconditionTesting.git
Working copy of https://github.com/mattgallagher/CwlPreconditionTesting.git resolved at 2.2.2
Creating working copy for https://github.com/pointfreeco/swift-snapshot-testing
Working copy of https://github.com/pointfreeco/swift-snapshot-testing resolved at 1.18.9
Downloading package prebuilt https://download.swift.org/prebuilts/swift-syntax/602.0.0/swift-6.3.2-RELEASE-ubuntu_noble_x86_64-MacroSupport.tar.gz
Downloaded https://download.swift.org/prebuilts/swift-syntax/602.0.0/swift-6.3.2-RELEASE-ubuntu_noble_x86_64-MacroSupport.tar.gz (0.23s)
warning: 'spi-builder-workspace': Invalid Exclude '/host/spi-builder-workspace/Tests/RevenueCatUITests/Templates/__Snapshots__': File not found.
warning: 'spi-builder-workspace': ignoring broken symlink /host/spi-builder-workspace/Tests/RevenueCatUITests/PaywallsV2/__PreviewResources__
warning: 'spi-builder-workspace': Invalid Resource 'PaywallsV2/__PreviewResources__': File not found.
warning: 'nimble': found 1 file(s) which are unhandled; explicitly declare them as resources or exclude from the target
/host/spi-builder-workspace/.build/checkouts/nimble/Sources/Nimble/PrivacyInfo.xcprivacy
Building for debugging...
[0/59] Copying Localizable.strings
[0/59] Copying PrivacyInfo.xcprivacy
[0/59] Copying Info.plist
[0/59] Copying Localizable.strings
[43/59] Copying Info.plist
[43/59] Copying Localizable.strings
[45/59] Copying PrivacyInfo.xcprivacy
[45/59] Copying Info.plist
[51/59] Copying Localizable.strings
[52/59] Copying Media.xcassets
[53/59] Write sources
[57/59] Copying icons.xcassets
[58/59] Write swift-version-24593BA9C3E375BF.txt
error: emit-module command failed with exit code 1 (use -v to see invocation)
[60/423] Emitting module ReceiptParser
/host/spi-builder-workspace/LocalReceiptParsing/Helpers/LoggerType.swift:15:8: error: no such module 'os'
13 |
14 | import Foundation
15 | import os
| `- error: no such module 'os'
16 |
17 | // swiftlint:disable force_unwrapping
error: emit-module command failed with exit code 1 (use -v to see invocation)
[61/425] Emitting module RevenueCat_CustomEntitlementComputation
/host/spi-builder-workspace/CustomEntitlementComputation/Caching/Checksum.swift:16:8: error: no such module 'CryptoKit'
14 | //
15 |
16 | import CryptoKit
| `- error: no such module 'CryptoKit'
17 | import Foundation
18 |
error: emit-module command failed with exit code 1 (use -v to see invocation)
[62/449] Emitting module RevenueCat
/host/spi-builder-workspace/Sources/Caching/Checksum.swift:16:8: error: no such module 'CryptoKit'
14 | //
15 |
16 | import CryptoKit
| `- error: no such module 'CryptoKit'
17 | import Foundation
18 |
[63/473] Compiling RevenueCat AdHTTPRequestPath.swift
/host/spi-builder-workspace/LocalReceiptParsing/Helpers/LoggerType.swift:15:8: error: no such module 'os'
13 |
14 | import Foundation
15 | import os
| `- error: no such module 'os'
16 |
17 | // swiftlint:disable force_unwrapping
[64/473] Compiling RevenueCat PostAdEventsOperation.swift
/host/spi-builder-workspace/LocalReceiptParsing/Helpers/LoggerType.swift:15:8: error: no such module 'os'
13 |
14 | import Foundation
15 | import os
| `- error: no such module 'os'
16 |
17 | // swiftlint:disable force_unwrapping
[65/473] Compiling RevenueCat AdTracker.swift
/host/spi-builder-workspace/LocalReceiptParsing/Helpers/LoggerType.swift:15:8: error: no such module 'os'
13 |
14 | import Foundation
15 | import os
| `- error: no such module 'os'
16 |
17 | // swiftlint:disable force_unwrapping
[66/473] Compiling RevenueCat AdsAPI.swift
/host/spi-builder-workspace/LocalReceiptParsing/Helpers/LoggerType.swift:15:8: error: no such module 'os'
13 |
14 | import Foundation
15 | import os
| `- error: no such module 'os'
16 |
17 | // swiftlint:disable force_unwrapping
[67/473] Compiling RevenueCat AdEvent.swift
/host/spi-builder-workspace/LocalReceiptParsing/Helpers/LoggerType.swift:15:8: error: no such module 'os'
13 |
14 | import Foundation
15 | import os
| `- error: no such module 'os'
16 |
17 | // swiftlint:disable force_unwrapping
[68/473] Compiling RevenueCat AdEventStore.swift
/host/spi-builder-workspace/LocalReceiptParsing/Helpers/LoggerType.swift:15:8: error: no such module 'os'
13 |
14 | import Foundation
15 | import os
| `- error: no such module 'os'
16 |
17 | // swiftlint:disable force_unwrapping
[69/473] Compiling RevenueCat AdRewardEvents.swift
/host/spi-builder-workspace/LocalReceiptParsing/Helpers/LoggerType.swift:15:8: error: no such module 'os'
13 |
14 | import Foundation
15 | import os
| `- error: no such module 'os'
16 |
17 | // swiftlint:disable force_unwrapping
[70/473] Compiling RevenueCat AdEventsRequest.swift
/host/spi-builder-workspace/LocalReceiptParsing/Helpers/LoggerType.swift:15:8: error: no such module 'os'
13 |
14 | import Foundation
15 | import os
| `- error: no such module 'os'
16 |
17 | // swiftlint:disable force_unwrapping
[71/473] Compiling ReceiptParser PurchasesReceiptParser+Extensions.swift
/host/spi-builder-workspace/LocalReceiptParsing/Helpers/LoggerType.swift:15:8: error: no such module 'os'
13 |
14 | import Foundation
15 | import os
| `- error: no such module 'os'
16 |
17 | // swiftlint:disable force_unwrapping
[72/473] Compiling ReceiptParser ReceiptParsingError.swift
/host/spi-builder-workspace/LocalReceiptParsing/Helpers/LoggerType.swift:15:8: error: no such module 'os'
13 |
14 | import Foundation
15 | import os
| `- error: no such module 'os'
16 |
17 | // swiftlint:disable force_unwrapping
[73/473] Compiling RevenueCat Poller.swift
/host/spi-builder-workspace/LocalReceiptParsing/Helpers/LoggerType.swift:15:8: error: no such module 'os'
13 |
14 | import Foundation
15 | import os
| `- error: no such module 'os'
16 |
17 | // swiftlint:disable force_unwrapping
[74/473] Compiling RevenueCat RewardVerification.swift
/host/spi-builder-workspace/LocalReceiptParsing/Helpers/LoggerType.swift:15:8: error: no such module 'os'
13 |
14 | import Foundation
15 | import os
| `- error: no such module 'os'
16 |
17 | // swiftlint:disable force_unwrapping
[75/473] Compiling RevenueCat RewardVerificationPollStatus.swift
/host/spi-builder-workspace/LocalReceiptParsing/Helpers/LoggerType.swift:15:8: error: no such module 'os'
13 |
14 | import Foundation
15 | import os
| `- error: no such module 'os'
16 |
17 | // swiftlint:disable force_unwrapping
[76/473] Compiling RevenueCat RewardVerificationStatusResponse.swift
/host/spi-builder-workspace/LocalReceiptParsing/Helpers/LoggerType.swift:15:8: error: no such module 'os'
13 |
14 | import Foundation
15 | import os
| `- error: no such module 'os'
16 |
17 | // swiftlint:disable force_unwrapping
[77/473] Compiling RevenueCat Outcome.swift
/host/spi-builder-workspace/LocalReceiptParsing/Helpers/LoggerType.swift:15:8: error: no such module 'os'
13 |
14 | import Foundation
15 | import os
| `- error: no such module 'os'
16 |
17 | // swiftlint:disable force_unwrapping
[78/473] Compiling RevenueCat EntitlementReward.swift
/host/spi-builder-workspace/LocalReceiptParsing/Helpers/LoggerType.swift:15:8: error: no such module 'os'
13 |
14 | import Foundation
15 | import os
| `- error: no such module 'os'
16 |
17 | // swiftlint:disable force_unwrapping
[79/473] Compiling RevenueCat GetRewardVerificationStatusOperation.swift
/host/spi-builder-workspace/LocalReceiptParsing/Helpers/LoggerType.swift:15:8: error: no such module 'os'
13 |
14 | import Foundation
15 | import os
| `- error: no such module 'os'
16 |
17 | // swiftlint:disable force_unwrapping
[80/473] Compiling RevenueCat RewardVerificationStatusCallback.swift
/host/spi-builder-workspace/LocalReceiptParsing/Helpers/LoggerType.swift:15:8: error: no such module 'os'
13 |
14 | import Foundation
15 | import os
| `- error: no such module 'os'
16 |
17 | // swiftlint:disable force_unwrapping
[81/473] Compiling RevenueCat SigningStrings.swift
/host/spi-builder-workspace/Sources/Caching/Checksum.swift:16:8: error: no such module 'CryptoKit'
14 | //
15 |
16 | import CryptoKit
| `- error: no such module 'CryptoKit'
17 | import Foundation
18 |
[82/473] Compiling RevenueCat StoreKitStrings.swift
/host/spi-builder-workspace/Sources/Caching/Checksum.swift:16:8: error: no such module 'CryptoKit'
14 | //
15 |
16 | import CryptoKit
| `- error: no such module 'CryptoKit'
17 | import Foundation
18 |
[83/473] Compiling RevenueCat Strings.swift
/host/spi-builder-workspace/Sources/Caching/Checksum.swift:16:8: error: no such module 'CryptoKit'
14 | //
15 |
16 | import CryptoKit
| `- error: no such module 'CryptoKit'
17 | import Foundation
18 |
[84/473] Compiling RevenueCat TransactionMetadataStrings.swift
/host/spi-builder-workspace/Sources/Caching/Checksum.swift:16:8: error: no such module 'CryptoKit'
14 | //
15 |
16 | import CryptoKit
| `- error: no such module 'CryptoKit'
17 | import Foundation
18 |
[85/473] Compiling RevenueCat VirtualCurrencyStrings.swift
/host/spi-builder-workspace/Sources/Caching/Checksum.swift:16:8: error: no such module 'CryptoKit'
14 | //
15 |
16 | import CryptoKit
| `- error: no such module 'CryptoKit'
17 | import Foundation
18 |
[86/473] Compiling RevenueCat WebRedemptionStrings.swift
/host/spi-builder-workspace/Sources/Caching/Checksum.swift:16:8: error: no such module 'CryptoKit'
14 | //
15 |
16 | import CryptoKit
| `- error: no such module 'CryptoKit'
17 | import Foundation
18 |
[87/473] Compiling RevenueCat Box.swift
/host/spi-builder-workspace/Sources/Caching/Checksum.swift:16:8: error: no such module 'CryptoKit'
14 | //
15 |
16 | import CryptoKit
| `- error: no such module 'CryptoKit'
17 | import Foundation
18 |
[88/473] Compiling RevenueCat AnyCodingKey.swift
/host/spi-builder-workspace/Sources/Caching/Checksum.swift:16:8: error: no such module 'CryptoKit'
14 | //
15 |
16 | import CryptoKit
| `- error: no such module 'CryptoKit'
17 | import Foundation
18 |
[89/473] Compiling RevenueCat AnyDecodable.swift
/host/spi-builder-workspace/Sources/Caching/Checksum.swift:16:8: error: no such module 'CryptoKit'
14 | //
15 |
16 | import CryptoKit
| `- error: no such module 'CryptoKit'
17 | import Foundation
18 |
[90/473] Compiling RevenueCat AnyEncodable.swift
/host/spi-builder-workspace/Sources/Caching/Checksum.swift:16:8: error: no such module 'CryptoKit'
14 | //
15 |
16 | import CryptoKit
| `- error: no such module 'CryptoKit'
17 | import Foundation
18 |
[91/473] Compiling RevenueCat DefaultDecodable.swift
/host/spi-builder-workspace/Sources/Caching/Checksum.swift:16:8: error: no such module 'CryptoKit'
14 | //
15 |
16 | import CryptoKit
| `- error: no such module 'CryptoKit'
17 | import Foundation
18 |
[92/473] Compiling RevenueCat EnsureNonEmptyCollectionDecodable.swift
/host/spi-builder-workspace/Sources/Caching/Checksum.swift:16:8: error: no such module 'CryptoKit'
14 | //
15 |
16 | import CryptoKit
| `- error: no such module 'CryptoKit'
17 | import Foundation
18 |
[93/473] Compiling RevenueCat IgnoreHashable.swift
/host/spi-builder-workspace/Sources/Caching/Checksum.swift:16:8: error: no such module 'CryptoKit'
14 | //
15 |
16 | import CryptoKit
| `- error: no such module 'CryptoKit'
17 | import Foundation
18 |
[94/473] Compiling RevenueCat NonEmptyStringDecodable.swift
/host/spi-builder-workspace/Sources/Caching/Checksum.swift:16:8: error: no such module 'CryptoKit'
14 | //
15 |
16 | import CryptoKit
| `- error: no such module 'CryptoKit'
17 | import Foundation
18 |
[95/473] Compiling RevenueCat RawDataContainer.swift
/host/spi-builder-workspace/Sources/Caching/Checksum.swift:16:8: error: no such module 'CryptoKit'
14 | //
15 |
16 | import CryptoKit
| `- error: no such module 'CryptoKit'
17 | import Foundation
18 |
[96/473] Compiling RevenueCat AsyncSleeper.swift
/host/spi-builder-workspace/Sources/Caching/Checksum.swift:16:8: error: no such module 'CryptoKit'
14 | //
15 |
16 | import CryptoKit
| `- error: no such module 'CryptoKit'
17 | import Foundation
18 |
[97/473] Compiling RevenueCat Atomic.swift
/host/spi-builder-workspace/Sources/Caching/Checksum.swift:16:8: error: no such module 'CryptoKit'
14 | //
15 |
16 | import CryptoKit
| `- error: no such module 'CryptoKit'
17 | import Foundation
18 |
[98/473] Compiling RevenueCat DeferredTask.swift
/host/spi-builder-workspace/Sources/Caching/Checksum.swift:16:8: error: no such module 'CryptoKit'
14 | //
15 |
16 | import CryptoKit
| `- error: no such module 'CryptoKit'
17 | import Foundation
18 |
[99/473] Compiling RevenueCat Lock.swift
/host/spi-builder-workspace/Sources/Caching/Checksum.swift:16:8: error: no such module 'CryptoKit'
14 | //
15 |
16 | import CryptoKit
| `- error: no such module 'CryptoKit'
17 | import Foundation
18 |
[100/473] Compiling RevenueCat OperationDispatcher.swift
/host/spi-builder-workspace/Sources/Caching/Checksum.swift:16:8: error: no such module 'CryptoKit'
14 | //
15 |
16 | import CryptoKit
| `- error: no such module 'CryptoKit'
17 | import Foundation
18 |
[101/473] Compiling RevenueCat Purchases+async.swift
/host/spi-builder-workspace/Sources/Caching/Checksum.swift:16:8: error: no such module 'CryptoKit'
14 | //
15 |
16 | import CryptoKit
| `- error: no such module 'CryptoKit'
17 | import Foundation
18 |
[102/473] Compiling RevenueCat Purchases+nonasync.swift
/host/spi-builder-workspace/Sources/Caching/Checksum.swift:16:8: error: no such module 'CryptoKit'
14 | //
15 |
16 | import CryptoKit
| `- error: no such module 'CryptoKit'
17 | import Foundation
18 |
[103/473] Compiling RevenueCat SynchronizedLargeItemCache.swift
/host/spi-builder-workspace/Sources/Caching/Checksum.swift:16:8: error: no such module 'CryptoKit'
14 | //
15 |
16 | import CryptoKit
| `- error: no such module 'CryptoKit'
17 | import Foundation
18 |
[104/473] Compiling RevenueCat SynchronizedUserDefaults.swift
/host/spi-builder-workspace/Sources/Caching/Checksum.swift:16:8: error: no such module 'CryptoKit'
14 | //
15 |
16 | import CryptoKit
| `- error: no such module 'CryptoKit'
17 | import Foundation
18 |
[105/473] Compiling RevenueCat StoredAdEvent.swift
/host/spi-builder-workspace/LocalReceiptParsing/Helpers/LoggerType.swift:15:8: error: no such module 'os'
13 |
14 | import Foundation
15 | import os
| `- error: no such module 'os'
16 |
17 | // swiftlint:disable force_unwrapping
[106/473] Compiling RevenueCat StoredAdEventSerializer.swift
/host/spi-builder-workspace/LocalReceiptParsing/Helpers/LoggerType.swift:15:8: error: no such module 'os'
13 |
14 | import Foundation
15 | import os
| `- error: no such module 'os'
16 |
17 | // swiftlint:disable force_unwrapping
[107/473] Compiling RevenueCat AdReward.swift
/host/spi-builder-workspace/LocalReceiptParsing/Helpers/LoggerType.swift:15:8: error: no such module 'os'
13 |
14 | import Foundation
15 | import os
| `- error: no such module 'os'
16 |
17 | // swiftlint:disable force_unwrapping
[108/497] Compiling RevenueCat UInt8+Extensions.swift
/host/spi-builder-workspace/Sources/Caching/Checksum.swift:16:8: error: no such module 'CryptoKit'
14 | //
15 |
16 | import CryptoKit
| `- error: no such module 'CryptoKit'
17 | import Foundation
18 |
[109/497] Compiling RevenueCat FileReader.swift
/host/spi-builder-workspace/Sources/Caching/Checksum.swift:16:8: error: no such module 'CryptoKit'
14 | //
15 |
16 | import CryptoKit
| `- error: no such module 'CryptoKit'
17 | import Foundation
18 |
[110/497] Compiling RevenueCat LoggerType.swift
/host/spi-builder-workspace/Sources/Caching/Checksum.swift:16:8: error: no such module 'CryptoKit'
14 | //
15 |
16 | import CryptoKit
| `- error: no such module 'CryptoKit'
17 | import Foundation
18 |
[111/497] Compiling RevenueCat ProcessInfo+Extensions.swift
/host/spi-builder-workspace/Sources/Caching/Checksum.swift:16:8: error: no such module 'CryptoKit'
14 | //
15 |
16 | import CryptoKit
| `- error: no such module 'CryptoKit'
17 | import Foundation
18 |
[112/497] Compiling RevenueCat ReceiptParserLogger.swift
/host/spi-builder-workspace/Sources/Caching/Checksum.swift:16:8: error: no such module 'CryptoKit'
14 | //
15 |
16 | import CryptoKit
| `- error: no such module 'CryptoKit'
17 | import Foundation
18 |
[113/497] Compiling RevenueCat ReceiptStrings.swift
/host/spi-builder-workspace/Sources/Caching/Checksum.swift:16:8: error: no such module 'CryptoKit'
14 | //
15 |
16 | import CryptoKit
| `- error: no such module 'CryptoKit'
17 | import Foundation
18 |
[114/497] Compiling RevenueCat LocalReceiptFetcher.swift
/host/spi-builder-workspace/Sources/Caching/Checksum.swift:16:8: error: no such module 'CryptoKit'
14 | //
15 |
16 | import CryptoKit
| `- error: no such module 'CryptoKit'
17 | import Foundation
18 |
[115/497] Compiling RevenueCat PurchasesReceiptParser.swift
/host/spi-builder-workspace/Sources/Caching/Checksum.swift:16:8: error: no such module 'CryptoKit'
14 | //
15 |
16 | import CryptoKit
| `- error: no such module 'CryptoKit'
17 | import Foundation
18 |
[116/497] Compiling RevenueCat ReceiptParsingError.swift
/host/spi-builder-workspace/Sources/Caching/Checksum.swift:16:8: error: no such module 'CryptoKit'
14 | //
15 |
16 | import CryptoKit
| `- error: no such module 'CryptoKit'
17 | import Foundation
18 |
[117/497] Compiling RevenueCat AnyDecodable+DimensionValue.swift
/host/spi-builder-workspace/Sources/Caching/Checksum.swift:16:8: error: no such module 'CryptoKit'
14 | //
15 |
16 | import CryptoKit
| `- error: no such module 'CryptoKit'
17 | import Foundation
18 |
[118/497] Compiling RevenueCat CustomerInfoDimensionProvider.swift
/host/spi-builder-workspace/Sources/Caching/Checksum.swift:16:8: error: no such module 'CryptoKit'
14 | //
15 |
16 | import CryptoKit
| `- error: no such module 'CryptoKit'
17 | import Foundation
18 |
[119/497] Compiling RevenueCat DeviceDimensionProvider.swift
/host/spi-builder-workspace/Sources/Caching/Checksum.swift:16:8: error: no such module 'CryptoKit'
14 | //
15 |
16 | import CryptoKit
| `- error: no such module 'CryptoKit'
17 | import Foundation
18 |
[120/497] Compiling RevenueCat Dictionary+DimensionValue.swift
/host/spi-builder-workspace/Sources/Caching/Checksum.swift:16:8: error: no such module 'CryptoKit'
14 | //
15 |
16 | import CryptoKit
| `- error: no such module 'CryptoKit'
17 | import Foundation
18 |
[121/497] Compiling RevenueCat DimensionProvider.swift
/host/spi-builder-workspace/Sources/Caching/Checksum.swift:16:8: error: no such module 'CryptoKit'
14 | //
15 |
16 | import CryptoKit
| `- error: no such module 'CryptoKit'
17 | import Foundation
18 |
[122/497] Compiling RevenueCat DimensionResolver.swift
/host/spi-builder-workspace/Sources/Caching/Checksum.swift:16:8: error: no such module 'CryptoKit'
14 | //
15 |
16 | import CryptoKit
| `- error: no such module 'CryptoKit'
17 | import Foundation
18 |
[123/497] Compiling RevenueCat LocalRulesEvaluator.swift
/host/spi-builder-workspace/Sources/Caching/Checksum.swift:16:8: error: no such module 'CryptoKit'
14 | //
15 |
16 | import CryptoKit
| `- error: no such module 'CryptoKit'
17 | import Foundation
18 |
[124/497] Compiling RevenueCat RulesEngineLoggerBridge.swift
/host/spi-builder-workspace/Sources/Caching/Checksum.swift:16:8: error: no such module 'CryptoKit'
14 | //
15 |
16 | import CryptoKit
| `- error: no such module 'CryptoKit'
17 | import Foundation
18 |
[125/497] Compiling RevenueCat StoreDimensionProvider.swift
/host/spi-builder-workspace/Sources/Caching/Checksum.swift:16:8: error: no such module 'CryptoKit'
14 | //
15 |
16 | import CryptoKit
| `- error: no such module 'CryptoKit'
17 | import Foundation
18 |
[126/497] Compiling RevenueCat SubscriberAttributesDimensionProvider.swift
/host/spi-builder-workspace/Sources/Caching/Checksum.swift:16:8: error: no such module 'CryptoKit'
14 | //
15 |
16 | import CryptoKit
| `- error: no such module 'CryptoKit'
17 | import Foundation
18 |
[127/497] Compiling RevenueCat SubscriberDimensionsProvider.swift
/host/spi-builder-workspace/Sources/Caching/Checksum.swift:16:8: error: no such module 'CryptoKit'
14 | //
15 |
16 | import CryptoKit
| `- error: no such module 'CryptoKit'
17 | import Foundation
18 |
[128/497] Compiling RevenueCat LogIntent.swift
/host/spi-builder-workspace/Sources/Caching/Checksum.swift:16:8: error: no such module 'CryptoKit'
14 | //
15 |
16 | import CryptoKit
| `- error: no such module 'CryptoKit'
17 | import Foundation
18 |
[129/497] Compiling RevenueCat Logger.swift
/host/spi-builder-workspace/Sources/Caching/Checksum.swift:16:8: error: no such module 'CryptoKit'
14 | //
15 |
16 | import CryptoKit
| `- error: no such module 'CryptoKit'
17 | import Foundation
18 |
[130/497] Compiling RevenueCat AdsStrings.swift
/host/spi-builder-workspace/Sources/Caching/Checksum.swift:16:8: error: no such module 'CryptoKit'
14 | //
15 |
16 | import CryptoKit
| `- error: no such module 'CryptoKit'
17 | import Foundation
18 |
[131/497] Compiling RevenueCat AnalyticsStrings.swift
/host/spi-builder-workspace/Sources/Caching/Checksum.swift:16:8: error: no such module 'CryptoKit'
14 | //
15 |
16 | import CryptoKit
| `- error: no such module 'CryptoKit'
17 | import Foundation
18 |
[132/497] Compiling RevenueCat EventsRequest+CustomerCenter.swift
/host/spi-builder-workspace/Sources/Caching/Checksum.swift:16:8: error: no such module 'CryptoKit'
14 | //
15 |
16 | import CryptoKit
| `- error: no such module 'CryptoKit'
17 | import Foundation
18 |
[133/497] Compiling RevenueCat DeepLinkParser.swift
/host/spi-builder-workspace/Sources/Caching/Checksum.swift:16:8: error: no such module 'CryptoKit'
14 | //
15 |
16 | import CryptoKit
| `- error: no such module 'CryptoKit'
17 | import Foundation
18 |
[134/497] Compiling RevenueCat DiagnosticsEvent.swift
/host/spi-builder-workspace/Sources/Caching/Checksum.swift:16:8: error: no such module 'CryptoKit'
14 | //
15 |
16 | import CryptoKit
| `- error: no such module 'CryptoKit'
17 | import Foundation
18 |
[135/497] Compiling RevenueCat DiagnosticsFileHandler.swift
/host/spi-builder-workspace/Sources/Caching/Checksum.swift:16:8: error: no such module 'CryptoKit'
14 | //
15 |
16 | import CryptoKit
| `- error: no such module 'CryptoKit'
17 | import Foundation
18 |
[136/497] Compiling RevenueCat DiagnosticsTracker.swift
/host/spi-builder-workspace/Sources/Caching/Checksum.swift:16:8: error: no such module 'CryptoKit'
14 | //
15 |
16 | import CryptoKit
| `- error: no such module 'CryptoKit'
17 | import Foundation
18 |
[137/497] Compiling RevenueCat FileHandler.swift
/host/spi-builder-workspace/Sources/Caching/Checksum.swift:16:8: error: no such module 'CryptoKit'
14 | //
15 |
16 | import CryptoKit
| `- error: no such module 'CryptoKit'
17 | import Foundation
18 |
[138/497] Compiling RevenueCat DiagnosticsEventsRequest.swift
/host/spi-builder-workspace/Sources/Caching/Checksum.swift:16:8: error: no such module 'CryptoKit'
14 | //
15 |
16 | import CryptoKit
| `- error: no such module 'CryptoKit'
17 | import Foundation
18 |
[139/497] Compiling RevenueCat DiagnosticsHTTPRequestPath.swift
/host/spi-builder-workspace/Sources/Caching/Checksum.swift:16:8: error: no such module 'CryptoKit'
14 | //
15 |
16 | import CryptoKit
| `- error: no such module 'CryptoKit'
17 | import Foundation
18 |
[140/497] Compiling RevenueCat DiagnosticsPostOperation.swift
/host/spi-builder-workspace/Sources/Caching/Checksum.swift:16:8: error: no such module 'CryptoKit'
14 | //
15 |
16 | import CryptoKit
| `- error: no such module 'CryptoKit'
17 | import Foundation
18 |
[141/497] Compiling RevenueCat DiagnosticsSynchronizer.swift
/host/spi-builder-workspace/Sources/Caching/Checksum.swift:16:8: error: no such module 'CryptoKit'
14 | //
15 |
16 | import CryptoKit
| `- error: no such module 'CryptoKit'
17 | import Foundation
18 |
[142/497] Compiling RevenueCat EmptyFile.swift
/host/spi-builder-workspace/Sources/Caching/Checksum.swift:16:8: error: no such module 'CryptoKit'
14 | //
15 |
16 | import CryptoKit
| `- error: no such module 'CryptoKit'
17 | import Foundation
18 |
[143/497] Compiling RevenueCat Assertions.swift
/host/spi-builder-workspace/Sources/Caching/Checksum.swift:16:8: error: no such module 'CryptoKit'
14 | //
15 |
16 | import CryptoKit
| `- error: no such module 'CryptoKit'
17 | import Foundation
18 |
[144/497] Compiling RevenueCat BackendError.swift
/host/spi-builder-workspace/Sources/Caching/Checksum.swift:16:8: error: no such module 'CryptoKit'
14 | //
15 |
16 | import CryptoKit
| `- error: no such module 'CryptoKit'
17 | import Foundation
18 |
[145/497] Compiling RevenueCat BackendErrorCode.swift
/host/spi-builder-workspace/Sources/Caching/Checksum.swift:16:8: error: no such module 'CryptoKit'
14 | //
15 |
16 | import CryptoKit
| `- error: no such module 'CryptoKit'
17 | import Foundation
18 |
[146/497] Compiling RevenueCat DescribableError.swift
/host/spi-builder-workspace/Sources/Caching/Checksum.swift:16:8: error: no such module 'CryptoKit'
14 | //
15 |
16 | import CryptoKit
| `- error: no such module 'CryptoKit'
17 | import Foundation
18 |
[147/497] Compiling RevenueCat ErrorCode+Conformances.swift
/host/spi-builder-workspace/Sources/Caching/Checksum.swift:16:8: error: no such module 'CryptoKit'
14 | //
15 |
16 | import CryptoKit
| `- error: no such module 'CryptoKit'
17 | import Foundation
18 |
[148/497] Compiling RevenueCat ErrorDetails.swift
/host/spi-builder-workspace/Sources/Caching/Checksum.swift:16:8: error: no such module 'CryptoKit'
14 | //
15 |
16 | import CryptoKit
| `- error: no such module 'CryptoKit'
17 | import Foundation
18 |
[149/497] Compiling RevenueCat ErrorUtils.swift
/host/spi-builder-workspace/Sources/Caching/Checksum.swift:16:8: error: no such module 'CryptoKit'
14 | //
15 |
16 | import CryptoKit
| `- error: no such module 'CryptoKit'
17 | import Foundation
18 |
[150/497] Compiling RevenueCat PurchasesError.swift
/host/spi-builder-workspace/Sources/Caching/Checksum.swift:16:8: error: no such module 'CryptoKit'
14 | //
15 |
16 | import CryptoKit
| `- error: no such module 'CryptoKit'
17 | import Foundation
18 |
[151/497] Compiling RevenueCat SKError+Extensions.swift
/host/spi-builder-workspace/Sources/Caching/Checksum.swift:16:8: error: no such module 'CryptoKit'
14 | //
15 |
16 | import CryptoKit
| `- error: no such module 'CryptoKit'
17 | import Foundation
18 |
[152/497] Compiling RevenueCat StoreKitError+Extensions.swift
/host/spi-builder-workspace/Sources/Caching/Checksum.swift:16:8: error: no such module 'CryptoKit'
14 | //
15 |
16 | import CryptoKit
| `- error: no such module 'CryptoKit'
17 | import Foundation
18 |
[153/497] Compiling RevenueCat StoreKitErrorHelper.swift
/host/spi-builder-workspace/Sources/Caching/Checksum.swift:16:8: error: no such module 'CryptoKit'
14 | //
15 |
16 | import CryptoKit
| `- error: no such module 'CryptoKit'
17 | import Foundation
18 |
[154/497] Compiling RevenueCat EventsManager.swift
/host/spi-builder-workspace/Sources/Caching/Checksum.swift:16:8: error: no such module 'CryptoKit'
14 | //
15 |
16 | import CryptoKit
| `- error: no such module 'CryptoKit'
17 | import Foundation
18 |
[155/497] Compiling RevenueCat FeatureEvent.swift
/host/spi-builder-workspace/Sources/Caching/Checksum.swift:16:8: error: no such module 'CryptoKit'
14 | //
15 |
16 | import CryptoKit
| `- error: no such module 'CryptoKit'
17 | import Foundation
18 |
[156/497] Compiling RevenueCat FeatureEventStore.swift
/host/spi-builder-workspace/Sources/Caching/Checksum.swift:16:8: error: no such module 'CryptoKit'
14 | //
15 |
16 | import CryptoKit
| `- error: no such module 'CryptoKit'
17 | import Foundation
18 |
error: cancelled
[157/497] Compiling RevenueCat DateFormatter+Extensions.swift
/host/spi-builder-workspace/CustomEntitlementComputation/Caching/Checksum.swift:16:8: error: no such module 'CryptoKit'
14 | //
15 |
16 | import CryptoKit
| `- error: no such module 'CryptoKit'
17 | import Foundation
18 |
[158/497] Compiling RevenueCat AttributionStrings.swift
/host/spi-builder-workspace/CustomEntitlementComputation/Caching/Checksum.swift:16:8: error: no such module 'CryptoKit'
14 | //
15 |
16 | import CryptoKit
| `- error: no such module 'CryptoKit'
17 | import Foundation
18 |
[159/497] Compiling RevenueCat AuthenticationStrings.swift
/host/spi-builder-workspace/CustomEntitlementComputation/Caching/Checksum.swift:16:8: error: no such module 'CryptoKit'
14 | //
15 |
16 | import CryptoKit
| `- error: no such module 'CryptoKit'
17 | import Foundation
18 |
[160/497] Compiling RevenueCat BackendErrorStrings.swift
/host/spi-builder-workspace/CustomEntitlementComputation/Caching/Checksum.swift:16:8: error: no such module 'CryptoKit'
14 | //
15 |
16 | import CryptoKit
| `- error: no such module 'CryptoKit'
17 | import Foundation
18 |
[161/497] Compiling RevenueCat CacheStrings.swift
/host/spi-builder-workspace/CustomEntitlementComputation/Caching/Checksum.swift:16:8: error: no such module 'CryptoKit'
14 | //
15 |
16 | import CryptoKit
| `- error: no such module 'CryptoKit'
17 | import Foundation
18 |
[162/497] Compiling RevenueCat CheckpointsStrings.swift
/host/spi-builder-workspace/CustomEntitlementComputation/Caching/Checksum.swift:16:8: error: no such module 'CryptoKit'
14 | //
15 |
16 | import CryptoKit
| `- error: no such module 'CryptoKit'
17 | import Foundation
18 |
[163/497] Compiling RevenueCat CodableStrings.swift
/host/spi-builder-workspace/CustomEntitlementComputation/Caching/Checksum.swift:16:8: error: no such module 'CryptoKit'
14 | //
15 |
16 | import CryptoKit
| `- error: no such module 'CryptoKit'
17 | import Foundation
18 |
[164/497] Compiling RevenueCat ConfigureStrings.swift
/host/spi-builder-workspace/CustomEntitlementComputation/Caching/Checksum.swift:16:8: error: no such module 'CryptoKit'
14 | //
15 |
16 | import CryptoKit
| `- error: no such module 'CryptoKit'
17 | import Foundation
18 |
[165/497] Compiling RevenueCat CustomerInfoStrings.swift
/host/spi-builder-workspace/CustomEntitlementComputation/Caching/Checksum.swift:16:8: error: no such module 'CryptoKit'
14 | //
15 |
16 | import CryptoKit
| `- error: no such module 'CryptoKit'
17 | import Foundation
18 |
[166/497] Compiling RevenueCat DiagnosticsStrings.swift
/host/spi-builder-workspace/CustomEntitlementComputation/Caching/Checksum.swift:16:8: error: no such module 'CryptoKit'
14 | //
15 |
16 | import CryptoKit
| `- error: no such module 'CryptoKit'
17 | import Foundation
18 |
[167/497] Compiling RevenueCat ETagStrings.swift
/host/spi-builder-workspace/CustomEntitlementComputation/Caching/Checksum.swift:16:8: error: no such module 'CryptoKit'
14 | //
15 |
16 | import CryptoKit
| `- error: no such module 'CryptoKit'
17 | import Foundation
18 |
[168/497] Compiling RevenueCat EligibilityStrings.swift
/host/spi-builder-workspace/CustomEntitlementComputation/Caching/Checksum.swift:16:8: error: no such module 'CryptoKit'
14 | //
15 |
16 | import CryptoKit
| `- error: no such module 'CryptoKit'
17 | import Foundation
18 |
[169/497] Compiling RevenueCat EventsManagerStrings.swift
/host/spi-builder-workspace/CustomEntitlementComputation/Caching/Checksum.swift:16:8: error: no such module 'CryptoKit'
14 | //
15 |
16 | import CryptoKit
| `- error: no such module 'CryptoKit'
17 | import Foundation
18 |
[170/497] Compiling RevenueCat ExternalPurchaseStrings.swift
/host/spi-builder-workspace/CustomEntitlementComputation/Caching/Checksum.swift:16:8: error: no such module 'CryptoKit'
14 | //
15 |
16 | import CryptoKit
| `- error: no such module 'CryptoKit'
17 | import Foundation
18 |
[171/497] Compiling RevenueCat FileRepositoryStrings.swift
/host/spi-builder-workspace/CustomEntitlementComputation/Caching/Checksum.swift:16:8: error: no such module 'CryptoKit'
14 | //
15 |
16 | import CryptoKit
| `- error: no such module 'CryptoKit'
17 | import Foundation
18 |
[172/497] Compiling RevenueCat HostedCheckoutStrings.swift
/host/spi-builder-workspace/CustomEntitlementComputation/Caching/Checksum.swift:16:8: error: no such module 'CryptoKit'
14 | //
15 |
16 | import CryptoKit
| `- error: no such module 'CryptoKit'
17 | import Foundation
18 |
[173/497] Compiling RevenueCat IdentityStrings.swift
/host/spi-builder-workspace/CustomEntitlementComputation/Caching/Checksum.swift:16:8: error: no such module 'CryptoKit'
14 | //
15 |
16 | import CryptoKit
| `- error: no such module 'CryptoKit'
17 | import Foundation
18 |
[174/497] Compiling RevenueCat LocalRulesStrings.swift
/host/spi-builder-workspace/CustomEntitlementComputation/Caching/Checksum.swift:16:8: error: no such module 'CryptoKit'
14 | //
15 |
16 | import CryptoKit
| `- error: no such module 'CryptoKit'
17 | import Foundation
18 |
[175/497] Compiling RevenueCat ManageSubscriptionsStrings.swift
/host/spi-builder-workspace/CustomEntitlementComputation/Caching/Checksum.swift:16:8: error: no such module 'CryptoKit'
14 | //
15 |
16 | import CryptoKit
| `- error: no such module 'CryptoKit'
17 | import Foundation
18 |
[176/497] Compiling RevenueCat NetworkStrings.swift
/host/spi-builder-workspace/CustomEntitlementComputation/Caching/Checksum.swift:16:8: error: no such module 'CryptoKit'
14 | //
15 |
16 | import CryptoKit
| `- error: no such module 'CryptoKit'
17 | import Foundation
18 |
[177/497] Compiling RevenueCat OfferingStrings.swift
/host/spi-builder-workspace/CustomEntitlementComputation/Caching/Checksum.swift:16:8: error: no such module 'CryptoKit'
14 | //
15 |
16 | import CryptoKit
| `- error: no such module 'CryptoKit'
17 | import Foundation
18 |
[178/497] Compiling RevenueCat OfflineEntitlementsStrings.swift
/host/spi-builder-workspace/CustomEntitlementComputation/Caching/Checksum.swift:16:8: error: no such module 'CryptoKit'
14 | //
15 |
16 | import CryptoKit
| `- error: no such module 'CryptoKit'
17 | import Foundation
18 |
[179/497] Compiling RevenueCat PaywallsStrings.swift
/host/spi-builder-workspace/CustomEntitlementComputation/Caching/Checksum.swift:16:8: error: no such module 'CryptoKit'
14 | //
15 |
16 | import CryptoKit
| `- error: no such module 'CryptoKit'
17 | import Foundation
18 |
[180/497] Compiling RevenueCat PurchaseStrings.swift
/host/spi-builder-workspace/CustomEntitlementComputation/Caching/Checksum.swift:16:8: error: no such module 'CryptoKit'
14 | //
15 |
16 | import CryptoKit
| `- error: no such module 'CryptoKit'
17 | import Foundation
18 |
BUILD FAILURE 6.3 linux