The Swift Package Index logo.Swift Package Index

Build Information

Failed to build NavigatorUI, reference 2.1.4 (2bf342), with Swift 6.4 for macOS (Xcode) using Xcode 27.0 on 27 Sep 2026 13:13:31 UTC.

Build Command

env DEVELOPER_DIR=/Applications/Xcode-27.0.0-Release.Candidate.app xcrun xcodebuild -IDEClonedSourcePackagesDirPathOverride=$PWD/.dependencies -skipMacroValidation -skipPackagePluginValidation -derivedDataPath $PWD/.derivedData build -scheme Navigator -destination platform=macOS,arch=arm64

Build Log

========================================
RunAll
========================================
Builder version: 5.1.0
Interrupt handler set up.
========================================
Checkout
========================================
Clone URL: https://github.com/hmlongco/Navigator.git
Reference: 2.1.4
Initialized empty Git repository in /Users/admin/builder/spi-builder-workspace/.git/
From https://github.com/hmlongco/Navigator
 * tag               2.1.4      -> FETCH_HEAD
HEAD is now at 2bf342c Update route examples
Cloned https://github.com/hmlongco/Navigator.git
Revision (git rev-parse @):
2bf342cf1d1056af76ad4bfcfebf5639d481c326
SPI manifest file found: $PWD/.spi.yml
SUCCESS checkout https://github.com/hmlongco/Navigator.git at 2.1.4
========================================
Build
========================================
Selected platform:         macosXcodebuild
Swift version:             6.4
Building package at path:  $PWD
https://github.com/hmlongco/Navigator.git
Command line invocation:
    /Applications/Xcode-27.0.0-Release.Candidate.app/Contents/Developer/usr/bin/xcodebuild -IDEClonedSourcePackagesDirPathOverride=/Users/admin/builder/spi-builder-workspace/.dependencies -resolvePackageDependencies
Resolve Package Graph
Fetching from https://github.com/apple/swift-docc-plugin
Fetching from https://github.com/swiftlang/swift-docc-symbolkit
Creating working copy of package ‘swift-docc-symbolkit’
Checking out 1.0.0 of package ‘swift-docc-symbolkit’
Creating working copy of package ‘swift-docc-plugin’
Checking out 1.5.0 of package ‘swift-docc-plugin’
Resolve Package Graph
Resolved source packages:
  SymbolKit: https://github.com/swiftlang/swift-docc-symbolkit @ 1.0.0
  SwiftDocCPlugin: https://github.com/apple/swift-docc-plugin @ 1.5.0
  NavigatorUI: /Users/admin/builder/spi-builder-workspace
resolved source packages: SymbolKit, SwiftDocCPlugin, NavigatorUI
2026-09-27 09:12:51.277 xcodebuild[529:3063] [MT] IDERunDestination: Supported platforms for the buildables in the current scheme is empty.
Running build ...
env DEVELOPER_DIR=/Applications/Xcode-27.0.0-Release.Candidate.app xcrun xcodebuild -IDEClonedSourcePackagesDirPathOverride=$PWD/.dependencies -skipMacroValidation -skipPackagePluginValidation -derivedDataPath $PWD/.derivedData build -scheme Navigator -destination platform=macOS,arch=arm64
Command line invocation:
    /Applications/Xcode-27.0.0-Release.Candidate.app/Contents/Developer/usr/bin/xcodebuild -IDEClonedSourcePackagesDirPathOverride=/Users/admin/builder/spi-builder-workspace/.dependencies -skipMacroValidation -skipPackagePluginValidation -derivedDataPath /Users/admin/builder/spi-builder-workspace/.derivedData build -scheme Navigator -destination platform=macOS,arch=arm64
Resolve Package Graph
Resolve Package Graph
Resolved source packages:
  SwiftDocCPlugin: https://github.com/apple/swift-docc-plugin @ 1.5.0
  NavigatorUI: /Users/admin/builder/spi-builder-workspace
  SymbolKit: https://github.com/swiftlang/swift-docc-symbolkit @ 1.0.0
2026-09-27 09:13:07.458 xcodebuild[774:4682] [MT] IDERunDestination: Supported platforms for the buildables in the current scheme is empty.
2026-09-27 09:13:13.806 xcodebuild[774:4682] Writing error result bundle to /var/folders/xq/y_g06wb113726d38xsyx71_h0000gn/T/ResultBundle_2026-27-09_09-13-0013.xcresult
xcodebuild: error: The workspace named "NavigatorUI" does not contain a scheme named "Navigator". The "-list" option can be used to find the names of the schemes in the workspace.
Command line invocation:
    /Applications/Xcode-27.0.0-Release.Candidate.app/Contents/Developer/usr/bin/xcodebuild -IDEClonedSourcePackagesDirPathOverride=/Users/admin/builder/spi-builder-workspace/.dependencies -resolvePackageDependencies
Resolve Package Graph
Resolved source packages:
  SwiftDocCPlugin: https://github.com/apple/swift-docc-plugin @ 1.5.0
  SymbolKit: https://github.com/swiftlang/swift-docc-symbolkit @ 1.0.0
  NavigatorUI: /Users/admin/builder/spi-builder-workspace
resolved source packages: SwiftDocCPlugin, SymbolKit, NavigatorUI
2026-09-27 09:13:22.681 xcodebuild[938:5787] [MT] IDERunDestination: Supported platforms for the buildables in the current scheme is empty.
Running build ...
env DEVELOPER_DIR=/Applications/Xcode-27.0.0-Release.Candidate.app xcrun xcodebuild -IDEClonedSourcePackagesDirPathOverride=$PWD/.dependencies -skipMacroValidation -skipPackagePluginValidation -derivedDataPath $PWD/.derivedData build -scheme Navigator -destination platform=macOS,arch=arm64
Command line invocation:
    /Applications/Xcode-27.0.0-Release.Candidate.app/Contents/Developer/usr/bin/xcodebuild -IDEClonedSourcePackagesDirPathOverride=/Users/admin/builder/spi-builder-workspace/.dependencies -skipMacroValidation -skipPackagePluginValidation -derivedDataPath /Users/admin/builder/spi-builder-workspace/.derivedData build -scheme Navigator -destination platform=macOS,arch=arm64
Resolve Package Graph
Resolved source packages:
  NavigatorUI: /Users/admin/builder/spi-builder-workspace
  SymbolKit: https://github.com/swiftlang/swift-docc-symbolkit @ 1.0.0
  SwiftDocCPlugin: https://github.com/apple/swift-docc-plugin @ 1.5.0
2026-09-27 09:13:31.079 xcodebuild[991:6171] [MT] IDERunDestination: Supported platforms for the buildables in the current scheme is empty.
2026-09-27 09:13:31.133 xcodebuild[991:6171] Writing error result bundle to /var/folders/xq/y_g06wb113726d38xsyx71_h0000gn/T/ResultBundle_2026-27-09_09-13-0031.xcresult
xcodebuild: error: The workspace named "NavigatorUI" does not contain a scheme named "Navigator". The "-list" option can be used to find the names of the schemes in the workspace.
BUILD FAILURE 6.4 macosXcodebuild