Build Information
Failed to build MailCore, reference master (437167), with Swift 6.4 for watchOS using Xcode 27.0 on 18 Sep 2026 02:20:23 UTC.
Build Command
env DEVELOPER_DIR=/Applications/Xcode-27.0.0-Release.Candidate.app xcrun xcodebuild -IDEClonedSourcePackagesDirPathOverride=$PWD/.dependencies -skipMacroValidation -skipPackagePluginValidation -derivedDataPath $PWD/.derivedData build -scheme MailCore-Package -destination generic/platform=watchOSBuild Log
WriteAuxiliaryFile /Users/admin/builder/spi-builder-workspace/.derivedData/Build/Intermediates.noindex/swift-nio.build/Debug-watchos/CNIODarwin-t.build/Objects-normal/arm64/CNIODarwin.LinkFileList (in target 'CNIODarwin' from project 'swift-nio')
cd /Users/admin/builder/spi-builder-workspace/.dependencies/checkouts/swift-nio
write-file /Users/admin/builder/spi-builder-workspace/.derivedData/Build/Intermediates.noindex/swift-nio.build/Debug-watchos/CNIODarwin-t.build/Objects-normal/arm64/CNIODarwin.LinkFileList
WriteAuxiliaryFile /Users/admin/builder/spi-builder-workspace/.derivedData/Build/Intermediates.noindex/swift-nio.build/Debug-watchos/CNIODarwin-t.build/Objects-normal/arm64_32/CNIODarwin.LinkFileList (in target 'CNIODarwin' from project 'swift-nio')
cd /Users/admin/builder/spi-builder-workspace/.dependencies/checkouts/swift-nio
write-file /Users/admin/builder/spi-builder-workspace/.derivedData/Build/Intermediates.noindex/swift-nio.build/Debug-watchos/CNIODarwin-t.build/Objects-normal/arm64_32/CNIODarwin.LinkFileList
WriteAuxiliaryFile /Users/admin/builder/spi-builder-workspace/.derivedData/Build/Intermediates.noindex/swift-nio.build/Debug-watchos/CNIODarwin-t.build/Objects-normal/arm64/7187679823f38a2a940e0043cdf9d637-common-args.resp (in target 'CNIODarwin' from project 'swift-nio')
cd /Users/admin/builder/spi-builder-workspace/.dependencies/checkouts/swift-nio
write-file /Users/admin/builder/spi-builder-workspace/.derivedData/Build/Intermediates.noindex/swift-nio.build/Debug-watchos/CNIODarwin-t.build/Objects-normal/arm64/7187679823f38a2a940e0043cdf9d637-common-args.resp
-fmodules -gmodules '-fmodules-cache-path=/Users/admin/builder/spi-builder-workspace/.derivedData/ModuleCache.noindex' '-fmodule-name=CNIODarwin' -fpascal-strings -O0 -DSWIFT_PACKAGE '-DDEBUG=1' -g -fprofile-instr-generate -fcoverage-mapping -I/Users/admin/builder/spi-builder-workspace/.derivedData/Build/Products/Debug-watchos/include -I/Users/admin/builder/spi-builder-workspace/.dependencies/checkouts/swift-nio/Sources/CNIODarwin/include -I/Users/admin/builder/spi-builder-workspace/.derivedData/Build/Intermediates.noindex/swift-nio.build/Debug-watchos/CNIODarwin-t.build/DerivedSources-normal/arm64 -I/Users/admin/builder/spi-builder-workspace/.derivedData/Build/Intermediates.noindex/swift-nio.build/Debug-watchos/CNIODarwin-t.build/DerivedSources/arm64 -I/Users/admin/builder/spi-builder-workspace/.derivedData/Build/Intermediates.noindex/swift-nio.build/Debug-watchos/CNIODarwin-t.build/DerivedSources -F/Users/admin/builder/spi-builder-workspace/.derivedData/Build/Products/Debug-watchos -iframework /Applications/Xcode-27.0.0-Release.Candidate.app/Contents/Developer/Platforms/WatchOS.platform/Developer/Library/Frameworks -iframework /Applications/Xcode-27.0.0-Release.Candidate.app/Contents/Developer/Platforms/WatchOS.platform/Developer/SDKs/WatchOS27.0.sdk/Developer/Library/Frameworks '-fmodule-map-file=/Users/admin/builder/spi-builder-workspace/.dependencies/checkouts/swift-nio-zlib-support/module.modulemap' -DXcode
WriteAuxiliaryFile /Users/admin/builder/spi-builder-workspace/.derivedData/Build/Intermediates.noindex/swift-nio.build/Debug-watchos/CNIODarwin-t.build/CNIODarwin.DependencyStaticMetadataFileList (in target 'CNIODarwin' from project 'swift-nio')
cd /Users/admin/builder/spi-builder-workspace/.dependencies/checkouts/swift-nio
write-file /Users/admin/builder/spi-builder-workspace/.derivedData/Build/Intermediates.noindex/swift-nio.build/Debug-watchos/CNIODarwin-t.build/CNIODarwin.DependencyStaticMetadataFileList
WriteAuxiliaryFile /Users/admin/builder/spi-builder-workspace/.derivedData/Build/Intermediates.noindex/swift-nio.build/Debug-watchos/CNIODarwin-t.build/CNIODarwin.DependencyMetadataFileList (in target 'CNIODarwin' from project 'swift-nio')
cd /Users/admin/builder/spi-builder-workspace/.dependencies/checkouts/swift-nio
write-file /Users/admin/builder/spi-builder-workspace/.derivedData/Build/Intermediates.noindex/swift-nio.build/Debug-watchos/CNIODarwin-t.build/CNIODarwin.DependencyMetadataFileList
WriteAuxiliaryFile /Users/admin/builder/spi-builder-workspace/.derivedData/Build/Intermediates.noindex/swift-nio.build/Debug-watchos/CNIOAtomics-t.build/Objects-normal/arm64_32/7187679823f38a2a940e0043cdf9d637-common-args.resp (in target 'CNIOAtomics' from project 'swift-nio')
cd /Users/admin/builder/spi-builder-workspace/.dependencies/checkouts/swift-nio
write-file /Users/admin/builder/spi-builder-workspace/.derivedData/Build/Intermediates.noindex/swift-nio.build/Debug-watchos/CNIOAtomics-t.build/Objects-normal/arm64_32/7187679823f38a2a940e0043cdf9d637-common-args.resp
-fmodules -gmodules '-fmodules-cache-path=/Users/admin/builder/spi-builder-workspace/.derivedData/ModuleCache.noindex' '-fmodule-name=CNIOAtomics' -fpascal-strings -O0 -DSWIFT_PACKAGE '-DDEBUG=1' -g -fprofile-instr-generate -fcoverage-mapping -I/Users/admin/builder/spi-builder-workspace/.derivedData/Build/Products/Debug-watchos/include -I/Users/admin/builder/spi-builder-workspace/.dependencies/checkouts/swift-nio/Sources/CNIOAtomics/include -I/Users/admin/builder/spi-builder-workspace/.derivedData/Build/Intermediates.noindex/swift-nio.build/Debug-watchos/CNIOAtomics-t.build/DerivedSources-normal/arm64_32 -I/Users/admin/builder/spi-builder-workspace/.derivedData/Build/Intermediates.noindex/swift-nio.build/Debug-watchos/CNIOAtomics-t.build/DerivedSources/arm64_32 -I/Users/admin/builder/spi-builder-workspace/.derivedData/Build/Intermediates.noindex/swift-nio.build/Debug-watchos/CNIOAtomics-t.build/DerivedSources -F/Users/admin/builder/spi-builder-workspace/.derivedData/Build/Products/Debug-watchos -iframework /Applications/Xcode-27.0.0-Release.Candidate.app/Contents/Developer/Platforms/WatchOS.platform/Developer/Library/Frameworks -iframework /Applications/Xcode-27.0.0-Release.Candidate.app/Contents/Developer/Platforms/WatchOS.platform/Developer/SDKs/WatchOS27.0.sdk/Developer/Library/Frameworks '-fmodule-map-file=/Users/admin/builder/spi-builder-workspace/.dependencies/checkouts/swift-nio-zlib-support/module.modulemap' -DXcode
WriteAuxiliaryFile /Users/admin/builder/spi-builder-workspace/.derivedData/Build/Intermediates.noindex/swift-nio.build/Debug-watchos/CNIOAtomics-t.build/Objects-normal/arm64_32/CNIOAtomics.LinkFileList (in target 'CNIOAtomics' from project 'swift-nio')
cd /Users/admin/builder/spi-builder-workspace/.dependencies/checkouts/swift-nio
write-file /Users/admin/builder/spi-builder-workspace/.derivedData/Build/Intermediates.noindex/swift-nio.build/Debug-watchos/CNIOAtomics-t.build/Objects-normal/arm64_32/CNIOAtomics.LinkFileList
WriteAuxiliaryFile /Users/admin/builder/spi-builder-workspace/.derivedData/Build/Intermediates.noindex/swift-nio.build/Debug-watchos/CNIOAtomics-t.build/CNIOAtomics.modulemap (in target 'CNIOAtomics' from project 'swift-nio')
cd /Users/admin/builder/spi-builder-workspace/.dependencies/checkouts/swift-nio
write-file /Users/admin/builder/spi-builder-workspace/.derivedData/Build/Intermediates.noindex/swift-nio.build/Debug-watchos/CNIOAtomics-t.build/CNIOAtomics.modulemap
WriteAuxiliaryFile /Users/admin/builder/spi-builder-workspace/.derivedData/Build/Intermediates.noindex/swift-nio.build/Debug-watchos/CNIOAtomics-t.build/CNIOAtomics.DependencyStaticMetadataFileList (in target 'CNIOAtomics' from project 'swift-nio')
cd /Users/admin/builder/spi-builder-workspace/.dependencies/checkouts/swift-nio
write-file /Users/admin/builder/spi-builder-workspace/.derivedData/Build/Intermediates.noindex/swift-nio.build/Debug-watchos/CNIOAtomics-t.build/CNIOAtomics.DependencyStaticMetadataFileList
WriteAuxiliaryFile /Users/admin/builder/spi-builder-workspace/.derivedData/Build/Intermediates.noindex/swift-nio.build/Debug-watchos/CNIOAtomics-t.build/CNIOAtomics.DependencyMetadataFileList (in target 'CNIOAtomics' from project 'swift-nio')
cd /Users/admin/builder/spi-builder-workspace/.dependencies/checkouts/swift-nio
write-file /Users/admin/builder/spi-builder-workspace/.derivedData/Build/Intermediates.noindex/swift-nio.build/Debug-watchos/CNIOAtomics-t.build/CNIOAtomics.DependencyMetadataFileList
WriteAuxiliaryFile /Users/admin/builder/spi-builder-workspace/.derivedData/Build/Intermediates.noindex/swift-nio.build/Debug-watchos/CNIOAtomics-t.build/Objects-normal/arm64/CNIOAtomics.LinkFileList (in target 'CNIOAtomics' from project 'swift-nio')
cd /Users/admin/builder/spi-builder-workspace/.dependencies/checkouts/swift-nio
write-file /Users/admin/builder/spi-builder-workspace/.derivedData/Build/Intermediates.noindex/swift-nio.build/Debug-watchos/CNIOAtomics-t.build/Objects-normal/arm64/CNIOAtomics.LinkFileList
WriteAuxiliaryFile /Users/admin/builder/spi-builder-workspace/.derivedData/Build/Intermediates.noindex/swift-nio.build/Debug-watchos/CNIOAtomics-t.build/Objects-normal/arm64/7187679823f38a2a940e0043cdf9d637-common-args.resp (in target 'CNIOAtomics' from project 'swift-nio')
cd /Users/admin/builder/spi-builder-workspace/.dependencies/checkouts/swift-nio
write-file /Users/admin/builder/spi-builder-workspace/.derivedData/Build/Intermediates.noindex/swift-nio.build/Debug-watchos/CNIOAtomics-t.build/Objects-normal/arm64/7187679823f38a2a940e0043cdf9d637-common-args.resp
-fmodules -gmodules '-fmodules-cache-path=/Users/admin/builder/spi-builder-workspace/.derivedData/ModuleCache.noindex' '-fmodule-name=CNIOAtomics' -fpascal-strings -O0 -DSWIFT_PACKAGE '-DDEBUG=1' -g -fprofile-instr-generate -fcoverage-mapping -I/Users/admin/builder/spi-builder-workspace/.derivedData/Build/Products/Debug-watchos/include -I/Users/admin/builder/spi-builder-workspace/.dependencies/checkouts/swift-nio/Sources/CNIOAtomics/include -I/Users/admin/builder/spi-builder-workspace/.derivedData/Build/Intermediates.noindex/swift-nio.build/Debug-watchos/CNIOAtomics-t.build/DerivedSources-normal/arm64 -I/Users/admin/builder/spi-builder-workspace/.derivedData/Build/Intermediates.noindex/swift-nio.build/Debug-watchos/CNIOAtomics-t.build/DerivedSources/arm64 -I/Users/admin/builder/spi-builder-workspace/.derivedData/Build/Intermediates.noindex/swift-nio.build/Debug-watchos/CNIOAtomics-t.build/DerivedSources -F/Users/admin/builder/spi-builder-workspace/.derivedData/Build/Products/Debug-watchos -iframework /Applications/Xcode-27.0.0-Release.Candidate.app/Contents/Developer/Platforms/WatchOS.platform/Developer/Library/Frameworks -iframework /Applications/Xcode-27.0.0-Release.Candidate.app/Contents/Developer/Platforms/WatchOS.platform/Developer/SDKs/WatchOS27.0.sdk/Developer/Library/Frameworks '-fmodule-map-file=/Users/admin/builder/spi-builder-workspace/.dependencies/checkouts/swift-nio-zlib-support/module.modulemap' -DXcode
Copy /Users/admin/builder/spi-builder-workspace/.derivedData/Build/Intermediates.noindex/GeneratedModuleMaps-watchos/CNIODarwin.modulemap /Users/admin/builder/spi-builder-workspace/.derivedData/Build/Intermediates.noindex/swift-nio.build/Debug-watchos/CNIODarwin-t.build/CNIODarwin.modulemap (in target 'CNIODarwin' from project 'swift-nio')
cd /Users/admin/builder/spi-builder-workspace/.dependencies/checkouts/swift-nio
builtin-copy -exclude .DS_Store -exclude CVS -exclude .svn -exclude .git -exclude .hg -resolve-src-symlinks /Users/admin/builder/spi-builder-workspace/.derivedData/Build/Intermediates.noindex/swift-nio.build/Debug-watchos/CNIODarwin-t.build/CNIODarwin.modulemap /Users/admin/builder/spi-builder-workspace/.derivedData/Build/Intermediates.noindex/GeneratedModuleMaps-watchos
WriteAuxiliaryFile /Users/admin/builder/spi-builder-workspace/.derivedData/Build/Intermediates.noindex/Crypto.build/Debug-watchos/CCryptoOpenSSL-t.build/Objects-normal/arm64_32/CCryptoOpenSSL.LinkFileList (in target 'CCryptoOpenSSL' from project 'Crypto')
cd /Users/admin/builder/spi-builder-workspace/.dependencies/checkouts/crypto
write-file /Users/admin/builder/spi-builder-workspace/.derivedData/Build/Intermediates.noindex/Crypto.build/Debug-watchos/CCryptoOpenSSL-t.build/Objects-normal/arm64_32/CCryptoOpenSSL.LinkFileList
WriteAuxiliaryFile /Users/admin/builder/spi-builder-workspace/.derivedData/Build/Intermediates.noindex/Crypto.build/Debug-watchos/CCryptoOpenSSL-t.build/Objects-normal/arm64_32/7187679823f38a2a940e0043cdf9d637-common-args.resp (in target 'CCryptoOpenSSL' from project 'Crypto')
cd /Users/admin/builder/spi-builder-workspace/.dependencies/checkouts/crypto
write-file /Users/admin/builder/spi-builder-workspace/.derivedData/Build/Intermediates.noindex/Crypto.build/Debug-watchos/CCryptoOpenSSL-t.build/Objects-normal/arm64_32/7187679823f38a2a940e0043cdf9d637-common-args.resp
-fmodules -gmodules '-fmodules-cache-path=/Users/admin/builder/spi-builder-workspace/.derivedData/ModuleCache.noindex' '-fmodule-name=CCryptoOpenSSL' -fpascal-strings -O0 -DSWIFT_PACKAGE '-DDEBUG=1' -g -fprofile-instr-generate -fcoverage-mapping -I/Users/admin/builder/spi-builder-workspace/.derivedData/Build/Products/Debug-watchos/include -I/Users/admin/builder/spi-builder-workspace/.dependencies/checkouts/crypto/Sources/CCryptoOpenSSL/include -I/Users/admin/builder/spi-builder-workspace/.derivedData/Build/Intermediates.noindex/Crypto.build/Debug-watchos/CCryptoOpenSSL-t.build/DerivedSources-normal/arm64_32 -I/Users/admin/builder/spi-builder-workspace/.derivedData/Build/Intermediates.noindex/Crypto.build/Debug-watchos/CCryptoOpenSSL-t.build/DerivedSources/arm64_32 -I/Users/admin/builder/spi-builder-workspace/.derivedData/Build/Intermediates.noindex/Crypto.build/Debug-watchos/CCryptoOpenSSL-t.build/DerivedSources -F/Users/admin/builder/spi-builder-workspace/.derivedData/Build/Products/Debug-watchos -iframework /Applications/Xcode-27.0.0-Release.Candidate.app/Contents/Developer/Platforms/WatchOS.platform/Developer/Library/Frameworks -iframework /Applications/Xcode-27.0.0-Release.Candidate.app/Contents/Developer/Platforms/WatchOS.platform/Developer/SDKs/WatchOS27.0.sdk/Developer/Library/Frameworks '-fmodule-map-file=/Users/admin/builder/spi-builder-workspace/.dependencies/checkouts/swift-nio-ssl-support/module.modulemap' -DXcode
WriteAuxiliaryFile /Users/admin/builder/spi-builder-workspace/.derivedData/Build/Intermediates.noindex/Crypto.build/Debug-watchos/CCryptoOpenSSL-t.build/Objects-normal/arm64/CCryptoOpenSSL.LinkFileList (in target 'CCryptoOpenSSL' from project 'Crypto')
cd /Users/admin/builder/spi-builder-workspace/.dependencies/checkouts/crypto
write-file /Users/admin/builder/spi-builder-workspace/.derivedData/Build/Intermediates.noindex/Crypto.build/Debug-watchos/CCryptoOpenSSL-t.build/Objects-normal/arm64/CCryptoOpenSSL.LinkFileList
WriteAuxiliaryFile /Users/admin/builder/spi-builder-workspace/.derivedData/Build/Intermediates.noindex/Crypto.build/Debug-watchos/CCryptoOpenSSL-t.build/Objects-normal/arm64/7187679823f38a2a940e0043cdf9d637-common-args.resp (in target 'CCryptoOpenSSL' from project 'Crypto')
cd /Users/admin/builder/spi-builder-workspace/.dependencies/checkouts/crypto
write-file /Users/admin/builder/spi-builder-workspace/.derivedData/Build/Intermediates.noindex/Crypto.build/Debug-watchos/CCryptoOpenSSL-t.build/Objects-normal/arm64/7187679823f38a2a940e0043cdf9d637-common-args.resp
-fmodules -gmodules '-fmodules-cache-path=/Users/admin/builder/spi-builder-workspace/.derivedData/ModuleCache.noindex' '-fmodule-name=CCryptoOpenSSL' -fpascal-strings -O0 -DSWIFT_PACKAGE '-DDEBUG=1' -g -fprofile-instr-generate -fcoverage-mapping -I/Users/admin/builder/spi-builder-workspace/.derivedData/Build/Products/Debug-watchos/include -I/Users/admin/builder/spi-builder-workspace/.dependencies/checkouts/crypto/Sources/CCryptoOpenSSL/include -I/Users/admin/builder/spi-builder-workspace/.derivedData/Build/Intermediates.noindex/Crypto.build/Debug-watchos/CCryptoOpenSSL-t.build/DerivedSources-normal/arm64 -I/Users/admin/builder/spi-builder-workspace/.derivedData/Build/Intermediates.noindex/Crypto.build/Debug-watchos/CCryptoOpenSSL-t.build/DerivedSources/arm64 -I/Users/admin/builder/spi-builder-workspace/.derivedData/Build/Intermediates.noindex/Crypto.build/Debug-watchos/CCryptoOpenSSL-t.build/DerivedSources -F/Users/admin/builder/spi-builder-workspace/.derivedData/Build/Products/Debug-watchos -iframework /Applications/Xcode-27.0.0-Release.Candidate.app/Contents/Developer/Platforms/WatchOS.platform/Developer/Library/Frameworks -iframework /Applications/Xcode-27.0.0-Release.Candidate.app/Contents/Developer/Platforms/WatchOS.platform/Developer/SDKs/WatchOS27.0.sdk/Developer/Library/Frameworks '-fmodule-map-file=/Users/admin/builder/spi-builder-workspace/.dependencies/checkouts/swift-nio-ssl-support/module.modulemap' -DXcode
WriteAuxiliaryFile /Users/admin/builder/spi-builder-workspace/.derivedData/Build/Intermediates.noindex/Crypto.build/Debug-watchos/CCryptoOpenSSL-t.build/CCryptoOpenSSL.modulemap (in target 'CCryptoOpenSSL' from project 'Crypto')
cd /Users/admin/builder/spi-builder-workspace/.dependencies/checkouts/crypto
write-file /Users/admin/builder/spi-builder-workspace/.derivedData/Build/Intermediates.noindex/Crypto.build/Debug-watchos/CCryptoOpenSSL-t.build/CCryptoOpenSSL.modulemap
WriteAuxiliaryFile /Users/admin/builder/spi-builder-workspace/.derivedData/Build/Intermediates.noindex/Crypto.build/Debug-watchos/CCryptoOpenSSL-t.build/CCryptoOpenSSL.DependencyStaticMetadataFileList (in target 'CCryptoOpenSSL' from project 'Crypto')
cd /Users/admin/builder/spi-builder-workspace/.dependencies/checkouts/crypto
write-file /Users/admin/builder/spi-builder-workspace/.derivedData/Build/Intermediates.noindex/Crypto.build/Debug-watchos/CCryptoOpenSSL-t.build/CCryptoOpenSSL.DependencyStaticMetadataFileList
Copy /Users/admin/builder/spi-builder-workspace/.derivedData/Build/Intermediates.noindex/GeneratedModuleMaps-watchos/CNIOAtomics.modulemap /Users/admin/builder/spi-builder-workspace/.derivedData/Build/Intermediates.noindex/swift-nio.build/Debug-watchos/CNIOAtomics-t.build/CNIOAtomics.modulemap (in target 'CNIOAtomics' from project 'swift-nio')
cd /Users/admin/builder/spi-builder-workspace/.dependencies/checkouts/swift-nio
builtin-copy -exclude .DS_Store -exclude CVS -exclude .svn -exclude .git -exclude .hg -resolve-src-symlinks /Users/admin/builder/spi-builder-workspace/.derivedData/Build/Intermediates.noindex/swift-nio.build/Debug-watchos/CNIOAtomics-t.build/CNIOAtomics.modulemap /Users/admin/builder/spi-builder-workspace/.derivedData/Build/Intermediates.noindex/GeneratedModuleMaps-watchos
WriteAuxiliaryFile /Users/admin/builder/spi-builder-workspace/.derivedData/Build/Intermediates.noindex/Crypto.build/Debug-watchos/CCryptoOpenSSL-t.build/CCryptoOpenSSL.DependencyMetadataFileList (in target 'CCryptoOpenSSL' from project 'Crypto')
cd /Users/admin/builder/spi-builder-workspace/.dependencies/checkouts/crypto
write-file /Users/admin/builder/spi-builder-workspace/.derivedData/Build/Intermediates.noindex/Crypto.build/Debug-watchos/CCryptoOpenSSL-t.build/CCryptoOpenSSL.DependencyMetadataFileList
Copy /Users/admin/builder/spi-builder-workspace/.derivedData/Build/Intermediates.noindex/GeneratedModuleMaps-watchos/CCryptoOpenSSL.modulemap /Users/admin/builder/spi-builder-workspace/.derivedData/Build/Intermediates.noindex/Crypto.build/Debug-watchos/CCryptoOpenSSL-t.build/CCryptoOpenSSL.modulemap (in target 'CCryptoOpenSSL' from project 'Crypto')
cd /Users/admin/builder/spi-builder-workspace/.dependencies/checkouts/crypto
builtin-copy -exclude .DS_Store -exclude CVS -exclude .svn -exclude .git -exclude .hg -resolve-src-symlinks /Users/admin/builder/spi-builder-workspace/.derivedData/Build/Intermediates.noindex/Crypto.build/Debug-watchos/CCryptoOpenSSL-t.build/CCryptoOpenSSL.modulemap /Users/admin/builder/spi-builder-workspace/.derivedData/Build/Intermediates.noindex/GeneratedModuleMaps-watchos
WriteAuxiliaryFile /Users/admin/builder/spi-builder-workspace/.derivedData/Build/Intermediates.noindex/Crypto.build/Debug-watchos/CBcrypt-t.build/CBcrypt.DependencyStaticMetadataFileList (in target 'CBcrypt' from project 'Crypto')
cd /Users/admin/builder/spi-builder-workspace/.dependencies/checkouts/crypto
write-file /Users/admin/builder/spi-builder-workspace/.derivedData/Build/Intermediates.noindex/Crypto.build/Debug-watchos/CBcrypt-t.build/CBcrypt.DependencyStaticMetadataFileList
WriteAuxiliaryFile /Users/admin/builder/spi-builder-workspace/.derivedData/Build/Intermediates.noindex/Crypto.build/Debug-watchos/CBcrypt-t.build/Objects-normal/arm64/CBcrypt.LinkFileList (in target 'CBcrypt' from project 'Crypto')
cd /Users/admin/builder/spi-builder-workspace/.dependencies/checkouts/crypto
write-file /Users/admin/builder/spi-builder-workspace/.derivedData/Build/Intermediates.noindex/Crypto.build/Debug-watchos/CBcrypt-t.build/Objects-normal/arm64/CBcrypt.LinkFileList
WriteAuxiliaryFile /Users/admin/builder/spi-builder-workspace/.derivedData/Build/Intermediates.noindex/Crypto.build/Debug-watchos/CBcrypt-t.build/CBcrypt.DependencyMetadataFileList (in target 'CBcrypt' from project 'Crypto')
cd /Users/admin/builder/spi-builder-workspace/.dependencies/checkouts/crypto
write-file /Users/admin/builder/spi-builder-workspace/.derivedData/Build/Intermediates.noindex/Crypto.build/Debug-watchos/CBcrypt-t.build/CBcrypt.DependencyMetadataFileList
WriteAuxiliaryFile /Users/admin/builder/spi-builder-workspace/.derivedData/Build/Intermediates.noindex/Crypto.build/Debug-watchos/CBcrypt-t.build/Objects-normal/arm64/7187679823f38a2a940e0043cdf9d637-common-args.resp (in target 'CBcrypt' from project 'Crypto')
cd /Users/admin/builder/spi-builder-workspace/.dependencies/checkouts/crypto
write-file /Users/admin/builder/spi-builder-workspace/.derivedData/Build/Intermediates.noindex/Crypto.build/Debug-watchos/CBcrypt-t.build/Objects-normal/arm64/7187679823f38a2a940e0043cdf9d637-common-args.resp
-fmodules -gmodules '-fmodules-cache-path=/Users/admin/builder/spi-builder-workspace/.derivedData/ModuleCache.noindex' '-fmodule-name=CBcrypt' -fpascal-strings -O0 -DSWIFT_PACKAGE '-DDEBUG=1' -g -fprofile-instr-generate -fcoverage-mapping -I/Users/admin/builder/spi-builder-workspace/.derivedData/Build/Products/Debug-watchos/include -I/Users/admin/builder/spi-builder-workspace/.dependencies/checkouts/crypto/Sources/CBcrypt/include -I/Users/admin/builder/spi-builder-workspace/.derivedData/Build/Intermediates.noindex/Crypto.build/Debug-watchos/CBcrypt-t.build/DerivedSources-normal/arm64 -I/Users/admin/builder/spi-builder-workspace/.derivedData/Build/Intermediates.noindex/Crypto.build/Debug-watchos/CBcrypt-t.build/DerivedSources/arm64 -I/Users/admin/builder/spi-builder-workspace/.derivedData/Build/Intermediates.noindex/Crypto.build/Debug-watchos/CBcrypt-t.build/DerivedSources -F/Users/admin/builder/spi-builder-workspace/.derivedData/Build/Products/Debug-watchos -iframework /Applications/Xcode-27.0.0-Release.Candidate.app/Contents/Developer/Platforms/WatchOS.platform/Developer/Library/Frameworks -iframework /Applications/Xcode-27.0.0-Release.Candidate.app/Contents/Developer/Platforms/WatchOS.platform/Developer/SDKs/WatchOS27.0.sdk/Developer/Library/Frameworks '-fmodule-map-file=/Users/admin/builder/spi-builder-workspace/.dependencies/checkouts/swift-nio-ssl-support/module.modulemap' -DXcode
WriteAuxiliaryFile /Users/admin/builder/spi-builder-workspace/.derivedData/Build/Intermediates.noindex/Crypto.build/Debug-watchos/CBcrypt-t.build/Objects-normal/arm64_32/CBcrypt.LinkFileList (in target 'CBcrypt' from project 'Crypto')
cd /Users/admin/builder/spi-builder-workspace/.dependencies/checkouts/crypto
write-file /Users/admin/builder/spi-builder-workspace/.derivedData/Build/Intermediates.noindex/Crypto.build/Debug-watchos/CBcrypt-t.build/Objects-normal/arm64_32/CBcrypt.LinkFileList
WriteAuxiliaryFile /Users/admin/builder/spi-builder-workspace/.derivedData/Build/Intermediates.noindex/Crypto.build/Debug-watchos/CBcrypt-t.build/Objects-normal/arm64_32/7187679823f38a2a940e0043cdf9d637-common-args.resp (in target 'CBcrypt' from project 'Crypto')
cd /Users/admin/builder/spi-builder-workspace/.dependencies/checkouts/crypto
write-file /Users/admin/builder/spi-builder-workspace/.derivedData/Build/Intermediates.noindex/Crypto.build/Debug-watchos/CBcrypt-t.build/Objects-normal/arm64_32/7187679823f38a2a940e0043cdf9d637-common-args.resp
-fmodules -gmodules '-fmodules-cache-path=/Users/admin/builder/spi-builder-workspace/.derivedData/ModuleCache.noindex' '-fmodule-name=CBcrypt' -fpascal-strings -O0 -DSWIFT_PACKAGE '-DDEBUG=1' -g -fprofile-instr-generate -fcoverage-mapping -I/Users/admin/builder/spi-builder-workspace/.derivedData/Build/Products/Debug-watchos/include -I/Users/admin/builder/spi-builder-workspace/.dependencies/checkouts/crypto/Sources/CBcrypt/include -I/Users/admin/builder/spi-builder-workspace/.derivedData/Build/Intermediates.noindex/Crypto.build/Debug-watchos/CBcrypt-t.build/DerivedSources-normal/arm64_32 -I/Users/admin/builder/spi-builder-workspace/.derivedData/Build/Intermediates.noindex/Crypto.build/Debug-watchos/CBcrypt-t.build/DerivedSources/arm64_32 -I/Users/admin/builder/spi-builder-workspace/.derivedData/Build/Intermediates.noindex/Crypto.build/Debug-watchos/CBcrypt-t.build/DerivedSources -F/Users/admin/builder/spi-builder-workspace/.derivedData/Build/Products/Debug-watchos -iframework /Applications/Xcode-27.0.0-Release.Candidate.app/Contents/Developer/Platforms/WatchOS.platform/Developer/Library/Frameworks -iframework /Applications/Xcode-27.0.0-Release.Candidate.app/Contents/Developer/Platforms/WatchOS.platform/Developer/SDKs/WatchOS27.0.sdk/Developer/Library/Frameworks '-fmodule-map-file=/Users/admin/builder/spi-builder-workspace/.dependencies/checkouts/swift-nio-ssl-support/module.modulemap' -DXcode
WriteAuxiliaryFile /Users/admin/builder/spi-builder-workspace/.derivedData/Build/Intermediates.noindex/Crypto.build/Debug-watchos/CBase32-t.build/Objects-normal/arm64_32/CBase32.LinkFileList (in target 'CBase32' from project 'Crypto')
cd /Users/admin/builder/spi-builder-workspace/.dependencies/checkouts/crypto
write-file /Users/admin/builder/spi-builder-workspace/.derivedData/Build/Intermediates.noindex/Crypto.build/Debug-watchos/CBase32-t.build/Objects-normal/arm64_32/CBase32.LinkFileList
WriteAuxiliaryFile /Users/admin/builder/spi-builder-workspace/.derivedData/Build/Intermediates.noindex/Crypto.build/Debug-watchos/CBase32-t.build/Objects-normal/arm64_32/7187679823f38a2a940e0043cdf9d637-common-args.resp (in target 'CBase32' from project 'Crypto')
cd /Users/admin/builder/spi-builder-workspace/.dependencies/checkouts/crypto
write-file /Users/admin/builder/spi-builder-workspace/.derivedData/Build/Intermediates.noindex/Crypto.build/Debug-watchos/CBase32-t.build/Objects-normal/arm64_32/7187679823f38a2a940e0043cdf9d637-common-args.resp
-fmodules -gmodules '-fmodules-cache-path=/Users/admin/builder/spi-builder-workspace/.derivedData/ModuleCache.noindex' '-fmodule-name=CBase32' -fpascal-strings -O0 -DSWIFT_PACKAGE '-DDEBUG=1' -g -fprofile-instr-generate -fcoverage-mapping -I/Users/admin/builder/spi-builder-workspace/.derivedData/Build/Products/Debug-watchos/include -I/Users/admin/builder/spi-builder-workspace/.dependencies/checkouts/crypto/Sources/CBase32/include -I/Users/admin/builder/spi-builder-workspace/.derivedData/Build/Intermediates.noindex/Crypto.build/Debug-watchos/CBase32-t.build/DerivedSources-normal/arm64_32 -I/Users/admin/builder/spi-builder-workspace/.derivedData/Build/Intermediates.noindex/Crypto.build/Debug-watchos/CBase32-t.build/DerivedSources/arm64_32 -I/Users/admin/builder/spi-builder-workspace/.derivedData/Build/Intermediates.noindex/Crypto.build/Debug-watchos/CBase32-t.build/DerivedSources -F/Users/admin/builder/spi-builder-workspace/.derivedData/Build/Products/Debug-watchos -iframework /Applications/Xcode-27.0.0-Release.Candidate.app/Contents/Developer/Platforms/WatchOS.platform/Developer/Library/Frameworks -iframework /Applications/Xcode-27.0.0-Release.Candidate.app/Contents/Developer/Platforms/WatchOS.platform/Developer/SDKs/WatchOS27.0.sdk/Developer/Library/Frameworks '-fmodule-map-file=/Users/admin/builder/spi-builder-workspace/.dependencies/checkouts/swift-nio-ssl-support/module.modulemap' -DXcode
WriteAuxiliaryFile /Users/admin/builder/spi-builder-workspace/.derivedData/Build/Intermediates.noindex/Crypto.build/Debug-watchos/CBase32-t.build/Objects-normal/arm64/CBase32.LinkFileList (in target 'CBase32' from project 'Crypto')
cd /Users/admin/builder/spi-builder-workspace/.dependencies/checkouts/crypto
write-file /Users/admin/builder/spi-builder-workspace/.derivedData/Build/Intermediates.noindex/Crypto.build/Debug-watchos/CBase32-t.build/Objects-normal/arm64/CBase32.LinkFileList
WriteAuxiliaryFile /Users/admin/builder/spi-builder-workspace/.derivedData/Build/Intermediates.noindex/Crypto.build/Debug-watchos/CBase32-t.build/Objects-normal/arm64/7187679823f38a2a940e0043cdf9d637-common-args.resp (in target 'CBase32' from project 'Crypto')
cd /Users/admin/builder/spi-builder-workspace/.dependencies/checkouts/crypto
write-file /Users/admin/builder/spi-builder-workspace/.derivedData/Build/Intermediates.noindex/Crypto.build/Debug-watchos/CBase32-t.build/Objects-normal/arm64/7187679823f38a2a940e0043cdf9d637-common-args.resp
-fmodules -gmodules '-fmodules-cache-path=/Users/admin/builder/spi-builder-workspace/.derivedData/ModuleCache.noindex' '-fmodule-name=CBase32' -fpascal-strings -O0 -DSWIFT_PACKAGE '-DDEBUG=1' -g -fprofile-instr-generate -fcoverage-mapping -I/Users/admin/builder/spi-builder-workspace/.derivedData/Build/Products/Debug-watchos/include -I/Users/admin/builder/spi-builder-workspace/.dependencies/checkouts/crypto/Sources/CBase32/include -I/Users/admin/builder/spi-builder-workspace/.derivedData/Build/Intermediates.noindex/Crypto.build/Debug-watchos/CBase32-t.build/DerivedSources-normal/arm64 -I/Users/admin/builder/spi-builder-workspace/.derivedData/Build/Intermediates.noindex/Crypto.build/Debug-watchos/CBase32-t.build/DerivedSources/arm64 -I/Users/admin/builder/spi-builder-workspace/.derivedData/Build/Intermediates.noindex/Crypto.build/Debug-watchos/CBase32-t.build/DerivedSources -F/Users/admin/builder/spi-builder-workspace/.derivedData/Build/Products/Debug-watchos -iframework /Applications/Xcode-27.0.0-Release.Candidate.app/Contents/Developer/Platforms/WatchOS.platform/Developer/Library/Frameworks -iframework /Applications/Xcode-27.0.0-Release.Candidate.app/Contents/Developer/Platforms/WatchOS.platform/Developer/SDKs/WatchOS27.0.sdk/Developer/Library/Frameworks '-fmodule-map-file=/Users/admin/builder/spi-builder-workspace/.dependencies/checkouts/swift-nio-ssl-support/module.modulemap' -DXcode
WriteAuxiliaryFile /Users/admin/builder/spi-builder-workspace/.derivedData/Build/Intermediates.noindex/Crypto.build/Debug-watchos/CBase32-t.build/CBase32.DependencyStaticMetadataFileList (in target 'CBase32' from project 'Crypto')
cd /Users/admin/builder/spi-builder-workspace/.dependencies/checkouts/crypto
write-file /Users/admin/builder/spi-builder-workspace/.derivedData/Build/Intermediates.noindex/Crypto.build/Debug-watchos/CBase32-t.build/CBase32.DependencyStaticMetadataFileList
WriteAuxiliaryFile /Users/admin/builder/spi-builder-workspace/.derivedData/Build/Intermediates.noindex/Crypto.build/Debug-watchos/CBase32-t.build/CBase32.DependencyMetadataFileList (in target 'CBase32' from project 'Crypto')
cd /Users/admin/builder/spi-builder-workspace/.dependencies/checkouts/crypto
write-file /Users/admin/builder/spi-builder-workspace/.derivedData/Build/Intermediates.noindex/Crypto.build/Debug-watchos/CBase32-t.build/CBase32.DependencyMetadataFileList
WriteAuxiliaryFile /Users/admin/builder/spi-builder-workspace/.derivedData/Build/Intermediates.noindex/Core.build/Debug-watchos/Bits-t.build/Objects-normal/arm64_32/Bits_const_extract_protocols.json (in target 'Bits' from project 'Core')
cd /Users/admin/builder/spi-builder-workspace/.dependencies/checkouts/core
write-file /Users/admin/builder/spi-builder-workspace/.derivedData/Build/Intermediates.noindex/Core.build/Debug-watchos/Bits-t.build/Objects-normal/arm64_32/Bits_const_extract_protocols.json
WriteAuxiliaryFile /Users/admin/builder/spi-builder-workspace/.derivedData/Build/Intermediates.noindex/Core.build/Debug-watchos/Bits-t.build/Objects-normal/arm64_32/Bits.LinkFileList (in target 'Bits' from project 'Core')
cd /Users/admin/builder/spi-builder-workspace/.dependencies/checkouts/core
write-file /Users/admin/builder/spi-builder-workspace/.derivedData/Build/Intermediates.noindex/Core.build/Debug-watchos/Bits-t.build/Objects-normal/arm64_32/Bits.LinkFileList
WriteAuxiliaryFile /Users/admin/builder/spi-builder-workspace/.derivedData/Build/Intermediates.noindex/Core.build/Debug-watchos/Bits-t.build/Objects-normal/arm64_32/Bits.SwiftFileList (in target 'Bits' from project 'Core')
cd /Users/admin/builder/spi-builder-workspace/.dependencies/checkouts/core
write-file /Users/admin/builder/spi-builder-workspace/.derivedData/Build/Intermediates.noindex/Core.build/Debug-watchos/Bits-t.build/Objects-normal/arm64_32/Bits.SwiftFileList
WriteAuxiliaryFile /Users/admin/builder/spi-builder-workspace/.derivedData/Build/Intermediates.noindex/Core.build/Debug-watchos/Bits-t.build/Objects-normal/arm64_32/Bits.SwiftConstValuesFileList (in target 'Bits' from project 'Core')
cd /Users/admin/builder/spi-builder-workspace/.dependencies/checkouts/core
write-file /Users/admin/builder/spi-builder-workspace/.derivedData/Build/Intermediates.noindex/Core.build/Debug-watchos/Bits-t.build/Objects-normal/arm64_32/Bits.SwiftConstValuesFileList
WriteAuxiliaryFile /Users/admin/builder/spi-builder-workspace/.derivedData/Build/Intermediates.noindex/Core.build/Debug-watchos/Bits-t.build/Objects-normal/arm64_32/Bits-OutputFileMap.json (in target 'Bits' from project 'Core')
cd /Users/admin/builder/spi-builder-workspace/.dependencies/checkouts/core
write-file /Users/admin/builder/spi-builder-workspace/.derivedData/Build/Intermediates.noindex/Core.build/Debug-watchos/Bits-t.build/Objects-normal/arm64_32/Bits-OutputFileMap.json
WriteAuxiliaryFile /Users/admin/builder/spi-builder-workspace/.derivedData/Build/Intermediates.noindex/Core.build/Debug-watchos/Bits-t.build/Objects-normal/arm64/Bits.SwiftFileList (in target 'Bits' from project 'Core')
cd /Users/admin/builder/spi-builder-workspace/.dependencies/checkouts/core
write-file /Users/admin/builder/spi-builder-workspace/.derivedData/Build/Intermediates.noindex/Core.build/Debug-watchos/Bits-t.build/Objects-normal/arm64/Bits.SwiftFileList
WriteAuxiliaryFile /Users/admin/builder/spi-builder-workspace/.derivedData/Build/Intermediates.noindex/Core.build/Debug-watchos/Bits-t.build/Objects-normal/arm64/Bits_const_extract_protocols.json (in target 'Bits' from project 'Core')
cd /Users/admin/builder/spi-builder-workspace/.dependencies/checkouts/core
write-file /Users/admin/builder/spi-builder-workspace/.derivedData/Build/Intermediates.noindex/Core.build/Debug-watchos/Bits-t.build/Objects-normal/arm64/Bits_const_extract_protocols.json
WriteAuxiliaryFile /Users/admin/builder/spi-builder-workspace/.derivedData/Build/Intermediates.noindex/Core.build/Debug-watchos/Bits-t.build/Objects-normal/arm64/Bits.SwiftConstValuesFileList (in target 'Bits' from project 'Core')
cd /Users/admin/builder/spi-builder-workspace/.dependencies/checkouts/core
write-file /Users/admin/builder/spi-builder-workspace/.derivedData/Build/Intermediates.noindex/Core.build/Debug-watchos/Bits-t.build/Objects-normal/arm64/Bits.SwiftConstValuesFileList
WriteAuxiliaryFile /Users/admin/builder/spi-builder-workspace/.derivedData/Build/Intermediates.noindex/Core.build/Debug-watchos/Bits-t.build/Objects-normal/arm64/Bits.LinkFileList (in target 'Bits' from project 'Core')
cd /Users/admin/builder/spi-builder-workspace/.dependencies/checkouts/core
write-file /Users/admin/builder/spi-builder-workspace/.derivedData/Build/Intermediates.noindex/Core.build/Debug-watchos/Bits-t.build/Objects-normal/arm64/Bits.LinkFileList
WriteAuxiliaryFile /Users/admin/builder/spi-builder-workspace/.derivedData/Build/Intermediates.noindex/Core.build/Debug-watchos/Bits-t.build/Objects-normal/arm64/Bits-OutputFileMap.json (in target 'Bits' from project 'Core')
cd /Users/admin/builder/spi-builder-workspace/.dependencies/checkouts/core
write-file /Users/admin/builder/spi-builder-workspace/.derivedData/Build/Intermediates.noindex/Core.build/Debug-watchos/Bits-t.build/Objects-normal/arm64/Bits-OutputFileMap.json
WriteAuxiliaryFile /Users/admin/builder/spi-builder-workspace/.derivedData/Build/Intermediates.noindex/Core.build/Debug-watchos/Bits-t.build/Bits.modulemap (in target 'Bits' from project 'Core')
cd /Users/admin/builder/spi-builder-workspace/.dependencies/checkouts/core
write-file /Users/admin/builder/spi-builder-workspace/.derivedData/Build/Intermediates.noindex/Core.build/Debug-watchos/Bits-t.build/Bits.modulemap
WriteAuxiliaryFile /Users/admin/builder/spi-builder-workspace/.derivedData/Build/Intermediates.noindex/Core.build/Debug-watchos/Bits-t.build/Bits.DependencyStaticMetadataFileList (in target 'Bits' from project 'Core')
cd /Users/admin/builder/spi-builder-workspace/.dependencies/checkouts/core
write-file /Users/admin/builder/spi-builder-workspace/.derivedData/Build/Intermediates.noindex/Core.build/Debug-watchos/Bits-t.build/Bits.DependencyStaticMetadataFileList
WriteAuxiliaryFile /Users/admin/builder/spi-builder-workspace/.derivedData/Build/Intermediates.noindex/Core.build/Debug-watchos/Bits-t.build/Bits.DependencyMetadataFileList (in target 'Bits' from project 'Core')
cd /Users/admin/builder/spi-builder-workspace/.dependencies/checkouts/core
write-file /Users/admin/builder/spi-builder-workspace/.derivedData/Build/Intermediates.noindex/Core.build/Debug-watchos/Bits-t.build/Bits.DependencyMetadataFileList
WriteAuxiliaryFile /Users/admin/builder/spi-builder-workspace/.derivedData/Build/Intermediates.noindex/Core.build/Debug-watchos/Async-t.build/Objects-normal/arm64_32/Async_const_extract_protocols.json (in target 'Async' from project 'Core')
cd /Users/admin/builder/spi-builder-workspace/.dependencies/checkouts/core
write-file /Users/admin/builder/spi-builder-workspace/.derivedData/Build/Intermediates.noindex/Core.build/Debug-watchos/Async-t.build/Objects-normal/arm64_32/Async_const_extract_protocols.json
WriteAuxiliaryFile /Users/admin/builder/spi-builder-workspace/.derivedData/Build/Intermediates.noindex/Core.build/Debug-watchos/Async-t.build/Objects-normal/arm64_32/Async.SwiftConstValuesFileList (in target 'Async' from project 'Core')
cd /Users/admin/builder/spi-builder-workspace/.dependencies/checkouts/core
write-file /Users/admin/builder/spi-builder-workspace/.derivedData/Build/Intermediates.noindex/Core.build/Debug-watchos/Async-t.build/Objects-normal/arm64_32/Async.SwiftConstValuesFileList
WriteAuxiliaryFile /Users/admin/builder/spi-builder-workspace/.derivedData/Build/Intermediates.noindex/Core.build/Debug-watchos/Async-t.build/Objects-normal/arm64_32/Async.SwiftFileList (in target 'Async' from project 'Core')
cd /Users/admin/builder/spi-builder-workspace/.dependencies/checkouts/core
write-file /Users/admin/builder/spi-builder-workspace/.derivedData/Build/Intermediates.noindex/Core.build/Debug-watchos/Async-t.build/Objects-normal/arm64_32/Async.SwiftFileList
WriteAuxiliaryFile /Users/admin/builder/spi-builder-workspace/.derivedData/Build/Intermediates.noindex/Core.build/Debug-watchos/Async-t.build/Objects-normal/arm64_32/Async.LinkFileList (in target 'Async' from project 'Core')
cd /Users/admin/builder/spi-builder-workspace/.dependencies/checkouts/core
write-file /Users/admin/builder/spi-builder-workspace/.derivedData/Build/Intermediates.noindex/Core.build/Debug-watchos/Async-t.build/Objects-normal/arm64_32/Async.LinkFileList
WriteAuxiliaryFile /Users/admin/builder/spi-builder-workspace/.derivedData/Build/Intermediates.noindex/Core.build/Debug-watchos/Async-t.build/Objects-normal/arm64_32/Async-OutputFileMap.json (in target 'Async' from project 'Core')
cd /Users/admin/builder/spi-builder-workspace/.dependencies/checkouts/core
write-file /Users/admin/builder/spi-builder-workspace/.derivedData/Build/Intermediates.noindex/Core.build/Debug-watchos/Async-t.build/Objects-normal/arm64_32/Async-OutputFileMap.json
WriteAuxiliaryFile /Users/admin/builder/spi-builder-workspace/.derivedData/Build/Intermediates.noindex/Core.build/Debug-watchos/Async-t.build/Objects-normal/arm64/Async_const_extract_protocols.json (in target 'Async' from project 'Core')
cd /Users/admin/builder/spi-builder-workspace/.dependencies/checkouts/core
write-file /Users/admin/builder/spi-builder-workspace/.derivedData/Build/Intermediates.noindex/Core.build/Debug-watchos/Async-t.build/Objects-normal/arm64/Async_const_extract_protocols.json
WriteAuxiliaryFile /Users/admin/builder/spi-builder-workspace/.derivedData/Build/Intermediates.noindex/Core.build/Debug-watchos/Async-t.build/Objects-normal/arm64/Async.SwiftFileList (in target 'Async' from project 'Core')
cd /Users/admin/builder/spi-builder-workspace/.dependencies/checkouts/core
write-file /Users/admin/builder/spi-builder-workspace/.derivedData/Build/Intermediates.noindex/Core.build/Debug-watchos/Async-t.build/Objects-normal/arm64/Async.SwiftFileList
WriteAuxiliaryFile /Users/admin/builder/spi-builder-workspace/.derivedData/Build/Intermediates.noindex/Core.build/Debug-watchos/Async-t.build/Objects-normal/arm64/Async.SwiftConstValuesFileList (in target 'Async' from project 'Core')
cd /Users/admin/builder/spi-builder-workspace/.dependencies/checkouts/core
write-file /Users/admin/builder/spi-builder-workspace/.derivedData/Build/Intermediates.noindex/Core.build/Debug-watchos/Async-t.build/Objects-normal/arm64/Async.SwiftConstValuesFileList
WriteAuxiliaryFile /Users/admin/builder/spi-builder-workspace/.derivedData/Build/Intermediates.noindex/Core.build/Debug-watchos/Async-t.build/Objects-normal/arm64/Async.LinkFileList (in target 'Async' from project 'Core')
cd /Users/admin/builder/spi-builder-workspace/.dependencies/checkouts/core
write-file /Users/admin/builder/spi-builder-workspace/.derivedData/Build/Intermediates.noindex/Core.build/Debug-watchos/Async-t.build/Objects-normal/arm64/Async.LinkFileList
WriteAuxiliaryFile /Users/admin/builder/spi-builder-workspace/.derivedData/Build/Intermediates.noindex/Core.build/Debug-watchos/Async-t.build/Objects-normal/arm64/Async-OutputFileMap.json (in target 'Async' from project 'Core')
cd /Users/admin/builder/spi-builder-workspace/.dependencies/checkouts/core
write-file /Users/admin/builder/spi-builder-workspace/.derivedData/Build/Intermediates.noindex/Core.build/Debug-watchos/Async-t.build/Objects-normal/arm64/Async-OutputFileMap.json
Copy /Users/admin/builder/spi-builder-workspace/.derivedData/Build/Intermediates.noindex/GeneratedModuleMaps-watchos/Bits.modulemap /Users/admin/builder/spi-builder-workspace/.derivedData/Build/Intermediates.noindex/Core.build/Debug-watchos/Bits-t.build/Bits.modulemap (in target 'Bits' from project 'Core')
cd /Users/admin/builder/spi-builder-workspace/.dependencies/checkouts/core
builtin-copy -exclude .DS_Store -exclude CVS -exclude .svn -exclude .git -exclude .hg -resolve-src-symlinks /Users/admin/builder/spi-builder-workspace/.derivedData/Build/Intermediates.noindex/Core.build/Debug-watchos/Bits-t.build/Bits.modulemap /Users/admin/builder/spi-builder-workspace/.derivedData/Build/Intermediates.noindex/GeneratedModuleMaps-watchos
WriteAuxiliaryFile /Users/admin/builder/spi-builder-workspace/.derivedData/Build/Intermediates.noindex/Core.build/Debug-watchos/Async-t.build/Async.modulemap (in target 'Async' from project 'Core')
cd /Users/admin/builder/spi-builder-workspace/.dependencies/checkouts/core
write-file /Users/admin/builder/spi-builder-workspace/.derivedData/Build/Intermediates.noindex/Core.build/Debug-watchos/Async-t.build/Async.modulemap
WriteAuxiliaryFile /Users/admin/builder/spi-builder-workspace/.derivedData/Build/Intermediates.noindex/Core.build/Debug-watchos/Async-t.build/Async.DependencyStaticMetadataFileList (in target 'Async' from project 'Core')
cd /Users/admin/builder/spi-builder-workspace/.dependencies/checkouts/core
write-file /Users/admin/builder/spi-builder-workspace/.derivedData/Build/Intermediates.noindex/Core.build/Debug-watchos/Async-t.build/Async.DependencyStaticMetadataFileList
WriteAuxiliaryFile /Users/admin/builder/spi-builder-workspace/.derivedData/Build/Intermediates.noindex/Core.build/Debug-watchos/Async-t.build/Async.DependencyMetadataFileList (in target 'Async' from project 'Core')
cd /Users/admin/builder/spi-builder-workspace/.dependencies/checkouts/core
write-file /Users/admin/builder/spi-builder-workspace/.derivedData/Build/Intermediates.noindex/Core.build/Debug-watchos/Async-t.build/Async.DependencyMetadataFileList
Copy /Users/admin/builder/spi-builder-workspace/.derivedData/Build/Intermediates.noindex/GeneratedModuleMaps-watchos/Async.modulemap /Users/admin/builder/spi-builder-workspace/.derivedData/Build/Intermediates.noindex/Core.build/Debug-watchos/Async-t.build/Async.modulemap (in target 'Async' from project 'Core')
cd /Users/admin/builder/spi-builder-workspace/.dependencies/checkouts/core
builtin-copy -exclude .DS_Store -exclude CVS -exclude .svn -exclude .git -exclude .hg -resolve-src-symlinks /Users/admin/builder/spi-builder-workspace/.derivedData/Build/Intermediates.noindex/Core.build/Debug-watchos/Async-t.build/Async.modulemap /Users/admin/builder/spi-builder-workspace/.derivedData/Build/Intermediates.noindex/GeneratedModuleMaps-watchos
ScanDependencies /Users/admin/builder/spi-builder-workspace/.derivedData/Build/Intermediates.noindex/swift-nio.build/Debug-watchos/CNIOZlib-t.build/Objects-normal/arm64_32/empty.o /Users/admin/builder/spi-builder-workspace/.dependencies/checkouts/swift-nio/Sources/CNIOZlib/empty.c normal arm64_32 c com.apple.compilers.llvm.clang.1_0.compiler (in target 'CNIOZlib' from project 'swift-nio')
cd /Users/admin/builder/spi-builder-workspace/.swiftpm/xcode
Using response file: /Users/admin/builder/spi-builder-workspace/.derivedData/Build/Intermediates.noindex/swift-nio.build/Debug-watchos/CNIOZlib-t.build/Objects-normal/arm64_32/7187679823f38a2a940e0043cdf9d637-common-args.resp
builtin-ScanDependencies -o /Users/admin/builder/spi-builder-workspace/.derivedData/Build/Intermediates.noindex/swift-nio.build/Debug-watchos/CNIOZlib-t.build/Objects-normal/arm64_32/empty.o.scan -- /Applications/Xcode-27.0.0-Release.Candidate.app/Contents/Developer/Toolchains/XcodeDefault.xctoolchain/usr/bin/clang -x c -ivfsstatcache /Users/admin/builder/spi-builder-workspace/.derivedData/SDKStatCaches.noindex/watchos27.0-24R360-e829b21a6f8c9b70876ba0858053c04477534ef55a1706bf4c1112bbb242f0a2.sdkstatcache -target arm64_32-apple-watchos9.0 -fmessage-length\=0 -fdiagnostics-show-note-include-stack -fmacro-backtrace-limit\=0 -fno-color-diagnostics -fmodules-prune-interval\=86400 -fmodules-prune-after\=345600 -fbuild-session-file\=/Users/admin/builder/spi-builder-workspace/.derivedData/ModuleCache.noindex/Session.modulevalidation -fmodules-validate-once-per-build-session -Wnon-modular-include-in-framework-module -Werror\=non-modular-include-in-framework-module -Wno-trigraphs -Wno-missing-field-initializers -Wno-missing-prototypes -Wno-return-type -Wno-missing-braces -Wparentheses -Wswitch -Wno-unused-function -Wno-unused-label -Wno-unused-parameter -Wno-unused-variable -Wunused-value -Wno-empty-body -Wno-uninitialized -Wno-unknown-pragmas -w -Wno-shadow -Wno-four-char-constants -Wno-conversion -Wno-constant-conversion -Wno-int-conversion -Wno-bool-conversion -Wno-enum-conversion -Wno-float-conversion -Wno-non-literal-null-conversion -Wno-objc-literal-conversion -Wno-shorten-64-to-32 -Wpointer-sign -Wno-newline-eof -Wno-implicit-fallthrough -isysroot /Applications/Xcode-27.0.0-Release.Candidate.app/Contents/Developer/Platforms/WatchOS.platform/Developer/SDKs/WatchOS27.0.sdk -fstrict-aliasing -Wdeprecated-declarations -Wno-sign-conversion -Wno-infinite-recursion -Wno-comma -Wno-block-capture-autoreleasing -Wno-strict-prototypes -Wno-semicolon-before-method-body -index-store-path /Users/admin/builder/spi-builder-workspace/.derivedData/Index.noindex/DataStore @/Users/admin/builder/spi-builder-workspace/.derivedData/Build/Intermediates.noindex/swift-nio.build/Debug-watchos/CNIOZlib-t.build/Objects-normal/arm64_32/7187679823f38a2a940e0043cdf9d637-common-args.resp -MMD -MT dependencies -MF /Users/admin/builder/spi-builder-workspace/.derivedData/Build/Intermediates.noindex/swift-nio.build/Debug-watchos/CNIOZlib-t.build/Objects-normal/arm64_32/empty.d --serialize-diagnostics /Users/admin/builder/spi-builder-workspace/.derivedData/Build/Intermediates.noindex/swift-nio.build/Debug-watchos/CNIOZlib-t.build/Objects-normal/arm64_32/empty.dia -c /Users/admin/builder/spi-builder-workspace/.dependencies/checkouts/swift-nio/Sources/CNIOZlib/empty.c -o /Users/admin/builder/spi-builder-workspace/.derivedData/Build/Intermediates.noindex/swift-nio.build/Debug-watchos/CNIOZlib-t.build/Objects-normal/arm64_32/empty.o -index-unit-output-path /swift-nio.build/Debug-watchos/CNIOZlib-t.build/Objects-normal/arm64_32/empty.o
ScanDependencies /Users/admin/builder/spi-builder-workspace/.derivedData/Build/Intermediates.noindex/swift-nio.build/Debug-watchos/CNIOZlib-t.build/Objects-normal/arm64/empty.o /Users/admin/builder/spi-builder-workspace/.dependencies/checkouts/swift-nio/Sources/CNIOZlib/empty.c normal arm64 c com.apple.compilers.llvm.clang.1_0.compiler (in target 'CNIOZlib' from project 'swift-nio')
cd /Users/admin/builder/spi-builder-workspace/.swiftpm/xcode
Using response file: /Users/admin/builder/spi-builder-workspace/.derivedData/Build/Intermediates.noindex/swift-nio.build/Debug-watchos/CNIOZlib-t.build/Objects-normal/arm64/7187679823f38a2a940e0043cdf9d637-common-args.resp
builtin-ScanDependencies -o /Users/admin/builder/spi-builder-workspace/.derivedData/Build/Intermediates.noindex/swift-nio.build/Debug-watchos/CNIOZlib-t.build/Objects-normal/arm64/empty.o.scan -- /Applications/Xcode-27.0.0-Release.Candidate.app/Contents/Developer/Toolchains/XcodeDefault.xctoolchain/usr/bin/clang -x c -ivfsstatcache /Users/admin/builder/spi-builder-workspace/.derivedData/SDKStatCaches.noindex/watchos27.0-24R360-e829b21a6f8c9b70876ba0858053c04477534ef55a1706bf4c1112bbb242f0a2.sdkstatcache -target arm64-apple-watchos9.0 -fmessage-length\=0 -fdiagnostics-show-note-include-stack -fmacro-backtrace-limit\=0 -fno-color-diagnostics -fmodules-prune-interval\=86400 -fmodules-prune-after\=345600 -fbuild-session-file\=/Users/admin/builder/spi-builder-workspace/.derivedData/ModuleCache.noindex/Session.modulevalidation -fmodules-validate-once-per-build-session -Wnon-modular-include-in-framework-module -Werror\=non-modular-include-in-framework-module -Wno-trigraphs -Wno-missing-field-initializers -Wno-missing-prototypes -Wno-return-type -Wno-missing-braces -Wparentheses -Wswitch -Wno-unused-function -Wno-unused-label -Wno-unused-parameter -Wno-unused-variable -Wunused-value -Wno-empty-body -Wno-uninitialized -Wno-unknown-pragmas -w -Wno-shadow -Wno-four-char-constants -Wno-conversion -Wno-constant-conversion -Wno-int-conversion -Wno-bool-conversion -Wno-enum-conversion -Wno-float-conversion -Wno-non-literal-null-conversion -Wno-objc-literal-conversion -Wshorten-64-to-32 -Wpointer-sign -Wno-newline-eof -Wno-implicit-fallthrough -isysroot /Applications/Xcode-27.0.0-Release.Candidate.app/Contents/Developer/Platforms/WatchOS.platform/Developer/SDKs/WatchOS27.0.sdk -fstrict-aliasing -Wdeprecated-declarations -Wno-sign-conversion -Wno-infinite-recursion -Wno-comma -Wno-block-capture-autoreleasing -Wno-strict-prototypes -Wno-semicolon-before-method-body -index-store-path /Users/admin/builder/spi-builder-workspace/.derivedData/Index.noindex/DataStore @/Users/admin/builder/spi-builder-workspace/.derivedData/Build/Intermediates.noindex/swift-nio.build/Debug-watchos/CNIOZlib-t.build/Objects-normal/arm64/7187679823f38a2a940e0043cdf9d637-common-args.resp -MMD -MT dependencies -MF /Users/admin/builder/spi-builder-workspace/.derivedData/Build/Intermediates.noindex/swift-nio.build/Debug-watchos/CNIOZlib-t.build/Objects-normal/arm64/empty.d --serialize-diagnostics /Users/admin/builder/spi-builder-workspace/.derivedData/Build/Intermediates.noindex/swift-nio.build/Debug-watchos/CNIOZlib-t.build/Objects-normal/arm64/empty.dia -c /Users/admin/builder/spi-builder-workspace/.dependencies/checkouts/swift-nio/Sources/CNIOZlib/empty.c -o /Users/admin/builder/spi-builder-workspace/.derivedData/Build/Intermediates.noindex/swift-nio.build/Debug-watchos/CNIOZlib-t.build/Objects-normal/arm64/empty.o -index-unit-output-path /swift-nio.build/Debug-watchos/CNIOZlib-t.build/Objects-normal/arm64/empty.o
ScanDependencies /Users/admin/builder/spi-builder-workspace/.derivedData/Build/Intermediates.noindex/swift-nio-ssl.build/Debug-watchos/CNIOOpenSSL-t.build/Objects-normal/arm64_32/shims.o /Users/admin/builder/spi-builder-workspace/.dependencies/checkouts/swift-nio-ssl/Sources/CNIOOpenSSL/shims.c normal arm64_32 c com.apple.compilers.llvm.clang.1_0.compiler (in target 'CNIOOpenSSL' from project 'swift-nio-ssl')
cd /Users/admin/builder/spi-builder-workspace/.swiftpm/xcode
Using response file: /Users/admin/builder/spi-builder-workspace/.derivedData/Build/Intermediates.noindex/swift-nio-ssl.build/Debug-watchos/CNIOOpenSSL-t.build/Objects-normal/arm64_32/7187679823f38a2a940e0043cdf9d637-common-args.resp
builtin-ScanDependencies -o /Users/admin/builder/spi-builder-workspace/.derivedData/Build/Intermediates.noindex/swift-nio-ssl.build/Debug-watchos/CNIOOpenSSL-t.build/Objects-normal/arm64_32/shims.o.scan -- /Applications/Xcode-27.0.0-Release.Candidate.app/Contents/Developer/Toolchains/XcodeDefault.xctoolchain/usr/bin/clang -x c -ivfsstatcache /Users/admin/builder/spi-builder-workspace/.derivedData/SDKStatCaches.noindex/watchos27.0-24R360-e829b21a6f8c9b70876ba0858053c04477534ef55a1706bf4c1112bbb242f0a2.sdkstatcache -target arm64_32-apple-watchos9.0 -fmessage-length\=0 -fdiagnostics-show-note-include-stack -fmacro-backtrace-limit\=0 -fno-color-diagnostics -fmodules-prune-interval\=86400 -fmodules-prune-after\=345600 -fbuild-session-file\=/Users/admin/builder/spi-builder-workspace/.derivedData/ModuleCache.noindex/Session.modulevalidation -fmodules-validate-once-per-build-session -Wnon-modular-include-in-framework-module -Werror\=non-modular-include-in-framework-module -Wno-trigraphs -Wno-missing-field-initializers -Wno-missing-prototypes -Wno-return-type -Wno-missing-braces -Wparentheses -Wswitch -Wno-unused-function -Wno-unused-label -Wno-unused-parameter -Wno-unused-variable -Wunused-value -Wno-empty-body -Wno-uninitialized -Wno-unknown-pragmas -w -Wno-shadow -Wno-four-char-constants -Wno-conversion -Wno-constant-conversion -Wno-int-conversion -Wno-bool-conversion -Wno-enum-conversion -Wno-float-conversion -Wno-non-literal-null-conversion -Wno-objc-literal-conversion -Wno-shorten-64-to-32 -Wpointer-sign -Wno-newline-eof -Wno-implicit-fallthrough -isysroot /Applications/Xcode-27.0.0-Release.Candidate.app/Contents/Developer/Platforms/WatchOS.platform/Developer/SDKs/WatchOS27.0.sdk -fstrict-aliasing -Wdeprecated-declarations -Wno-sign-conversion -Wno-infinite-recursion -Wno-comma -Wno-block-capture-autoreleasing -Wno-strict-prototypes -Wno-semicolon-before-method-body -index-store-path /Users/admin/builder/spi-builder-workspace/.derivedData/Index.noindex/DataStore @/Users/admin/builder/spi-builder-workspace/.derivedData/Build/Intermediates.noindex/swift-nio-ssl.build/Debug-watchos/CNIOOpenSSL-t.build/Objects-normal/arm64_32/7187679823f38a2a940e0043cdf9d637-common-args.resp -MMD -MT dependencies -MF /Users/admin/builder/spi-builder-workspace/.derivedData/Build/Intermediates.noindex/swift-nio-ssl.build/Debug-watchos/CNIOOpenSSL-t.build/Objects-normal/arm64_32/shims.d --serialize-diagnostics /Users/admin/builder/spi-builder-workspace/.derivedData/Build/Intermediates.noindex/swift-nio-ssl.build/Debug-watchos/CNIOOpenSSL-t.build/Objects-normal/arm64_32/shims.dia -c /Users/admin/builder/spi-builder-workspace/.dependencies/checkouts/swift-nio-ssl/Sources/CNIOOpenSSL/shims.c -o /Users/admin/builder/spi-builder-workspace/.derivedData/Build/Intermediates.noindex/swift-nio-ssl.build/Debug-watchos/CNIOOpenSSL-t.build/Objects-normal/arm64_32/shims.o -index-unit-output-path /swift-nio-ssl.build/Debug-watchos/CNIOOpenSSL-t.build/Objects-normal/arm64_32/shims.o
/Users/admin/builder/spi-builder-workspace/.dependencies/checkouts/swift-nio-ssl/Sources/CNIOOpenSSL/include/c_nio_openssl.h:17:10: error: 'openssl/conf.h' file not found (in target 'CNIOOpenSSL' from project 'swift-nio-ssl')
/Users/admin/builder/spi-builder-workspace/.dependencies/checkouts/swift-nio-ssl/Sources/CNIOOpenSSL/shims.c:16:10: note: in file included from /Users/admin/builder/spi-builder-workspace/.dependencies/checkouts/swift-nio-ssl/Sources/CNIOOpenSSL/shims.c:16:
ScanDependencies /Users/admin/builder/spi-builder-workspace/.derivedData/Build/Intermediates.noindex/swift-nio.build/Debug-watchos/CNIOSHA1-t.build/Objects-normal/arm64_32/c_nio_sha1.o /Users/admin/builder/spi-builder-workspace/.dependencies/checkouts/swift-nio/Sources/CNIOSHA1/c_nio_sha1.c normal arm64_32 c com.apple.compilers.llvm.clang.1_0.compiler (in target 'CNIOSHA1' from project 'swift-nio')
cd /Users/admin/builder/spi-builder-workspace/.swiftpm/xcode
Using response file: /Users/admin/builder/spi-builder-workspace/.derivedData/Build/Intermediates.noindex/swift-nio.build/Debug-watchos/CNIOSHA1-t.build/Objects-normal/arm64_32/7187679823f38a2a940e0043cdf9d637-common-args.resp
builtin-ScanDependencies -o /Users/admin/builder/spi-builder-workspace/.derivedData/Build/Intermediates.noindex/swift-nio.build/Debug-watchos/CNIOSHA1-t.build/Objects-normal/arm64_32/c_nio_sha1.o.scan -- /Applications/Xcode-27.0.0-Release.Candidate.app/Contents/Developer/Toolchains/XcodeDefault.xctoolchain/usr/bin/clang -x c -ivfsstatcache /Users/admin/builder/spi-builder-workspace/.derivedData/SDKStatCaches.noindex/watchos27.0-24R360-e829b21a6f8c9b70876ba0858053c04477534ef55a1706bf4c1112bbb242f0a2.sdkstatcache -target arm64_32-apple-watchos9.0 -fmessage-length\=0 -fdiagnostics-show-note-include-stack -fmacro-backtrace-limit\=0 -fno-color-diagnostics -fmodules-prune-interval\=86400 -fmodules-prune-after\=345600 -fbuild-session-file\=/Users/admin/builder/spi-builder-workspace/.derivedData/ModuleCache.noindex/Session.modulevalidation -fmodules-validate-once-per-build-session -Wnon-modular-include-in-framework-module -Werror\=non-modular-include-in-framework-module -Wno-trigraphs -Wno-missing-field-initializers -Wno-missing-prototypes -Wno-return-type -Wno-missing-braces -Wparentheses -Wswitch -Wno-unused-function -Wno-unused-label -Wno-unused-parameter -Wno-unused-variable -Wunused-value -Wno-empty-body -Wno-uninitialized -Wno-unknown-pragmas -w -Wno-shadow -Wno-four-char-constants -Wno-conversion -Wno-constant-conversion -Wno-int-conversion -Wno-bool-conversion -Wno-enum-conversion -Wno-float-conversion -Wno-non-literal-null-conversion -Wno-objc-literal-conversion -Wno-shorten-64-to-32 -Wpointer-sign -Wno-newline-eof -Wno-implicit-fallthrough -isysroot /Applications/Xcode-27.0.0-Release.Candidate.app/Contents/Developer/Platforms/WatchOS.platform/Developer/SDKs/WatchOS27.0.sdk -fstrict-aliasing -Wdeprecated-declarations -Wno-sign-conversion -Wno-infinite-recursion -Wno-comma -Wno-block-capture-autoreleasing -Wno-strict-prototypes -Wno-semicolon-before-method-body -index-store-path /Users/admin/builder/spi-builder-workspace/.derivedData/Index.noindex/DataStore @/Users/admin/builder/spi-builder-workspace/.derivedData/Build/Intermediates.noindex/swift-nio.build/Debug-watchos/CNIOSHA1-t.build/Objects-normal/arm64_32/7187679823f38a2a940e0043cdf9d637-common-args.resp -MMD -MT dependencies -MF /Users/admin/builder/spi-builder-workspace/.derivedData/Build/Intermediates.noindex/swift-nio.build/Debug-watchos/CNIOSHA1-t.build/Objects-normal/arm64_32/c_nio_sha1.d --serialize-diagnostics /Users/admin/builder/spi-builder-workspace/.derivedData/Build/Intermediates.noindex/swift-nio.build/Debug-watchos/CNIOSHA1-t.build/Objects-normal/arm64_32/c_nio_sha1.dia -c /Users/admin/builder/spi-builder-workspace/.dependencies/checkouts/swift-nio/Sources/CNIOSHA1/c_nio_sha1.c -o /Users/admin/builder/spi-builder-workspace/.derivedData/Build/Intermediates.noindex/swift-nio.build/Debug-watchos/CNIOSHA1-t.build/Objects-normal/arm64_32/c_nio_sha1.o -index-unit-output-path /swift-nio.build/Debug-watchos/CNIOSHA1-t.build/Objects-normal/arm64_32/c_nio_sha1.o
ScanDependencies /Users/admin/builder/spi-builder-workspace/.derivedData/Build/Intermediates.noindex/swift-nio-ssl.build/Debug-watchos/CNIOOpenSSL-t.build/Objects-normal/arm64/shims.o /Users/admin/builder/spi-builder-workspace/.dependencies/checkouts/swift-nio-ssl/Sources/CNIOOpenSSL/shims.c normal arm64 c com.apple.compilers.llvm.clang.1_0.compiler (in target 'CNIOOpenSSL' from project 'swift-nio-ssl')
cd /Users/admin/builder/spi-builder-workspace/.swiftpm/xcode
Using response file: /Users/admin/builder/spi-builder-workspace/.derivedData/Build/Intermediates.noindex/swift-nio-ssl.build/Debug-watchos/CNIOOpenSSL-t.build/Objects-normal/arm64/7187679823f38a2a940e0043cdf9d637-common-args.resp
builtin-ScanDependencies -o /Users/admin/builder/spi-builder-workspace/.derivedData/Build/Intermediates.noindex/swift-nio-ssl.build/Debug-watchos/CNIOOpenSSL-t.build/Objects-normal/arm64/shims.o.scan -- /Applications/Xcode-27.0.0-Release.Candidate.app/Contents/Developer/Toolchains/XcodeDefault.xctoolchain/usr/bin/clang -x c -ivfsstatcache /Users/admin/builder/spi-builder-workspace/.derivedData/SDKStatCaches.noindex/watchos27.0-24R360-e829b21a6f8c9b70876ba0858053c04477534ef55a1706bf4c1112bbb242f0a2.sdkstatcache -target arm64-apple-watchos9.0 -fmessage-length\=0 -fdiagnostics-show-note-include-stack -fmacro-backtrace-limit\=0 -fno-color-diagnostics -fmodules-prune-interval\=86400 -fmodules-prune-after\=345600 -fbuild-session-file\=/Users/admin/builder/spi-builder-workspace/.derivedData/ModuleCache.noindex/Session.modulevalidation -fmodules-validate-once-per-build-session -Wnon-modular-include-in-framework-module -Werror\=non-modular-include-in-framework-module -Wno-trigraphs -Wno-missing-field-initializers -Wno-missing-prototypes -Wno-return-type -Wno-missing-braces -Wparentheses -Wswitch -Wno-unused-function -Wno-unused-label -Wno-unused-parameter -Wno-unused-variable -Wunused-value -Wno-empty-body -Wno-uninitialized -Wno-unknown-pragmas -w -Wno-shadow -Wno-four-char-constants -Wno-conversion -Wno-constant-conversion -Wno-int-conversion -Wno-bool-conversion -Wno-enum-conversion -Wno-float-conversion -Wno-non-literal-null-conversion -Wno-objc-literal-conversion -Wshorten-64-to-32 -Wpointer-sign -Wno-newline-eof -Wno-implicit-fallthrough -isysroot /Applications/Xcode-27.0.0-Release.Candidate.app/Contents/Developer/Platforms/WatchOS.platform/Developer/SDKs/WatchOS27.0.sdk -fstrict-aliasing -Wdeprecated-declarations -Wno-sign-conversion -Wno-infinite-recursion -Wno-comma -Wno-block-capture-autoreleasing -Wno-strict-prototypes -Wno-semicolon-before-method-body -index-store-path /Users/admin/builder/spi-builder-workspace/.derivedData/Index.noindex/DataStore @/Users/admin/builder/spi-builder-workspace/.derivedData/Build/Intermediates.noindex/swift-nio-ssl.build/Debug-watchos/CNIOOpenSSL-t.build/Objects-normal/arm64/7187679823f38a2a940e0043cdf9d637-common-args.resp -MMD -MT dependencies -MF /Users/admin/builder/spi-builder-workspace/.derivedData/Build/Intermediates.noindex/swift-nio-ssl.build/Debug-watchos/CNIOOpenSSL-t.build/Objects-normal/arm64/shims.d --serialize-diagnostics /Users/admin/builder/spi-builder-workspace/.derivedData/Build/Intermediates.noindex/swift-nio-ssl.build/Debug-watchos/CNIOOpenSSL-t.build/Objects-normal/arm64/shims.dia -c /Users/admin/builder/spi-builder-workspace/.dependencies/checkouts/swift-nio-ssl/Sources/CNIOOpenSSL/shims.c -o /Users/admin/builder/spi-builder-workspace/.derivedData/Build/Intermediates.noindex/swift-nio-ssl.build/Debug-watchos/CNIOOpenSSL-t.build/Objects-normal/arm64/shims.o -index-unit-output-path /swift-nio-ssl.build/Debug-watchos/CNIOOpenSSL-t.build/Objects-normal/arm64/shims.o
/Users/admin/builder/spi-builder-workspace/.dependencies/checkouts/swift-nio-ssl/Sources/CNIOOpenSSL/include/c_nio_openssl.h:17:10: error: 'openssl/conf.h' file not found (in target 'CNIOOpenSSL' from project 'swift-nio-ssl')
/Users/admin/builder/spi-builder-workspace/.dependencies/checkouts/swift-nio-ssl/Sources/CNIOOpenSSL/shims.c:16:10: note: in file included from /Users/admin/builder/spi-builder-workspace/.dependencies/checkouts/swift-nio-ssl/Sources/CNIOOpenSSL/shims.c:16:
ScanDependencies /Users/admin/builder/spi-builder-workspace/.derivedData/Build/Intermediates.noindex/swift-nio-ssl.build/Debug-watchos/CNIOOpenSSL-t.build/Objects-normal/arm64_32/helpers.o /Users/admin/builder/spi-builder-workspace/.dependencies/checkouts/swift-nio-ssl/Sources/CNIOOpenSSL/helpers.c normal arm64_32 c com.apple.compilers.llvm.clang.1_0.compiler (in target 'CNIOOpenSSL' from project 'swift-nio-ssl')
cd /Users/admin/builder/spi-builder-workspace/.swiftpm/xcode
Using response file: /Users/admin/builder/spi-builder-workspace/.derivedData/Build/Intermediates.noindex/swift-nio-ssl.build/Debug-watchos/CNIOOpenSSL-t.build/Objects-normal/arm64_32/7187679823f38a2a940e0043cdf9d637-common-args.resp
builtin-ScanDependencies -o /Users/admin/builder/spi-builder-workspace/.derivedData/Build/Intermediates.noindex/swift-nio-ssl.build/Debug-watchos/CNIOOpenSSL-t.build/Objects-normal/arm64_32/helpers.o.scan -- /Applications/Xcode-27.0.0-Release.Candidate.app/Contents/Developer/Toolchains/XcodeDefault.xctoolchain/usr/bin/clang -x c -ivfsstatcache /Users/admin/builder/spi-builder-workspace/.derivedData/SDKStatCaches.noindex/watchos27.0-24R360-e829b21a6f8c9b70876ba0858053c04477534ef55a1706bf4c1112bbb242f0a2.sdkstatcache -target arm64_32-apple-watchos9.0 -fmessage-length\=0 -fdiagnostics-show-note-include-stack -fmacro-backtrace-limit\=0 -fno-color-diagnostics -fmodules-prune-interval\=86400 -fmodules-prune-after\=345600 -fbuild-session-file\=/Users/admin/builder/spi-builder-workspace/.derivedData/ModuleCache.noindex/Session.modulevalidation -fmodules-validate-once-per-build-session -Wnon-modular-include-in-framework-module -Werror\=non-modular-include-in-framework-module -Wno-trigraphs -Wno-missing-field-initializers -Wno-missing-prototypes -Wno-return-type -Wno-missing-braces -Wparentheses -Wswitch -Wno-unused-function -Wno-unused-label -Wno-unused-parameter -Wno-unused-variable -Wunused-value -Wno-empty-body -Wno-uninitialized -Wno-unknown-pragmas -w -Wno-shadow -Wno-four-char-constants -Wno-conversion -Wno-constant-conversion -Wno-int-conversion -Wno-bool-conversion -Wno-enum-conversion -Wno-float-conversion -Wno-non-literal-null-conversion -Wno-objc-literal-conversion -Wno-shorten-64-to-32 -Wpointer-sign -Wno-newline-eof -Wno-implicit-fallthrough -isysroot /Applications/Xcode-27.0.0-Release.Candidate.app/Contents/Developer/Platforms/WatchOS.platform/Developer/SDKs/WatchOS27.0.sdk -fstrict-aliasing -Wdeprecated-declarations -Wno-sign-conversion -Wno-infinite-recursion -Wno-comma -Wno-block-capture-autoreleasing -Wno-strict-prototypes -Wno-semicolon-before-method-body -index-store-path /Users/admin/builder/spi-builder-workspace/.derivedData/Index.noindex/DataStore @/Users/admin/builder/spi-builder-workspace/.derivedData/Build/Intermediates.noindex/swift-nio-ssl.build/Debug-watchos/CNIOOpenSSL-t.build/Objects-normal/arm64_32/7187679823f38a2a940e0043cdf9d637-common-args.resp -MMD -MT dependencies -MF /Users/admin/builder/spi-builder-workspace/.derivedData/Build/Intermediates.noindex/swift-nio-ssl.build/Debug-watchos/CNIOOpenSSL-t.build/Objects-normal/arm64_32/helpers.d --serialize-diagnostics /Users/admin/builder/spi-builder-workspace/.derivedData/Build/Intermediates.noindex/swift-nio-ssl.build/Debug-watchos/CNIOOpenSSL-t.build/Objects-normal/arm64_32/helpers.dia -c /Users/admin/builder/spi-builder-workspace/.dependencies/checkouts/swift-nio-ssl/Sources/CNIOOpenSSL/helpers.c -o /Users/admin/builder/spi-builder-workspace/.derivedData/Build/Intermediates.noindex/swift-nio-ssl.build/Debug-watchos/CNIOOpenSSL-t.build/Objects-normal/arm64_32/helpers.o -index-unit-output-path /swift-nio-ssl.build/Debug-watchos/CNIOOpenSSL-t.build/Objects-normal/arm64_32/helpers.o
/Users/admin/builder/spi-builder-workspace/.dependencies/checkouts/swift-nio-ssl/Sources/CNIOOpenSSL/include/c_nio_openssl.h:17:10: error: 'openssl/conf.h' file not found (in target 'CNIOOpenSSL' from project 'swift-nio-ssl')
/Users/admin/builder/spi-builder-workspace/.dependencies/checkouts/swift-nio-ssl/Sources/CNIOOpenSSL/helpers.c:14:10: note: in file included from /Users/admin/builder/spi-builder-workspace/.dependencies/checkouts/swift-nio-ssl/Sources/CNIOOpenSSL/helpers.c:14:
ScanDependencies /Users/admin/builder/spi-builder-workspace/.derivedData/Build/Intermediates.noindex/swift-nio-ssl.build/Debug-watchos/CNIOOpenSSL-t.build/Objects-normal/arm64/helpers.o /Users/admin/builder/spi-builder-workspace/.dependencies/checkouts/swift-nio-ssl/Sources/CNIOOpenSSL/helpers.c normal arm64 c com.apple.compilers.llvm.clang.1_0.compiler (in target 'CNIOOpenSSL' from project 'swift-nio-ssl')
cd /Users/admin/builder/spi-builder-workspace/.swiftpm/xcode
Using response file: /Users/admin/builder/spi-builder-workspace/.derivedData/Build/Intermediates.noindex/swift-nio-ssl.build/Debug-watchos/CNIOOpenSSL-t.build/Objects-normal/arm64/7187679823f38a2a940e0043cdf9d637-common-args.resp
builtin-ScanDependencies -o /Users/admin/builder/spi-builder-workspace/.derivedData/Build/Intermediates.noindex/swift-nio-ssl.build/Debug-watchos/CNIOOpenSSL-t.build/Objects-normal/arm64/helpers.o.scan -- /Applications/Xcode-27.0.0-Release.Candidate.app/Contents/Developer/Toolchains/XcodeDefault.xctoolchain/usr/bin/clang -x c -ivfsstatcache /Users/admin/builder/spi-builder-workspace/.derivedData/SDKStatCaches.noindex/watchos27.0-24R360-e829b21a6f8c9b70876ba0858053c04477534ef55a1706bf4c1112bbb242f0a2.sdkstatcache -target arm64-apple-watchos9.0 -fmessage-length\=0 -fdiagnostics-show-note-include-stack -fmacro-backtrace-limit\=0 -fno-color-diagnostics -fmodules-prune-interval\=86400 -fmodules-prune-after\=345600 -fbuild-session-file\=/Users/admin/builder/spi-builder-workspace/.derivedData/ModuleCache.noindex/Session.modulevalidation -fmodules-validate-once-per-build-session -Wnon-modular-include-in-framework-module -Werror\=non-modular-include-in-framework-module -Wno-trigraphs -Wno-missing-field-initializers -Wno-missing-prototypes -Wno-return-type -Wno-missing-braces -Wparentheses -Wswitch -Wno-unused-function -Wno-unused-label -Wno-unused-parameter -Wno-unused-variable -Wunused-value -Wno-empty-body -Wno-uninitialized -Wno-unknown-pragmas -w -Wno-shadow -Wno-four-char-constants -Wno-conversion -Wno-constant-conversion -Wno-int-conversion -Wno-bool-conversion -Wno-enum-conversion -Wno-float-conversion -Wno-non-literal-null-conversion -Wno-objc-literal-conversion -Wshorten-64-to-32 -Wpointer-sign -Wno-newline-eof -Wno-implicit-fallthrough -isysroot /Applications/Xcode-27.0.0-Release.Candidate.app/Contents/Developer/Platforms/WatchOS.platform/Developer/SDKs/WatchOS27.0.sdk -fstrict-aliasing -Wdeprecated-declarations -Wno-sign-conversion -Wno-infinite-recursion -Wno-comma -Wno-block-capture-autoreleasing -Wno-strict-prototypes -Wno-semicolon-before-method-body -index-store-path /Users/admin/builder/spi-builder-workspace/.derivedData/Index.noindex/DataStore @/Users/admin/builder/spi-builder-workspace/.derivedData/Build/Intermediates.noindex/swift-nio-ssl.build/Debug-watchos/CNIOOpenSSL-t.build/Objects-normal/arm64/7187679823f38a2a940e0043cdf9d637-common-args.resp -MMD -MT dependencies -MF /Users/admin/builder/spi-builder-workspace/.derivedData/Build/Intermediates.noindex/swift-nio-ssl.build/Debug-watchos/CNIOOpenSSL-t.build/Objects-normal/arm64/helpers.d --serialize-diagnostics /Users/admin/builder/spi-builder-workspace/.derivedData/Build/Intermediates.noindex/swift-nio-ssl.build/Debug-watchos/CNIOOpenSSL-t.build/Objects-normal/arm64/helpers.dia -c /Users/admin/builder/spi-builder-workspace/.dependencies/checkouts/swift-nio-ssl/Sources/CNIOOpenSSL/helpers.c -o /Users/admin/builder/spi-builder-workspace/.derivedData/Build/Intermediates.noindex/swift-nio-ssl.build/Debug-watchos/CNIOOpenSSL-t.build/Objects-normal/arm64/helpers.o -index-unit-output-path /swift-nio-ssl.build/Debug-watchos/CNIOOpenSSL-t.build/Objects-normal/arm64/helpers.o
/Users/admin/builder/spi-builder-workspace/.dependencies/checkouts/swift-nio-ssl/Sources/CNIOOpenSSL/include/c_nio_openssl.h:17:10: error: 'openssl/conf.h' file not found (in target 'CNIOOpenSSL' from project 'swift-nio-ssl')
/Users/admin/builder/spi-builder-workspace/.dependencies/checkouts/swift-nio-ssl/Sources/CNIOOpenSSL/helpers.c:14:10: note: in file included from /Users/admin/builder/spi-builder-workspace/.dependencies/checkouts/swift-nio-ssl/Sources/CNIOOpenSSL/helpers.c:14:
ScanDependencies /Users/admin/builder/spi-builder-workspace/.derivedData/Build/Intermediates.noindex/swift-nio.build/Debug-watchos/CNIOSHA1-t.build/Objects-normal/arm64/c_nio_sha1.o /Users/admin/builder/spi-builder-workspace/.dependencies/checkouts/swift-nio/Sources/CNIOSHA1/c_nio_sha1.c normal arm64 c com.apple.compilers.llvm.clang.1_0.compiler (in target 'CNIOSHA1' from project 'swift-nio')
cd /Users/admin/builder/spi-builder-workspace/.swiftpm/xcode
Using response file: /Users/admin/builder/spi-builder-workspace/.derivedData/Build/Intermediates.noindex/swift-nio.build/Debug-watchos/CNIOSHA1-t.build/Objects-normal/arm64/7187679823f38a2a940e0043cdf9d637-common-args.resp
builtin-ScanDependencies -o /Users/admin/builder/spi-builder-workspace/.derivedData/Build/Intermediates.noindex/swift-nio.build/Debug-watchos/CNIOSHA1-t.build/Objects-normal/arm64/c_nio_sha1.o.scan -- /Applications/Xcode-27.0.0-Release.Candidate.app/Contents/Developer/Toolchains/XcodeDefault.xctoolchain/usr/bin/clang -x c -ivfsstatcache /Users/admin/builder/spi-builder-workspace/.derivedData/SDKStatCaches.noindex/watchos27.0-24R360-e829b21a6f8c9b70876ba0858053c04477534ef55a1706bf4c1112bbb242f0a2.sdkstatcache -target arm64-apple-watchos9.0 -fmessage-length\=0 -fdiagnostics-show-note-include-stack -fmacro-backtrace-limit\=0 -fno-color-diagnostics -fmodules-prune-interval\=86400 -fmodules-prune-after\=345600 -fbuild-session-file\=/Users/admin/builder/spi-builder-workspace/.derivedData/ModuleCache.noindex/Session.modulevalidation -fmodules-validate-once-per-build-session -Wnon-modular-include-in-framework-module -Werror\=non-modular-include-in-framework-module -Wno-trigraphs -Wno-missing-field-initializers -Wno-missing-prototypes -Wno-return-type -Wno-missing-braces -Wparentheses -Wswitch -Wno-unused-function -Wno-unused-label -Wno-unused-parameter -Wno-unused-variable -Wunused-value -Wno-empty-body -Wno-uninitialized -Wno-unknown-pragmas -w -Wno-shadow -Wno-four-char-constants -Wno-conversion -Wno-constant-conversion -Wno-int-conversion -Wno-bool-conversion -Wno-enum-conversion -Wno-float-conversion -Wno-non-literal-null-conversion -Wno-objc-literal-conversion -Wshorten-64-to-32 -Wpointer-sign -Wno-newline-eof -Wno-implicit-fallthrough -isysroot /Applications/Xcode-27.0.0-Release.Candidate.app/Contents/Developer/Platforms/WatchOS.platform/Developer/SDKs/WatchOS27.0.sdk -fstrict-aliasing -Wdeprecated-declarations -Wno-sign-conversion -Wno-infinite-recursion -Wno-comma -Wno-block-capture-autoreleasing -Wno-strict-prototypes -Wno-semicolon-before-method-body -index-store-path /Users/admin/builder/spi-builder-workspace/.derivedData/Index.noindex/DataStore @/Users/admin/builder/spi-builder-workspace/.derivedData/Build/Intermediates.noindex/swift-nio.build/Debug-watchos/CNIOSHA1-t.build/Objects-normal/arm64/7187679823f38a2a940e0043cdf9d637-common-args.resp -MMD -MT dependencies -MF /Users/admin/builder/spi-builder-workspace/.derivedData/Build/Intermediates.noindex/swift-nio.build/Debug-watchos/CNIOSHA1-t.build/Objects-normal/arm64/c_nio_sha1.d --serialize-diagnostics /Users/admin/builder/spi-builder-workspace/.derivedData/Build/Intermediates.noindex/swift-nio.build/Debug-watchos/CNIOSHA1-t.build/Objects-normal/arm64/c_nio_sha1.dia -c /Users/admin/builder/spi-builder-workspace/.dependencies/checkouts/swift-nio/Sources/CNIOSHA1/c_nio_sha1.c -o /Users/admin/builder/spi-builder-workspace/.derivedData/Build/Intermediates.noindex/swift-nio.build/Debug-watchos/CNIOSHA1-t.build/Objects-normal/arm64/c_nio_sha1.o -index-unit-output-path /swift-nio.build/Debug-watchos/CNIOSHA1-t.build/Objects-normal/arm64/c_nio_sha1.o
ScanDependencies /Users/admin/builder/spi-builder-workspace/.derivedData/Build/Intermediates.noindex/swift-nio.build/Debug-watchos/CNIOHTTPParser-t.build/Objects-normal/arm64_32/c_nio_http_parser.o /Users/admin/builder/spi-builder-workspace/.dependencies/checkouts/swift-nio/Sources/CNIOHTTPParser/c_nio_http_parser.c normal arm64_32 c com.apple.compilers.llvm.clang.1_0.compiler (in target 'CNIOHTTPParser' from project 'swift-nio')
cd /Users/admin/builder/spi-builder-workspace/.swiftpm/xcode
Using response file: /Users/admin/builder/spi-builder-workspace/.derivedData/Build/Intermediates.noindex/swift-nio.build/Debug-watchos/CNIOHTTPParser-t.build/Objects-normal/arm64_32/7187679823f38a2a940e0043cdf9d637-common-args.resp
builtin-ScanDependencies -o /Users/admin/builder/spi-builder-workspace/.derivedData/Build/Intermediates.noindex/swift-nio.build/Debug-watchos/CNIOHTTPParser-t.build/Objects-normal/arm64_32/c_nio_http_parser.o.scan -- /Applications/Xcode-27.0.0-Release.Candidate.app/Contents/Developer/Toolchains/XcodeDefault.xctoolchain/usr/bin/clang -x c -ivfsstatcache /Users/admin/builder/spi-builder-workspace/.derivedData/SDKStatCaches.noindex/watchos27.0-24R360-e829b21a6f8c9b70876ba0858053c04477534ef55a1706bf4c1112bbb242f0a2.sdkstatcache -target arm64_32-apple-watchos9.0 -fmessage-length\=0 -fdiagnostics-show-note-include-stack -fmacro-backtrace-limit\=0 -fno-color-diagnostics -fmodules-prune-interval\=86400 -fmodules-prune-after\=345600 -fbuild-session-file\=/Users/admin/builder/spi-builder-workspace/.derivedData/ModuleCache.noindex/Session.modulevalidation -fmodules-validate-once-per-build-session -Wnon-modular-include-in-framework-module -Werror\=non-modular-include-in-framework-module -Wno-trigraphs -Wno-missing-field-initializers -Wno-missing-prototypes -Wno-return-type -Wno-missing-braces -Wparentheses -Wswitch -Wno-unused-function -Wno-unused-label -Wno-unused-parameter -Wno-unused-variable -Wunused-value -Wno-empty-body -Wno-uninitialized -Wno-unknown-pragmas -w -Wno-shadow -Wno-four-char-constants -Wno-conversion -Wno-constant-conversion -Wno-int-conversion -Wno-bool-conversion -Wno-enum-conversion -Wno-float-conversion -Wno-non-literal-null-conversion -Wno-objc-literal-conversion -Wno-shorten-64-to-32 -Wpointer-sign -Wno-newline-eof -Wno-implicit-fallthrough -isysroot /Applications/Xcode-27.0.0-Release.Candidate.app/Contents/Developer/Platforms/WatchOS.platform/Developer/SDKs/WatchOS27.0.sdk -fstrict-aliasing -Wdeprecated-declarations -Wno-sign-conversion -Wno-infinite-recursion -Wno-comma -Wno-block-capture-autoreleasing -Wno-strict-prototypes -Wno-semicolon-before-method-body -index-store-path /Users/admin/builder/spi-builder-workspace/.derivedData/Index.noindex/DataStore @/Users/admin/builder/spi-builder-workspace/.derivedData/Build/Intermediates.noindex/swift-nio.build/Debug-watchos/CNIOHTTPParser-t.build/Objects-normal/arm64_32/7187679823f38a2a940e0043cdf9d637-common-args.resp -MMD -MT dependencies -MF /Users/admin/builder/spi-builder-workspace/.derivedData/Build/Intermediates.noindex/swift-nio.build/Debug-watchos/CNIOHTTPParser-t.build/Objects-normal/arm64_32/c_nio_http_parser.d --serialize-diagnostics /Users/admin/builder/spi-builder-workspace/.derivedData/Build/Intermediates.noindex/swift-nio.build/Debug-watchos/CNIOHTTPParser-t.build/Objects-normal/arm64_32/c_nio_http_parser.dia -c /Users/admin/builder/spi-builder-workspace/.dependencies/checkouts/swift-nio/Sources/CNIOHTTPParser/c_nio_http_parser.c -o /Users/admin/builder/spi-builder-workspace/.derivedData/Build/Intermediates.noindex/swift-nio.build/Debug-watchos/CNIOHTTPParser-t.build/Objects-normal/arm64_32/c_nio_http_parser.o -index-unit-output-path /swift-nio.build/Debug-watchos/CNIOHTTPParser-t.build/Objects-normal/arm64_32/c_nio_http_parser.o
ScanDependencies /Users/admin/builder/spi-builder-workspace/.derivedData/Build/Intermediates.noindex/swift-nio.build/Debug-watchos/CNIOHTTPParser-t.build/Objects-normal/arm64/c_nio_http_parser.o /Users/admin/builder/spi-builder-workspace/.dependencies/checkouts/swift-nio/Sources/CNIOHTTPParser/c_nio_http_parser.c normal arm64 c com.apple.compilers.llvm.clang.1_0.compiler (in target 'CNIOHTTPParser' from project 'swift-nio')
cd /Users/admin/builder/spi-builder-workspace/.swiftpm/xcode
Using response file: /Users/admin/builder/spi-builder-workspace/.derivedData/Build/Intermediates.noindex/swift-nio.build/Debug-watchos/CNIOHTTPParser-t.build/Objects-normal/arm64/7187679823f38a2a940e0043cdf9d637-common-args.resp
builtin-ScanDependencies -o /Users/admin/builder/spi-builder-workspace/.derivedData/Build/Intermediates.noindex/swift-nio.build/Debug-watchos/CNIOHTTPParser-t.build/Objects-normal/arm64/c_nio_http_parser.o.scan -- /Applications/Xcode-27.0.0-Release.Candidate.app/Contents/Developer/Toolchains/XcodeDefault.xctoolchain/usr/bin/clang -x c -ivfsstatcache /Users/admin/builder/spi-builder-workspace/.derivedData/SDKStatCaches.noindex/watchos27.0-24R360-e829b21a6f8c9b70876ba0858053c04477534ef55a1706bf4c1112bbb242f0a2.sdkstatcache -target arm64-apple-watchos9.0 -fmessage-length\=0 -fdiagnostics-show-note-include-stack -fmacro-backtrace-limit\=0 -fno-color-diagnostics -fmodules-prune-interval\=86400 -fmodules-prune-after\=345600 -fbuild-session-file\=/Users/admin/builder/spi-builder-workspace/.derivedData/ModuleCache.noindex/Session.modulevalidation -fmodules-validate-once-per-build-session -Wnon-modular-include-in-framework-module -Werror\=non-modular-include-in-framework-module -Wno-trigraphs -Wno-missing-field-initializers -Wno-missing-prototypes -Wno-return-type -Wno-missing-braces -Wparentheses -Wswitch -Wno-unused-function -Wno-unused-label -Wno-unused-parameter -Wno-unused-variable -Wunused-value -Wno-empty-body -Wno-uninitialized -Wno-unknown-pragmas -w -Wno-shadow -Wno-four-char-constants -Wno-conversion -Wno-constant-conversion -Wno-int-conversion -Wno-bool-conversion -Wno-enum-conversion -Wno-float-conversion -Wno-non-literal-null-conversion -Wno-objc-literal-conversion -Wshorten-64-to-32 -Wpointer-sign -Wno-newline-eof -Wno-implicit-fallthrough -isysroot /Applications/Xcode-27.0.0-Release.Candidate.app/Contents/Developer/Platforms/WatchOS.platform/Developer/SDKs/WatchOS27.0.sdk -fstrict-aliasing -Wdeprecated-declarations -Wno-sign-conversion -Wno-infinite-recursion -Wno-comma -Wno-block-capture-autoreleasing -Wno-strict-prototypes -Wno-semicolon-before-method-body -index-store-path /Users/admin/builder/spi-builder-workspace/.derivedData/Index.noindex/DataStore @/Users/admin/builder/spi-builder-workspace/.derivedData/Build/Intermediates.noindex/swift-nio.build/Debug-watchos/CNIOHTTPParser-t.build/Objects-normal/arm64/7187679823f38a2a940e0043cdf9d637-common-args.resp -MMD -MT dependencies -MF /Users/admin/builder/spi-builder-workspace/.derivedData/Build/Intermediates.noindex/swift-nio.build/Debug-watchos/CNIOHTTPParser-t.build/Objects-normal/arm64/c_nio_http_parser.d --serialize-diagnostics /Users/admin/builder/spi-builder-workspace/.derivedData/Build/Intermediates.noindex/swift-nio.build/Debug-watchos/CNIOHTTPParser-t.build/Objects-normal/arm64/c_nio_http_parser.dia -c /Users/admin/builder/spi-builder-workspace/.dependencies/checkouts/swift-nio/Sources/CNIOHTTPParser/c_nio_http_parser.c -o /Users/admin/builder/spi-builder-workspace/.derivedData/Build/Intermediates.noindex/swift-nio.build/Debug-watchos/CNIOHTTPParser-t.build/Objects-normal/arm64/c_nio_http_parser.o -index-unit-output-path /swift-nio.build/Debug-watchos/CNIOHTTPParser-t.build/Objects-normal/arm64/c_nio_http_parser.o
SwiftDriver Socket normal arm64 com.apple.xcode.tools.swift.compiler (in target 'Socket' from project 'Socket')
cd /Users/admin/builder/spi-builder-workspace/.swiftpm/xcode
builtin-SwiftDriver -- /Applications/Xcode-27.0.0-Release.Candidate.app/Contents/Developer/Toolchains/XcodeDefault.xctoolchain/usr/bin/swiftc -parse-as-library -module-name Socket -Onone @/Users/admin/builder/spi-builder-workspace/.derivedData/Build/Intermediates.noindex/Socket.build/Debug-watchos/Socket-t.build/Objects-normal/arm64/Socket.SwiftFileList -DSWIFT_PACKAGE -DDEBUG -DSWIFT_MODULE_RESOURCE_BUNDLE_UNAVAILABLE -DXcode -plugin-path /Applications/Xcode-27.0.0-Release.Candidate.app/Contents/Developer/Toolchains/XcodeDefault.xctoolchain/usr/lib/swift/host/plugins/testing -enable-experimental-feature DebugDescriptionMacro -sdk /Applications/Xcode-27.0.0-Release.Candidate.app/Contents/Developer/Platforms/WatchOS.platform/Developer/SDKs/WatchOS27.0.sdk -target arm64-apple-watchos9.0 -g -module-cache-path /Users/admin/builder/spi-builder-workspace/.derivedData/ModuleCache.noindex -Xfrontend -serialize-debugging-options -profile-coverage-mapping -profile-generate -enable-testing -suppress-warnings -index-store-path /Users/admin/builder/spi-builder-workspace/.derivedData/Index.noindex/DataStore -Xcc -D_LIBCPP_HARDENING_MODE\=_LIBCPP_HARDENING_MODE_DEBUG -swift-version 5 -I /Users/admin/builder/spi-builder-workspace/.derivedData/Build/Products/Debug-watchos -Isystem /Applications/Xcode-27.0.0-Release.Candidate.app/Contents/Developer/Platforms/WatchOS.platform/Developer/usr/lib -F /Users/admin/builder/spi-builder-workspace/.derivedData/Build/Products/Debug-watchos -F /Applications/Xcode-27.0.0-Release.Candidate.app/Contents/Developer/Platforms/WatchOS.platform/Developer/Library/Frameworks -F /Applications/Xcode-27.0.0-Release.Candidate.app/Contents/Developer/Platforms/WatchOS.platform/Developer/SDKs/WatchOS27.0.sdk/Developer/Library/Frameworks -c -j10 -enable-batch-mode -incremental -Xcc -ivfsstatcache -Xcc /Users/admin/builder/spi-builder-workspace/.derivedData/SDKStatCaches.noindex/watchos27.0-24R360-e829b21a6f8c9b70876ba0858053c04477534ef55a1706bf4c1112bbb242f0a2.sdkstatcache -output-file-map /Users/admin/builder/spi-builder-workspace/.derivedData/Build/Intermediates.noindex/Socket.build/Debug-watchos/Socket-t.build/Objects-normal/arm64/Socket-OutputFileMap.json -save-temps -no-color-diagnostics -explicit-module-build -module-cache-path /Users/admin/builder/spi-builder-workspace/.derivedData/Build/Intermediates.noindex/SwiftExplicitPrecompiledModules -clang-scanner-module-cache-path /Users/admin/builder/spi-builder-workspace/.derivedData/ModuleCache.noindex -sdk-module-cache-path /Users/admin/builder/spi-builder-workspace/.derivedData/SDKExplicitPrecompiledModules -emit-dependencies -emit-module -emit-module-path /Users/admin/builder/spi-builder-workspace/.derivedData/Build/Intermediates.noindex/Socket.build/Debug-watchos/Socket-t.build/Objects-normal/arm64/Socket.swiftmodule -serialize-diagnostics -dependency-scan-serialize-diagnostics-path /Users/admin/builder/spi-builder-workspace/.derivedData/Build/Intermediates.noindex/Socket.build/Debug-watchos/Socket-t.build/Objects-normal/arm64/Socket-dependency-scan.dia -validate-clang-modules-once -clang-build-session-file /Users/admin/builder/spi-builder-workspace/.derivedData/ModuleCache.noindex/Session.modulevalidation -Xcc -fmodules-prune-interval\=86400 -Xcc -fmodules-prune-after\=345600 -emit-const-values -const-gather-protocols-list /Users/admin/builder/spi-builder-workspace/.derivedData/Build/Intermediates.noindex/Socket.build/Debug-watchos/Socket-t.build/Objects-normal/arm64/Socket_const_extract_protocols.json -Xcc -I/Users/admin/builder/spi-builder-workspace/.derivedData/Build/Products/Debug-watchos/include -Xcc -I/Users/admin/builder/spi-builder-workspace/.derivedData/Build/Intermediates.noindex/Socket.build/Debug-watchos/Socket-t.build/DerivedSources-normal/arm64 -Xcc -I/Users/admin/builder/spi-builder-workspace/.derivedData/Build/Intermediates.noindex/Socket.build/Debug-watchos/Socket-t.build/DerivedSources/arm64 -Xcc -I/Users/admin/builder/spi-builder-workspace/.derivedData/Build/Intermediates.noindex/Socket.build/Debug-watchos/Socket-t.build/DerivedSources -Xcc -DSWIFT_PACKAGE -Xcc -DDEBUG\=1 -emit-objc-header -emit-objc-header-path /Users/admin/builder/spi-builder-workspace/.derivedData/Build/Intermediates.noindex/Socket.build/Debug-watchos/Socket-t.build/Objects-normal/arm64/Socket-Swift.h -working-directory /Users/admin/builder/spi-builder-workspace/.swiftpm/xcode -experimental-emit-module-separately -disable-cmo
SwiftDriver Socket normal arm64_32 com.apple.xcode.tools.swift.compiler (in target 'Socket' from project 'Socket')
cd /Users/admin/builder/spi-builder-workspace/.swiftpm/xcode
builtin-SwiftDriver -- /Applications/Xcode-27.0.0-Release.Candidate.app/Contents/Developer/Toolchains/XcodeDefault.xctoolchain/usr/bin/swiftc -parse-as-library -module-name Socket -Onone @/Users/admin/builder/spi-builder-workspace/.derivedData/Build/Intermediates.noindex/Socket.build/Debug-watchos/Socket-t.build/Objects-normal/arm64_32/Socket.SwiftFileList -DSWIFT_PACKAGE -DDEBUG -DSWIFT_MODULE_RESOURCE_BUNDLE_UNAVAILABLE -DXcode -plugin-path /Applications/Xcode-27.0.0-Release.Candidate.app/Contents/Developer/Toolchains/XcodeDefault.xctoolchain/usr/lib/swift/host/plugins/testing -enable-experimental-feature DebugDescriptionMacro -sdk /Applications/Xcode-27.0.0-Release.Candidate.app/Contents/Developer/Platforms/WatchOS.platform/Developer/SDKs/WatchOS27.0.sdk -target arm64_32-apple-watchos9.0 -g -module-cache-path /Users/admin/builder/spi-builder-workspace/.derivedData/ModuleCache.noindex -Xfrontend -serialize-debugging-options -profile-coverage-mapping -profile-generate -enable-testing -suppress-warnings -index-store-path /Users/admin/builder/spi-builder-workspace/.derivedData/Index.noindex/DataStore -Xcc -D_LIBCPP_HARDENING_MODE\=_LIBCPP_HARDENING_MODE_DEBUG -swift-version 5 -I /Users/admin/builder/spi-builder-workspace/.derivedData/Build/Products/Debug-watchos -Isystem /Applications/Xcode-27.0.0-Release.Candidate.app/Contents/Developer/Platforms/WatchOS.platform/Developer/usr/lib -F /Users/admin/builder/spi-builder-workspace/.derivedData/Build/Products/Debug-watchos -F /Applications/Xcode-27.0.0-Release.Candidate.app/Contents/Developer/Platforms/WatchOS.platform/Developer/Library/Frameworks -F /Applications/Xcode-27.0.0-Release.Candidate.app/Contents/Developer/Platforms/WatchOS.platform/Developer/SDKs/WatchOS27.0.sdk/Developer/Library/Frameworks -c -j10 -enable-batch-mode -incremental -Xcc -ivfsstatcache -Xcc /Users/admin/builder/spi-builder-workspace/.derivedData/SDKStatCaches.noindex/watchos27.0-24R360-e829b21a6f8c9b70876ba0858053c04477534ef55a1706bf4c1112bbb242f0a2.sdkstatcache -output-file-map /Users/admin/builder/spi-builder-workspace/.derivedData/Build/Intermediates.noindex/Socket.build/Debug-watchos/Socket-t.build/Objects-normal/arm64_32/Socket-OutputFileMap.json -save-temps -no-color-diagnostics -explicit-module-build -module-cache-path /Users/admin/builder/spi-builder-workspace/.derivedData/Build/Intermediates.noindex/SwiftExplicitPrecompiledModules -clang-scanner-module-cache-path /Users/admin/builder/spi-builder-workspace/.derivedData/ModuleCache.noindex -sdk-module-cache-path /Users/admin/builder/spi-builder-workspace/.derivedData/SDKExplicitPrecompiledModules -emit-dependencies -emit-module -emit-module-path /Users/admin/builder/spi-builder-workspace/.derivedData/Build/Intermediates.noindex/Socket.build/Debug-watchos/Socket-t.build/Objects-normal/arm64_32/Socket.swiftmodule -serialize-diagnostics -dependency-scan-serialize-diagnostics-path /Users/admin/builder/spi-builder-workspace/.derivedData/Build/Intermediates.noindex/Socket.build/Debug-watchos/Socket-t.build/Objects-normal/arm64_32/Socket-dependency-scan.dia -validate-clang-modules-once -clang-build-session-file /Users/admin/builder/spi-builder-workspace/.derivedData/ModuleCache.noindex/Session.modulevalidation -Xcc -fmodules-prune-interval\=86400 -Xcc -fmodules-prune-after\=345600 -emit-const-values -const-gather-protocols-list /Users/admin/builder/spi-builder-workspace/.derivedData/Build/Intermediates.noindex/Socket.build/Debug-watchos/Socket-t.build/Objects-normal/arm64_32/Socket_const_extract_protocols.json -Xcc -I/Users/admin/builder/spi-builder-workspace/.derivedData/Build/Products/Debug-watchos/include -Xcc -I/Users/admin/builder/spi-builder-workspace/.derivedData/Build/Intermediates.noindex/Socket.build/Debug-watchos/Socket-t.build/DerivedSources-normal/arm64_32 -Xcc -I/Users/admin/builder/spi-builder-workspace/.derivedData/Build/Intermediates.noindex/Socket.build/Debug-watchos/Socket-t.build/DerivedSources/arm64_32 -Xcc -I/Users/admin/builder/spi-builder-workspace/.derivedData/Build/Intermediates.noindex/Socket.build/Debug-watchos/Socket-t.build/DerivedSources -Xcc -DSWIFT_PACKAGE -Xcc -DDEBUG\=1 -emit-objc-header -emit-objc-header-path /Users/admin/builder/spi-builder-workspace/.derivedData/Build/Intermediates.noindex/Socket.build/Debug-watchos/Socket-t.build/Objects-normal/arm64_32/Socket-Swift.h -working-directory /Users/admin/builder/spi-builder-workspace/.swiftpm/xcode -experimental-emit-module-separately -disable-cmo
PruneExplicitPrecompiledModules /Users/admin/builder/spi-builder-workspace/.derivedData/Build/Intermediates.noindex/ExplicitPrecompiledModules
PruneExplicitPrecompiledModules /Users/admin/builder/spi-builder-workspace/.derivedData/Build/Intermediates.noindex/SwiftExplicitPrecompiledModules
PruneExplicitPrecompiledModules /Users/admin/builder/spi-builder-workspace/.derivedData/SDKExplicitPrecompiledModules
2026-09-17 22:20:10.245 xcodebuild[1735:8364] [MT] IDERunDestination: Supported platforms for the buildables in the current scheme is empty.
** BUILD FAILED **
The following build commands failed:
ScanDependencies /Users/admin/builder/spi-builder-workspace/.derivedData/Build/Intermediates.noindex/swift-nio-ssl.build/Debug-watchos/CNIOOpenSSL-t.build/Objects-normal/arm64_32/shims.o /Users/admin/builder/spi-builder-workspace/.dependencies/checkouts/swift-nio-ssl/Sources/CNIOOpenSSL/shims.c normal arm64_32 c com.apple.compilers.llvm.clang.1_0.compiler (in target 'CNIOOpenSSL' from project 'swift-nio-ssl')
ScanDependencies /Users/admin/builder/spi-builder-workspace/.derivedData/Build/Intermediates.noindex/swift-nio-ssl.build/Debug-watchos/CNIOOpenSSL-t.build/Objects-normal/arm64/shims.o /Users/admin/builder/spi-builder-workspace/.dependencies/checkouts/swift-nio-ssl/Sources/CNIOOpenSSL/shims.c normal arm64 c com.apple.compilers.llvm.clang.1_0.compiler (in target 'CNIOOpenSSL' from project 'swift-nio-ssl')
ScanDependencies /Users/admin/builder/spi-builder-workspace/.derivedData/Build/Intermediates.noindex/swift-nio-ssl.build/Debug-watchos/CNIOOpenSSL-t.build/Objects-normal/arm64_32/helpers.o /Users/admin/builder/spi-builder-workspace/.dependencies/checkouts/swift-nio-ssl/Sources/CNIOOpenSSL/helpers.c normal arm64_32 c com.apple.compilers.llvm.clang.1_0.compiler (in target 'CNIOOpenSSL' from project 'swift-nio-ssl')
ScanDependencies /Users/admin/builder/spi-builder-workspace/.derivedData/Build/Intermediates.noindex/swift-nio-ssl.build/Debug-watchos/CNIOOpenSSL-t.build/Objects-normal/arm64/helpers.o /Users/admin/builder/spi-builder-workspace/.dependencies/checkouts/swift-nio-ssl/Sources/CNIOOpenSSL/helpers.c normal arm64 c com.apple.compilers.llvm.clang.1_0.compiler (in target 'CNIOOpenSSL' from project 'swift-nio-ssl')
Building workspace MailCore with scheme MailCore-Package
(5 failures)
Command line invocation:
/Applications/Xcode-27.0.0-Release.Candidate.app/Contents/Developer/usr/bin/xcodebuild -IDEClonedSourcePackagesDirPathOverride=/Users/admin/builder/spi-builder-workspace/.dependencies -resolvePackageDependencies
Resolve Package Graph
ignoring declared target(s) 'swift-nio-zlib-support' in the system packageignoring declared target(s) 'swift-nio-ssl-support' in the system packageConflicting identity for bluesocket: dependency 'github.com/kitura/bluesocket' and dependency 'github.com/ibm-swift/bluesocket' both point to the same package identity 'bluesocket'. The dependencies are introduced through the following chains: (A) /users/admin/builder/spi-builder-workspace->github.com/ibm-swift/swift-smtp->github.com/ibm-swift/bluesslservice->github.com/kitura/bluesocket (B) /users/admin/builder/spi-builder-workspace->github.com/ibm-swift/swift-smtp->github.com/ibm-swift/bluesocket. If there are multiple chains that lead to the same dependency, only the first chain is shown here. To see all chains use debug output option. To resolve the conflict, coordinate with the maintainer of the package that introduces the conflicting dependency. This will be escalated to an error in future versions of SwiftPM.dependency 'loggerapi' is not used by any targetcouldn't find pc file for zlibyou may be able to install openssl using your system-packager:
brew install libressl
Resolved source packages:
SwiftSMTP: https://github.com/IBM-Swift/Swift-SMTP.git @ 5.1.2
Service: https://github.com/vapor/service.git @ 1.0.2
VaporTestTools: https://github.com/LiveUI/VaporTestTools.git @ 0.1.7
Routing: https://github.com/vapor/routing.git @ 3.1.0
Validation: https://github.com/vapor/validation.git @ 2.1.1
swift-nio-zlib-support: https://github.com/apple/swift-nio-zlib-support.git @ 1.0.0
Cryptor: https://github.com/IBM-Swift/BlueCryptor.git @ 1.0.200
Vapor: https://github.com/vapor/vapor.git @ 3.3.3
Console: https://github.com/vapor/console.git @ 3.1.1
Multipart: https://github.com/vapor/multipart.git @ 3.1.3
SSLService: https://github.com/IBM-Swift/BlueSSLService.git @ 1.0.200
Core: https://github.com/vapor/core.git @ 3.10.1
WebSocket: https://github.com/vapor/websocket.git @ 1.1.2
Mailgun: https://github.com/twof/VaporMailgunService.git @ 1.8.1
swift-nio-ssl-support: https://github.com/apple/swift-nio-ssl-support.git @ 1.0.0
MailCore: /Users/admin/builder/spi-builder-workspace
URLEncodedForm: https://github.com/vapor/url-encoded-form.git @ 1.1.0
Socket: https://github.com/IBM-Swift/BlueSocket.git @ 1.0.200
DatabaseKit: https://github.com/vapor/database-kit.git @ 1.3.3
TemplateKit: https://github.com/vapor/template-kit.git @ 1.5.0
swift-nio-ssl: https://github.com/apple/swift-nio-ssl.git @ 1.4.0
swift-nio: https://github.com/apple/swift-nio.git @ 1.14.4
SendGrid: https://github.com/vapor-community/sendgrid-provider.git @ 3.0.6
LoggerAPI: https://github.com/IBM-Swift/LoggerAPI.git @ 1.8.1
Crypto: https://github.com/vapor/crypto.git @ 3.4.1
HTTP: https://github.com/vapor/http.git @ 3.4.0
resolved source packages: SwiftSMTP, Service, VaporTestTools, Routing, Validation, swift-nio-zlib-support, Cryptor, Vapor, Console, Multipart, SSLService, Core, WebSocket, Mailgun, swift-nio-ssl-support, MailCore, URLEncodedForm, Socket, DatabaseKit, TemplateKit, swift-nio-ssl, swift-nio, SendGrid, LoggerAPI, Crypto, HTTP
2026-09-17 22:20:17.619 xcodebuild[1961:9684] [MT] IDERunDestination: Supported platforms for the buildables in the current scheme is empty.
{
"dependencies" : [
{
"identity" : "vapor",
"requirement" : {
"range" : [
{
"lower_bound" : "3.0.0",
"upper_bound" : "4.0.0"
}
]
},
"type" : "sourceControl",
"url" : "https://github.com/vapor/vapor.git"
},
{
"identity" : "vapormailgunservice",
"requirement" : {
"range" : [
{
"lower_bound" : "1.8.0",
"upper_bound" : "1.9.0"
}
]
},
"type" : "sourceControl",
"url" : "https://github.com/twof/VaporMailgunService.git"
},
{
"identity" : "sendgrid-provider",
"requirement" : {
"range" : [
{
"lower_bound" : "3.0.5",
"upper_bound" : "4.0.0"
}
]
},
"type" : "sourceControl",
"url" : "https://github.com/vapor-community/sendgrid-provider.git"
},
{
"identity" : "swift-smtp",
"requirement" : {
"range" : [
{
"lower_bound" : "5.1.0",
"upper_bound" : "6.0.0"
}
]
},
"type" : "sourceControl",
"url" : "https://github.com/IBM-Swift/Swift-SMTP.git"
},
{
"identity" : "loggerapi",
"requirement" : {
"range" : [
{
"lower_bound" : "1.8.0",
"upper_bound" : "1.9.0"
}
]
},
"type" : "sourceControl",
"url" : "https://github.com/IBM-Swift/LoggerAPI.git"
},
{
"identity" : "vaportesttools",
"requirement" : {
"range" : [
{
"lower_bound" : "0.1.5",
"upper_bound" : "1.0.0"
}
]
},
"type" : "sourceControl",
"url" : "https://github.com/LiveUI/VaporTestTools.git"
}
],
"manifest_display_name" : "MailCore",
"name" : "MailCore",
"path" : "/Users/admin/builder/spi-builder-workspace",
"platforms" : [
],
"products" : [
{
"name" : "MailCore",
"targets" : [
"MailCore"
],
"type" : {
"library" : [
"automatic"
]
}
},
{
"name" : "MailCoreTestTools",
"targets" : [
"MailCoreTestTools"
],
"type" : {
"library" : [
"automatic"
]
}
}
],
"targets" : [
{
"c99name" : "MailCoreTests",
"module_type" : "SwiftTarget",
"name" : "MailCoreTests",
"path" : "Tests/MailCoreTests",
"product_dependencies" : [
"VaporTestTools"
],
"sources" : [
"MailCoreTests.swift"
],
"target_dependencies" : [
"MailCore",
"MailCoreTestTools"
],
"type" : "test"
},
{
"c99name" : "MailCoreTestTools",
"module_type" : "SwiftTarget",
"name" : "MailCoreTestTools",
"path" : "Sources/MailCoreTestTools",
"product_dependencies" : [
"Vapor",
"VaporTestTools"
],
"product_memberships" : [
"MailCoreTestTools"
],
"sources" : [
"Extensions/MailProperty+Tools.swift",
"MailCoreTestTools.swift"
],
"target_dependencies" : [
"MailCore"
],
"type" : "library"
},
{
"c99name" : "MailCore",
"module_type" : "SwiftTarget",
"name" : "MailCore",
"path" : "Sources/MailCore",
"product_dependencies" : [
"Vapor",
"Mailgun",
"SendGrid",
"SwiftSMTP"
],
"product_memberships" : [
"MailCore",
"MailCoreTestTools"
],
"sources" : [
"Extensions/Message+Mailgun.swift",
"Extensions/Message+SMTP.swift",
"Extensions/Message+SendGrid.swift",
"Extensions/Request+Mail.swift",
"MailCore.swift"
],
"type" : "library"
}
],
"tools_version" : "4.0"
}
{
"workspace" : {
"name" : "MailCore",
"schemes" : [
"MailCore",
"MailCore-Package",
"MailCoreTestTools"
]
}
}
2026-09-17 22:20:19.263 xcodebuild[1976:9762] [MT] IDERunDestination: Supported platforms for the buildables in the current scheme is empty.
Running build ...
env DEVELOPER_DIR=/Applications/Xcode-27.0.0-Release.Candidate.app xcrun xcodebuild -IDEClonedSourcePackagesDirPathOverride=$PWD/.dependencies -skipMacroValidation -skipPackagePluginValidation -derivedDataPath $PWD/.derivedData build -scheme MailCore-Package -destination generic/platform=watchOS
Command line invocation:
/Applications/Xcode-27.0.0-Release.Candidate.app/Contents/Developer/usr/bin/xcodebuild -IDEClonedSourcePackagesDirPathOverride=/Users/admin/builder/spi-builder-workspace/.dependencies -skipMacroValidation -skipPackagePluginValidation -derivedDataPath /Users/admin/builder/spi-builder-workspace/.derivedData build -scheme MailCore-Package -destination generic/platform=watchOS
Resolve Package Graph
ignoring declared target(s) 'swift-nio-zlib-support' in the system packageignoring declared target(s) 'swift-nio-ssl-support' in the system packageConflicting identity for bluesocket: dependency 'github.com/kitura/bluesocket' and dependency 'github.com/ibm-swift/bluesocket' both point to the same package identity 'bluesocket'. The dependencies are introduced through the following chains: (A) /users/admin/builder/spi-builder-workspace->github.com/ibm-swift/swift-smtp->github.com/ibm-swift/bluesslservice->github.com/kitura/bluesocket (B) /users/admin/builder/spi-builder-workspace->github.com/ibm-swift/swift-smtp->github.com/ibm-swift/bluesocket. If there are multiple chains that lead to the same dependency, only the first chain is shown here. To see all chains use debug output option. To resolve the conflict, coordinate with the maintainer of the package that introduces the conflicting dependency. This will be escalated to an error in future versions of SwiftPM.dependency 'loggerapi' is not used by any targetyou may be able to install openssl using your system-packager:
brew install libressl
couldn't find pc file for zlib
Resolved source packages:
MailCore: /Users/admin/builder/spi-builder-workspace
HTTP: https://github.com/vapor/http.git @ 3.4.0
Core: https://github.com/vapor/core.git @ 3.10.1
URLEncodedForm: https://github.com/vapor/url-encoded-form.git @ 1.1.0
Socket: https://github.com/IBM-Swift/BlueSocket.git @ 1.0.200
Service: https://github.com/vapor/service.git @ 1.0.2
swift-nio-zlib-support: https://github.com/apple/swift-nio-zlib-support.git @ 1.0.0
SwiftSMTP: https://github.com/IBM-Swift/Swift-SMTP.git @ 5.1.2
VaporTestTools: https://github.com/LiveUI/VaporTestTools.git @ 0.1.7
swift-nio-ssl: https://github.com/apple/swift-nio-ssl.git @ 1.4.0
Vapor: https://github.com/vapor/vapor.git @ 3.3.3
Cryptor: https://github.com/IBM-Swift/BlueCryptor.git @ 1.0.200
Crypto: https://github.com/vapor/crypto.git @ 3.4.1
Validation: https://github.com/vapor/validation.git @ 2.1.1
Mailgun: https://github.com/twof/VaporMailgunService.git @ 1.8.1
SendGrid: https://github.com/vapor-community/sendgrid-provider.git @ 3.0.6
SSLService: https://github.com/IBM-Swift/BlueSSLService.git @ 1.0.200
WebSocket: https://github.com/vapor/websocket.git @ 1.1.2
TemplateKit: https://github.com/vapor/template-kit.git @ 1.5.0
LoggerAPI: https://github.com/IBM-Swift/LoggerAPI.git @ 1.8.1
swift-nio: https://github.com/apple/swift-nio.git @ 1.14.4
Console: https://github.com/vapor/console.git @ 3.1.1
swift-nio-ssl-support: https://github.com/apple/swift-nio-ssl-support.git @ 1.0.0
Routing: https://github.com/vapor/routing.git @ 3.1.0
Multipart: https://github.com/vapor/multipart.git @ 3.1.3
DatabaseKit: https://github.com/vapor/database-kit.git @ 1.3.3
ComputePackagePrebuildTargetDependencyGraph
Prepare packages
CreateBuildRequest
SendProjectDescription
CreateBuildOperation
ComputeTargetDependencyGraph
note: Building targets in dependency order
note: Target dependency graph (86 targets)
Target 'MailCoreTestTools-product' in project 'MailCore'
➜ Explicit dependency on target 'MailCoreTestTools' in project 'MailCore'
➜ Explicit dependency on target 'MailCore' in project 'MailCore'
➜ Explicit dependency on target 'Vapor-product' in project 'Vapor'
➜ Explicit dependency on target 'Mailgun-product' in project 'Mailgun'
➜ Explicit dependency on target 'SendGrid-product' in project 'SendGrid'
➜ Explicit dependency on target 'SwiftSMTP-product' in project 'SwiftSMTP'
➜ Explicit dependency on target 'VaporTestTools-product' in project 'VaporTestTools'
Target 'MailCoreTestTools' in project 'MailCore'
➜ Explicit dependency on target 'MailCore' in project 'MailCore'
➜ Explicit dependency on target 'Vapor-product' in project 'Vapor'
➜ Explicit dependency on target 'Mailgun-product' in project 'Mailgun'
➜ Explicit dependency on target 'SendGrid-product' in project 'SendGrid'
➜ Explicit dependency on target 'SwiftSMTP-product' in project 'SwiftSMTP'
➜ Explicit dependency on target 'VaporTestTools-product' in project 'VaporTestTools'
Target 'VaporTestTools-product' in project 'VaporTestTools'
➜ Explicit dependency on target 'VaporTestTools' in project 'VaporTestTools'
➜ Explicit dependency on target 'Vapor-product' in project 'Vapor'
Target 'VaporTestTools' in project 'VaporTestTools'
➜ Explicit dependency on target 'Vapor-product' in project 'Vapor'
Target 'MailCore-product' in project 'MailCore'
➜ Explicit dependency on target 'MailCore' in project 'MailCore'
➜ Explicit dependency on target 'Vapor-product' in project 'Vapor'
➜ Explicit dependency on target 'Mailgun-product' in project 'Mailgun'
➜ Explicit dependency on target 'SendGrid-product' in project 'SendGrid'
➜ Explicit dependency on target 'SwiftSMTP-product' in project 'SwiftSMTP'
Target 'MailCore' in project 'MailCore'
➜ Explicit dependency on target 'Vapor-product' in project 'Vapor'
➜ Explicit dependency on target 'Mailgun-product' in project 'Mailgun'
➜ Explicit dependency on target 'SendGrid-product' in project 'SendGrid'
➜ Explicit dependency on target 'SwiftSMTP-product' in project 'SwiftSMTP'
Target 'SwiftSMTP-product' in project 'SwiftSMTP'
➜ Explicit dependency on target 'SwiftSMTP' in project 'SwiftSMTP'
➜ Explicit dependency on target 'Socket-product' in project 'Socket'
➜ Explicit dependency on target 'SSLService-product' in project 'SSLService'
➜ Explicit dependency on target 'Cryptor-product' in project 'Cryptor'
➜ Explicit dependency on target 'LoggerAPI-product' in project 'LoggerAPI'
Target 'SwiftSMTP' in project 'SwiftSMTP'
➜ Explicit dependency on target 'Socket-product' in project 'Socket'
➜ Explicit dependency on target 'SSLService-product' in project 'SSLService'
➜ Explicit dependency on target 'Cryptor-product' in project 'Cryptor'
➜ Explicit dependency on target 'LoggerAPI-product' in project 'LoggerAPI'
Target 'LoggerAPI-product' in project 'LoggerAPI'
➜ Explicit dependency on target 'LoggerAPI' in project 'LoggerAPI'
Target 'LoggerAPI' in project 'LoggerAPI' (no dependencies)
Target 'Cryptor-product' in project 'Cryptor'
➜ Explicit dependency on target 'Cryptor' in project 'Cryptor'
Target 'Cryptor' in project 'Cryptor' (no dependencies)
Target 'SSLService-product' in project 'SSLService'
➜ Explicit dependency on target 'SSLService' in project 'SSLService'
➜ Explicit dependency on target 'Socket-product' in project 'Socket'
Target 'SSLService' in project 'SSLService'
➜ Explicit dependency on target 'Socket-product' in project 'Socket'
Target 'Socket-product' in project 'Socket'
➜ Explicit dependency on target 'Socket' in project 'Socket'
Target 'Socket' in project 'Socket' (no dependencies)
Target 'SendGrid-product' in project 'SendGrid'
➜ Explicit dependency on target 'SendGrid' in project 'SendGrid'
➜ Explicit dependency on target 'Vapor-product' in project 'Vapor'
Target 'SendGrid' in project 'SendGrid'
➜ Explicit dependency on target 'Vapor-product' in project 'Vapor'
Target 'Mailgun-product' in project 'Mailgun'
➜ Explicit dependency on target 'Mailgun' in project 'Mailgun'
➜ Explicit dependency on target 'Vapor-product' in project 'Vapor'
Target 'Mailgun' in project 'Mailgun'
➜ Explicit dependency on target 'Vapor-product' in project 'Vapor'
Target 'Vapor-product' in project 'Vapor'
➜ Explicit dependency on target 'Vapor' in project 'Vapor'
➜ Explicit dependency on target 'Async-product' in project 'Core'
➜ Explicit dependency on target 'Command-product' in project 'Console'
➜ Explicit dependency on target 'Console-product' in project 'Console'
➜ Explicit dependency on target 'COperatingSystem-product' in project 'Core'
➜ Explicit dependency on target 'Crypto-product' in project 'Crypto'
➜ Explicit dependency on target 'DatabaseKit-product' in project 'DatabaseKit'
➜ Explicit dependency on target 'Debugging-product' in project 'Core'
➜ Explicit dependency on target 'HTTP-product' in project 'HTTP'
➜ Explicit dependency on target 'Logging-product' in project 'Console'
➜ Explicit dependency on target 'Multipart-product' in project 'Multipart'
➜ Explicit dependency on target 'Routing-product' in project 'Routing'
➜ Explicit dependency on target 'Service-product' in project 'Service'
➜ Explicit dependency on target 'TemplateKit-product' in project 'TemplateKit'
➜ Explicit dependency on target 'URLEncodedForm-product' in project 'URLEncodedForm'
➜ Explicit dependency on target 'Validation-product' in project 'Validation'
➜ Explicit dependency on target 'WebSocket-product' in project 'WebSocket'
Target 'Vapor' in project 'Vapor'
➜ Explicit dependency on target 'Async-product' in project 'Core'
➜ Explicit dependency on target 'Command-product' in project 'Console'
➜ Explicit dependency on target 'Console-product' in project 'Console'
➜ Explicit dependency on target 'COperatingSystem-product' in project 'Core'
➜ Explicit dependency on target 'Crypto-product' in project 'Crypto'
➜ Explicit dependency on target 'DatabaseKit-product' in project 'DatabaseKit'
➜ Explicit dependency on target 'Debugging-product' in project 'Core'
➜ Explicit dependency on target 'HTTP-product' in project 'HTTP'
➜ Explicit dependency on target 'Logging-product' in project 'Console'
➜ Explicit dependency on target 'Multipart-product' in project 'Multipart'
➜ Explicit dependency on target 'Routing-product' in project 'Routing'
➜ Explicit dependency on target 'Service-product' in project 'Service'
➜ Explicit dependency on target 'TemplateKit-product' in project 'TemplateKit'
➜ Explicit dependency on target 'URLEncodedForm-product' in project 'URLEncodedForm'
➜ Explicit dependency on target 'Validation-product' in project 'Validation'
➜ Explicit dependency on target 'WebSocket-product' in project 'WebSocket'
Target 'WebSocket-product' in project 'WebSocket'
➜ Explicit dependency on target 'WebSocket' in project 'WebSocket'
➜ Explicit dependency on target 'Core-product' in project 'Core'
➜ Explicit dependency on target 'Crypto-product' in project 'Crypto'
➜ Explicit dependency on target 'HTTP-product' in project 'HTTP'
➜ Explicit dependency on target 'NIO-product' in project 'swift-nio'
➜ Explicit dependency on target 'NIOWebSocket-product' in project 'swift-nio'
Target 'WebSocket' in project 'WebSocket'
➜ Explicit dependency on target 'Core-product' in project 'Core'
➜ Explicit dependency on target 'Crypto-product' in project 'Crypto'
➜ Explicit dependency on target 'HTTP-product' in project 'HTTP'
➜ Explicit dependency on target 'NIO-product' in project 'swift-nio'
➜ Explicit dependency on target 'NIOWebSocket-product' in project 'swift-nio'
Target 'NIOWebSocket-product' in project 'swift-nio'
➜ Explicit dependency on target 'NIOWebSocket' in project 'swift-nio'
➜ Explicit dependency on target 'CNIOLinux' in project 'swift-nio'
➜ Explicit dependency on target 'CNIODarwin' in project 'swift-nio'
➜ Explicit dependency on target 'CNIOAtomics' in project 'swift-nio'
➜ Explicit dependency on target 'NIOConcurrencyHelpers' in project 'swift-nio'
➜ Explicit dependency on target 'NIOPriorityQueue' in project 'swift-nio'
➜ Explicit dependency on target 'CNIOSHA1' in project 'swift-nio'
➜ Explicit dependency on target 'NIO' in project 'swift-nio'
➜ Explicit dependency on target 'CNIOHTTPParser' in project 'swift-nio'
➜ Explicit dependency on target 'CNIOZlib' in project 'swift-nio'
➜ Explicit dependency on target 'NIOHTTP1' in project 'swift-nio'
Target 'NIOWebSocket' in project 'swift-nio'
➜ Explicit dependency on target 'swift-nio-zlib-support' in project 'swift-nio-zlib-support'
➜ Explicit dependency on target 'CNIOLinux' in project 'swift-nio'
➜ Explicit dependency on target 'CNIODarwin' in project 'swift-nio'
➜ Explicit dependency on target 'CNIOAtomics' in project 'swift-nio'
➜ Explicit dependency on target 'NIOConcurrencyHelpers' in project 'swift-nio'
➜ Explicit dependency on target 'NIOPriorityQueue' in project 'swift-nio'
➜ Explicit dependency on target 'CNIOSHA1' in project 'swift-nio'
➜ Explicit dependency on target 'NIO' in project 'swift-nio'
➜ Explicit dependency on target 'CNIOHTTPParser' in project 'swift-nio'
➜ Explicit dependency on target 'CNIOZlib' in project 'swift-nio'
➜ Explicit dependency on target 'NIOHTTP1' in project 'swift-nio'
Target 'Validation-product' in project 'Validation'
➜ Explicit dependency on target 'Validation' in project 'Validation'
➜ Explicit dependency on target 'Core-product' in project 'Core'
Target 'Validation' in project 'Validation'
➜ Explicit dependency on target 'Core-product' in project 'Core'
Target 'URLEncodedForm-product' in project 'URLEncodedForm'
➜ Explicit dependency on target 'URLEncodedForm' in project 'URLEncodedForm'
➜ Explicit dependency on target 'Core-product' in project 'Core'
Target 'URLEncodedForm' in project 'URLEncodedForm'
➜ Explicit dependency on target 'Core-product' in project 'Core'
Target 'TemplateKit-product' in project 'TemplateKit'
➜ Explicit dependency on target 'TemplateKit' in project 'TemplateKit'
➜ Explicit dependency on target 'Async-product' in project 'Core'
➜ Explicit dependency on target 'Bits-product' in project 'Core'
➜ Explicit dependency on target 'Core-product' in project 'Core'
➜ Explicit dependency on target 'Service-product' in project 'Service'
Target 'TemplateKit' in project 'TemplateKit'
➜ Explicit dependency on target 'Async-product' in project 'Core'
➜ Explicit dependency on target 'Bits-product' in project 'Core'
➜ Explicit dependency on target 'Core-product' in project 'Core'
➜ Explicit dependency on target 'Service-product' in project 'Service'
Target 'Routing-product' in project 'Routing'
➜ Explicit dependency on target 'Routing' in project 'Routing'
➜ Explicit dependency on target 'Bits-product' in project 'Core'
➜ Explicit dependency on target 'Debugging-product' in project 'Core'
➜ Explicit dependency on target 'Service-product' in project 'Service'
Target 'Routing' in project 'Routing'
➜ Explicit dependency on target 'Bits-product' in project 'Core'
➜ Explicit dependency on target 'Debugging-product' in project 'Core'
➜ Explicit dependency on target 'Service-product' in project 'Service'
Target 'Multipart-product' in project 'Multipart'
➜ Explicit dependency on target 'Multipart' in project 'Multipart'
➜ Explicit dependency on target 'Bits-product' in project 'Core'
➜ Explicit dependency on target 'Core-product' in project 'Core'
➜ Explicit dependency on target 'Debugging-product' in project 'Core'
Target 'Multipart' in project 'Multipart'
➜ Explicit dependency on target 'Bits-product' in project 'Core'
➜ Explicit dependency on target 'Core-product' in project 'Core'
➜ Explicit dependency on target 'Debugging-product' in project 'Core'
Target 'Logging-product' in project 'Console'
➜ Explicit dependency on target 'Logging' in project 'Console'
➜ Explicit dependency on target 'Core-product' in project 'Core'
Target 'HTTP-product' in project 'HTTP'
➜ Explicit dependency on target 'HTTP' in project 'HTTP'
➜ Explicit dependency on target 'Async-product' in project 'Core'
➜ Explicit dependency on target 'Bits-product' in project 'Core'
➜ Explicit dependency on target 'Core-product' in project 'Core'
➜ Explicit dependency on target 'Debugging-product' in project 'Core'
➜ Explicit dependency on target 'NIO-product' in project 'swift-nio'
➜ Explicit dependency on target 'NIOOpenSSL-product' in project 'swift-nio-ssl'
➜ Explicit dependency on target 'NIOHTTP1-product' in project 'swift-nio'
Target 'HTTP' in project 'HTTP'
➜ Explicit dependency on target 'Async-product' in project 'Core'
➜ Explicit dependency on target 'Bits-product' in project 'Core'
➜ Explicit dependency on target 'Core-product' in project 'Core'
➜ Explicit dependency on target 'Debugging-product' in project 'Core'
➜ Explicit dependency on target 'NIO-product' in project 'swift-nio'
➜ Explicit dependency on target 'NIOOpenSSL-product' in project 'swift-nio-ssl'
➜ Explicit dependency on target 'NIOHTTP1-product' in project 'swift-nio'
Target 'NIOHTTP1-product' in project 'swift-nio'
➜ Explicit dependency on target 'NIOHTTP1' in project 'swift-nio'
➜ Explicit dependency on target 'CNIOLinux' in project 'swift-nio'
➜ Explicit dependency on target 'CNIODarwin' in project 'swift-nio'
➜ Explicit dependency on target 'CNIOAtomics' in project 'swift-nio'
➜ Explicit dependency on target 'NIOConcurrencyHelpers' in project 'swift-nio'
➜ Explicit dependency on target 'NIOPriorityQueue' in project 'swift-nio'
➜ Explicit dependency on target 'CNIOSHA1' in project 'swift-nio'
➜ Explicit dependency on target 'NIO' in project 'swift-nio'
➜ Explicit dependency on target 'CNIOHTTPParser' in project 'swift-nio'
➜ Explicit dependency on target 'CNIOZlib' in project 'swift-nio'
Target 'NIOHTTP1' in project 'swift-nio'
➜ Explicit dependency on target 'swift-nio-zlib-support' in project 'swift-nio-zlib-support'
➜ Explicit dependency on target 'CNIOLinux' in project 'swift-nio'
➜ Explicit dependency on target 'CNIODarwin' in project 'swift-nio'
➜ Explicit dependency on target 'CNIOAtomics' in project 'swift-nio'
➜ Explicit dependency on target 'NIOConcurrencyHelpers' in project 'swift-nio'
➜ Explicit dependency on target 'NIOPriorityQueue' in project 'swift-nio'
➜ Explicit dependency on target 'CNIOSHA1' in project 'swift-nio'
➜ Explicit dependency on target 'NIO' in project 'swift-nio'
➜ Explicit dependency on target 'CNIOHTTPParser' in project 'swift-nio'
➜ Explicit dependency on target 'CNIOZlib' in project 'swift-nio'
Target 'CNIOZlib' in project 'swift-nio'
➜ Explicit dependency on target 'swift-nio-zlib-support' in project 'swift-nio-zlib-support'
Target 'CNIOHTTPParser' in project 'swift-nio'
➜ Explicit dependency on target 'swift-nio-zlib-support' in project 'swift-nio-zlib-support'
Target 'NIOOpenSSL-product' in project 'swift-nio-ssl'
➜ Explicit dependency on target 'NIOOpenSSL' in project 'swift-nio-ssl'
➜ Explicit dependency on target 'CNIOOpenSSL' in project 'swift-nio-ssl'
➜ Explicit dependency on target 'NIO-product' in project 'swift-nio'
➜ Explicit dependency on target 'NIOConcurrencyHelpers-product' in project 'swift-nio'
➜ Explicit dependency on target 'NIOTLS-product' in project 'swift-nio'
Target 'NIOOpenSSL' in project 'swift-nio-ssl'
➜ Explicit dependency on target 'swift-nio-ssl-support' in project 'swift-nio-ssl-support'
➜ Explicit dependency on target 'CNIOOpenSSL' in project 'swift-nio-ssl'
➜ Explicit dependency on target 'NIO-product' in project 'swift-nio'
➜ Explicit dependency on target 'NIOConcurrencyHelpers-product' in project 'swift-nio'
➜ Explicit dependency on target 'NIOTLS-product' in project 'swift-nio'
Target 'NIOTLS-product' in project 'swift-nio'
➜ Explicit dependency on target 'NIOTLS' in project 'swift-nio'
➜ Explicit dependency on target 'CNIOLinux' in project 'swift-nio'
➜ Explicit dependency on target 'CNIODarwin' in project 'swift-nio'
➜ Explicit dependency on target 'CNIOAtomics' in project 'swift-nio'
➜ Explicit dependency on target 'NIOConcurrencyHelpers' in project 'swift-nio'
➜ Explicit dependency on target 'NIOPriorityQueue' in project 'swift-nio'
➜ Explicit dependency on target 'CNIOSHA1' in project 'swift-nio'
➜ Explicit dependency on target 'NIO' in project 'swift-nio'
Target 'NIOTLS' in project 'swift-nio'
➜ Explicit dependency on target 'swift-nio-zlib-support' in project 'swift-nio-zlib-support'
➜ Explicit dependency on target 'CNIOLinux' in project 'swift-nio'
➜ Explicit dependency on target 'CNIODarwin' in project 'swift-nio'
➜ Explicit dependency on target 'CNIOAtomics' in project 'swift-nio'
➜ Explicit dependency on target 'NIOConcurrencyHelpers' in project 'swift-nio'
➜ Explicit dependency on target 'NIOPriorityQueue' in project 'swift-nio'
➜ Explicit dependency on target 'CNIOSHA1' in project 'swift-nio'
➜ Explicit dependency on target 'NIO' in project 'swift-nio'
Target 'NIOConcurrencyHelpers-product' in project 'swift-nio'
➜ Explicit dependency on target 'NIOConcurrencyHelpers' in project 'swift-nio'
➜ Explicit dependency on target 'CNIOAtomics' in project 'swift-nio'
Target 'CNIOOpenSSL' in project 'swift-nio-ssl'
➜ Explicit dependency on target 'swift-nio-ssl-support' in project 'swift-nio-ssl-support'
Target 'DatabaseKit-product' in project 'DatabaseKit'
➜ Explicit dependency on target 'DatabaseKit' in project 'DatabaseKit'
➜ Explicit dependency on target 'Async-product' in project 'Core'
➜ Explicit dependency on target 'Service-product' in project 'Service'
Target 'DatabaseKit' in project 'DatabaseKit'
➜ Explicit dependency on target 'Async-product' in project 'Core'
➜ Explicit dependency on target 'Service-product' in project 'Service'
Target 'Crypto-product' in project 'Crypto'
➜ Explicit dependency on target 'Crypto' in project 'Crypto'
➜ Explicit dependency on target 'CBase32' in project 'Crypto'
➜ Explicit dependency on target 'CBcrypt' in project 'Crypto'
➜ Explicit dependency on target 'CCryptoOpenSSL' in project 'Crypto'
➜ Explicit dependency on target 'Random' in project 'Crypto'
➜ Explicit dependency on target 'Bits-product' in project 'Core'
➜ Explicit dependency on target 'Async-product' in project 'Core'
➜ Explicit dependency on target 'Core-product' in project 'Core'
➜ Explicit dependency on target 'COperatingSystem-product' in project 'Core'
➜ Explicit dependency on target 'Debugging-product' in project 'Core'
Target 'Crypto' in project 'Crypto'
➜ Explicit dependency on target 'swift-nio-ssl-support' in project 'swift-nio-ssl-support'
➜ Explicit dependency on target 'CBase32' in project 'Crypto'
➜ Explicit dependency on target 'CBcrypt' in project 'Crypto'
➜ Explicit dependency on target 'CCryptoOpenSSL' in project 'Crypto'
➜ Explicit dependency on target 'Random' in project 'Crypto'
➜ Explicit dependency on target 'Bits-product' in project 'Core'
➜ Explicit dependency on target 'Async-product' in project 'Core'
➜ Explicit dependency on target 'Core-product' in project 'Core'
➜ Explicit dependency on target 'COperatingSystem-product' in project 'Core'
➜ Explicit dependency on target 'Debugging-product' in project 'Core'
Target 'Random' in project 'Crypto'
➜ Explicit dependency on target 'swift-nio-ssl-support' in project 'swift-nio-ssl-support'
➜ Explicit dependency on target 'Bits-product' in project 'Core'
Target 'Bits-product' in project 'Core'
➜ Explicit dependency on target 'Bits' in project 'Core'
➜ Explicit dependency on target 'Debugging' in project 'Core'
➜ Explicit dependency on target 'NIO-product' in project 'swift-nio'
Target 'CCryptoOpenSSL' in project 'Crypto'
➜ Explicit dependency on target 'swift-nio-ssl-support' in project 'swift-nio-ssl-support'
Target 'CBcrypt' in project 'Crypto'
➜ Explicit dependency on target 'swift-nio-ssl-support' in project 'swift-nio-ssl-support'
Target 'CBase32' in project 'Crypto'
➜ Explicit dependency on target 'swift-nio-ssl-support' in project 'swift-nio-ssl-support'
Target 'swift-nio-ssl-support' in project 'swift-nio-ssl-support' (no dependencies)
Target 'Console-product' in project 'Console'
➜ Explicit dependency on target 'Console' in project 'Console'
➜ Explicit dependency on target 'Logging' in project 'Console'
➜ Explicit dependency on target 'Core-product' in project 'Core'
➜ Explicit dependency on target 'COperatingSystem-product' in project 'Core'
➜ Explicit dependency on target 'Service-product' in project 'Service'
Target 'Command-product' in project 'Console'
➜ Explicit dependency on target 'Command' in project 'Console'
➜ Explicit dependency on target 'Logging' in project 'Console'
➜ Explicit dependency on target 'Console' in project 'Console'
➜ Explicit dependency on target 'Core-product' in project 'Core'
➜ Explicit dependency on target 'COperatingSystem-product' in project 'Core'
➜ Explicit dependency on target 'Service-product' in project 'Service'
Target 'Command' in project 'Console'
➜ Explicit dependency on target 'Logging' in project 'Console'
➜ Explicit dependency on target 'Console' in project 'Console'
➜ Explicit dependency on target 'Core-product' in project 'Core'
➜ Explicit dependency on target 'COperatingSystem-product' in project 'Core'
➜ Explicit dependency on target 'Service-product' in project 'Service'
Target 'Console' in project 'Console'
➜ Explicit dependency on target 'Logging' in project 'Console'
➜ Explicit dependency on target 'Core-product' in project 'Core'
➜ Explicit dependency on target 'COperatingSystem-product' in project 'Core'
➜ Explicit dependency on target 'Service-product' in project 'Service'
Target 'Service-product' in project 'Service'
➜ Explicit dependency on target 'Service' in project 'Service'
➜ Explicit dependency on target 'Async-product' in project 'Core'
➜ Explicit dependency on target 'Core-product' in project 'Core'
➜ Explicit dependency on target 'Debugging-product' in project 'Core'
Target 'Service' in project 'Service'
➜ Explicit dependency on target 'Async-product' in project 'Core'
➜ Explicit dependency on target 'Core-product' in project 'Core'
➜ Explicit dependency on target 'Debugging-product' in project 'Core'
Target 'Debugging-product' in project 'Core'
➜ Explicit dependency on target 'Debugging' in project 'Core'
Target 'COperatingSystem-product' in project 'Core'
➜ Explicit dependency on target 'COperatingSystem' in project 'Core'
Target 'Logging' in project 'Console'
➜ Explicit dependency on target 'Core-product' in project 'Core'
Target 'Core-product' in project 'Core'
➜ Explicit dependency on target 'Core' in project 'Core'
➜ Explicit dependency on target 'Async' in project 'Core'
➜ Explicit dependency on target 'Debugging' in project 'Core'
➜ Explicit dependency on target 'Bits' in project 'Core'
➜ Explicit dependency on target 'COperatingSystem' in project 'Core'
➜ Explicit dependency on target 'NIO-product' in project 'swift-nio'
➜ Explicit dependency on target 'NIOFoundationCompat-product' in project 'swift-nio'
Target 'Core' in project 'Core'
➜ Explicit dependency on target 'Async' in project 'Core'
➜ Explicit dependency on target 'Debugging' in project 'Core'
➜ Explicit dependency on target 'Bits' in project 'Core'
➜ Explicit dependency on target 'COperatingSystem' in project 'Core'
➜ Explicit dependency on target 'NIO-product' in project 'swift-nio'
➜ Explicit dependency on target 'NIOFoundationCompat-product' in project 'swift-nio'
Target 'NIOFoundationCompat-product' in project 'swift-nio'
➜ Explicit dependency on target 'NIOFoundationCompat' in project 'swift-nio'
➜ Explicit dependency on target 'CNIOLinux' in project 'swift-nio'
➜ Explicit dependency on target 'CNIODarwin' in project 'swift-nio'
➜ Explicit dependency on target 'CNIOAtomics' in project 'swift-nio'
➜ Explicit dependency on target 'NIOConcurrencyHelpers' in project 'swift-nio'
➜ Explicit dependency on target 'NIOPriorityQueue' in project 'swift-nio'
➜ Explicit dependency on target 'CNIOSHA1' in project 'swift-nio'
➜ Explicit dependency on target 'NIO' in project 'swift-nio'
Target 'NIOFoundationCompat' in project 'swift-nio'
➜ Explicit dependency on target 'swift-nio-zlib-support' in project 'swift-nio-zlib-support'
➜ Explicit dependency on target 'CNIOLinux' in project 'swift-nio'
➜ Explicit dependency on target 'CNIODarwin' in project 'swift-nio'
➜ Explicit dependency on target 'CNIOAtomics' in project 'swift-nio'
➜ Explicit dependency on target 'NIOConcurrencyHelpers' in project 'swift-nio'
➜ Explicit dependency on target 'NIOPriorityQueue' in project 'swift-nio'
➜ Explicit dependency on target 'CNIOSHA1' in project 'swift-nio'
➜ Explicit dependency on target 'NIO' in project 'swift-nio'
Target 'COperatingSystem' in project 'Core' (no dependencies)
Target 'Bits' in project 'Core'
➜ Explicit dependency on target 'Debugging' in project 'Core'
➜ Explicit dependency on target 'NIO-product' in project 'swift-nio'
Target 'Debugging' in project 'Core' (no dependencies)
Target 'Async-product' in project 'Core'
➜ Explicit dependency on target 'Async' in project 'Core'
➜ Explicit dependency on target 'NIO-product' in project 'swift-nio'
Target 'Async' in project 'Core'
➜ Explicit dependency on target 'NIO-product' in project 'swift-nio'
Target 'NIO-product' in project 'swift-nio'
➜ Explicit dependency on target 'NIO' in project 'swift-nio'
➜ Explicit dependency on target 'CNIOLinux' in project 'swift-nio'
➜ Explicit dependency on target 'CNIODarwin' in project 'swift-nio'
➜ Explicit dependency on target 'CNIOAtomics' in project 'swift-nio'
➜ Explicit dependency on target 'NIOConcurrencyHelpers' in project 'swift-nio'
➜ Explicit dependency on target 'NIOPriorityQueue' in project 'swift-nio'
➜ Explicit dependency on target 'CNIOSHA1' in project 'swift-nio'
Target 'NIO' in project 'swift-nio'
➜ Explicit dependency on target 'swift-nio-zlib-support' in project 'swift-nio-zlib-support'
➜ Explicit dependency on target 'CNIOLinux' in project 'swift-nio'
➜ Explicit dependency on target 'CNIODarwin' in project 'swift-nio'
➜ Explicit dependency on target 'CNIOAtomics' in project 'swift-nio'
➜ Explicit dependency on target 'NIOConcurrencyHelpers' in project 'swift-nio'
➜ Explicit dependency on target 'NIOPriorityQueue' in project 'swift-nio'
➜ Explicit dependency on target 'CNIOSHA1' in project 'swift-nio'
Target 'CNIOSHA1' in project 'swift-nio'
➜ Explicit dependency on target 'swift-nio-zlib-support' in project 'swift-nio-zlib-support'
Target 'NIOPriorityQueue' in project 'swift-nio'
➜ Explicit dependency on target 'swift-nio-zlib-support' in project 'swift-nio-zlib-support'
Target 'NIOConcurrencyHelpers' in project 'swift-nio'
➜ Explicit dependency on target 'swift-nio-zlib-support' in project 'swift-nio-zlib-support'
➜ Explicit dependency on target 'CNIOAtomics' in project 'swift-nio'
Target 'CNIOAtomics' in project 'swift-nio'
➜ Explicit dependency on target 'swift-nio-zlib-support' in project 'swift-nio-zlib-support'
Target 'CNIODarwin' in project 'swift-nio'
➜ Explicit dependency on target 'swift-nio-zlib-support' in project 'swift-nio-zlib-support'
Target 'CNIOLinux' in project 'swift-nio'
➜ Explicit dependency on target 'swift-nio-zlib-support' in project 'swift-nio-zlib-support'
Target 'swift-nio-zlib-support' in project 'swift-nio-zlib-support' (no dependencies)
GatherProvisioningInputs
CreateBuildDescription
ClangStatCache /Applications/Xcode-27.0.0-Release.Candidate.app/Contents/Developer/Toolchains/XcodeDefault.xctoolchain/usr/bin/clang-stat-cache /Applications/Xcode-27.0.0-Release.Candidate.app/Contents/Developer/Platforms/WatchOS.platform/Developer/SDKs/WatchOS27.0.sdk /Users/admin/builder/spi-builder-workspace/.derivedData/SDKStatCaches.noindex/watchos27.0-24R360-e829b21a6f8c9b70876ba0858053c04477534ef55a1706bf4c1112bbb242f0a2.sdkstatcache
cd /Users/admin/builder/spi-builder-workspace/.swiftpm/xcode
/Applications/Xcode-27.0.0-Release.Candidate.app/Contents/Developer/Toolchains/XcodeDefault.xctoolchain/usr/bin/clang-stat-cache /Applications/Xcode-27.0.0-Release.Candidate.app/Contents/Developer/Platforms/WatchOS.platform/Developer/SDKs/WatchOS27.0.sdk -o /Users/admin/builder/spi-builder-workspace/.derivedData/SDKStatCaches.noindex/watchos27.0-24R360-e829b21a6f8c9b70876ba0858053c04477534ef55a1706bf4c1112bbb242f0a2.sdkstatcache
ScanDependencies /Users/admin/builder/spi-builder-workspace/.derivedData/Build/Intermediates.noindex/swift-nio-ssl.build/Debug-watchos/CNIOOpenSSL-t.build/Objects-normal/arm64_32/shims.o /Users/admin/builder/spi-builder-workspace/.dependencies/checkouts/swift-nio-ssl/Sources/CNIOOpenSSL/shims.c normal arm64_32 c com.apple.compilers.llvm.clang.1_0.compiler (in target 'CNIOOpenSSL' from project 'swift-nio-ssl')
cd /Users/admin/builder/spi-builder-workspace/.swiftpm/xcode
Using response file: /Users/admin/builder/spi-builder-workspace/.derivedData/Build/Intermediates.noindex/swift-nio-ssl.build/Debug-watchos/CNIOOpenSSL-t.build/Objects-normal/arm64_32/7187679823f38a2a940e0043cdf9d637-common-args.resp
builtin-ScanDependencies -o /Users/admin/builder/spi-builder-workspace/.derivedData/Build/Intermediates.noindex/swift-nio-ssl.build/Debug-watchos/CNIOOpenSSL-t.build/Objects-normal/arm64_32/shims.o.scan -- /Applications/Xcode-27.0.0-Release.Candidate.app/Contents/Developer/Toolchains/XcodeDefault.xctoolchain/usr/bin/clang -x c -ivfsstatcache /Users/admin/builder/spi-builder-workspace/.derivedData/SDKStatCaches.noindex/watchos27.0-24R360-e829b21a6f8c9b70876ba0858053c04477534ef55a1706bf4c1112bbb242f0a2.sdkstatcache -target arm64_32-apple-watchos9.0 -fmessage-length\=0 -fdiagnostics-show-note-include-stack -fmacro-backtrace-limit\=0 -fno-color-diagnostics -fmodules-prune-interval\=86400 -fmodules-prune-after\=345600 -fbuild-session-file\=/Users/admin/builder/spi-builder-workspace/.derivedData/ModuleCache.noindex/Session.modulevalidation -fmodules-validate-once-per-build-session -Wnon-modular-include-in-framework-module -Werror\=non-modular-include-in-framework-module -Wno-trigraphs -Wno-missing-field-initializers -Wno-missing-prototypes -Wno-return-type -Wno-missing-braces -Wparentheses -Wswitch -Wno-unused-function -Wno-unused-label -Wno-unused-parameter -Wno-unused-variable -Wunused-value -Wno-empty-body -Wno-uninitialized -Wno-unknown-pragmas -w -Wno-shadow -Wno-four-char-constants -Wno-conversion -Wno-constant-conversion -Wno-int-conversion -Wno-bool-conversion -Wno-enum-conversion -Wno-float-conversion -Wno-non-literal-null-conversion -Wno-objc-literal-conversion -Wno-shorten-64-to-32 -Wpointer-sign -Wno-newline-eof -Wno-implicit-fallthrough -isysroot /Applications/Xcode-27.0.0-Release.Candidate.app/Contents/Developer/Platforms/WatchOS.platform/Developer/SDKs/WatchOS27.0.sdk -fstrict-aliasing -Wdeprecated-declarations -Wno-sign-conversion -Wno-infinite-recursion -Wno-comma -Wno-block-capture-autoreleasing -Wno-strict-prototypes -Wno-semicolon-before-method-body -index-store-path /Users/admin/builder/spi-builder-workspace/.derivedData/Index.noindex/DataStore @/Users/admin/builder/spi-builder-workspace/.derivedData/Build/Intermediates.noindex/swift-nio-ssl.build/Debug-watchos/CNIOOpenSSL-t.build/Objects-normal/arm64_32/7187679823f38a2a940e0043cdf9d637-common-args.resp -MMD -MT dependencies -MF /Users/admin/builder/spi-builder-workspace/.derivedData/Build/Intermediates.noindex/swift-nio-ssl.build/Debug-watchos/CNIOOpenSSL-t.build/Objects-normal/arm64_32/shims.d --serialize-diagnostics /Users/admin/builder/spi-builder-workspace/.derivedData/Build/Intermediates.noindex/swift-nio-ssl.build/Debug-watchos/CNIOOpenSSL-t.build/Objects-normal/arm64_32/shims.dia -c /Users/admin/builder/spi-builder-workspace/.dependencies/checkouts/swift-nio-ssl/Sources/CNIOOpenSSL/shims.c -o /Users/admin/builder/spi-builder-workspace/.derivedData/Build/Intermediates.noindex/swift-nio-ssl.build/Debug-watchos/CNIOOpenSSL-t.build/Objects-normal/arm64_32/shims.o -index-unit-output-path /swift-nio-ssl.build/Debug-watchos/CNIOOpenSSL-t.build/Objects-normal/arm64_32/shims.o
/Users/admin/builder/spi-builder-workspace/.dependencies/checkouts/swift-nio-ssl/Sources/CNIOOpenSSL/include/c_nio_openssl.h:17:10: error: 'openssl/conf.h' file not found (in target 'CNIOOpenSSL' from project 'swift-nio-ssl')
/Users/admin/builder/spi-builder-workspace/.dependencies/checkouts/swift-nio-ssl/Sources/CNIOOpenSSL/shims.c:16:10: note: in file included from /Users/admin/builder/spi-builder-workspace/.dependencies/checkouts/swift-nio-ssl/Sources/CNIOOpenSSL/shims.c:16:
ScanDependencies /Users/admin/builder/spi-builder-workspace/.derivedData/Build/Intermediates.noindex/swift-nio-ssl.build/Debug-watchos/CNIOOpenSSL-t.build/Objects-normal/arm64/helpers.o /Users/admin/builder/spi-builder-workspace/.dependencies/checkouts/swift-nio-ssl/Sources/CNIOOpenSSL/helpers.c normal arm64 c com.apple.compilers.llvm.clang.1_0.compiler (in target 'CNIOOpenSSL' from project 'swift-nio-ssl')
cd /Users/admin/builder/spi-builder-workspace/.swiftpm/xcode
Using response file: /Users/admin/builder/spi-builder-workspace/.derivedData/Build/Intermediates.noindex/swift-nio-ssl.build/Debug-watchos/CNIOOpenSSL-t.build/Objects-normal/arm64/7187679823f38a2a940e0043cdf9d637-common-args.resp
builtin-ScanDependencies -o /Users/admin/builder/spi-builder-workspace/.derivedData/Build/Intermediates.noindex/swift-nio-ssl.build/Debug-watchos/CNIOOpenSSL-t.build/Objects-normal/arm64/helpers.o.scan -- /Applications/Xcode-27.0.0-Release.Candidate.app/Contents/Developer/Toolchains/XcodeDefault.xctoolchain/usr/bin/clang -x c -ivfsstatcache /Users/admin/builder/spi-builder-workspace/.derivedData/SDKStatCaches.noindex/watchos27.0-24R360-e829b21a6f8c9b70876ba0858053c04477534ef55a1706bf4c1112bbb242f0a2.sdkstatcache -target arm64-apple-watchos9.0 -fmessage-length\=0 -fdiagnostics-show-note-include-stack -fmacro-backtrace-limit\=0 -fno-color-diagnostics -fmodules-prune-interval\=86400 -fmodules-prune-after\=345600 -fbuild-session-file\=/Users/admin/builder/spi-builder-workspace/.derivedData/ModuleCache.noindex/Session.modulevalidation -fmodules-validate-once-per-build-session -Wnon-modular-include-in-framework-module -Werror\=non-modular-include-in-framework-module -Wno-trigraphs -Wno-missing-field-initializers -Wno-missing-prototypes -Wno-return-type -Wno-missing-braces -Wparentheses -Wswitch -Wno-unused-function -Wno-unused-label -Wno-unused-parameter -Wno-unused-variable -Wunused-value -Wno-empty-body -Wno-uninitialized -Wno-unknown-pragmas -w -Wno-shadow -Wno-four-char-constants -Wno-conversion -Wno-constant-conversion -Wno-int-conversion -Wno-bool-conversion -Wno-enum-conversion -Wno-float-conversion -Wno-non-literal-null-conversion -Wno-objc-literal-conversion -Wshorten-64-to-32 -Wpointer-sign -Wno-newline-eof -Wno-implicit-fallthrough -isysroot /Applications/Xcode-27.0.0-Release.Candidate.app/Contents/Developer/Platforms/WatchOS.platform/Developer/SDKs/WatchOS27.0.sdk -fstrict-aliasing -Wdeprecated-declarations -Wno-sign-conversion -Wno-infinite-recursion -Wno-comma -Wno-block-capture-autoreleasing -Wno-strict-prototypes -Wno-semicolon-before-method-body -index-store-path /Users/admin/builder/spi-builder-workspace/.derivedData/Index.noindex/DataStore @/Users/admin/builder/spi-builder-workspace/.derivedData/Build/Intermediates.noindex/swift-nio-ssl.build/Debug-watchos/CNIOOpenSSL-t.build/Objects-normal/arm64/7187679823f38a2a940e0043cdf9d637-common-args.resp -MMD -MT dependencies -MF /Users/admin/builder/spi-builder-workspace/.derivedData/Build/Intermediates.noindex/swift-nio-ssl.build/Debug-watchos/CNIOOpenSSL-t.build/Objects-normal/arm64/helpers.d --serialize-diagnostics /Users/admin/builder/spi-builder-workspace/.derivedData/Build/Intermediates.noindex/swift-nio-ssl.build/Debug-watchos/CNIOOpenSSL-t.build/Objects-normal/arm64/helpers.dia -c /Users/admin/builder/spi-builder-workspace/.dependencies/checkouts/swift-nio-ssl/Sources/CNIOOpenSSL/helpers.c -o /Users/admin/builder/spi-builder-workspace/.derivedData/Build/Intermediates.noindex/swift-nio-ssl.build/Debug-watchos/CNIOOpenSSL-t.build/Objects-normal/arm64/helpers.o -index-unit-output-path /swift-nio-ssl.build/Debug-watchos/CNIOOpenSSL-t.build/Objects-normal/arm64/helpers.o
/Users/admin/builder/spi-builder-workspace/.dependencies/checkouts/swift-nio-ssl/Sources/CNIOOpenSSL/include/c_nio_openssl.h:17:10: error: 'openssl/conf.h' file not found (in target 'CNIOOpenSSL' from project 'swift-nio-ssl')
/Users/admin/builder/spi-builder-workspace/.dependencies/checkouts/swift-nio-ssl/Sources/CNIOOpenSSL/helpers.c:14:10: note: in file included from /Users/admin/builder/spi-builder-workspace/.dependencies/checkouts/swift-nio-ssl/Sources/CNIOOpenSSL/helpers.c:14:
ScanDependencies /Users/admin/builder/spi-builder-workspace/.derivedData/Build/Intermediates.noindex/swift-nio-ssl.build/Debug-watchos/CNIOOpenSSL-t.build/Objects-normal/arm64_32/helpers.o /Users/admin/builder/spi-builder-workspace/.dependencies/checkouts/swift-nio-ssl/Sources/CNIOOpenSSL/helpers.c normal arm64_32 c com.apple.compilers.llvm.clang.1_0.compiler (in target 'CNIOOpenSSL' from project 'swift-nio-ssl')
cd /Users/admin/builder/spi-builder-workspace/.swiftpm/xcode
Using response file: /Users/admin/builder/spi-builder-workspace/.derivedData/Build/Intermediates.noindex/swift-nio-ssl.build/Debug-watchos/CNIOOpenSSL-t.build/Objects-normal/arm64_32/7187679823f38a2a940e0043cdf9d637-common-args.resp
builtin-ScanDependencies -o /Users/admin/builder/spi-builder-workspace/.derivedData/Build/Intermediates.noindex/swift-nio-ssl.build/Debug-watchos/CNIOOpenSSL-t.build/Objects-normal/arm64_32/helpers.o.scan -- /Applications/Xcode-27.0.0-Release.Candidate.app/Contents/Developer/Toolchains/XcodeDefault.xctoolchain/usr/bin/clang -x c -ivfsstatcache /Users/admin/builder/spi-builder-workspace/.derivedData/SDKStatCaches.noindex/watchos27.0-24R360-e829b21a6f8c9b70876ba0858053c04477534ef55a1706bf4c1112bbb242f0a2.sdkstatcache -target arm64_32-apple-watchos9.0 -fmessage-length\=0 -fdiagnostics-show-note-include-stack -fmacro-backtrace-limit\=0 -fno-color-diagnostics -fmodules-prune-interval\=86400 -fmodules-prune-after\=345600 -fbuild-session-file\=/Users/admin/builder/spi-builder-workspace/.derivedData/ModuleCache.noindex/Session.modulevalidation -fmodules-validate-once-per-build-session -Wnon-modular-include-in-framework-module -Werror\=non-modular-include-in-framework-module -Wno-trigraphs -Wno-missing-field-initializers -Wno-missing-prototypes -Wno-return-type -Wno-missing-braces -Wparentheses -Wswitch -Wno-unused-function -Wno-unused-label -Wno-unused-parameter -Wno-unused-variable -Wunused-value -Wno-empty-body -Wno-uninitialized -Wno-unknown-pragmas -w -Wno-shadow -Wno-four-char-constants -Wno-conversion -Wno-constant-conversion -Wno-int-conversion -Wno-bool-conversion -Wno-enum-conversion -Wno-float-conversion -Wno-non-literal-null-conversion -Wno-objc-literal-conversion -Wno-shorten-64-to-32 -Wpointer-sign -Wno-newline-eof -Wno-implicit-fallthrough -isysroot /Applications/Xcode-27.0.0-Release.Candidate.app/Contents/Developer/Platforms/WatchOS.platform/Developer/SDKs/WatchOS27.0.sdk -fstrict-aliasing -Wdeprecated-declarations -Wno-sign-conversion -Wno-infinite-recursion -Wno-comma -Wno-block-capture-autoreleasing -Wno-strict-prototypes -Wno-semicolon-before-method-body -index-store-path /Users/admin/builder/spi-builder-workspace/.derivedData/Index.noindex/DataStore @/Users/admin/builder/spi-builder-workspace/.derivedData/Build/Intermediates.noindex/swift-nio-ssl.build/Debug-watchos/CNIOOpenSSL-t.build/Objects-normal/arm64_32/7187679823f38a2a940e0043cdf9d637-common-args.resp -MMD -MT dependencies -MF /Users/admin/builder/spi-builder-workspace/.derivedData/Build/Intermediates.noindex/swift-nio-ssl.build/Debug-watchos/CNIOOpenSSL-t.build/Objects-normal/arm64_32/helpers.d --serialize-diagnostics /Users/admin/builder/spi-builder-workspace/.derivedData/Build/Intermediates.noindex/swift-nio-ssl.build/Debug-watchos/CNIOOpenSSL-t.build/Objects-normal/arm64_32/helpers.dia -c /Users/admin/builder/spi-builder-workspace/.dependencies/checkouts/swift-nio-ssl/Sources/CNIOOpenSSL/helpers.c -o /Users/admin/builder/spi-builder-workspace/.derivedData/Build/Intermediates.noindex/swift-nio-ssl.build/Debug-watchos/CNIOOpenSSL-t.build/Objects-normal/arm64_32/helpers.o -index-unit-output-path /swift-nio-ssl.build/Debug-watchos/CNIOOpenSSL-t.build/Objects-normal/arm64_32/helpers.o
/Users/admin/builder/spi-builder-workspace/.dependencies/checkouts/swift-nio-ssl/Sources/CNIOOpenSSL/include/c_nio_openssl.h:17:10: error: 'openssl/conf.h' file not found (in target 'CNIOOpenSSL' from project 'swift-nio-ssl')
/Users/admin/builder/spi-builder-workspace/.dependencies/checkouts/swift-nio-ssl/Sources/CNIOOpenSSL/helpers.c:14:10: note: in file included from /Users/admin/builder/spi-builder-workspace/.dependencies/checkouts/swift-nio-ssl/Sources/CNIOOpenSSL/helpers.c:14:
ScanDependencies /Users/admin/builder/spi-builder-workspace/.derivedData/Build/Intermediates.noindex/swift-nio-ssl.build/Debug-watchos/CNIOOpenSSL-t.build/Objects-normal/arm64/shims.o /Users/admin/builder/spi-builder-workspace/.dependencies/checkouts/swift-nio-ssl/Sources/CNIOOpenSSL/shims.c normal arm64 c com.apple.compilers.llvm.clang.1_0.compiler (in target 'CNIOOpenSSL' from project 'swift-nio-ssl')
cd /Users/admin/builder/spi-builder-workspace/.swiftpm/xcode
Using response file: /Users/admin/builder/spi-builder-workspace/.derivedData/Build/Intermediates.noindex/swift-nio-ssl.build/Debug-watchos/CNIOOpenSSL-t.build/Objects-normal/arm64/7187679823f38a2a940e0043cdf9d637-common-args.resp
builtin-ScanDependencies -o /Users/admin/builder/spi-builder-workspace/.derivedData/Build/Intermediates.noindex/swift-nio-ssl.build/Debug-watchos/CNIOOpenSSL-t.build/Objects-normal/arm64/shims.o.scan -- /Applications/Xcode-27.0.0-Release.Candidate.app/Contents/Developer/Toolchains/XcodeDefault.xctoolchain/usr/bin/clang -x c -ivfsstatcache /Users/admin/builder/spi-builder-workspace/.derivedData/SDKStatCaches.noindex/watchos27.0-24R360-e829b21a6f8c9b70876ba0858053c04477534ef55a1706bf4c1112bbb242f0a2.sdkstatcache -target arm64-apple-watchos9.0 -fmessage-length\=0 -fdiagnostics-show-note-include-stack -fmacro-backtrace-limit\=0 -fno-color-diagnostics -fmodules-prune-interval\=86400 -fmodules-prune-after\=345600 -fbuild-session-file\=/Users/admin/builder/spi-builder-workspace/.derivedData/ModuleCache.noindex/Session.modulevalidation -fmodules-validate-once-per-build-session -Wnon-modular-include-in-framework-module -Werror\=non-modular-include-in-framework-module -Wno-trigraphs -Wno-missing-field-initializers -Wno-missing-prototypes -Wno-return-type -Wno-missing-braces -Wparentheses -Wswitch -Wno-unused-function -Wno-unused-label -Wno-unused-parameter -Wno-unused-variable -Wunused-value -Wno-empty-body -Wno-uninitialized -Wno-unknown-pragmas -w -Wno-shadow -Wno-four-char-constants -Wno-conversion -Wno-constant-conversion -Wno-int-conversion -Wno-bool-conversion -Wno-enum-conversion -Wno-float-conversion -Wno-non-literal-null-conversion -Wno-objc-literal-conversion -Wshorten-64-to-32 -Wpointer-sign -Wno-newline-eof -Wno-implicit-fallthrough -isysroot /Applications/Xcode-27.0.0-Release.Candidate.app/Contents/Developer/Platforms/WatchOS.platform/Developer/SDKs/WatchOS27.0.sdk -fstrict-aliasing -Wdeprecated-declarations -Wno-sign-conversion -Wno-infinite-recursion -Wno-comma -Wno-block-capture-autoreleasing -Wno-strict-prototypes -Wno-semicolon-before-method-body -index-store-path /Users/admin/builder/spi-builder-workspace/.derivedData/Index.noindex/DataStore @/Users/admin/builder/spi-builder-workspace/.derivedData/Build/Intermediates.noindex/swift-nio-ssl.build/Debug-watchos/CNIOOpenSSL-t.build/Objects-normal/arm64/7187679823f38a2a940e0043cdf9d637-common-args.resp -MMD -MT dependencies -MF /Users/admin/builder/spi-builder-workspace/.derivedData/Build/Intermediates.noindex/swift-nio-ssl.build/Debug-watchos/CNIOOpenSSL-t.build/Objects-normal/arm64/shims.d --serialize-diagnostics /Users/admin/builder/spi-builder-workspace/.derivedData/Build/Intermediates.noindex/swift-nio-ssl.build/Debug-watchos/CNIOOpenSSL-t.build/Objects-normal/arm64/shims.dia -c /Users/admin/builder/spi-builder-workspace/.dependencies/checkouts/swift-nio-ssl/Sources/CNIOOpenSSL/shims.c -o /Users/admin/builder/spi-builder-workspace/.derivedData/Build/Intermediates.noindex/swift-nio-ssl.build/Debug-watchos/CNIOOpenSSL-t.build/Objects-normal/arm64/shims.o -index-unit-output-path /swift-nio-ssl.build/Debug-watchos/CNIOOpenSSL-t.build/Objects-normal/arm64/shims.o
/Users/admin/builder/spi-builder-workspace/.dependencies/checkouts/swift-nio-ssl/Sources/CNIOOpenSSL/include/c_nio_openssl.h:17:10: error: 'openssl/conf.h' file not found (in target 'CNIOOpenSSL' from project 'swift-nio-ssl')
/Users/admin/builder/spi-builder-workspace/.dependencies/checkouts/swift-nio-ssl/Sources/CNIOOpenSSL/shims.c:16:10: note: in file included from /Users/admin/builder/spi-builder-workspace/.dependencies/checkouts/swift-nio-ssl/Sources/CNIOOpenSSL/shims.c:16:
ScanDependencies /Users/admin/builder/spi-builder-workspace/.derivedData/Build/Intermediates.noindex/swift-nio.build/Debug-watchos/CNIOHTTPParser-t.build/Objects-normal/arm64_32/c_nio_http_parser.o /Users/admin/builder/spi-builder-workspace/.dependencies/checkouts/swift-nio/Sources/CNIOHTTPParser/c_nio_http_parser.c normal arm64_32 c com.apple.compilers.llvm.clang.1_0.compiler (in target 'CNIOHTTPParser' from project 'swift-nio')
cd /Users/admin/builder/spi-builder-workspace/.swiftpm/xcode
Using response file: /Users/admin/builder/spi-builder-workspace/.derivedData/Build/Intermediates.noindex/swift-nio.build/Debug-watchos/CNIOHTTPParser-t.build/Objects-normal/arm64_32/7187679823f38a2a940e0043cdf9d637-common-args.resp
builtin-ScanDependencies -o /Users/admin/builder/spi-builder-workspace/.derivedData/Build/Intermediates.noindex/swift-nio.build/Debug-watchos/CNIOHTTPParser-t.build/Objects-normal/arm64_32/c_nio_http_parser.o.scan -- /Applications/Xcode-27.0.0-Release.Candidate.app/Contents/Developer/Toolchains/XcodeDefault.xctoolchain/usr/bin/clang -x c -ivfsstatcache /Users/admin/builder/spi-builder-workspace/.derivedData/SDKStatCaches.noindex/watchos27.0-24R360-e829b21a6f8c9b70876ba0858053c04477534ef55a1706bf4c1112bbb242f0a2.sdkstatcache -target arm64_32-apple-watchos9.0 -fmessage-length\=0 -fdiagnostics-show-note-include-stack -fmacro-backtrace-limit\=0 -fno-color-diagnostics -fmodules-prune-interval\=86400 -fmodules-prune-after\=345600 -fbuild-session-file\=/Users/admin/builder/spi-builder-workspace/.derivedData/ModuleCache.noindex/Session.modulevalidation -fmodules-validate-once-per-build-session -Wnon-modular-include-in-framework-module -Werror\=non-modular-include-in-framework-module -Wno-trigraphs -Wno-missing-field-initializers -Wno-missing-prototypes -Wno-return-type -Wno-missing-braces -Wparentheses -Wswitch -Wno-unused-function -Wno-unused-label -Wno-unused-parameter -Wno-unused-variable -Wunused-value -Wno-empty-body -Wno-uninitialized -Wno-unknown-pragmas -w -Wno-shadow -Wno-four-char-constants -Wno-conversion -Wno-constant-conversion -Wno-int-conversion -Wno-bool-conversion -Wno-enum-conversion -Wno-float-conversion -Wno-non-literal-null-conversion -Wno-objc-literal-conversion -Wno-shorten-64-to-32 -Wpointer-sign -Wno-newline-eof -Wno-implicit-fallthrough -isysroot /Applications/Xcode-27.0.0-Release.Candidate.app/Contents/Developer/Platforms/WatchOS.platform/Developer/SDKs/WatchOS27.0.sdk -fstrict-aliasing -Wdeprecated-declarations -Wno-sign-conversion -Wno-infinite-recursion -Wno-comma -Wno-block-capture-autoreleasing -Wno-strict-prototypes -Wno-semicolon-before-method-body -index-store-path /Users/admin/builder/spi-builder-workspace/.derivedData/Index.noindex/DataStore @/Users/admin/builder/spi-builder-workspace/.derivedData/Build/Intermediates.noindex/swift-nio.build/Debug-watchos/CNIOHTTPParser-t.build/Objects-normal/arm64_32/7187679823f38a2a940e0043cdf9d637-common-args.resp -MMD -MT dependencies -MF /Users/admin/builder/spi-builder-workspace/.derivedData/Build/Intermediates.noindex/swift-nio.build/Debug-watchos/CNIOHTTPParser-t.build/Objects-normal/arm64_32/c_nio_http_parser.d --serialize-diagnostics /Users/admin/builder/spi-builder-workspace/.derivedData/Build/Intermediates.noindex/swift-nio.build/Debug-watchos/CNIOHTTPParser-t.build/Objects-normal/arm64_32/c_nio_http_parser.dia -c /Users/admin/builder/spi-builder-workspace/.dependencies/checkouts/swift-nio/Sources/CNIOHTTPParser/c_nio_http_parser.c -o /Users/admin/builder/spi-builder-workspace/.derivedData/Build/Intermediates.noindex/swift-nio.build/Debug-watchos/CNIOHTTPParser-t.build/Objects-normal/arm64_32/c_nio_http_parser.o -index-unit-output-path /swift-nio.build/Debug-watchos/CNIOHTTPParser-t.build/Objects-normal/arm64_32/c_nio_http_parser.o
CompileC /Users/admin/builder/spi-builder-workspace/.derivedData/Build/Intermediates.noindex/swift-nio.build/Debug-watchos/CNIOZlib-t.build/Objects-normal/arm64_32/empty.o /Users/admin/builder/spi-builder-workspace/.dependencies/checkouts/swift-nio/Sources/CNIOZlib/empty.c normal arm64_32 c com.apple.compilers.llvm.clang.1_0.compiler (in target 'CNIOZlib' from project 'swift-nio')
cd /Users/admin/builder/spi-builder-workspace/.swiftpm/xcode
Using response file: /Users/admin/builder/spi-builder-workspace/.derivedData/Build/Intermediates.noindex/swift-nio.build/Debug-watchos/CNIOZlib-t.build/Objects-normal/arm64_32/7187679823f38a2a940e0043cdf9d637-common-args.resp
/Applications/Xcode-27.0.0-Release.Candidate.app/Contents/Developer/Toolchains/XcodeDefault.xctoolchain/usr/bin/clang -x c -ivfsstatcache /Users/admin/builder/spi-builder-workspace/.derivedData/SDKStatCaches.noindex/watchos27.0-24R360-e829b21a6f8c9b70876ba0858053c04477534ef55a1706bf4c1112bbb242f0a2.sdkstatcache -target arm64_32-apple-watchos9.0 -fmessage-length\=0 -fdiagnostics-show-note-include-stack -fmacro-backtrace-limit\=0 -fno-color-diagnostics -fmodules-prune-interval\=86400 -fmodules-prune-after\=345600 -fbuild-session-file\=/Users/admin/builder/spi-builder-workspace/.derivedData/ModuleCache.noindex/Session.modulevalidation -fmodules-validate-once-per-build-session -Wnon-modular-include-in-framework-module -Werror\=non-modular-include-in-framework-module -Wno-trigraphs -Wno-missing-field-initializers -Wno-missing-prototypes -Wno-return-type -Wno-missing-braces -Wparentheses -Wswitch -Wno-unused-function -Wno-unused-label -Wno-unused-parameter -Wno-unused-variable -Wunused-value -Wno-empty-body -Wno-uninitialized -Wno-unknown-pragmas -w -Wno-shadow -Wno-four-char-constants -Wno-conversion -Wno-constant-conversion -Wno-int-conversion -Wno-bool-conversion -Wno-enum-conversion -Wno-float-conversion -Wno-non-literal-null-conversion -Wno-objc-literal-conversion -Wno-shorten-64-to-32 -Wpointer-sign -Wno-newline-eof -Wno-implicit-fallthrough -isysroot /Applications/Xcode-27.0.0-Release.Candidate.app/Contents/Developer/Platforms/WatchOS.platform/Developer/SDKs/WatchOS27.0.sdk -fstrict-aliasing -Wdeprecated-declarations -Wno-sign-conversion -Wno-infinite-recursion -Wno-comma -Wno-block-capture-autoreleasing -Wno-strict-prototypes -Wno-semicolon-before-method-body -index-store-path /Users/admin/builder/spi-builder-workspace/.derivedData/Index.noindex/DataStore @/Users/admin/builder/spi-builder-workspace/.derivedData/Build/Intermediates.noindex/swift-nio.build/Debug-watchos/CNIOZlib-t.build/Objects-normal/arm64_32/7187679823f38a2a940e0043cdf9d637-common-args.resp -MMD -MT dependencies -MF /Users/admin/builder/spi-builder-workspace/.derivedData/Build/Intermediates.noindex/swift-nio.build/Debug-watchos/CNIOZlib-t.build/Objects-normal/arm64_32/empty.d --serialize-diagnostics /Users/admin/builder/spi-builder-workspace/.derivedData/Build/Intermediates.noindex/swift-nio.build/Debug-watchos/CNIOZlib-t.build/Objects-normal/arm64_32/empty.dia -c /Users/admin/builder/spi-builder-workspace/.dependencies/checkouts/swift-nio/Sources/CNIOZlib/empty.c -o /Users/admin/builder/spi-builder-workspace/.derivedData/Build/Intermediates.noindex/swift-nio.build/Debug-watchos/CNIOZlib-t.build/Objects-normal/arm64_32/empty.o -index-unit-output-path /swift-nio.build/Debug-watchos/CNIOZlib-t.build/Objects-normal/arm64_32/empty.o
Failed frontend command:
/Applications/Xcode-27.0.0-Release.Candidate.app/Contents/Developer/Toolchains/XcodeDefault.xctoolchain/usr/bin/clang -cc1 -Wundef-prefix\=TARGET_OS_ -fdiagnostics-show-note-include-stack -fmacro-backtrace-limit\=0 -w -ferror-limit 19 -serialize-diagnostic-file /Users/admin/builder/spi-builder-workspace/.derivedData/Build/Intermediates.noindex/swift-nio.build/Debug-watchos/CNIOZlib-t.build/Objects-normal/arm64_32/empty.dia -Wdeprecated-objc-isa-usage -Werror\=deprecated-objc-isa-usage -Werror\=implicit-function-declaration -Wnon-modular-include-in-framework-module -Werror\=non-modular-include-in-framework-module -Wno-trigraphs -Wno-missing-field-initializers -Wno-missing-prototypes -Wno-return-type -Wno-missing-braces -Wparentheses -Wswitch -Wno-unused-function -Wno-unused-label -Wno-unused-parameter -Wno-unused-variable -Wunused-value -Wno-empty-body -Wno-uninitialized -Wno-unknown-pragmas -Wno-shadow -Wno-four-char-constants -Wno-conversion -Wno-constant-conversion -Wno-int-conversion -Wno-bool-conversion -Wno-enum-conversion -Wno-float-conversion -Wno-non-literal-null-conversion -Wno-objc-literal-conversion -Wno-shorten-64-to-32 -Wpointer-sign -Wno-newline-eof -Wno-implicit-fallthrough -Wdeprecated-declarations -Wno-sign-conversion -Wno-infinite-recursion -Wno-comma -Wno-block-capture-autoreleasing -Wno-strict-prototypes -Wno-semicolon-before-method-body -Wno-elaborated-enum-base -Wno-error\=allocator-wrappers -index-store-path /Users/admin/builder/spi-builder-workspace/.derivedData/Index.noindex/DataStore -index-unit-output-path /swift-nio.build/Debug-watchos/CNIOZlib-t.build/Objects-normal/arm64_32/empty.o -fmodule-map-file\=/Users/admin/builder/spi-builder-workspace/.dependencies/checkouts/swift-nio-zlib-support/module.modulemap -o /Users/admin/builder/spi-builder-workspace/.derivedData/Build/Intermediates.noindex/swift-nio.build/Debug-watchos/CNIOZlib-t.build/Objects-normal/arm64_32/empty.o -disable-free -emit-obj -x c /Users/admin/builder/spi-builder-workspace/.dependencies/checkouts/swift-nio/Sources/CNIOZlib/empty.c -target-abi darwinpcs -target-cpu apple-s4 -target-feature +v8.3a -target-feature +aes -target-feature +complxnum -target-feature +crc -target-feature +fp-armv8 -target-feature +fullfp16 -target-feature +jsconv -target-feature +lse -target-feature +neon -target-feature +pauth -target-feature +perfmon -target-feature +ras -target-feature +rcpc -target-feature +rdm -target-feature +sha2 -triple arm64_32-apple-watchos9.0.0 -target-linker-version 1166.2 -target-sdk-version\=27.0 -fmodules-validate-system-headers -fno-modulemap-allow-subdirectory-search -isysroot /Applications/Xcode-27.0.0-Release.Candidate.app/Contents/Developer/Platforms/WatchOS.platform/Developer/SDKs/WatchOS27.0.sdk -resource-dir /Applications/Xcode-27.0.0-Release.Candidate.app/Contents/Developer/Toolchains/XcodeDefault.xctoolchain/usr/lib/clang/21 -fmodule-format\=obj -I /Users/admin/builder/spi-builder-workspace/.derivedData/Build/Products/Debug-watchos/include -I /Users/admin/builder/spi-builder-workspace/.dependencies/checkouts/swift-nio/Sources/CNIOZlib/include -I /Users/admin/builder/spi-builder-workspace/.derivedData/Build/Intermediates.noindex/swift-nio.build/Debug-watchos/CNIOZlib-t.build/DerivedSources-normal/arm64_32 -I /Users/admin/builder/spi-builder-workspace/.derivedData/Build/Intermediates.noindex/swift-nio.build/Debug-watchos/CNIOZlib-t.build/DerivedSources/arm64_32 -I /Users/admin/builder/spi-builder-workspace/.derivedData/Build/Intermediates.noindex/swift-nio.build/Debug-watchos/CNIOZlib-t.build/DerivedSources -F /Users/admin/builder/spi-builder-workspace/.derivedData/Build/Products/Debug-watchos -iframework /Applications/Xcode-27.0.0-Release.Candidate.app/Contents/Developer/Platforms/WatchOS.platform/Developer/Library/Frameworks -iframework /Applications/Xcode-27.0.0-Release.Candidate.app/Contents/Developer/Platforms/WatchOS.platform/Developer/SDKs/WatchOS27.0.sdk/Developer/Library/Frameworks -internal-isystem /Applications/Xcode-27.0.0-Release.Candidate.app/Contents/Developer/Platforms/WatchOS.platform/Developer/SDKs/WatchOS27.0.sdk/usr/local/include -internal-isystem /Applications/Xcode-27.0.0-Release.Candidate.app/Contents/Developer/Toolchains/XcodeDefault.xctoolchain/usr/lib/clang/21/include -internal-externc-isystem /Applications/Xcode-27.0.0-Release.Candidate.app/Contents/Developer/Platforms/WatchOS.platform/Developer/SDKs/WatchOS27.0.sdk/usr/include -internal-externc-isystem /Applications/Xcode-27.0.0-Release.Candidate.app/Contents/Developer/Toolchains/XcodeDefault.xctoolchain/usr/include -internal-iframework /Applications/Xcode-27.0.0-Release.Candidate.app/Contents/Developer/Platforms/WatchOS.platform/Developer/SDKs/WatchOS27.0.sdk/System/Library/Frameworks -internal-iframework /Applications/Xcode-27.0.0-Release.Candidate.app/Contents/Developer/Platforms/WatchOS.platform/Developer/SDKs/WatchOS27.0.sdk/System/Library/SubFrameworks -internal-iframework /Applications/Xcode-27.0.0-Release.Candidate.app/Contents/Developer/Platforms/WatchOS.platform/Developer/SDKs/WatchOS27.0.sdk/Library/Frameworks -ivfsstatcache /Users/admin/builder/spi-builder-workspace/.derivedData/SDKStatCaches.noindex/watchos27.0-24R360-e829b21a6f8c9b70876ba0858053c04477534ef55a1706bf4c1112bbb242f0a2.sdkstatcache -std\=gnu17 -fskip-odr-check-in-gmf -fmodules -fmodule-name\=CNIOZlib -fno-implicit-modules -fmax-type-align\=16 -fpascal-strings -fvisibility-inlines-hidden-static-local-var -mdarwin-stkchk-strong-link -fno-odr-hash-protocols -pic-level 2 -fencode-extended-block-signature -stack-protector 1 -fgnuc-version\=4.2.1 -fblocks -fno-convergent-functions -ffp-contract\=on -fclang-abi-compat\=4.0 -fno-experimental-relative-c++-abi-vtables -fno-file-reproducible -clang-vendor-feature\=+disableNonDependentMemberExprInCurrentInstantiation -clang-vendor-feature\=+enableAggressiveVLAFolding -clang-vendor-feature\=+revert09abecef7bbf -clang-vendor-feature\=+thisNoAlignAttr -clang-vendor-feature\=+thisNoNullAttr -clang-vendor-feature\=+disableAtImportPrivateFrameworkInImplementationError -O0 -fno-assume-unique-vtables -fdebug-compilation-dir\=/Users/admin/builder/spi-builder-workspace/.swiftpm/xcode -fcoverage-compilation-dir\=/Users/admin/builder/spi-builder-workspace/.swiftpm/xcode -fcoverage-mapping -fcommon -fdwarf2-cfi-asm -fobjc-msgsend-selector-stubs -fregister-global-dtors-with-atexit -fno-strict-return -dwarf-version\=4 -debugger-tuning\=lldb -disable-llvm-verifier -dwarf-ext-refs -funwind-tables\=1 -fprofile-instrument\=clang -enable-tlsdesc -clear-ast-before-backend -discard-value-names -main-file-name empty.c -mframe-pointer\=non-leaf -debug-info-kind\=standalone -fno-loop-interchange -fdiagnostics-hotness-threshold\=0 -fdiagnostics-misexpect-tolerance\=0 -D DEBUG\=1 -D SWIFT_PACKAGE -D Xcode -fdefine-target-os-macros -MT dependencies -dependency-file /Users/admin/builder/spi-builder-workspace/.derivedData/Build/Intermediates.noindex/swift-nio.build/Debug-watchos/CNIOZlib-t.build/Objects-normal/arm64_32/empty.d -skip-unused-modulemap-deps -module-file-deps\=direct -fdepfile-entry\=/Applications/Xcode-27.0.0-Release.Candidate.app/Contents/Developer/Platforms/WatchOS.platform/Developer/SDKs/WatchOS27.0.sdk/SDKSettings.json
ScanDependencies /Users/admin/builder/spi-builder-workspace/.derivedData/Build/Intermediates.noindex/swift-nio.build/Debug-watchos/CNIOSHA1-t.build/Objects-normal/arm64_32/c_nio_sha1.o /Users/admin/builder/spi-builder-workspace/.dependencies/checkouts/swift-nio/Sources/CNIOSHA1/c_nio_sha1.c normal arm64_32 c com.apple.compilers.llvm.clang.1_0.compiler (in target 'CNIOSHA1' from project 'swift-nio')
cd /Users/admin/builder/spi-builder-workspace/.swiftpm/xcode
Using response file: /Users/admin/builder/spi-builder-workspace/.derivedData/Build/Intermediates.noindex/swift-nio.build/Debug-watchos/CNIOSHA1-t.build/Objects-normal/arm64_32/7187679823f38a2a940e0043cdf9d637-common-args.resp
builtin-ScanDependencies -o /Users/admin/builder/spi-builder-workspace/.derivedData/Build/Intermediates.noindex/swift-nio.build/Debug-watchos/CNIOSHA1-t.build/Objects-normal/arm64_32/c_nio_sha1.o.scan -- /Applications/Xcode-27.0.0-Release.Candidate.app/Contents/Developer/Toolchains/XcodeDefault.xctoolchain/usr/bin/clang -x c -ivfsstatcache /Users/admin/builder/spi-builder-workspace/.derivedData/SDKStatCaches.noindex/watchos27.0-24R360-e829b21a6f8c9b70876ba0858053c04477534ef55a1706bf4c1112bbb242f0a2.sdkstatcache -target arm64_32-apple-watchos9.0 -fmessage-length\=0 -fdiagnostics-show-note-include-stack -fmacro-backtrace-limit\=0 -fno-color-diagnostics -fmodules-prune-interval\=86400 -fmodules-prune-after\=345600 -fbuild-session-file\=/Users/admin/builder/spi-builder-workspace/.derivedData/ModuleCache.noindex/Session.modulevalidation -fmodules-validate-once-per-build-session -Wnon-modular-include-in-framework-module -Werror\=non-modular-include-in-framework-module -Wno-trigraphs -Wno-missing-field-initializers -Wno-missing-prototypes -Wno-return-type -Wno-missing-braces -Wparentheses -Wswitch -Wno-unused-function -Wno-unused-label -Wno-unused-parameter -Wno-unused-variable -Wunused-value -Wno-empty-body -Wno-uninitialized -Wno-unknown-pragmas -w -Wno-shadow -Wno-four-char-constants -Wno-conversion -Wno-constant-conversion -Wno-int-conversion -Wno-bool-conversion -Wno-enum-conversion -Wno-float-conversion -Wno-non-literal-null-conversion -Wno-objc-literal-conversion -Wno-shorten-64-to-32 -Wpointer-sign -Wno-newline-eof -Wno-implicit-fallthrough -isysroot /Applications/Xcode-27.0.0-Release.Candidate.app/Contents/Developer/Platforms/WatchOS.platform/Developer/SDKs/WatchOS27.0.sdk -fstrict-aliasing -Wdeprecated-declarations -Wno-sign-conversion -Wno-infinite-recursion -Wno-comma -Wno-block-capture-autoreleasing -Wno-strict-prototypes -Wno-semicolon-before-method-body -index-store-path /Users/admin/builder/spi-builder-workspace/.derivedData/Index.noindex/DataStore @/Users/admin/builder/spi-builder-workspace/.derivedData/Build/Intermediates.noindex/swift-nio.build/Debug-watchos/CNIOSHA1-t.build/Objects-normal/arm64_32/7187679823f38a2a940e0043cdf9d637-common-args.resp -MMD -MT dependencies -MF /Users/admin/builder/spi-builder-workspace/.derivedData/Build/Intermediates.noindex/swift-nio.build/Debug-watchos/CNIOSHA1-t.build/Objects-normal/arm64_32/c_nio_sha1.d --serialize-diagnostics /Users/admin/builder/spi-builder-workspace/.derivedData/Build/Intermediates.noindex/swift-nio.build/Debug-watchos/CNIOSHA1-t.build/Objects-normal/arm64_32/c_nio_sha1.dia -c /Users/admin/builder/spi-builder-workspace/.dependencies/checkouts/swift-nio/Sources/CNIOSHA1/c_nio_sha1.c -o /Users/admin/builder/spi-builder-workspace/.derivedData/Build/Intermediates.noindex/swift-nio.build/Debug-watchos/CNIOSHA1-t.build/Objects-normal/arm64_32/c_nio_sha1.o -index-unit-output-path /swift-nio.build/Debug-watchos/CNIOSHA1-t.build/Objects-normal/arm64_32/c_nio_sha1.o
CompileC /Users/admin/builder/spi-builder-workspace/.derivedData/Build/Intermediates.noindex/swift-nio.build/Debug-watchos/CNIOZlib-t.build/Objects-normal/arm64/empty.o /Users/admin/builder/spi-builder-workspace/.dependencies/checkouts/swift-nio/Sources/CNIOZlib/empty.c normal arm64 c com.apple.compilers.llvm.clang.1_0.compiler (in target 'CNIOZlib' from project 'swift-nio')
cd /Users/admin/builder/spi-builder-workspace/.swiftpm/xcode
Using response file: /Users/admin/builder/spi-builder-workspace/.derivedData/Build/Intermediates.noindex/swift-nio.build/Debug-watchos/CNIOZlib-t.build/Objects-normal/arm64/7187679823f38a2a940e0043cdf9d637-common-args.resp
/Applications/Xcode-27.0.0-Release.Candidate.app/Contents/Developer/Toolchains/XcodeDefault.xctoolchain/usr/bin/clang -x c -ivfsstatcache /Users/admin/builder/spi-builder-workspace/.derivedData/SDKStatCaches.noindex/watchos27.0-24R360-e829b21a6f8c9b70876ba0858053c04477534ef55a1706bf4c1112bbb242f0a2.sdkstatcache -target arm64-apple-watchos9.0 -fmessage-length\=0 -fdiagnostics-show-note-include-stack -fmacro-backtrace-limit\=0 -fno-color-diagnostics -fmodules-prune-interval\=86400 -fmodules-prune-after\=345600 -fbuild-session-file\=/Users/admin/builder/spi-builder-workspace/.derivedData/ModuleCache.noindex/Session.modulevalidation -fmodules-validate-once-per-build-session -Wnon-modular-include-in-framework-module -Werror\=non-modular-include-in-framework-module -Wno-trigraphs -Wno-missing-field-initializers -Wno-missing-prototypes -Wno-return-type -Wno-missing-braces -Wparentheses -Wswitch -Wno-unused-function -Wno-unused-label -Wno-unused-parameter -Wno-unused-variable -Wunused-value -Wno-empty-body -Wno-uninitialized -Wno-unknown-pragmas -w -Wno-shadow -Wno-four-char-constants -Wno-conversion -Wno-constant-conversion -Wno-int-conversion -Wno-bool-conversion -Wno-enum-conversion -Wno-float-conversion -Wno-non-literal-null-conversion -Wno-objc-literal-conversion -Wshorten-64-to-32 -Wpointer-sign -Wno-newline-eof -Wno-implicit-fallthrough -isysroot /Applications/Xcode-27.0.0-Release.Candidate.app/Contents/Developer/Platforms/WatchOS.platform/Developer/SDKs/WatchOS27.0.sdk -fstrict-aliasing -Wdeprecated-declarations -Wno-sign-conversion -Wno-infinite-recursion -Wno-comma -Wno-block-capture-autoreleasing -Wno-strict-prototypes -Wno-semicolon-before-method-body -index-store-path /Users/admin/builder/spi-builder-workspace/.derivedData/Index.noindex/DataStore @/Users/admin/builder/spi-builder-workspace/.derivedData/Build/Intermediates.noindex/swift-nio.build/Debug-watchos/CNIOZlib-t.build/Objects-normal/arm64/7187679823f38a2a940e0043cdf9d637-common-args.resp -MMD -MT dependencies -MF /Users/admin/builder/spi-builder-workspace/.derivedData/Build/Intermediates.noindex/swift-nio.build/Debug-watchos/CNIOZlib-t.build/Objects-normal/arm64/empty.d --serialize-diagnostics /Users/admin/builder/spi-builder-workspace/.derivedData/Build/Intermediates.noindex/swift-nio.build/Debug-watchos/CNIOZlib-t.build/Objects-normal/arm64/empty.dia -c /Users/admin/builder/spi-builder-workspace/.dependencies/checkouts/swift-nio/Sources/CNIOZlib/empty.c -o /Users/admin/builder/spi-builder-workspace/.derivedData/Build/Intermediates.noindex/swift-nio.build/Debug-watchos/CNIOZlib-t.build/Objects-normal/arm64/empty.o -index-unit-output-path /swift-nio.build/Debug-watchos/CNIOZlib-t.build/Objects-normal/arm64/empty.o
Failed frontend command:
/Applications/Xcode-27.0.0-Release.Candidate.app/Contents/Developer/Toolchains/XcodeDefault.xctoolchain/usr/bin/clang -cc1 -Wundef-prefix\=TARGET_OS_ -fdiagnostics-show-note-include-stack -fmacro-backtrace-limit\=0 -w -ferror-limit 19 -serialize-diagnostic-file /Users/admin/builder/spi-builder-workspace/.derivedData/Build/Intermediates.noindex/swift-nio.build/Debug-watchos/CNIOZlib-t.build/Objects-normal/arm64/empty.dia -Wdeprecated-objc-isa-usage -Werror\=deprecated-objc-isa-usage -Werror\=implicit-function-declaration -Wnon-modular-include-in-framework-module -Werror\=non-modular-include-in-framework-module -Wno-trigraphs -Wno-missing-field-initializers -Wno-missing-prototypes -Wno-return-type -Wno-missing-braces -Wparentheses -Wswitch -Wno-unused-function -Wno-unused-label -Wno-unused-parameter -Wno-unused-variable -Wunused-value -Wno-empty-body -Wno-uninitialized -Wno-unknown-pragmas -Wno-shadow -Wno-four-char-constants -Wno-conversion -Wno-constant-conversion -Wno-int-conversion -Wno-bool-conversion -Wno-enum-conversion -Wno-float-conversion -Wno-non-literal-null-conversion -Wno-objc-literal-conversion -Wshorten-64-to-32 -Wpointer-sign -Wno-newline-eof -Wno-implicit-fallthrough -Wdeprecated-declarations -Wno-sign-conversion -Wno-infinite-recursion -Wno-comma -Wno-block-capture-autoreleasing -Wno-strict-prototypes -Wno-semicolon-before-method-body -Wno-elaborated-enum-base -Wno-error\=allocator-wrappers -index-store-path /Users/admin/builder/spi-builder-workspace/.derivedData/Index.noindex/DataStore -index-unit-output-path /swift-nio.build/Debug-watchos/CNIOZlib-t.build/Objects-normal/arm64/empty.o -fmodule-map-file\=/Users/admin/builder/spi-builder-workspace/.dependencies/checkouts/swift-nio-zlib-support/module.modulemap -o /Users/admin/builder/spi-builder-workspace/.derivedData/Build/Intermediates.noindex/swift-nio.build/Debug-watchos/CNIOZlib-t.build/Objects-normal/arm64/empty.o -disable-free -emit-obj -x c /Users/admin/builder/spi-builder-workspace/.dependencies/checkouts/swift-nio/Sources/CNIOZlib/empty.c -target-abi darwinpcs -target-cpu apple-s9 -target-feature +v8.6a -target-feature +aes -target-feature +bf16 -target-feature +complxnum -target-feature +crc -target-feature +dotprod -target-feature +fp-armv8 -target-feature +fp16fml -target-feature +fpac -target-feature +fullfp16 -target-feature +hcx -target-feature +i8mm -target-feature +jsconv -target-feature +lse -target-feature +neon -target-feature +pauth -target-feature +perfmon -target-feature +ras -target-feature +rcpc -target-feature +rdm -target-feature +sha2 -target-feature +sha3 -target-feature +ssbs -triple arm64-apple-watchos9.0.0 -target-linker-version 1166.2 -target-sdk-version\=27.0 -fmodules-validate-system-headers -fno-modulemap-allow-subdirectory-search -isysroot /Applications/Xcode-27.0.0-Release.Candidate.app/Contents/Developer/Platforms/WatchOS.platform/Developer/SDKs/WatchOS27.0.sdk -resource-dir /Applications/Xcode-27.0.0-Release.Candidate.app/Contents/Developer/Toolchains/XcodeDefault.xctoolchain/usr/lib/clang/21 -fmodule-format\=obj -I /Users/admin/builder/spi-builder-workspace/.derivedData/Build/Products/Debug-watchos/include -I /Users/admin/builder/spi-builder-workspace/.dependencies/checkouts/swift-nio/Sources/CNIOZlib/include -I /Users/admin/builder/spi-builder-workspace/.derivedData/Build/Intermediates.noindex/swift-nio.build/Debug-watchos/CNIOZlib-t.build/DerivedSources-normal/arm64 -I /Users/admin/builder/spi-builder-workspace/.derivedData/Build/Intermediates.noindex/swift-nio.build/Debug-watchos/CNIOZlib-t.build/DerivedSources/arm64 -I /Users/admin/builder/spi-builder-workspace/.derivedData/Build/Intermediates.noindex/swift-nio.build/Debug-watchos/CNIOZlib-t.build/DerivedSources -F /Users/admin/builder/spi-builder-workspace/.derivedData/Build/Products/Debug-watchos -iframework /Applications/Xcode-27.0.0-Release.Candidate.app/Contents/Developer/Platforms/WatchOS.platform/Developer/Library/Frameworks -iframework /Applications/Xcode-27.0.0-Release.Candidate.app/Contents/Developer/Platforms/WatchOS.platform/Developer/SDKs/WatchOS27.0.sdk/Developer/Library/Frameworks -internal-isystem /Applications/Xcode-27.0.0-Release.Candidate.app/Contents/Developer/Platforms/WatchOS.platform/Developer/SDKs/WatchOS27.0.sdk/usr/local/include -internal-isystem /Applications/Xcode-27.0.0-Release.Candidate.app/Contents/Developer/Toolchains/XcodeDefault.xctoolchain/usr/lib/clang/21/include -internal-externc-isystem /Applications/Xcode-27.0.0-Release.Candidate.app/Contents/Developer/Platforms/WatchOS.platform/Developer/SDKs/WatchOS27.0.sdk/usr/include -internal-externc-isystem /Applications/Xcode-27.0.0-Release.Candidate.app/Contents/Developer/Toolchains/XcodeDefault.xctoolchain/usr/include -internal-iframework /Applications/Xcode-27.0.0-Release.Candidate.app/Contents/Developer/Platforms/WatchOS.platform/Developer/SDKs/WatchOS27.0.sdk/System/Library/Frameworks -internal-iframework /Applications/Xcode-27.0.0-Release.Candidate.app/Contents/Developer/Platforms/WatchOS.platform/Developer/SDKs/WatchOS27.0.sdk/System/Library/SubFrameworks -internal-iframework /Applications/Xcode-27.0.0-Release.Candidate.app/Contents/Developer/Platforms/WatchOS.platform/Developer/SDKs/WatchOS27.0.sdk/Library/Frameworks -ivfsstatcache /Users/admin/builder/spi-builder-workspace/.derivedData/SDKStatCaches.noindex/watchos27.0-24R360-e829b21a6f8c9b70876ba0858053c04477534ef55a1706bf4c1112bbb242f0a2.sdkstatcache -std\=gnu17 -fskip-odr-check-in-gmf -fmodules -fmodule-name\=CNIOZlib -fno-implicit-modules -fmax-type-align\=16 -fpascal-strings -fstack-check -fvisibility-inlines-hidden-static-local-var -mdarwin-stkchk-strong-link -fno-odr-hash-protocols -pic-level 2 -fencode-extended-block-signature -stack-protector 1 -fgnuc-version\=4.2.1 -fblocks -fno-convergent-functions -ffp-contract\=on -fclang-abi-compat\=4.0 -fno-experimental-relative-c++-abi-vtables -fno-file-reproducible -clang-vendor-feature\=+disableNonDependentMemberExprInCurrentInstantiation -clang-vendor-feature\=+enableAggressiveVLAFolding -clang-vendor-feature\=+revert09abecef7bbf -clang-vendor-feature\=+thisNoAlignAttr -clang-vendor-feature\=+thisNoNullAttr -clang-vendor-feature\=+disableAtImportPrivateFrameworkInImplementationError -O0 -fno-assume-unique-vtables -fdebug-compilation-dir\=/Users/admin/builder/spi-builder-workspace/.swiftpm/xcode -fcoverage-compilation-dir\=/Users/admin/builder/spi-builder-workspace/.swiftpm/xcode -fcoverage-mapping -fcommon -fdwarf2-cfi-asm -fobjc-msgsend-selector-stubs -fregister-global-dtors-with-atexit -fno-strict-return -dwarf-version\=4 -debugger-tuning\=lldb -disable-llvm-verifier -dwarf-ext-refs -funwind-tables\=1 -fprofile-instrument\=clang -enable-tlsdesc -clear-ast-before-backend -discard-value-names -main-file-name empty.c -mframe-pointer\=non-leaf -debug-info-kind\=standalone -fno-loop-interchange -fdiagnostics-hotness-threshold\=0 -fdiagnostics-misexpect-tolerance\=0 -D DEBUG\=1 -D SWIFT_PACKAGE -D Xcode -fdefine-target-os-macros -MT dependencies -dependency-file /Users/admin/builder/spi-builder-workspace/.derivedData/Build/Intermediates.noindex/swift-nio.build/Debug-watchos/CNIOZlib-t.build/Objects-normal/arm64/empty.d -skip-unused-modulemap-deps -module-file-deps\=direct -fdepfile-entry\=/Applications/Xcode-27.0.0-Release.Candidate.app/Contents/Developer/Platforms/WatchOS.platform/Developer/SDKs/WatchOS27.0.sdk/SDKSettings.json
ScanDependencies /Users/admin/builder/spi-builder-workspace/.derivedData/Build/Intermediates.noindex/swift-nio.build/Debug-watchos/CNIOLinux-t.build/Objects-normal/arm64_32/shim.o /Users/admin/builder/spi-builder-workspace/.dependencies/checkouts/swift-nio/Sources/CNIOLinux/shim.c normal arm64_32 c com.apple.compilers.llvm.clang.1_0.compiler (in target 'CNIOLinux' from project 'swift-nio')
cd /Users/admin/builder/spi-builder-workspace/.swiftpm/xcode
Using response file: /Users/admin/builder/spi-builder-workspace/.derivedData/Build/Intermediates.noindex/swift-nio.build/Debug-watchos/CNIOLinux-t.build/Objects-normal/arm64_32/7187679823f38a2a940e0043cdf9d637-common-args.resp
builtin-ScanDependencies -o /Users/admin/builder/spi-builder-workspace/.derivedData/Build/Intermediates.noindex/swift-nio.build/Debug-watchos/CNIOLinux-t.build/Objects-normal/arm64_32/shim.o.scan -- /Applications/Xcode-27.0.0-Release.Candidate.app/Contents/Developer/Toolchains/XcodeDefault.xctoolchain/usr/bin/clang -x c -ivfsstatcache /Users/admin/builder/spi-builder-workspace/.derivedData/SDKStatCaches.noindex/watchos27.0-24R360-e829b21a6f8c9b70876ba0858053c04477534ef55a1706bf4c1112bbb242f0a2.sdkstatcache -target arm64_32-apple-watchos9.0 -fmessage-length\=0 -fdiagnostics-show-note-include-stack -fmacro-backtrace-limit\=0 -fno-color-diagnostics -fmodules-prune-interval\=86400 -fmodules-prune-after\=345600 -fbuild-session-file\=/Users/admin/builder/spi-builder-workspace/.derivedData/ModuleCache.noindex/Session.modulevalidation -fmodules-validate-once-per-build-session -Wnon-modular-include-in-framework-module -Werror\=non-modular-include-in-framework-module -Wno-trigraphs -Wno-missing-field-initializers -Wno-missing-prototypes -Wno-return-type -Wno-missing-braces -Wparentheses -Wswitch -Wno-unused-function -Wno-unused-label -Wno-unused-parameter -Wno-unused-variable -Wunused-value -Wno-empty-body -Wno-uninitialized -Wno-unknown-pragmas -w -Wno-shadow -Wno-four-char-constants -Wno-conversion -Wno-constant-conversion -Wno-int-conversion -Wno-bool-conversion -Wno-enum-conversion -Wno-float-conversion -Wno-non-literal-null-conversion -Wno-objc-literal-conversion -Wno-shorten-64-to-32 -Wpointer-sign -Wno-newline-eof -Wno-implicit-fallthrough -isysroot /Applications/Xcode-27.0.0-Release.Candidate.app/Contents/Developer/Platforms/WatchOS.platform/Developer/SDKs/WatchOS27.0.sdk -fstrict-aliasing -Wdeprecated-declarations -Wno-sign-conversion -Wno-infinite-recursion -Wno-comma -Wno-block-capture-autoreleasing -Wno-strict-prototypes -Wno-semicolon-before-method-body -index-store-path /Users/admin/builder/spi-builder-workspace/.derivedData/Index.noindex/DataStore @/Users/admin/builder/spi-builder-workspace/.derivedData/Build/Intermediates.noindex/swift-nio.build/Debug-watchos/CNIOLinux-t.build/Objects-normal/arm64_32/7187679823f38a2a940e0043cdf9d637-common-args.resp -MMD -MT dependencies -MF /Users/admin/builder/spi-builder-workspace/.derivedData/Build/Intermediates.noindex/swift-nio.build/Debug-watchos/CNIOLinux-t.build/Objects-normal/arm64_32/shim.d --serialize-diagnostics /Users/admin/builder/spi-builder-workspace/.derivedData/Build/Intermediates.noindex/swift-nio.build/Debug-watchos/CNIOLinux-t.build/Objects-normal/arm64_32/shim.dia -c /Users/admin/builder/spi-builder-workspace/.dependencies/checkouts/swift-nio/Sources/CNIOLinux/shim.c -o /Users/admin/builder/spi-builder-workspace/.derivedData/Build/Intermediates.noindex/swift-nio.build/Debug-watchos/CNIOLinux-t.build/Objects-normal/arm64_32/shim.o -index-unit-output-path /swift-nio.build/Debug-watchos/CNIOLinux-t.build/Objects-normal/arm64_32/shim.o
ScanDependencies /Users/admin/builder/spi-builder-workspace/.derivedData/Build/Intermediates.noindex/swift-nio.build/Debug-watchos/CNIOSHA1-t.build/Objects-normal/arm64/c_nio_sha1.o /Users/admin/builder/spi-builder-workspace/.dependencies/checkouts/swift-nio/Sources/CNIOSHA1/c_nio_sha1.c normal arm64 c com.apple.compilers.llvm.clang.1_0.compiler (in target 'CNIOSHA1' from project 'swift-nio')
cd /Users/admin/builder/spi-builder-workspace/.swiftpm/xcode
Using response file: /Users/admin/builder/spi-builder-workspace/.derivedData/Build/Intermediates.noindex/swift-nio.build/Debug-watchos/CNIOSHA1-t.build/Objects-normal/arm64/7187679823f38a2a940e0043cdf9d637-common-args.resp
builtin-ScanDependencies -o /Users/admin/builder/spi-builder-workspace/.derivedData/Build/Intermediates.noindex/swift-nio.build/Debug-watchos/CNIOSHA1-t.build/Objects-normal/arm64/c_nio_sha1.o.scan -- /Applications/Xcode-27.0.0-Release.Candidate.app/Contents/Developer/Toolchains/XcodeDefault.xctoolchain/usr/bin/clang -x c -ivfsstatcache /Users/admin/builder/spi-builder-workspace/.derivedData/SDKStatCaches.noindex/watchos27.0-24R360-e829b21a6f8c9b70876ba0858053c04477534ef55a1706bf4c1112bbb242f0a2.sdkstatcache -target arm64-apple-watchos9.0 -fmessage-length\=0 -fdiagnostics-show-note-include-stack -fmacro-backtrace-limit\=0 -fno-color-diagnostics -fmodules-prune-interval\=86400 -fmodules-prune-after\=345600 -fbuild-session-file\=/Users/admin/builder/spi-builder-workspace/.derivedData/ModuleCache.noindex/Session.modulevalidation -fmodules-validate-once-per-build-session -Wnon-modular-include-in-framework-module -Werror\=non-modular-include-in-framework-module -Wno-trigraphs -Wno-missing-field-initializers -Wno-missing-prototypes -Wno-return-type -Wno-missing-braces -Wparentheses -Wswitch -Wno-unused-function -Wno-unused-label -Wno-unused-parameter -Wno-unused-variable -Wunused-value -Wno-empty-body -Wno-uninitialized -Wno-unknown-pragmas -w -Wno-shadow -Wno-four-char-constants -Wno-conversion -Wno-constant-conversion -Wno-int-conversion -Wno-bool-conversion -Wno-enum-conversion -Wno-float-conversion -Wno-non-literal-null-conversion -Wno-objc-literal-conversion -Wshorten-64-to-32 -Wpointer-sign -Wno-newline-eof -Wno-implicit-fallthrough -isysroot /Applications/Xcode-27.0.0-Release.Candidate.app/Contents/Developer/Platforms/WatchOS.platform/Developer/SDKs/WatchOS27.0.sdk -fstrict-aliasing -Wdeprecated-declarations -Wno-sign-conversion -Wno-infinite-recursion -Wno-comma -Wno-block-capture-autoreleasing -Wno-strict-prototypes -Wno-semicolon-before-method-body -index-store-path /Users/admin/builder/spi-builder-workspace/.derivedData/Index.noindex/DataStore @/Users/admin/builder/spi-builder-workspace/.derivedData/Build/Intermediates.noindex/swift-nio.build/Debug-watchos/CNIOSHA1-t.build/Objects-normal/arm64/7187679823f38a2a940e0043cdf9d637-common-args.resp -MMD -MT dependencies -MF /Users/admin/builder/spi-builder-workspace/.derivedData/Build/Intermediates.noindex/swift-nio.build/Debug-watchos/CNIOSHA1-t.build/Objects-normal/arm64/c_nio_sha1.d --serialize-diagnostics /Users/admin/builder/spi-builder-workspace/.derivedData/Build/Intermediates.noindex/swift-nio.build/Debug-watchos/CNIOSHA1-t.build/Objects-normal/arm64/c_nio_sha1.dia -c /Users/admin/builder/spi-builder-workspace/.dependencies/checkouts/swift-nio/Sources/CNIOSHA1/c_nio_sha1.c -o /Users/admin/builder/spi-builder-workspace/.derivedData/Build/Intermediates.noindex/swift-nio.build/Debug-watchos/CNIOSHA1-t.build/Objects-normal/arm64/c_nio_sha1.o -index-unit-output-path /swift-nio.build/Debug-watchos/CNIOSHA1-t.build/Objects-normal/arm64/c_nio_sha1.o
SwiftDriver Socket normal arm64 com.apple.xcode.tools.swift.compiler (in target 'Socket' from project 'Socket')
cd /Users/admin/builder/spi-builder-workspace/.swiftpm/xcode
builtin-SwiftDriver -- /Applications/Xcode-27.0.0-Release.Candidate.app/Contents/Developer/Toolchains/XcodeDefault.xctoolchain/usr/bin/swiftc -parse-as-library -module-name Socket -Onone @/Users/admin/builder/spi-builder-workspace/.derivedData/Build/Intermediates.noindex/Socket.build/Debug-watchos/Socket-t.build/Objects-normal/arm64/Socket.SwiftFileList -DSWIFT_PACKAGE -DDEBUG -DSWIFT_MODULE_RESOURCE_BUNDLE_UNAVAILABLE -DXcode -plugin-path /Applications/Xcode-27.0.0-Release.Candidate.app/Contents/Developer/Toolchains/XcodeDefault.xctoolchain/usr/lib/swift/host/plugins/testing -enable-experimental-feature DebugDescriptionMacro -sdk /Applications/Xcode-27.0.0-Release.Candidate.app/Contents/Developer/Platforms/WatchOS.platform/Developer/SDKs/WatchOS27.0.sdk -target arm64-apple-watchos9.0 -g -module-cache-path /Users/admin/builder/spi-builder-workspace/.derivedData/ModuleCache.noindex -Xfrontend -serialize-debugging-options -profile-coverage-mapping -profile-generate -enable-testing -suppress-warnings -index-store-path /Users/admin/builder/spi-builder-workspace/.derivedData/Index.noindex/DataStore -Xcc -D_LIBCPP_HARDENING_MODE\=_LIBCPP_HARDENING_MODE_DEBUG -swift-version 5 -I /Users/admin/builder/spi-builder-workspace/.derivedData/Build/Products/Debug-watchos -Isystem /Applications/Xcode-27.0.0-Release.Candidate.app/Contents/Developer/Platforms/WatchOS.platform/Developer/usr/lib -F /Users/admin/builder/spi-builder-workspace/.derivedData/Build/Products/Debug-watchos -F /Applications/Xcode-27.0.0-Release.Candidate.app/Contents/Developer/Platforms/WatchOS.platform/Developer/Library/Frameworks -F /Applications/Xcode-27.0.0-Release.Candidate.app/Contents/Developer/Platforms/WatchOS.platform/Developer/SDKs/WatchOS27.0.sdk/Developer/Library/Frameworks -c -j10 -enable-batch-mode -incremental -Xcc -ivfsstatcache -Xcc /Users/admin/builder/spi-builder-workspace/.derivedData/SDKStatCaches.noindex/watchos27.0-24R360-e829b21a6f8c9b70876ba0858053c04477534ef55a1706bf4c1112bbb242f0a2.sdkstatcache -output-file-map /Users/admin/builder/spi-builder-workspace/.derivedData/Build/Intermediates.noindex/Socket.build/Debug-watchos/Socket-t.build/Objects-normal/arm64/Socket-OutputFileMap.json -save-temps -no-color-diagnostics -explicit-module-build -module-cache-path /Users/admin/builder/spi-builder-workspace/.derivedData/Build/Intermediates.noindex/SwiftExplicitPrecompiledModules -clang-scanner-module-cache-path /Users/admin/builder/spi-builder-workspace/.derivedData/ModuleCache.noindex -sdk-module-cache-path /Users/admin/builder/spi-builder-workspace/.derivedData/SDKExplicitPrecompiledModules -emit-dependencies -emit-module -emit-module-path /Users/admin/builder/spi-builder-workspace/.derivedData/Build/Intermediates.noindex/Socket.build/Debug-watchos/Socket-t.build/Objects-normal/arm64/Socket.swiftmodule -serialize-diagnostics -dependency-scan-serialize-diagnostics-path /Users/admin/builder/spi-builder-workspace/.derivedData/Build/Intermediates.noindex/Socket.build/Debug-watchos/Socket-t.build/Objects-normal/arm64/Socket-dependency-scan.dia -validate-clang-modules-once -clang-build-session-file /Users/admin/builder/spi-builder-workspace/.derivedData/ModuleCache.noindex/Session.modulevalidation -Xcc -fmodules-prune-interval\=86400 -Xcc -fmodules-prune-after\=345600 -emit-const-values -const-gather-protocols-list /Users/admin/builder/spi-builder-workspace/.derivedData/Build/Intermediates.noindex/Socket.build/Debug-watchos/Socket-t.build/Objects-normal/arm64/Socket_const_extract_protocols.json -Xcc -I/Users/admin/builder/spi-builder-workspace/.derivedData/Build/Products/Debug-watchos/include -Xcc -I/Users/admin/builder/spi-builder-workspace/.derivedData/Build/Intermediates.noindex/Socket.build/Debug-watchos/Socket-t.build/DerivedSources-normal/arm64 -Xcc -I/Users/admin/builder/spi-builder-workspace/.derivedData/Build/Intermediates.noindex/Socket.build/Debug-watchos/Socket-t.build/DerivedSources/arm64 -Xcc -I/Users/admin/builder/spi-builder-workspace/.derivedData/Build/Intermediates.noindex/Socket.build/Debug-watchos/Socket-t.build/DerivedSources -Xcc -DSWIFT_PACKAGE -Xcc -DDEBUG\=1 -emit-objc-header -emit-objc-header-path /Users/admin/builder/spi-builder-workspace/.derivedData/Build/Intermediates.noindex/Socket.build/Debug-watchos/Socket-t.build/Objects-normal/arm64/Socket-Swift.h -working-directory /Users/admin/builder/spi-builder-workspace/.swiftpm/xcode -experimental-emit-module-separately -disable-cmo
PruneExplicitPrecompiledModules /Users/admin/builder/spi-builder-workspace/.derivedData/Build/Intermediates.noindex/ExplicitPrecompiledModules
PruneExplicitPrecompiledModules /Users/admin/builder/spi-builder-workspace/.derivedData/Build/Intermediates.noindex/SwiftExplicitPrecompiledModules
PruneExplicitPrecompiledModules /Users/admin/builder/spi-builder-workspace/.derivedData/SDKExplicitPrecompiledModules
2026-09-17 22:20:20.663 xcodebuild[1984:9799] [MT] IDERunDestination: Supported platforms for the buildables in the current scheme is empty.
** BUILD FAILED **
The following build commands failed:
ScanDependencies /Users/admin/builder/spi-builder-workspace/.derivedData/Build/Intermediates.noindex/swift-nio-ssl.build/Debug-watchos/CNIOOpenSSL-t.build/Objects-normal/arm64_32/shims.o /Users/admin/builder/spi-builder-workspace/.dependencies/checkouts/swift-nio-ssl/Sources/CNIOOpenSSL/shims.c normal arm64_32 c com.apple.compilers.llvm.clang.1_0.compiler (in target 'CNIOOpenSSL' from project 'swift-nio-ssl')
ScanDependencies /Users/admin/builder/spi-builder-workspace/.derivedData/Build/Intermediates.noindex/swift-nio-ssl.build/Debug-watchos/CNIOOpenSSL-t.build/Objects-normal/arm64/helpers.o /Users/admin/builder/spi-builder-workspace/.dependencies/checkouts/swift-nio-ssl/Sources/CNIOOpenSSL/helpers.c normal arm64 c com.apple.compilers.llvm.clang.1_0.compiler (in target 'CNIOOpenSSL' from project 'swift-nio-ssl')
ScanDependencies /Users/admin/builder/spi-builder-workspace/.derivedData/Build/Intermediates.noindex/swift-nio-ssl.build/Debug-watchos/CNIOOpenSSL-t.build/Objects-normal/arm64_32/helpers.o /Users/admin/builder/spi-builder-workspace/.dependencies/checkouts/swift-nio-ssl/Sources/CNIOOpenSSL/helpers.c normal arm64_32 c com.apple.compilers.llvm.clang.1_0.compiler (in target 'CNIOOpenSSL' from project 'swift-nio-ssl')
ScanDependencies /Users/admin/builder/spi-builder-workspace/.derivedData/Build/Intermediates.noindex/swift-nio-ssl.build/Debug-watchos/CNIOOpenSSL-t.build/Objects-normal/arm64/shims.o /Users/admin/builder/spi-builder-workspace/.dependencies/checkouts/swift-nio-ssl/Sources/CNIOOpenSSL/shims.c normal arm64 c com.apple.compilers.llvm.clang.1_0.compiler (in target 'CNIOOpenSSL' from project 'swift-nio-ssl')
Building workspace MailCore with scheme MailCore-Package
(5 failures)
BUILD FAILURE 6.4 watchOS