The Swift Package Index logo.Swift Package Index

Build Information

Failed to build Stytch, reference 0.105.0 (922698), with Swift 6.1 for Linux on 25 Jun 2026 15:49:43 UTC.

Build Command

bash -c docker run --pull=always --rm -v "checkouts-53886768-0":/host -w "$PWD" -e JAVA_HOME="/root/.sdkman/candidates/java/current" -e SPI_BUILD="1" -e SPI_PROCESSING="1" registry.gitlab.com/saguaro1/spi-images:basic-6.1-latest swift build --triple x86_64-unknown-linux-gnu 2>&1

Build Log

========================================
RunAll
========================================
Builder version: 0e64495ecc1688c3b3e031a5ef1348b5c05091ae
Interrupt handler set up.
========================================
Checkout
========================================
Clone URL: https://github.com/stytchauth/stytch-ios.git
Reference: 0.105.0
Initialized empty Git repository in /host/spi-builder-workspace/.git/
hint: Using 'master' as the name for the initial branch. This default branch name
hint: is subject to change. To configure the initial branch name to use in all
hint: of your new repositories, which will suppress this warning, call:
hint:
hint: 	git config --global init.defaultBranch <name>
hint:
hint: Names commonly chosen instead of 'master' are 'main', 'trunk' and
hint: 'development'. The just-created branch can be renamed via this command:
hint:
hint: 	git branch -m <name>
From https://github.com/stytchauth/stytch-ios
 * tag               0.105.0    -> FETCH_HEAD
HEAD is now at 9226982 Remove extraneous guard (#606)
Cloned https://github.com/stytchauth/stytch-ios.git
Revision (git rev-parse @):
9226982678275e553faefada48867ec4d941e9c8
SPI manifest file found: $PWD/.spi.yml
SUCCESS checkout https://github.com/stytchauth/stytch-ios.git at 0.105.0
========================================
Build
========================================
Selected platform:         linux
Swift version:             6.1
Building package at path:  $PWD
https://github.com/stytchauth/stytch-ios.git
https://github.com/stytchauth/stytch-ios.git
WARNING: environment variable SUPPRESS_SWIFT_6_FLAGS is not set
Running build ...
bash -c docker run --pull=always --rm -v "checkouts-53886768-0":/host -w "$PWD" -e JAVA_HOME="/root/.sdkman/candidates/java/current" -e SPI_BUILD="1" -e SPI_PROCESSING="1" registry.gitlab.com/saguaro1/spi-images:basic-6.1-latest swift build --triple x86_64-unknown-linux-gnu -Xswiftc -Xfrontend -Xswiftc -stats-output-dir -Xswiftc -Xfrontend -Xswiftc .stats -Xswiftc -strict-concurrency=complete -Xswiftc -enable-upcoming-feature -Xswiftc StrictConcurrency -Xswiftc -enable-upcoming-feature -Xswiftc DisableOutwardActorInference -Xswiftc -enable-upcoming-feature -Xswiftc GlobalActorIsolatedTypesUsability -Xswiftc -enable-upcoming-feature -Xswiftc InferSendableFromCaptures 2>&1
basic-6.1-latest: Pulling from saguaro1/spi-images
Digest: sha256:0f094b998e61bb35b7a666f42e392cfb12929ea8fa9160622b1badd8b73d5c87
Status: Image is up to date for registry.gitlab.com/saguaro1/spi-images:basic-6.1-latest
Fetching https://github.com/stytchauth/stytch-ios-dfp.git
Fetching https://github.com/marmelroy/PhoneNumberKit
Fetching https://github.com/GoogleCloudPlatform/recaptcha-enterprise-mobile-sdk
Fetching https://github.com/SwiftyJSON/SwiftyJSON.git
[1/1103] Fetching recaptcha-enterprise-mobile-sdk
[1104/8724] Fetching recaptcha-enterprise-mobile-sdk, phonenumberkit
[1105/9010] Fetching recaptcha-enterprise-mobile-sdk, phonenumberkit, stytch-ios-dfp
[1123/15291] Fetching recaptcha-enterprise-mobile-sdk, phonenumberkit, stytch-ios-dfp, swiftyjson
Fetched https://github.com/GoogleCloudPlatform/recaptcha-enterprise-mobile-sdk from cache (0.49s)
Fetched https://github.com/stytchauth/stytch-ios-dfp.git from cache (0.49s)
[6434/13902] Fetching phonenumberkit, swiftyjson
Fetched https://github.com/SwiftyJSON/SwiftyJSON.git from cache (0.52s)
[382/7621] Fetching phonenumberkit
Fetched https://github.com/marmelroy/PhoneNumberKit from cache (0.96s)
Computing version for https://github.com/SwiftyJSON/SwiftyJSON.git
Computed https://github.com/SwiftyJSON/SwiftyJSON.git at 5.0.2 (1.20s)
Computing version for https://github.com/stytchauth/stytch-ios-dfp.git
Computed https://github.com/stytchauth/stytch-ios-dfp.git at 1.0.8 (0.23s)
Computing version for https://github.com/GoogleCloudPlatform/recaptcha-enterprise-mobile-sdk
Computed https://github.com/GoogleCloudPlatform/recaptcha-enterprise-mobile-sdk at 18.9.1 (0.24s)
Fetching https://github.com/google/interop-ios-for-google-sdks.git
[1/282] Fetching interop-ios-for-google-sdks
Fetched https://github.com/google/interop-ios-for-google-sdks.git from cache (0.40s)
Computing version for https://github.com/google/interop-ios-for-google-sdks.git
Computed https://github.com/google/interop-ios-for-google-sdks.git at 101.0.0 (0.64s)
Computing version for https://github.com/marmelroy/PhoneNumberKit
Computed https://github.com/marmelroy/PhoneNumberKit at 4.3.0 (0.24s)
Creating working copy for https://github.com/GoogleCloudPlatform/recaptcha-enterprise-mobile-sdk
Working copy of https://github.com/GoogleCloudPlatform/recaptcha-enterprise-mobile-sdk resolved at 18.9.1
Creating working copy for https://github.com/stytchauth/stytch-ios-dfp.git
Working copy of https://github.com/stytchauth/stytch-ios-dfp.git resolved at 1.0.8
Creating working copy for https://github.com/google/interop-ios-for-google-sdks.git
Working copy of https://github.com/google/interop-ios-for-google-sdks.git resolved at 101.0.0
Creating working copy for https://github.com/marmelroy/PhoneNumberKit
Working copy of https://github.com/marmelroy/PhoneNumberKit resolved at 4.3.0
Creating working copy for https://github.com/SwiftyJSON/SwiftyJSON.git
Working copy of https://github.com/SwiftyJSON/SwiftyJSON.git resolved at 5.0.2
Downloading binary artifact https://dl.google.com/recaptchaenterprise/v18.9.1/RecaptchaEnterpriseSDK_iOS_xcframework/recaptcha-sdk-xcframework.xcframework.zip
[7456/7456] Downloading https://dl.google.com/recaptchaenterprise/v18.9.1/RecaptchaEnterpriseSDK_iOS_xcframework/recaptcha-sdk-xcframework.xcframework.zip
Downloaded https://dl.google.com/recaptchaenterprise/v18.9.1/RecaptchaEnterpriseSDK_iOS_xcframework/recaptcha-sdk-xcframework.xcframework.zip (0.70s)
warning: 'spi-builder-workspace': found 1 file(s) which are unhandled; explicitly declare them as resources or exclude from the target
    /host/spi-builder-workspace/Sources/StytchUI/Media.xcassets
warning: 'stytch-ios-dfp': found 1 file(s) which are unhandled; explicitly declare them as resources or exclude from the target
    /host/spi-builder-workspace/.build/checkouts/stytch-ios-dfp/Sources/stytch-ios-dfp/StytchDFP.xcframework
Building for debugging...
[0/10] Copying PrivacyInfo.xcprivacy
[0/10] Write sources
[0/10] Copying PrivacyInfo.xcprivacy
[0/10] Write sources
[0/10] Copying PrivacyInfo.xcprivacy
[0/10] Write sources
[0/10] Copying PrivacyInfo.xcprivacy
[0/10] Write sources
[0/10] Copying PhoneNumberMetadata.json
[9/10] Write swift-version-24593BA9C3E375BF.txt
[11/34] Emitting module PhoneNumberKit
[12/36] Compiling PhoneNumberKit PhoneNumberTextFieldDelegate.swift
[13/36] Compiling PhoneNumberKit resource_bundle_accessor.swift
[14/36] Compiling PhoneNumberKit NSRegularExpression+Swift.swift
[15/36] Compiling PhoneNumberKit ParseManager.swift
[16/36] Compiling PhoneNumberKit PartialFormatter.swift
[17/36] Compiling PhoneNumberKit MetadataManager.swift
[18/36] Compiling PhoneNumberKit MetadataParsing.swift
[19/36] Compiling PhoneNumberKit MetadataTypes.swift
[20/36] Compiling PhoneNumberKit CountryCodePickerOptions.swift
[21/36] Compiling PhoneNumberKit CountryCodePickerSectionHeaderView.swift
[22/36] Compiling PhoneNumberKit CountryCodePickerTableViewCell.swift
[23/36] Emitting module SwiftyJSON
[24/36] Compiling SwiftyJSON resource_bundle_accessor.swift
[25/36] Compiling SwiftyJSON SwiftyJSON.swift
/host/spi-builder-workspace/.build/checkouts/SwiftyJSON/Source/SwiftyJSON/SwiftyJSON.swift:1215:51: error: ambiguous use of operator '<'
1213 |
1214 |     switch (lhs.type, rhs.type) {
1215 |     case (.number, .number): return lhs.rawNumber < rhs.rawNumber
     |                                                   `- error: ambiguous use of operator '<'
1216 |     case (.string, .string): return lhs.rawString < rhs.rawString
1217 |     default:                 return false
     :
1249 | }
1250 |
1251 | func < (lhs: NSNumber, rhs: NSNumber) -> Bool {
     |      `- note: found this candidate
1252 |
1253 |     switch (lhs.isBool, rhs.isBool) {
Foundation.NSNumber.<:2:20: note: found this candidate in module 'Foundation'
1 | class NSNumber {
2 | public static func < (lhs: NSNumber, rhs: NSNumber) -> Bool}
  |                    `- note: found this candidate in module 'Foundation'
3 |
[26/36] Compiling PhoneNumberKit PhoneNumber+Codable.swift
[27/36] Compiling PhoneNumberKit PhoneNumber.swift
[28/36] Compiling PhoneNumberKit PhoneNumberFormatter.swift
[29/36] Compiling PhoneNumberKit Bundle+Resources.swift
[30/36] Compiling PhoneNumberKit Constants.swift
[31/36] Compiling PhoneNumberKit Formatter.swift
[32/36] Compiling PhoneNumberKit CountryCodePickerViewController.swift
[33/36] Compiling PhoneNumberKit PhoneNumberTextField.swift
Running build ...
bash -c docker run --pull=always --rm -v "checkouts-53886768-0":/host -w "$PWD" -e JAVA_HOME="/root/.sdkman/candidates/java/current" -e SPI_BUILD="1" -e SPI_PROCESSING="1" registry.gitlab.com/saguaro1/spi-images:basic-6.1-latest swift build --triple x86_64-unknown-linux-gnu 2>&1
basic-6.1-latest: Pulling from saguaro1/spi-images
Digest: sha256:0f094b998e61bb35b7a666f42e392cfb12929ea8fa9160622b1badd8b73d5c87
Status: Image is up to date for registry.gitlab.com/saguaro1/spi-images:basic-6.1-latest
warning: 'spi-builder-workspace': found 1 file(s) which are unhandled; explicitly declare them as resources or exclude from the target
    /host/spi-builder-workspace/Sources/StytchUI/Media.xcassets
warning: 'stytch-ios-dfp': found 1 file(s) which are unhandled; explicitly declare them as resources or exclude from the target
    /host/spi-builder-workspace/.build/checkouts/stytch-ios-dfp/Sources/stytch-ios-dfp/StytchDFP.xcframework
[0/1] Planning build
Building for debugging...
[0/1] Write swift-version-24593BA9C3E375BF.txt
[2/25] Emitting module PhoneNumberKit
[3/27] Compiling PhoneNumberKit PhoneNumber+Codable.swift
[4/27] Compiling PhoneNumberKit PhoneNumber.swift
[5/27] Compiling PhoneNumberKit PhoneNumberFormatter.swift
[6/27] Compiling PhoneNumberKit NSRegularExpression+Swift.swift
[7/27] Compiling PhoneNumberKit ParseManager.swift
[8/27] Compiling PhoneNumberKit PartialFormatter.swift
[9/27] Compiling PhoneNumberKit CountryCodePickerViewController.swift
[10/27] Compiling PhoneNumberKit PhoneNumberTextField.swift
[11/27] Compiling PhoneNumberKit Bundle+Resources.swift
[12/27] Compiling PhoneNumberKit Constants.swift
[13/27] Compiling PhoneNumberKit Formatter.swift
[14/27] Compiling PhoneNumberKit PhoneNumberTextFieldDelegate.swift
[15/27] Compiling PhoneNumberKit resource_bundle_accessor.swift
[16/27] Emitting module SwiftyJSON
[17/27] Compiling SwiftyJSON resource_bundle_accessor.swift
[18/27] Compiling SwiftyJSON SwiftyJSON.swift
/host/spi-builder-workspace/.build/checkouts/SwiftyJSON/Source/SwiftyJSON/SwiftyJSON.swift:1215:51: error: ambiguous use of operator '<'
1213 |
1214 |     switch (lhs.type, rhs.type) {
1215 |     case (.number, .number): return lhs.rawNumber < rhs.rawNumber
     |                                                   `- error: ambiguous use of operator '<'
1216 |     case (.string, .string): return lhs.rawString < rhs.rawString
1217 |     default:                 return false
     :
1249 | }
1250 |
1251 | func < (lhs: NSNumber, rhs: NSNumber) -> Bool {
     |      `- note: found this candidate
1252 |
1253 |     switch (lhs.isBool, rhs.isBool) {
Foundation.NSNumber.<:2:20: note: found this candidate in module 'Foundation'
1 | class NSNumber {
2 | public static func < (lhs: NSNumber, rhs: NSNumber) -> Bool}
  |                    `- note: found this candidate in module 'Foundation'
3 |
[19/27] Compiling PhoneNumberKit CountryCodePickerOptions.swift
[20/27] Compiling PhoneNumberKit CountryCodePickerSectionHeaderView.swift
[21/27] Compiling PhoneNumberKit CountryCodePickerTableViewCell.swift
BUILD FAILURE 6.1 linux