Build Information
Failed to build FootprintSwift, reference 3.0.7 (0a8f37), with Swift 6.4 for watchOS using Xcode 27.0 on 21 Sep 2026 18:36:35 UTC.
Build Command
env DEVELOPER_DIR=/Applications/Xcode-27.0.0-Release.Candidate.app xcrun xcodebuild -IDEClonedSourcePackagesDirPathOverride=$PWD/.dependencies -skipMacroValidation -skipPackagePluginValidation -derivedDataPath $PWD/.derivedData build -scheme FootprintSwift -destination generic/platform=watchOSBuild Log
Building workspace FootprintSwift with scheme FootprintSwift
(3 failures)
Command line invocation:
/Applications/Xcode-27.0.0-Release.Candidate.app/Contents/Developer/usr/bin/xcodebuild -IDEClonedSourcePackagesDirPathOverride=/Users/admin/builder/spi-builder-workspace/.dependencies -resolvePackageDependencies
Resolve Package Graph
Resolved source packages:
FootprintSwift: /Users/admin/builder/spi-builder-workspace
resolved source packages: FootprintSwift
2026-09-21 14:36:30.854 xcodebuild[806:4800] [MT] IDERunDestination: Supported platforms for the buildables in the current scheme is empty.
{
"dependencies" : [
],
"manifest_display_name" : "FootprintSwift",
"name" : "FootprintSwift",
"path" : "/Users/admin/builder/spi-builder-workspace",
"platforms" : [
{
"name" : "ios",
"version" : "14.0"
}
],
"products" : [
{
"name" : "FootprintSwift",
"targets" : [
"FootprintSwift"
],
"type" : {
"library" : [
"automatic"
]
}
}
],
"targets" : [
{
"c99name" : "FootprintSwiftTests",
"module_type" : "SwiftTarget",
"name" : "FootprintSwiftTests",
"path" : "Tests/FootprintSwiftTests",
"sources" : [
"FootprintSwiftTests.swift"
],
"target_dependencies" : [
"FootprintSwift"
],
"type" : "test"
},
{
"c99name" : "FootprintSwift",
"module_type" : "SwiftTarget",
"name" : "FootprintSwift",
"path" : "Sources/FootprintSwift",
"product_memberships" : [
"FootprintSwift"
],
"sources" : [
"Hosted/FootprintAppearance/FootprintAppearance.swift",
"Hosted/FootprintAppearance/FootprintAppearanceRules.swift",
"Hosted/FootprintAppearance/FootprintAppearanceTheme.swift",
"Hosted/FootprintAppearance/FootprintAppearanceVariables.swift",
"Hosted/FootprintAttestationManager/FootprintAttestationManager.swift",
"Hosted/FootprintAttestationManager/FootprintAttester.swift",
"Hosted/FootprintAttestationManager/FootprintDeviceAttestation.swift",
"Hosted/FootprintAttestationManager/FootprintKeychainStorage.swift",
"Hosted/FootprintAuthSessionManager.swift",
"Hosted/FootprintConfiguration/FootprintBootstrapData.swift",
"Hosted/FootprintConfiguration/FootprintConfiguration.swift",
"Hosted/FootprintConfiguration/FootprintL10n.swift",
"Hosted/FootprintConfiguration/FootprintOptions.swift",
"Hosted/FootprintHostedError.swift",
"Hosted/FootprintLogger.swift",
"Hosted/FootprintSdkArgsManager.swift",
"Hosted/FootprintSdkMetadata.swift",
"Hosted/FootprintSdkTelemetry.swift",
"Hosted/FootprintSwift.swift",
"OnboardingComponents/AuthTokenStatus.swift",
"OnboardingComponents/Client/APIs/BusinessesAPI.swift",
"OnboardingComponents/Client/APIs/ChallengeAPI.swift",
"OnboardingComponents/Client/APIs/D2pAPI.swift",
"OnboardingComponents/Client/APIs/DocumentAPI.swift",
"OnboardingComponents/Client/APIs/HostedAPI.swift",
"OnboardingComponents/Client/APIs/IdentifyAPI.swift",
"OnboardingComponents/Client/APIs/My1fpAPI.swift",
"OnboardingComponents/Client/APIs/OnboardingAPI.swift",
"OnboardingComponents/Client/APIs/OrganizationAPI.swift",
"OnboardingComponents/Client/APIs/SdkArgsAPI.swift",
"OnboardingComponents/Client/APIs/UserAPI.swift",
"OnboardingComponents/Client/APIs/UsersAPI.swift",
"OnboardingComponents/Client/APIs/VaultAPI.swift",
"OnboardingComponents/Client/Infrastructure/APIHelper.swift",
"OnboardingComponents/Client/Infrastructure/APIs.swift",
"OnboardingComponents/Client/Infrastructure/CodableHelper.swift",
"OnboardingComponents/Client/Infrastructure/Extensions.swift",
"OnboardingComponents/Client/Infrastructure/JSONDataEncoding.swift",
"OnboardingComponents/Client/Infrastructure/JSONEncodingHelper.swift",
"OnboardingComponents/Client/Infrastructure/JSONValue.swift",
"OnboardingComponents/Client/Infrastructure/Models.swift",
"OnboardingComponents/Client/Infrastructure/OpenISO8601DateFormatter.swift",
"OnboardingComponents/Client/Infrastructure/SynchronizedDictionary.swift",
"OnboardingComponents/Client/Infrastructure/URLSessionImplementations.swift",
"OnboardingComponents/Client/Infrastructure/Validation.swift",
"OnboardingComponents/Client/Models/AuthMethod.swift",
"OnboardingComponents/Client/Models/AuthRequirementsResponse.swift",
"OnboardingComponents/Client/Models/AuthRequirementsResponseAllRequirementsInner.swift",
"OnboardingComponents/Client/Models/AuthorizeRequirement.swift",
"OnboardingComponents/Client/Models/AuthorizedOrg.swift",
"OnboardingComponents/Client/Models/BusinessDecryptResponse.swift",
"OnboardingComponents/Client/Models/CheckSessionResponse.swift",
"OnboardingComponents/Client/Models/CollectDataRequirement.swift",
"OnboardingComponents/Client/Models/CollectInvestorProfileRequirement.swift",
"OnboardingComponents/Client/Models/CollectedAttributes.swift",
"OnboardingComponents/Client/Models/ConsentRequest.swift",
"OnboardingComponents/Client/Models/CreateDeviceAttestationRequest.swift",
"OnboardingComponents/Client/Models/CreateDocumentRequest.swift",
"OnboardingComponents/Client/Models/CreateDocumentResponse.swift",
"OnboardingComponents/Client/Models/CreateOnboardingTimelineRequest.swift",
"OnboardingComponents/Client/Models/CreateSdkArgsTokenResponse.swift",
"OnboardingComponents/Client/Models/CreateUserTokenRequest.swift",
"OnboardingComponents/Client/Models/CreateUserTokenResponse.swift",
"OnboardingComponents/Client/Models/D2pGenerateRequest.swift",
"OnboardingComponents/Client/Models/D2pGenerateRequestMeta.swift",
"OnboardingComponents/Client/Models/D2pGenerateRequestMetaL10n.swift",
"OnboardingComponents/Client/Models/D2pGenerateResponse.swift",
"OnboardingComponents/Client/Models/D2pSmsRequest.swift",
"OnboardingComponents/Client/Models/D2pSmsResponse.swift",
"OnboardingComponents/Client/Models/D2pStatusResponse.swift",
"OnboardingComponents/Client/Models/D2pUpdateStatusRequest.swift",
"OnboardingComponents/Client/Models/DeviceAttestationChallengeResponse.swift",
"OnboardingComponents/Client/Models/DocumentRequirement.swift",
"OnboardingComponents/Client/Models/DocumentResponse.swift",
"OnboardingComponents/Client/Models/EmailVerifyRequest.swift",
"OnboardingComponents/Client/Models/FingerprintVisitRequest.swift",
"OnboardingComponents/Client/Models/GetDeviceAttestationChallengeRequest.swift",
"OnboardingComponents/Client/Models/GetSdkArgsTokenResponse.swift",
"OnboardingComponents/Client/Models/GetSdkArgsTokenResponseObConfig.swift",
"OnboardingComponents/Client/Models/GetUserTokenResponse.swift",
"OnboardingComponents/Client/Models/HostedBusiness.swift",
"OnboardingComponents/Client/Models/HostedBusinessInvited.swift",
"OnboardingComponents/Client/Models/HostedBusinessInviter.swift",
"OnboardingComponents/Client/Models/HostedValidateResponse.swift",
"OnboardingComponents/Client/Models/IdentifyRequest.swift",
"OnboardingComponents/Client/Models/IdentifyResponse.swift",
"OnboardingComponents/Client/Models/IdentifyResponseUser.swift",
"OnboardingComponents/Client/Models/IdentifyResponseUserAuthMethodsInner.swift",
"OnboardingComponents/Client/Models/IdentifyVerifyRequest.swift",
"OnboardingComponents/Client/Models/IdentifyVerifyResponse.swift",
"OnboardingComponents/Client/Models/KbaResponse.swift",
"OnboardingComponents/Client/Models/LiteIdentifyRequest.swift",
"OnboardingComponents/Client/Models/LiteIdentifyResponse.swift",
"OnboardingComponents/Client/Models/LogBody.swift",
"OnboardingComponents/Client/Models/LoginChallengeRequest.swift",
"OnboardingComponents/Client/Models/LoginChallengeResponse.swift",
"OnboardingComponents/Client/Models/LoginChallengeResponseChallengeData.swift",
"OnboardingComponents/Client/Models/ModelErrorResponse.swift",
"OnboardingComponents/Client/Models/NeuroIdentityIdResponse.swift",
"OnboardingComponents/Client/Models/OnboardingResponse.swift",
"OnboardingComponents/Client/Models/OnboardingSessionResponse.swift",
"OnboardingComponents/Client/Models/OnboardingStatusResponse.swift",
"OnboardingComponents/Client/Models/PostOnboardingRequest.swift",
"OnboardingComponents/Client/Models/ProcessRequest.swift",
"OnboardingComponents/Client/Models/ProcessRequirement.swift",
"OnboardingComponents/Client/Models/PublicOnboardingConfiguration.swift",
"OnboardingComponents/Client/Models/RawBusinessDataRequest.swift",
"OnboardingComponents/Client/Models/RegisterAuthMethodRequirement.swift",
"OnboardingComponents/Client/Models/RegisterPasskeyRequirement.swift",
"OnboardingComponents/Client/Models/Requirement.swift",
"OnboardingComponents/Client/Models/SignupChallengeRequest.swift",
"OnboardingComponents/Client/Models/SignupChallengeRequestEmail.swift",
"OnboardingComponents/Client/Models/SignupChallengeResponse.swift",
"OnboardingComponents/Client/Models/SkipPasskeyRegisterRequest.swift",
"OnboardingComponents/Client/Models/SkipPasskeyRegisterRequestContext.swift",
"OnboardingComponents/Client/Models/SkipPasskeyRegisterRequestContextAttemptsInner.swift",
"OnboardingComponents/Client/Models/SocureDeviceSessionIdRequest.swift",
"OnboardingComponents/Client/Models/StytchTelemetryRequest.swift",
"OnboardingComponents/Client/Models/UserChallengeRequest.swift",
"OnboardingComponents/Client/Models/UserChallengeResponse.swift",
"OnboardingComponents/Client/Models/UserChallengeVerifyRequest.swift",
"OnboardingComponents/Client/Models/UserDecryptRequest.swift",
"OnboardingComponents/Client/Models/VaultBadRequestResponse.swift",
"OnboardingComponents/Client/Models/VaultDI.swift",
"OnboardingComponents/Client/Models/VaultData.swift",
"OnboardingComponents/Components/EmailInputField.swift",
"OnboardingComponents/Components/FpField.swift",
"OnboardingComponents/Components/FpFieldError.swift",
"OnboardingComponents/Components/FpForm.swift",
"OnboardingComponents/Components/FpInput.swift",
"OnboardingComponents/Components/FpLabel.swift",
"OnboardingComponents/Components/PinInputField.swift",
"OnboardingComponents/FieldManager.swift",
"OnboardingComponents/FootprintError.swift",
"OnboardingComponents/FootprintProvider.swift",
"OnboardingComponents/FootprintQueries.swift",
"OnboardingComponents/FootprintSupportedCountryCodes.swift",
"OnboardingComponents/FormManager.swift",
"OnboardingComponents/FpFieldName.swift",
"OnboardingComponents/RequirementAttributes.swift",
"OnboardingComponents/Utils/DateFormatters.swift",
"OnboardingComponents/Utils/FieldProps.swift",
"OnboardingComponents/Utils/InputFormatters.swift",
"OnboardingComponents/Utils/Validations/IsAddressLine.swift",
"OnboardingComponents/Utils/Validations/IsAlphanumeric.swift",
"OnboardingComponents/Utils/Validations/IsDob.swift",
"OnboardingComponents/Utils/Validations/IsEmail.swift",
"OnboardingComponents/Utils/Validations/IsEmailDomain.swift",
"OnboardingComponents/Utils/Validations/IsIpAddress.swift",
"OnboardingComponents/Utils/Validations/IsName.swift",
"OnboardingComponents/Utils/Validations/IsPhoneCountryCode.swift",
"OnboardingComponents/Utils/Validations/IsPhoneNumber.swift",
"OnboardingComponents/Utils/Validations/IsSSN4.swift",
"OnboardingComponents/Utils/Validations/IsSSN9.swift",
"OnboardingComponents/Utils/Validations/IsSandboxFixtureNumber.swift",
"OnboardingComponents/Utils/Validations/IsSupportedCountryCode.swift",
"OnboardingComponents/Utils/Validations/IsTin.swift",
"OnboardingComponents/Utils/Validations/IsTokenFormat.swift",
"OnboardingComponents/Utils/Validations/IsURL.swift",
"OnboardingComponents/Utils/Validations/isEinFormat.swift",
"OnboardingComponents/Utils/Validations/isValidDate.swift",
"OnboardingComponents/Utils/VaultDataFormatters.swift",
"OnboardingComponents/Verify.swift",
"Shared/PackageInfo.swift",
"Shared/SandboxOutcome.swift"
],
"type" : "library"
}
],
"tools_version" : "5.9"
}
{
"workspace" : {
"name" : "FootprintSwift",
"schemes" : [
"FootprintSwift"
]
}
}
2026-09-21 14:36:32.099 xcodebuild[814:4864] [MT] IDERunDestination: Supported platforms for the buildables in the current scheme is empty.
Running build ...
env DEVELOPER_DIR=/Applications/Xcode-27.0.0-Release.Candidate.app xcrun xcodebuild -IDEClonedSourcePackagesDirPathOverride=$PWD/.dependencies -skipMacroValidation -skipPackagePluginValidation -derivedDataPath $PWD/.derivedData build -scheme FootprintSwift -destination generic/platform=watchOS
Command line invocation:
/Applications/Xcode-27.0.0-Release.Candidate.app/Contents/Developer/usr/bin/xcodebuild -IDEClonedSourcePackagesDirPathOverride=/Users/admin/builder/spi-builder-workspace/.dependencies -skipMacroValidation -skipPackagePluginValidation -derivedDataPath /Users/admin/builder/spi-builder-workspace/.derivedData build -scheme FootprintSwift -destination generic/platform=watchOS
Resolve Package Graph
Resolved source packages:
FootprintSwift: /Users/admin/builder/spi-builder-workspace
ComputePackagePrebuildTargetDependencyGraph
Prepare packages
CreateBuildRequest
SendProjectDescription
CreateBuildOperation
ComputeTargetDependencyGraph
note: Building targets in dependency order
note: Target dependency graph (2 targets)
Target 'FootprintSwift-product' in project 'FootprintSwift'
➜ Explicit dependency on target 'FootprintSwift' in project 'FootprintSwift'
Target 'FootprintSwift' in project 'FootprintSwift' (no dependencies)
GatherProvisioningInputs
CreateBuildDescription
ClangStatCache /Applications/Xcode-27.0.0-Release.Candidate.app/Contents/Developer/Toolchains/XcodeDefault.xctoolchain/usr/bin/clang-stat-cache /Applications/Xcode-27.0.0-Release.Candidate.app/Contents/Developer/Platforms/WatchOS.platform/Developer/SDKs/WatchOS27.0.sdk /Users/admin/builder/spi-builder-workspace/.derivedData/SDKStatCaches.noindex/watchos27.0-24R360-e829b21a6f8c9b70876ba0858053c04477534ef55a1706bf4c1112bbb242f0a2.sdkstatcache
cd /Users/admin/builder/spi-builder-workspace/.swiftpm/xcode
/Applications/Xcode-27.0.0-Release.Candidate.app/Contents/Developer/Toolchains/XcodeDefault.xctoolchain/usr/bin/clang-stat-cache /Applications/Xcode-27.0.0-Release.Candidate.app/Contents/Developer/Platforms/WatchOS.platform/Developer/SDKs/WatchOS27.0.sdk -o /Users/admin/builder/spi-builder-workspace/.derivedData/SDKStatCaches.noindex/watchos27.0-24R360-e829b21a6f8c9b70876ba0858053c04477534ef55a1706bf4c1112bbb242f0a2.sdkstatcache
SwiftDriver FootprintSwift normal arm64_32 com.apple.xcode.tools.swift.compiler (in target 'FootprintSwift' from project 'FootprintSwift')
cd /Users/admin/builder/spi-builder-workspace/.swiftpm/xcode
builtin-SwiftDriver -- /Applications/Xcode-27.0.0-Release.Candidate.app/Contents/Developer/Toolchains/XcodeDefault.xctoolchain/usr/bin/swiftc -parse-as-library -module-name FootprintSwift -Onone @/Users/admin/builder/spi-builder-workspace/.derivedData/Build/Intermediates.noindex/FootprintSwift.build/Debug-watchos/FootprintSwift-t.build/Objects-normal/arm64_32/FootprintSwift.SwiftFileList -DSWIFT_PACKAGE -DDEBUG -DSWIFT_MODULE_RESOURCE_BUNDLE_UNAVAILABLE -DXcode -plugin-path /Applications/Xcode-27.0.0-Release.Candidate.app/Contents/Developer/Toolchains/XcodeDefault.xctoolchain/usr/lib/swift/host/plugins/testing -enable-experimental-feature DebugDescriptionMacro -sdk /Applications/Xcode-27.0.0-Release.Candidate.app/Contents/Developer/Platforms/WatchOS.platform/Developer/SDKs/WatchOS27.0.sdk -target arm64_32-apple-watchos9.0 -g -module-cache-path /Users/admin/builder/spi-builder-workspace/.derivedData/ModuleCache.noindex -Xfrontend -serialize-debugging-options -profile-coverage-mapping -profile-generate -enable-testing -index-store-path /Users/admin/builder/spi-builder-workspace/.derivedData/Index.noindex/DataStore -Xcc -D_LIBCPP_HARDENING_MODE\=_LIBCPP_HARDENING_MODE_DEBUG -swift-version 5 -I /Users/admin/builder/spi-builder-workspace/.derivedData/Build/Products/Debug-watchos -Isystem /Applications/Xcode-27.0.0-Release.Candidate.app/Contents/Developer/Platforms/WatchOS.platform/Developer/usr/lib -F /Users/admin/builder/spi-builder-workspace/.derivedData/Build/Products/Debug-watchos -F /Applications/Xcode-27.0.0-Release.Candidate.app/Contents/Developer/Platforms/WatchOS.platform/Developer/Library/Frameworks -F /Applications/Xcode-27.0.0-Release.Candidate.app/Contents/Developer/Platforms/WatchOS.platform/Developer/SDKs/WatchOS27.0.sdk/Developer/Library/Frameworks -c -j10 -enable-batch-mode -incremental -Xcc -ivfsstatcache -Xcc /Users/admin/builder/spi-builder-workspace/.derivedData/SDKStatCaches.noindex/watchos27.0-24R360-e829b21a6f8c9b70876ba0858053c04477534ef55a1706bf4c1112bbb242f0a2.sdkstatcache -output-file-map /Users/admin/builder/spi-builder-workspace/.derivedData/Build/Intermediates.noindex/FootprintSwift.build/Debug-watchos/FootprintSwift-t.build/Objects-normal/arm64_32/FootprintSwift-OutputFileMap.json -save-temps -no-color-diagnostics -explicit-module-build -module-cache-path /Users/admin/builder/spi-builder-workspace/.derivedData/Build/Intermediates.noindex/SwiftExplicitPrecompiledModules -clang-scanner-module-cache-path /Users/admin/builder/spi-builder-workspace/.derivedData/ModuleCache.noindex -sdk-module-cache-path /Users/admin/builder/spi-builder-workspace/.derivedData/SDKExplicitPrecompiledModules -emit-dependencies -emit-module -emit-module-path /Users/admin/builder/spi-builder-workspace/.derivedData/Build/Intermediates.noindex/FootprintSwift.build/Debug-watchos/FootprintSwift-t.build/Objects-normal/arm64_32/FootprintSwift.swiftmodule -serialize-diagnostics -dependency-scan-serialize-diagnostics-path /Users/admin/builder/spi-builder-workspace/.derivedData/Build/Intermediates.noindex/FootprintSwift.build/Debug-watchos/FootprintSwift-t.build/Objects-normal/arm64_32/FootprintSwift-dependency-scan.dia -validate-clang-modules-once -clang-build-session-file /Users/admin/builder/spi-builder-workspace/.derivedData/ModuleCache.noindex/Session.modulevalidation -Xcc -fmodules-prune-interval\=86400 -Xcc -fmodules-prune-after\=345600 -package-name spi_builder_workspace -emit-const-values -const-gather-protocols-list /Users/admin/builder/spi-builder-workspace/.derivedData/Build/Intermediates.noindex/FootprintSwift.build/Debug-watchos/FootprintSwift-t.build/Objects-normal/arm64_32/FootprintSwift_const_extract_protocols.json -Xcc -I/Users/admin/builder/spi-builder-workspace/.derivedData/Build/Products/Debug-watchos/include -Xcc -I/Users/admin/builder/spi-builder-workspace/.derivedData/Build/Intermediates.noindex/FootprintSwift.build/Debug-watchos/FootprintSwift-t.build/DerivedSources-normal/arm64_32 -Xcc -I/Users/admin/builder/spi-builder-workspace/.derivedData/Build/Intermediates.noindex/FootprintSwift.build/Debug-watchos/FootprintSwift-t.build/DerivedSources/arm64_32 -Xcc -I/Users/admin/builder/spi-builder-workspace/.derivedData/Build/Intermediates.noindex/FootprintSwift.build/Debug-watchos/FootprintSwift-t.build/DerivedSources -Xcc -DSWIFT_PACKAGE -Xcc -DDEBUG\=1 -emit-objc-header -emit-objc-header-path /Users/admin/builder/spi-builder-workspace/.derivedData/Build/Intermediates.noindex/FootprintSwift.build/Debug-watchos/FootprintSwift-t.build/Objects-normal/arm64_32/FootprintSwift-Swift.h -working-directory /Users/admin/builder/spi-builder-workspace/.swiftpm/xcode -experimental-emit-module-separately -disable-cmo
SwiftDriver FootprintSwift normal arm64 com.apple.xcode.tools.swift.compiler (in target 'FootprintSwift' from project 'FootprintSwift')
cd /Users/admin/builder/spi-builder-workspace/.swiftpm/xcode
builtin-SwiftDriver -- /Applications/Xcode-27.0.0-Release.Candidate.app/Contents/Developer/Toolchains/XcodeDefault.xctoolchain/usr/bin/swiftc -parse-as-library -module-name FootprintSwift -Onone @/Users/admin/builder/spi-builder-workspace/.derivedData/Build/Intermediates.noindex/FootprintSwift.build/Debug-watchos/FootprintSwift-t.build/Objects-normal/arm64/FootprintSwift.SwiftFileList -DSWIFT_PACKAGE -DDEBUG -DSWIFT_MODULE_RESOURCE_BUNDLE_UNAVAILABLE -DXcode -plugin-path /Applications/Xcode-27.0.0-Release.Candidate.app/Contents/Developer/Toolchains/XcodeDefault.xctoolchain/usr/lib/swift/host/plugins/testing -enable-experimental-feature DebugDescriptionMacro -sdk /Applications/Xcode-27.0.0-Release.Candidate.app/Contents/Developer/Platforms/WatchOS.platform/Developer/SDKs/WatchOS27.0.sdk -target arm64-apple-watchos9.0 -g -module-cache-path /Users/admin/builder/spi-builder-workspace/.derivedData/ModuleCache.noindex -Xfrontend -serialize-debugging-options -profile-coverage-mapping -profile-generate -enable-testing -index-store-path /Users/admin/builder/spi-builder-workspace/.derivedData/Index.noindex/DataStore -Xcc -D_LIBCPP_HARDENING_MODE\=_LIBCPP_HARDENING_MODE_DEBUG -swift-version 5 -I /Users/admin/builder/spi-builder-workspace/.derivedData/Build/Products/Debug-watchos -Isystem /Applications/Xcode-27.0.0-Release.Candidate.app/Contents/Developer/Platforms/WatchOS.platform/Developer/usr/lib -F /Users/admin/builder/spi-builder-workspace/.derivedData/Build/Products/Debug-watchos -F /Applications/Xcode-27.0.0-Release.Candidate.app/Contents/Developer/Platforms/WatchOS.platform/Developer/Library/Frameworks -F /Applications/Xcode-27.0.0-Release.Candidate.app/Contents/Developer/Platforms/WatchOS.platform/Developer/SDKs/WatchOS27.0.sdk/Developer/Library/Frameworks -c -j10 -enable-batch-mode -incremental -Xcc -ivfsstatcache -Xcc /Users/admin/builder/spi-builder-workspace/.derivedData/SDKStatCaches.noindex/watchos27.0-24R360-e829b21a6f8c9b70876ba0858053c04477534ef55a1706bf4c1112bbb242f0a2.sdkstatcache -output-file-map /Users/admin/builder/spi-builder-workspace/.derivedData/Build/Intermediates.noindex/FootprintSwift.build/Debug-watchos/FootprintSwift-t.build/Objects-normal/arm64/FootprintSwift-OutputFileMap.json -save-temps -no-color-diagnostics -explicit-module-build -module-cache-path /Users/admin/builder/spi-builder-workspace/.derivedData/Build/Intermediates.noindex/SwiftExplicitPrecompiledModules -clang-scanner-module-cache-path /Users/admin/builder/spi-builder-workspace/.derivedData/ModuleCache.noindex -sdk-module-cache-path /Users/admin/builder/spi-builder-workspace/.derivedData/SDKExplicitPrecompiledModules -emit-dependencies -emit-module -emit-module-path /Users/admin/builder/spi-builder-workspace/.derivedData/Build/Intermediates.noindex/FootprintSwift.build/Debug-watchos/FootprintSwift-t.build/Objects-normal/arm64/FootprintSwift.swiftmodule -serialize-diagnostics -dependency-scan-serialize-diagnostics-path /Users/admin/builder/spi-builder-workspace/.derivedData/Build/Intermediates.noindex/FootprintSwift.build/Debug-watchos/FootprintSwift-t.build/Objects-normal/arm64/FootprintSwift-dependency-scan.dia -validate-clang-modules-once -clang-build-session-file /Users/admin/builder/spi-builder-workspace/.derivedData/ModuleCache.noindex/Session.modulevalidation -Xcc -fmodules-prune-interval\=86400 -Xcc -fmodules-prune-after\=345600 -package-name spi_builder_workspace -emit-const-values -const-gather-protocols-list /Users/admin/builder/spi-builder-workspace/.derivedData/Build/Intermediates.noindex/FootprintSwift.build/Debug-watchos/FootprintSwift-t.build/Objects-normal/arm64/FootprintSwift_const_extract_protocols.json -Xcc -I/Users/admin/builder/spi-builder-workspace/.derivedData/Build/Products/Debug-watchos/include -Xcc -I/Users/admin/builder/spi-builder-workspace/.derivedData/Build/Intermediates.noindex/FootprintSwift.build/Debug-watchos/FootprintSwift-t.build/DerivedSources-normal/arm64 -Xcc -I/Users/admin/builder/spi-builder-workspace/.derivedData/Build/Intermediates.noindex/FootprintSwift.build/Debug-watchos/FootprintSwift-t.build/DerivedSources/arm64 -Xcc -I/Users/admin/builder/spi-builder-workspace/.derivedData/Build/Intermediates.noindex/FootprintSwift.build/Debug-watchos/FootprintSwift-t.build/DerivedSources -Xcc -DSWIFT_PACKAGE -Xcc -DDEBUG\=1 -emit-objc-header -emit-objc-header-path /Users/admin/builder/spi-builder-workspace/.derivedData/Build/Intermediates.noindex/FootprintSwift.build/Debug-watchos/FootprintSwift-t.build/Objects-normal/arm64/FootprintSwift-Swift.h -working-directory /Users/admin/builder/spi-builder-workspace/.swiftpm/xcode -experimental-emit-module-separately -disable-cmo
SwiftEmitModule normal arm64_32 Emitting\ module\ for\ FootprintSwift (in target 'FootprintSwift' from project 'FootprintSwift')
/Users/admin/builder/spi-builder-workspace/Sources/FootprintSwift/Hosted/FootprintAuthSessionManager.swift:140:73: error: 'ASPresentationAnchor' is unavailable in watchOS
138 |
139 | // Presentation context provider for the web authentication session
140 | func presentationAnchor(for session: ASWebAuthenticationSession) -> ASPresentationAnchor {
| `- error: 'ASPresentationAnchor' is unavailable in watchOS
141 | guard Thread.isMainThread else {
142 | return DispatchQueue.main.sync { presentationAnchor(for: session) }
/Applications/Xcode-27.0.0-Release.Candidate.app/Contents/Developer/Platforms/WatchOS.platform/Developer/SDKs/WatchOS27.0.sdk/System/Library/Frameworks/AuthenticationServices.framework/Headers/ASFoundation.h:39:20: note: 'ASPresentationAnchor' has been explicitly marked unavailable here
37 | #import <UIKit/UIKit.h>
38 | #if __has_include(<UIKit/UIWindow.h>)
39 | typedef UIWindow * ASPresentationAnchor API_UNAVAILABLE(watchos);
| `- note: 'ASPresentationAnchor' has been explicitly marked unavailable here
40 | #endif
41 | #if __has_include(<UIKit/UIViewController.h>) && !defined(ASViewController)
/Users/admin/builder/spi-builder-workspace/Sources/FootprintSwift/Hosted/FootprintAuthSessionManager.swift:5:46: error: 'ASWebAuthenticationPresentationContextProviding' is unavailable in watchOS
3 |
4 | @available(iOS 13.0, *)
5 | class FootprintAuthSessionManager: NSObject, ASWebAuthenticationPresentationContextProviding {
| `- error: 'ASWebAuthenticationPresentationContextProviding' is unavailable in watchOS
6 | public var authSession: ASWebAuthenticationSession?
7 | private var configuration: FootprintConfiguration
/Applications/Xcode-27.0.0-Release.Candidate.app/Contents/Developer/Platforms/WatchOS.platform/Developer/SDKs/WatchOS27.0.sdk/System/Library/Frameworks/AuthenticationServices.framework/Headers/ASWebAuthenticationSession.h:115:11: note: 'ASWebAuthenticationPresentationContextProviding' has been explicitly marked unavailable here
113 | API_AVAILABLE(ios(13.0), macos(10.15)) API_UNAVAILABLE(tvos, watchos)
114 | NS_SWIFT_UI_ACTOR
115 | @protocol ASWebAuthenticationPresentationContextProviding <NSObject>
| `- note: 'ASWebAuthenticationPresentationContextProviding' has been explicitly marked unavailable here
116 |
117 | #if !TARGET_OS_WATCH
/Users/admin/builder/spi-builder-workspace/Sources/FootprintSwift/OnboardingComponents/Components/FpInput.swift:75:11: error: 'UIApplication' is unavailable in watchOS
73 |
74 | // Extension to add a tap gesture recognizer for dismissing the keyboard
75 | extension UIApplication {
| `- error: 'UIApplication' is unavailable in watchOS
76 | func addTapGestureRecognizer() {
77 | guard let window = windows.first else { return }
/Applications/Xcode-27.0.0-Release.Candidate.app/Contents/Developer/Platforms/WatchOS.platform/Developer/SDKs/WatchOS27.0.sdk/System/Library/Frameworks/UIKit.framework/Headers/UIApplication.h:85:12: note: 'UIApplication' has been explicitly marked unavailable here
83 |
84 | UIKIT_EXTERN API_AVAILABLE(ios(2.0)) API_UNAVAILABLE(watchos) NS_SWIFT_UI_ACTOR
85 | @interface UIApplication : UIResponder
| `- note: 'UIApplication' has been explicitly marked unavailable here
86 |
87 | @property(class, nonatomic, readonly) UIApplication *sharedApplication NS_EXTENSION_UNAVAILABLE_IOS("Use view controller based solutions where appropriate instead.");
/Users/admin/builder/spi-builder-workspace/Sources/FootprintSwift/OnboardingComponents/Components/FpInput.swift:86:1: warning: extension declares a conformance of imported type 'UIApplication' to imported protocol 'UIGestureRecognizerDelegate'; this will not behave correctly if the owners of 'UIKit' introduce this conformance in the future
84 | }
85 |
86 | extension UIApplication: UIGestureRecognizerDelegate {
| |- warning: extension declares a conformance of imported type 'UIApplication' to imported protocol 'UIGestureRecognizerDelegate'; this will not behave correctly if the owners of 'UIKit' introduce this conformance in the future
| `- note: add '@retroactive' to silence this warning
87 | public func gestureRecognizer(_ gestureRecognizer: UIGestureRecognizer, shouldRecognizeSimultaneouslyWith otherGestureRecognizer: UIGestureRecognizer) -> Bool {
88 | return false
/Users/admin/builder/spi-builder-workspace/Sources/FootprintSwift/OnboardingComponents/Components/FpInput.swift:87:56: error: 'UIGestureRecognizer' is unavailable in watchOS
85 |
86 | extension UIApplication: UIGestureRecognizerDelegate {
87 | public func gestureRecognizer(_ gestureRecognizer: UIGestureRecognizer, shouldRecognizeSimultaneouslyWith otherGestureRecognizer: UIGestureRecognizer) -> Bool {
| `- error: 'UIGestureRecognizer' is unavailable in watchOS
88 | return false
89 | }
/Applications/Xcode-27.0.0-Release.Candidate.app/Contents/Developer/Platforms/WatchOS.platform/Developer/SDKs/WatchOS27.0.sdk/System/Library/Frameworks/UIKit.framework/Headers/UIGestureRecognizer.h:35:12: note: 'UIGestureRecognizer' has been explicitly marked unavailable here
33 |
34 | UIKIT_EXTERN API_AVAILABLE(ios(3.2)) API_UNAVAILABLE(watchos) NS_SWIFT_UI_ACTOR
35 | @interface UIGestureRecognizer : NSObject
| `- note: 'UIGestureRecognizer' has been explicitly marked unavailable here
36 |
37 | // Valid action method signatures:
/Users/admin/builder/spi-builder-workspace/Sources/FootprintSwift/OnboardingComponents/Components/FpInput.swift:87:135: error: 'UIGestureRecognizer' is unavailable in watchOS
85 |
86 | extension UIApplication: UIGestureRecognizerDelegate {
87 | public func gestureRecognizer(_ gestureRecognizer: UIGestureRecognizer, shouldRecognizeSimultaneouslyWith otherGestureRecognizer: UIGestureRecognizer) -> Bool {
| `- error: 'UIGestureRecognizer' is unavailable in watchOS
88 | return false
89 | }
/Applications/Xcode-27.0.0-Release.Candidate.app/Contents/Developer/Platforms/WatchOS.platform/Developer/SDKs/WatchOS27.0.sdk/System/Library/Frameworks/UIKit.framework/Headers/UIGestureRecognizer.h:35:12: note: 'UIGestureRecognizer' has been explicitly marked unavailable here
33 |
34 | UIKIT_EXTERN API_AVAILABLE(ios(3.2)) API_UNAVAILABLE(watchos) NS_SWIFT_UI_ACTOR
35 | @interface UIGestureRecognizer : NSObject
| `- note: 'UIGestureRecognizer' has been explicitly marked unavailable here
36 |
37 | // Valid action method signatures:
/Users/admin/builder/spi-builder-workspace/Sources/FootprintSwift/OnboardingComponents/Components/FpInput.swift:86:26: error: 'UIGestureRecognizerDelegate' is unavailable in watchOS
84 | }
85 |
86 | extension UIApplication: UIGestureRecognizerDelegate {
| `- error: 'UIGestureRecognizerDelegate' is unavailable in watchOS
87 | public func gestureRecognizer(_ gestureRecognizer: UIGestureRecognizer, shouldRecognizeSimultaneouslyWith otherGestureRecognizer: UIGestureRecognizer) -> Bool {
88 | return false
/Applications/Xcode-27.0.0-Release.Candidate.app/Contents/Developer/Platforms/WatchOS.platform/Developer/SDKs/WatchOS27.0.sdk/System/Library/Frameworks/UIKit.framework/Headers/UIGestureRecognizer.h:91:11: note: 'UIGestureRecognizerDelegate' has been explicitly marked unavailable here
89 |
90 | API_UNAVAILABLE(watchos) NS_SWIFT_UI_ACTOR
91 | @protocol UIGestureRecognizerDelegate <NSObject>
| `- note: 'UIGestureRecognizerDelegate' has been explicitly marked unavailable here
92 | @optional
93 | // called when a gesture recognizer attempts to transition out of UIGestureRecognizerStatePossible. returning NO causes it to transition to UIGestureRecognizerStateFailed
/Users/admin/builder/spi-builder-workspace/Sources/FootprintSwift/OnboardingComponents/Components/FpInput.swift:86:11: error: 'UIApplication' is unavailable in watchOS
84 | }
85 |
86 | extension UIApplication: UIGestureRecognizerDelegate {
| `- error: 'UIApplication' is unavailable in watchOS
87 | public func gestureRecognizer(_ gestureRecognizer: UIGestureRecognizer, shouldRecognizeSimultaneouslyWith otherGestureRecognizer: UIGestureRecognizer) -> Bool {
88 | return false
/Applications/Xcode-27.0.0-Release.Candidate.app/Contents/Developer/Platforms/WatchOS.platform/Developer/SDKs/WatchOS27.0.sdk/System/Library/Frameworks/UIKit.framework/Headers/UIApplication.h:85:12: note: 'UIApplication' has been explicitly marked unavailable here
83 |
84 | UIKIT_EXTERN API_AVAILABLE(ios(2.0)) API_UNAVAILABLE(watchos) NS_SWIFT_UI_ACTOR
85 | @interface UIApplication : UIResponder
| `- note: 'UIApplication' has been explicitly marked unavailable here
86 |
87 | @property(class, nonatomic, readonly) UIApplication *sharedApplication NS_EXTENSION_UNAVAILABLE_IOS("Use view controller based solutions where appropriate instead.");
/Users/admin/builder/spi-builder-workspace/Sources/FootprintSwift/OnboardingComponents/Utils/FieldProps.swift:4:23: error: 'UIKeyboardType' is unavailable in watchOS
2 |
3 | internal struct FootprintInputProps{
4 | var keyboardType: UIKeyboardType? = nil
| `- error: 'UIKeyboardType' is unavailable in watchOS
5 | var maxLength: Int? = nil
6 | var textContentType: UITextContentType? = nil
/Applications/Xcode-27.0.0-Release.Candidate.app/Contents/Developer/Platforms/WatchOS.platform/Developer/SDKs/WatchOS27.0.sdk/System/Library/Frameworks/UIKit.framework/Headers/UITextInputTraits.h:127:28: note: 'UIKeyboardType' has been explicitly marked unavailable here
125 | // type if UIKeyboardTypeNumberPad is not supported).
126 | //
127 | typedef NS_ENUM(NSInteger, UIKeyboardType) {
| `- note: 'UIKeyboardType' has been explicitly marked unavailable here
128 | UIKeyboardTypeDefault, // Default type for the current input method.
129 | UIKeyboardTypeASCIICapable, // Displays a keyboard which can enter ASCII characters
/Users/admin/builder/spi-builder-workspace/Sources/FootprintSwift/OnboardingComponents/Utils/FieldProps.swift:6:26: error: 'UITextContentType' is unavailable in watchOS
4 | var keyboardType: UIKeyboardType? = nil
5 | var maxLength: Int? = nil
6 | var textContentType: UITextContentType? = nil
| `- error: 'UITextContentType' is unavailable in watchOS
7 | var autocapitalization: UITextAutocapitalizationType? = nil
8 | var format: ((_ value: String)-> String)? = nil
/Applications/Xcode-27.0.0-Release.Candidate.app/Contents/Developer/Platforms/WatchOS.platform/Developer/SDKs/WatchOS27.0.sdk/System/Library/Frameworks/UIKit.framework/Headers/UITextInputTraits.h:228:20: note: 'UITextContentType' has been explicitly marked unavailable here
226 | } API_AVAILABLE(ios(18.0), visionos(2.4)) API_UNAVAILABLE(tvos, watchos);
227 |
228 | typedef NSString * UITextContentType NS_TYPED_ENUM API_UNAVAILABLE(watchos);
| `- note: 'UITextContentType' has been explicitly marked unavailable here
229 |
230 | UIKIT_EXTERN API_AVAILABLE(ios(12.0)) API_UNAVAILABLE(watchos) NS_SWIFT_UI_ACTOR
/Users/admin/builder/spi-builder-workspace/Sources/FootprintSwift/OnboardingComponents/Utils/FieldProps.swift:7:29: error: 'UITextAutocapitalizationType' is unavailable in watchOS
5 | var maxLength: Int? = nil
6 | var textContentType: UITextContentType? = nil
7 | var autocapitalization: UITextAutocapitalizationType? = nil
| `- error: 'UITextAutocapitalizationType' is unavailable in watchOS
8 | var format: ((_ value: String)-> String)? = nil
9 | }
/Applications/Xcode-27.0.0-Release.Candidate.app/Contents/Developer/Platforms/WatchOS.platform/Developer/SDKs/WatchOS27.0.sdk/System/Library/Frameworks/UIKit.framework/Headers/UITextInputTraits.h:22:28: note: 'UITextAutocapitalizationType' has been explicitly marked unavailable here
20 | // cases, these values are ignored by the keyboard/input method implementation.
21 | //
22 | typedef NS_ENUM(NSInteger, UITextAutocapitalizationType) {
| `- note: 'UITextAutocapitalizationType' has been explicitly marked unavailable here
23 | UITextAutocapitalizationTypeNone,
24 | UITextAutocapitalizationTypeWords,
Failed frontend command:
SwiftCompile normal arm64_32 (in target 'FootprintSwift' from project 'FootprintSwift')
cd /Users/admin/builder/spi-builder-workspace/.swiftpm/xcode
/Applications/Xcode-27.0.0-Release.Candidate.app/Contents/Developer/Toolchains/XcodeDefault.xctoolchain/usr/bin/swift-frontend -frontend -emit-module -experimental-skip-non-inlinable-function-bodies-without-types /Users/admin/builder/spi-builder-workspace/Sources/FootprintSwift/Hosted/FootprintAppearance/FootprintAppearance.swift /Users/admin/builder/spi-builder-workspace/Sources/FootprintSwift/Hosted/FootprintAppearance/FootprintAppearanceRules.swift /Users/admin/builder/spi-builder-workspace/Sources/FootprintSwift/Hosted/FootprintAppearance/FootprintAppearanceTheme.swift /Users/admin/builder/spi-builder-workspace/Sources/FootprintSwift/Hosted/FootprintAppearance/FootprintAppearanceVariables.swift /Users/admin/builder/spi-builder-workspace/Sources/FootprintSwift/Hosted/FootprintAttestationManager/FootprintAttestationManager.swift /Users/admin/builder/spi-builder-workspace/Sources/FootprintSwift/Hosted/FootprintAttestationManager/FootprintAttester.swift /Users/admin/builder/spi-builder-workspace/Sources/FootprintSwift/Hosted/FootprintAttestationManager/FootprintDeviceAttestation.swift /Users/admin/builder/spi-builder-workspace/Sources/FootprintSwift/Hosted/FootprintAttestationManager/FootprintKeychainStorage.swift /Users/admin/builder/spi-builder-workspace/Sources/FootprintSwift/Hosted/FootprintAuthSessionManager.swift /Users/admin/builder/spi-builder-workspace/Sources/FootprintSwift/Hosted/FootprintConfiguration/FootprintBootstrapData.swift /Users/admin/builder/spi-builder-workspace/Sources/FootprintSwift/Hosted/FootprintConfiguration/FootprintConfiguration.swift /Users/admin/builder/spi-builder-workspace/Sources/FootprintSwift/Hosted/FootprintConfiguration/FootprintL10n.swift /Users/admin/builder/spi-builder-workspace/Sources/FootprintSwift/Hosted/FootprintConfiguration/FootprintOptions.swift /Users/admin/builder/spi-builder-workspace/Sources/FootprintSwift/Hosted/FootprintHostedError.swift /Users/admin/builder/spi-builder-workspace/Sources/FootprintSwift/Hosted/FootprintLogger.swift /Users/admin/builder/spi-builder-workspace/Sources/FootprintSwift/Hosted/FootprintSdkArgsManager.swift /Users/admin/builder/spi-builder-workspace/Sources/FootprintSwift/Hosted/FootprintSdkMetadata.swift /Users/admin/builder/spi-builder-workspace/Sources/FootprintSwift/Hosted/FootprintSdkTelemetry.swift /Users/admin/builder/spi-builder-workspace/Sources/FootprintSwift/Hosted/FootprintSwift.swift /Users/admin/builder/spi-builder-workspace/Sources/FootprintSwift/OnboardingComponents/AuthTokenStatus.swift /Users/admin/builder/spi-builder-workspace/Sources/FootprintSwift/OnboardingComponents/Client/APIs/BusinessesAPI.swift /Users/admin/builder/spi-builder-workspace/Sources/FootprintSwift/OnboardingComponents/Client/APIs/ChallengeAPI.swift /Users/admin/builder/spi-builder-workspace/Sources/FootprintSwift/OnboardingComponents/Client/APIs/D2pAPI.swift /Users/admin/builder/spi-builder-workspace/Sources/FootprintSwift/OnboardingComponents/Client/APIs/DocumentAPI.swift /Users/admin/builder/spi-builder-workspace/Sources/FootprintSwift/OnboardingComponents/Client/APIs/HostedAPI.swift /Users/admin/builder/spi-builder-workspace/Sources/FootprintSwift/OnboardingComponents/Client/APIs/IdentifyAPI.swift /Users/admin/builder/spi-builder-workspace/Sources/FootprintSwift/OnboardingComponents/Client/APIs/My1fpAPI.swift /Users/admin/builder/spi-builder-workspace/Sources/FootprintSwift/OnboardingComponents/Client/APIs/OnboardingAPI.swift /Users/admin/builder/spi-builder-workspace/Sources/FootprintSwift/OnboardingComponents/Client/APIs/OrganizationAPI.swift /Users/admin/builder/spi-builder-workspace/Sources/FootprintSwift/OnboardingComponents/Client/APIs/SdkArgsAPI.swift /Users/admin/builder/spi-builder-workspace/Sources/FootprintSwift/OnboardingComponents/Client/APIs/UserAPI.swift /Users/admin/builder/spi-builder-workspace/Sources/FootprintSwift/OnboardingComponents/Client/APIs/UsersAPI.swift /Users/admin/builder/spi-builder-workspace/Sources/FootprintSwift/OnboardingComponents/Client/APIs/VaultAPI.swift /Users/admin/builder/spi-builder-workspace/Sources/FootprintSwift/OnboardingComponents/Client/Infrastructure/APIHelper.swift /Users/admin/builder/spi-builder-workspace/Sources/FootprintSwift/OnboardingComponents/Client/Infrastructure/APIs.swift /Users/admin/builder/spi-builder-workspace/Sources/FootprintSwift/OnboardingComponents/Client/Infrastructure/CodableHelper.swift /Users/admin/builder/spi-builder-workspace/Sources/FootprintSwift/OnboardingComponents/Client/Infrastructure/Extensions.swift /Users/admin/builder/spi-builder-workspace/Sources/FootprintSwift/OnboardingComponents/Client/Infrastructure/JSONDataEncoding.swift /Users/admin/builder/spi-builder-workspace/Sources/FootprintSwift/OnboardingComponents/Client/Infrastructure/JSONEncodingHelper.swift /Users/admin/builder/spi-builder-workspace/Sources/FootprintSwift/OnboardingComponents/Client/Infrastructure/JSONValue.swift /Users/admin/builder/spi-builder-workspace/Sources/FootprintSwift/OnboardingComponents/Client/Infrastructure/Models.swift /Users/admin/builder/spi-builder-workspace/Sources/FootprintSwift/OnboardingComponents/Client/Infrastructure/OpenISO8601DateFormatter.swift /Users/admin/builder/spi-builder-workspace/Sources/FootprintSwift/OnboardingComponents/Client/Infrastructure/SynchronizedDictionary.swift /Users/admin/builder/spi-builder-workspace/Sources/FootprintSwift/OnboardingComponents/Client/Infrastructure/URLSessionImplementations.swift /Users/admin/builder/spi-builder-workspace/Sources/FootprintSwift/OnboardingComponents/Client/Infrastructure/Validation.swift /Users/admin/builder/spi-builder-workspace/Sources/FootprintSwift/OnboardingComponents/Client/Models/AuthMethod.swift /Users/admin/builder/spi-builder-workspace/Sources/FootprintSwift/OnboardingComponents/Client/Models/AuthRequirementsResponse.swift /Users/admin/builder/spi-builder-workspace/Sources/FootprintSwift/OnboardingComponents/Client/Models/AuthRequirementsResponseAllRequirementsInner.swift /Users/admin/builder/spi-builder-workspace/Sources/FootprintSwift/OnboardingComponents/Client/Models/AuthorizeRequirement.swift /Users/admin/builder/spi-builder-workspace/Sources/FootprintSwift/OnboardingComponents/Client/Models/AuthorizedOrg.swift /Users/admin/builder/spi-builder-workspace/Sources/FootprintSwift/OnboardingComponents/Client/Models/BusinessDecryptResponse.swift /Users/admin/builder/spi-builder-workspace/Sources/FootprintSwift/OnboardingComponents/Client/Models/CheckSessionResponse.swift /Users/admin/builder/spi-builder-workspace/Sources/FootprintSwift/OnboardingComponents/Client/Models/CollectDataRequirement.swift /Users/admin/builder/spi-builder-workspace/Sources/FootprintSwift/OnboardingComponents/Client/Models/CollectInvestorProfileRequirement.swift /Users/admin/builder/spi-builder-workspace/Sources/FootprintSwift/OnboardingComponents/Client/Models/CollectedAttributes.swift /Users/admin/builder/spi-builder-workspace/Sources/FootprintSwift/OnboardingComponents/Client/Models/ConsentRequest.swift /Users/admin/builder/spi-builder-workspace/Sources/FootprintSwift/OnboardingComponents/Client/Models/CreateDeviceAttestationRequest.swift /Users/admin/builder/spi-builder-workspace/Sources/FootprintSwift/OnboardingComponents/Client/Models/CreateDocumentRequest.swift /Users/admin/builder/spi-builder-workspace/Sources/FootprintSwift/OnboardingComponents/Client/Models/CreateDocumentResponse.swift /Users/admin/builder/spi-builder-workspace/Sources/FootprintSwift/OnboardingComponents/Client/Models/CreateOnboardingTimelineRequest.swift /Users/admin/builder/spi-builder-workspace/Sources/FootprintSwift/OnboardingComponents/Client/Models/CreateSdkArgsTokenResponse.swift /Users/admin/builder/spi-builder-workspace/Sources/FootprintSwift/OnboardingComponents/Client/Models/CreateUserTokenRequest.swift /Users/admin/builder/spi-builder-workspace/Sources/FootprintSwift/OnboardingComponents/Client/Models/CreateUserTokenResponse.swift /Users/admin/builder/spi-builder-workspace/Sources/FootprintSwift/OnboardingComponents/Client/Models/D2pGenerateRequest.swift /Users/admin/builder/spi-builder-workspace/Sources/FootprintSwift/OnboardingComponents/Client/Models/D2pGenerateRequestMeta.swift /Users/admin/builder/spi-builder-workspace/Sources/FootprintSwift/OnboardingComponents/Client/Models/D2pGenerateRequestMetaL10n.swift /Users/admin/builder/spi-builder-workspace/Sources/FootprintSwift/OnboardingComponents/Client/Models/D2pGenerateResponse.swift /Users/admin/builder/spi-builder-workspace/Sources/FootprintSwift/OnboardingComponents/Client/Models/D2pSmsRequest.swift /Users/admin/builder/spi-builder-workspace/Sources/FootprintSwift/OnboardingComponents/Client/Models/D2pSmsResponse.swift /Users/admin/builder/spi-builder-workspace/Sources/FootprintSwift/OnboardingComponents/Client/Models/D2pStatusResponse.swift /Users/admin/builder/spi-builder-workspace/Sources/FootprintSwift/OnboardingComponents/Client/Models/D2pUpdateStatusRequest.swift /Users/admin/builder/spi-builder-workspace/Sources/FootprintSwift/OnboardingComponents/Client/Models/DeviceAttestationChallengeResponse.swift /Users/admin/builder/spi-builder-workspace/Sources/FootprintSwift/OnboardingComponents/Client/Models/DocumentRequirement.swift /Users/admin/builder/spi-builder-workspace/Sources/FootprintSwift/OnboardingComponents/Client/Models/DocumentResponse.swift /Users/admin/builder/spi-builder-workspace/Sources/FootprintSwift/OnboardingComponents/Client/Models/EmailVerifyRequest.swift /Users/admin/builder/spi-builder-workspace/Sources/FootprintSwift/OnboardingComponents/Client/Models/FingerprintVisitRequest.swift /Users/admin/builder/spi-builder-workspace/Sources/FootprintSwift/OnboardingComponents/Client/Models/GetDeviceAttestationChallengeRequest.swift /Users/admin/builder/spi-builder-workspace/Sources/FootprintSwift/OnboardingComponents/Client/Models/GetSdkArgsTokenResponse.swift /Users/admin/builder/spi-builder-workspace/Sources/FootprintSwift/OnboardingComponents/Client/Models/GetSdkArgsTokenResponseObConfig.swift /Users/admin/builder/spi-builder-workspace/Sources/FootprintSwift/OnboardingComponents/Client/Models/GetUserTokenResponse.swift /Users/admin/builder/spi-builder-workspace/Sources/FootprintSwift/OnboardingComponents/Client/Models/HostedBusiness.swift /Users/admin/builder/spi-builder-workspace/Sources/FootprintSwift/OnboardingComponents/Client/Models/HostedBusinessInvited.swift /Users/admin/builder/spi-builder-workspace/Sources/FootprintSwift/OnboardingComponents/Client/Models/HostedBusinessInviter.swift /Users/admin/builder/spi-builder-workspace/Sources/FootprintSwift/OnboardingComponents/Client/Models/HostedValidateResponse.swift /Users/admin/builder/spi-builder-workspace/Sources/FootprintSwift/OnboardingComponents/Client/Models/IdentifyRequest.swift /Users/admin/builder/spi-builder-workspace/Sources/FootprintSwift/OnboardingComponents/Client/Models/IdentifyResponse.swift /Users/admin/builder/spi-builder-workspace/Sources/FootprintSwift/OnboardingComponents/Client/Models/IdentifyResponseUser.swift /Users/admin/builder/spi-builder-workspace/Sources/FootprintSwift/OnboardingComponents/Client/Models/IdentifyResponseUserAuthMethodsInner.swift /Users/admin/builder/spi-builder-workspace/Sources/FootprintSwift/OnboardingComponents/Client/Models/IdentifyVerifyRequest.swift /Users/admin/builder/spi-builder-workspace/Sources/FootprintSwift/OnboardingComponents/Client/Models/IdentifyVerifyResponse.swift /Users/admin/builder/spi-builder-workspace/Sources/FootprintSwift/OnboardingComponents/Client/Models/KbaResponse.swift /Users/admin/builder/spi-builder-workspace/Sources/FootprintSwift/OnboardingComponents/Client/Models/LiteIdentifyRequest.swift /Users/admin/builder/spi-builder-workspace/Sources/FootprintSwift/OnboardingComponents/Client/Models/LiteIdentifyResponse.swift /Users/admin/builder/spi-builder-workspace/Sources/FootprintSwift/OnboardingComponents/Client/Models/LogBody.swift /Users/admin/builder/spi-builder-workspace/Sources/FootprintSwift/OnboardingComponents/Client/Models/LoginChallengeRequest.swift /Users/admin/builder/spi-builder-workspace/Sources/FootprintSwift/OnboardingComponents/Client/Models/LoginChallengeResponse.swift /Users/admin/builder/spi-builder-workspace/Sources/FootprintSwift/OnboardingComponents/Client/Models/LoginChallengeResponseChallengeData.swift /Users/admin/builder/spi-builder-workspace/Sources/FootprintSwift/OnboardingComponents/Client/Models/ModelErrorResponse.swift /Users/admin/builder/spi-builder-workspace/Sources/FootprintSwift/OnboardingComponents/Client/Models/NeuroIdentityIdResponse.swift /Users/admin/builder/spi-builder-workspace/Sources/FootprintSwift/OnboardingComponents/Client/Models/OnboardingResponse.swift /Users/admin/builder/spi-builder-workspace/Sources/FootprintSwift/OnboardingComponents/Client/Models/OnboardingSessionResponse.swift /Users/admin/builder/spi-builder-workspace/Sources/FootprintSwift/OnboardingComponents/Client/Models/OnboardingStatusResponse.swift /Users/admin/builder/spi-builder-workspace/Sources/FootprintSwift/OnboardingComponents/Client/Models/PostOnboardingRequest.swift /Users/admin/builder/spi-builder-workspace/Sources/FootprintSwift/OnboardingComponents/Client/Models/ProcessRequest.swift /Users/admin/builder/spi-builder-workspace/Sources/FootprintSwift/OnboardingComponents/Client/Models/ProcessRequirement.swift /Users/admin/builder/spi-builder-workspace/Sources/FootprintSwift/OnboardingComponents/Client/Models/PublicOnboardingConfiguration.swift /Users/admin/builder/spi-builder-workspace/Sources/FootprintSwift/OnboardingComponents/Client/Models/RawBusinessDataRequest.swift /Users/admin/builder/spi-builder-workspace/Sources/FootprintSwift/OnboardingComponents/Client/Models/RegisterAuthMethodRequirement.swift /Users/admin/builder/spi-builder-workspace/Sources/FootprintSwift/OnboardingComponents/Client/Models/RegisterPasskeyRequirement.swift /Users/admin/builder/spi-builder-workspace/Sources/FootprintSwift/OnboardingComponents/Client/Models/Requirement.swift /Users/admin/builder/spi-builder-workspace/Sources/FootprintSwift/OnboardingComponents/Client/Models/SignupChallengeRequest.swift /Users/admin/builder/spi-builder-workspace/Sources/FootprintSwift/OnboardingComponents/Client/Models/SignupChallengeRequestEmail.swift /Users/admin/builder/spi-builder-workspace/Sources/FootprintSwift/OnboardingComponents/Client/Models/SignupChallengeResponse.swift /Users/admin/builder/spi-builder-workspace/Sources/FootprintSwift/OnboardingComponents/Client/Models/SkipPasskeyRegisterRequest.swift /Users/admin/builder/spi-builder-workspace/Sources/FootprintSwift/OnboardingComponents/Client/Models/SkipPasskeyRegisterRequestContext.swift /Users/admin/builder/spi-builder-workspace/Sources/FootprintSwift/OnboardingComponents/Client/Models/SkipPasskeyRegisterRequestContextAttemptsInner.swift /Users/admin/builder/spi-builder-workspace/Sources/FootprintSwift/OnboardingComponents/Client/Models/SocureDeviceSessionIdRequest.swift /Users/admin/builder/spi-builder-workspace/Sources/FootprintSwift/OnboardingComponents/Client/Models/StytchTelemetryRequest.swift /Users/admin/builder/spi-builder-workspace/Sources/FootprintSwift/OnboardingComponents/Client/Models/UserChallengeRequest.swift /Users/admin/builder/spi-builder-workspace/Sources/FootprintSwift/OnboardingComponents/Client/Models/UserChallengeResponse.swift /Users/admin/builder/spi-builder-workspace/Sources/FootprintSwift/OnboardingComponents/Client/Models/UserChallengeVerifyRequest.swift /Users/admin/builder/spi-builder-workspace/Sources/FootprintSwift/OnboardingComponents/Client/Models/UserDecryptRequest.swift /Users/admin/builder/spi-builder-workspace/Sources/FootprintSwift/OnboardingComponents/Client/Models/VaultBadRequestResponse.swift /Users/admin/builder/spi-builder-workspace/Sources/FootprintSwift/OnboardingComponents/Client/Models/VaultDI.swift /Users/admin/builder/spi-builder-workspace/Sources/FootprintSwift/OnboardingComponents/Client/Models/VaultData.swift /Users/admin/builder/spi-builder-workspace/Sources/FootprintSwift/OnboardingComponents/Components/EmailInputField.swift /Users/admin/builder/spi-builder-workspace/Sources/FootprintSwift/OnboardingComponents/Components/FpField.swift /Users/admin/builder/spi-builder-workspace/Sources/FootprintSwift/OnboardingComponents/Components/FpFieldError.swift /Users/admin/builder/spi-builder-workspace/Sources/FootprintSwift/OnboardingComponents/Components/FpForm.swift /Users/admin/builder/spi-builder-workspace/Sources/FootprintSwift/OnboardingComponents/Components/FpInput.swift /Users/admin/builder/spi-builder-workspace/Sources/FootprintSwift/OnboardingComponents/Components/FpLabel.swift /Users/admin/builder/spi-builder-workspace/Sources/FootprintSwift/OnboardingComponents/Components/PinInputField.swift /Users/admin/builder/spi-builder-workspace/Sources/FootprintSwift/OnboardingComponents/FieldManager.swift /Users/admin/builder/spi-builder-workspace/Sources/FootprintSwift/OnboardingComponents/FootprintError.swift /Users/admin/builder/spi-builder-workspace/Sources/FootprintSwift/OnboardingComponents/FootprintProvider.swift /Users/admin/builder/spi-builder-workspace/Sources/FootprintSwift/OnboardingComponents/FootprintQueries.swift /Users/admin/builder/spi-builder-workspace/Sources/FootprintSwift/OnboardingComponents/FootprintSupportedCountryCodes.swift /Users/admin/builder/spi-builder-workspace/Sources/FootprintSwift/OnboardingComponents/FormManager.swift /Users/admin/builder/spi-builder-workspace/Sources/FootprintSwift/OnboardingComponents/FpFieldName.swift /Users/admin/builder/spi-builder-workspace/Sources/FootprintSwift/OnboardingComponents/RequirementAttributes.swift /Users/admin/builder/spi-builder-workspace/Sources/FootprintSwift/OnboardingComponents/Utils/DateFormatters.swift /Users/admin/builder/spi-builder-workspace/Sources/FootprintSwift/OnboardingComponents/Utils/FieldProps.swift /Users/admin/builder/spi-builder-workspace/Sources/FootprintSwift/OnboardingComponents/Utils/InputFormatters.swift /Users/admin/builder/spi-builder-workspace/Sources/FootprintSwift/OnboardingComponents/Utils/Validations/IsAddressLine.swift /Users/admin/builder/spi-builder-workspace/Sources/FootprintSwift/OnboardingComponents/Utils/Validations/IsAlphanumeric.swift /Users/admin/builder/spi-builder-workspace/Sources/FootprintSwift/OnboardingComponents/Utils/Validations/IsDob.swift /Users/admin/builder/spi-builder-workspace/Sources/FootprintSwift/OnboardingComponents/Utils/Validations/IsEmail.swift /Users/admin/builder/spi-builder-workspace/Sources/FootprintSwift/OnboardingComponents/Utils/Validations/IsEmailDomain.swift /Users/admin/builder/spi-builder-workspace/Sources/FootprintSwift/OnboardingComponents/Utils/Validations/IsIpAddress.swift /Users/admin/builder/spi-builder-workspace/Sources/FootprintSwift/OnboardingComponents/Utils/Validations/IsName.swift /Users/admin/builder/spi-builder-workspace/Sources/FootprintSwift/OnboardingComponents/Utils/Validations/IsPhoneCountryCode.swift /Users/admin/builder/spi-builder-workspace/Sources/FootprintSwift/OnboardingComponents/Utils/Validations/IsPhoneNumber.swift /Users/admin/builder/spi-builder-workspace/Sources/FootprintSwift/OnboardingComponents/Utils/Validations/IsSSN4.swift /Users/admin/builder/spi-builder-workspace/Sources/FootprintSwift/OnboardingComponents/Utils/Validations/IsSSN9.swift /Users/admin/builder/spi-builder-workspace/Sources/FootprintSwift/OnboardingComponents/Utils/Validations/IsSandboxFixtureNumber.swift /Users/admin/builder/spi-builder-workspace/Sources/FootprintSwift/OnboardingComponents/Utils/Validations/IsSupportedCountryCode.swift /Users/admin/builder/spi-builder-workspace/Sources/FootprintSwift/OnboardingComponents/Utils/Validations/IsTin.swift /Users/admin/builder/spi-builder-workspace/Sources/FootprintSwift/OnboardingComponents/Utils/Validations/IsTokenFormat.swift /Users/admin/builder/spi-builder-workspace/Sources/FootprintSwift/OnboardingComponents/Utils/Validations/IsURL.swift /Users/admin/builder/spi-builder-workspace/Sources/FootprintSwift/OnboardingComponents/Utils/Validations/isEinFormat.swift /Users/admin/builder/spi-builder-workspace/Sources/FootprintSwift/OnboardingComponents/Utils/Validations/isValidDate.swift /Users/admin/builder/spi-builder-workspace/Sources/FootprintSwift/OnboardingComponents/Utils/VaultDataFormatters.swift /Users/admin/builder/spi-builder-workspace/Sources/FootprintSwift/OnboardingComponents/Verify.swift /Users/admin/builder/spi-builder-workspace/Sources/FootprintSwift/Shared/PackageInfo.swift /Users/admin/builder/spi-builder-workspace/Sources/FootprintSwift/Shared/SandboxOutcome.swift -target arm64_32-apple-watchos9.0 -module-can-import-version UniformTypeIdentifiers 919.0.1.101 709.0.0 -disable-cross-import-overlay-search -swift-module-cross-import AuthenticationServices /Applications/Xcode-27.0.0-Release.Candidate.app/Contents/Developer/Platforms/WatchOS.platform/Developer/SDKs/WatchOS.sdk/System/Library/Frameworks/AuthenticationServices.framework/Modules/AuthenticationServices.swiftcrossimport/SwiftUI.swiftoverlay -swift-module-cross-import AuthenticationServices /Applications/Xcode-27.0.0-Release.Candidate.app/Contents/Developer/Platforms/WatchOS.platform/Developer/SDKs/WatchOS27.0.sdk/System/Library/Frameworks/AuthenticationServices.framework/Modules/AuthenticationServices.swiftcrossimport/SwiftUI.swiftoverlay -load-resolved-plugin /Applications/Xcode-27.0.0-Release.Candidate.app/Contents/Developer/Platforms/WatchOS.platform/Developer/usr/lib/swift/host/plugins/libFoundationMacros.dylib\#/Applications/Xcode-27.0.0-Release.Candidate.app/Contents/Developer/Platforms/WatchOS.platform/Developer/usr/bin/swift-plugin-server\#FoundationMacros -load-resolved-plugin /Applications/Xcode-27.0.0-Release.Candidate.app/Contents/Developer/Platforms/WatchOS.platform/Developer/usr/lib/swift/host/plugins/libObservationMacros.dylib\#/Applications/Xcode-27.0.0-Release.Candidate.app/Contents/Developer/Platforms/WatchOS.platform/Developer/usr/bin/swift-plugin-server\#ObservationMacros -load-resolved-plugin /Applications/Xcode-27.0.0-Release.Candidate.app/Contents/Developer/Platforms/WatchOS.platform/Developer/usr/lib/swift/host/plugins/libPreviewsMacros.dylib\#/Applications/Xcode-27.0.0-Release.Candidate.app/Contents/Developer/Platforms/WatchOS.platform/Developer/usr/bin/swift-plugin-server\#PreviewsMacros -load-resolved-plugin /Applications/Xcode-27.0.0-Release.Candidate.app/Contents/Developer/Platforms/WatchOS.platform/Developer/usr/lib/swift/host/plugins/libSwiftMacros.dylib\#/Applications/Xcode-27.0.0-Release.Candidate.app/Contents/Developer/Platforms/WatchOS.platform/Developer/usr/bin/swift-plugin-server\#SwiftMacros -load-resolved-plugin /Applications/Xcode-27.0.0-Release.Candidate.app/Contents/Developer/Platforms/WatchOS.platform/Developer/usr/lib/swift/host/plugins/libSwiftUIMacros.dylib\#/Applications/Xcode-27.0.0-Release.Candidate.app/Contents/Developer/Platforms/WatchOS.platform/Developer/usr/bin/swift-plugin-server\#SwiftUIMacros -disable-implicit-swift-modules -Xcc -fno-implicit-modules -Xcc -fno-implicit-module-maps -explicit-swift-module-map-file /Users/admin/builder/spi-builder-workspace/.derivedData/Build/Intermediates.noindex/FootprintSwift.build/Debug-watchos/FootprintSwift-t.build/Objects-normal/arm64_32/FootprintSwift-dependencies-2.json -enable-objc-interop -sdk /Applications/Xcode-27.0.0-Release.Candidate.app/Contents/Developer/Platforms/WatchOS.platform/Developer/SDKs/WatchOS27.0.sdk -I /Users/admin/builder/spi-builder-workspace/.derivedData/Build/Products/Debug-watchos -Isystem /Applications/Xcode-27.0.0-Release.Candidate.app/Contents/Developer/Platforms/WatchOS.platform/Developer/usr/lib -F /Users/admin/builder/spi-builder-workspace/.derivedData/Build/Products/Debug-watchos -F /Applications/Xcode-27.0.0-Release.Candidate.app/Contents/Developer/Platforms/WatchOS.platform/Developer/Library/Frameworks -F /Applications/Xcode-27.0.0-Release.Candidate.app/Contents/Developer/Platforms/WatchOS.platform/Developer/SDKs/WatchOS27.0.sdk/Developer/Library/Frameworks -module-cache-path /Users/admin/builder/spi-builder-workspace/.derivedData/Build/Intermediates.noindex/SwiftExplicitPrecompiledModules -no-color-diagnostics -Xcc -fno-color-diagnostics -enable-testing -g -debug-info-format\=dwarf -dwarf-version\=4 -profile-generate -profile-coverage-mapping -swift-version 5 -Onone -D SWIFT_PACKAGE -D DEBUG -D SWIFT_MODULE_RESOURCE_BUNDLE_UNAVAILABLE -D Xcode -serialize-debugging-options -enable-experimental-feature DebugDescriptionMacro -empty-abi-descriptor -validate-clang-modules-once -clang-build-session-file /Users/admin/builder/spi-builder-workspace/.derivedData/ModuleCache.noindex/Session.modulevalidation -Xcc -working-directory -Xcc /Users/admin/builder/spi-builder-workspace/.swiftpm/xcode -enable-anonymous-context-mangled-names -file-compilation-dir /Users/admin/builder/spi-builder-workspace/.swiftpm/xcode -Xcc -D_LIBCPP_HARDENING_MODE\=_LIBCPP_HARDENING_MODE_DEBUG -Xcc -ivfsstatcache -Xcc /Users/admin/builder/spi-builder-workspace/.derivedData/SDKStatCaches.noindex/watchos27.0-24R360-e829b21a6f8c9b70876ba0858053c04477534ef55a1706bf4c1112bbb242f0a2.sdkstatcache -Xcc -fmodules-prune-interval\=86400 -Xcc -fmodules-prune-after\=345600 -Xcc -I/Users/admin/builder/spi-builder-workspace/.derivedData/Build/Products/Debug-watchos/include -Xcc -I/Users/admin/builder/spi-builder-workspace/.derivedData/Build/Intermediates.noindex/FootprintSwift.build/Debug-watchos/FootprintSwift-t.build/DerivedSources-normal/arm64_32 -Xcc -I/Users/admin/builder/spi-builder-workspace/.derivedData/Build/Intermediates.noindex/FootprintSwift.build/Debug-watchos/FootprintSwift-t.build/DerivedSources/arm64_32 -Xcc -I/Users/admin/builder/spi-builder-workspace/.derivedData/Build/Intermediates.noindex/FootprintSwift.build/Debug-watchos/FootprintSwift-t.build/DerivedSources -Xcc -DSWIFT_PACKAGE -Xcc -DDEBUG\=1 -no-auto-bridging-header-chaining -module-name FootprintSwift -package-name spi_builder_workspace -const-gather-protocols-file /Users/admin/builder/spi-builder-workspace/.derivedData/Build/Intermediates.noindex/FootprintSwift.build/Debug-watchos/FootprintSwift-t.build/Objects-normal/arm64_32/FootprintSwift_const_extract_protocols.json -disable-clang-spi -clang-target arm64_32-apple-watchos27.0 -target-sdk-version 27.0 -target-sdk-name watchos27.0 -in-process-plugin-server-path /Applications/Xcode-27.0.0-Release.Candidate.app/Contents/Developer/Toolchains/XcodeDefault.xctoolchain/usr/lib/swift/host/libSwiftInProcPluginServer.dylib -emit-module-doc-path /Users/admin/builder/spi-builder-workspace/.derivedData/Build/Intermediates.noindex/FootprintSwift.build/Debug-watchos/FootprintSwift-t.build/Objects-normal/arm64_32/FootprintSwift.swiftdoc -emit-module-source-info-path /Users/admin/builder/spi-builder-workspace/.derivedData/Build/Intermediates.noindex/FootprintSwift.build/Debug-watchos/FootprintSwift-t.build/Objects-normal/arm64_32/FootprintSwift.swiftsourceinfo -emit-objc-header-path /Users/admin/builder/spi-builder-workspace/.derivedData/Build/Intermediates.noindex/FootprintSwift.build/Debug-watchos/FootprintSwift-t.build/Objects-normal/arm64_32/FootprintSwift-Swift.h -serialize-diagnostics-path /Users/admin/builder/spi-builder-workspace/.derivedData/Build/Intermediates.noindex/FootprintSwift.build/Debug-watchos/FootprintSwift-t.build/Objects-normal/arm64_32/FootprintSwift-primary-emit-module.dia -emit-dependencies-path /Users/admin/builder/spi-builder-workspace/.derivedData/Build/Intermediates.noindex/FootprintSwift.build/Debug-watchos/FootprintSwift-t.build/Objects-normal/arm64_32/FootprintSwift-primary-emit-module.d -parse-as-library -o /Users/admin/builder/spi-builder-workspace/.derivedData/Build/Intermediates.noindex/FootprintSwift.build/Debug-watchos/FootprintSwift-t.build/Objects-normal/arm64_32/FootprintSwift.swiftmodule -emit-abi-descriptor-path /Users/admin/builder/spi-builder-workspace/.derivedData/Build/Intermediates.noindex/FootprintSwift.build/Debug-watchos/FootprintSwift-t.build/Objects-normal/arm64_32/FootprintSwift.abi.json
SwiftCompile normal arm64_32 Compiling\ IdentifyResponse.swift,\ IdentifyResponseUser.swift,\ IdentifyResponseUserAuthMethodsInner.swift,\ IdentifyVerifyRequest.swift,\ IdentifyVerifyResponse.swift,\ KbaResponse.swift,\ LiteIdentifyRequest.swift,\ LiteIdentifyResponse.swift,\ LogBody.swift,\ LoginChallengeRequest.swift,\ LoginChallengeResponse.swift,\ LoginChallengeResponseChallengeData.swift,\ ModelErrorResponse.swift,\ NeuroIdentityIdResponse.swift,\ OnboardingResponse.swift,\ OnboardingSessionResponse.swift /Users/admin/builder/spi-builder-workspace/Sources/FootprintSwift/OnboardingComponents/Client/Models/IdentifyResponse.swift /Users/admin/builder/spi-builder-workspace/Sources/FootprintSwift/OnboardingComponents/Client/Models/IdentifyResponseUser.swift /Users/admin/builder/spi-builder-workspace/Sources/FootprintSwift/OnboardingComponents/Client/Models/IdentifyResponseUserAuthMethodsInner.swift /Users/admin/builder/spi-builder-workspace/Sources/FootprintSwift/OnboardingComponents/Client/Models/IdentifyVerifyRequest.swift /Users/admin/builder/spi-builder-workspace/Sources/FootprintSwift/OnboardingComponents/Client/Models/IdentifyVerifyResponse.swift /Users/admin/builder/spi-builder-workspace/Sources/FootprintSwift/OnboardingComponents/Client/Models/KbaResponse.swift /Users/admin/builder/spi-builder-workspace/Sources/FootprintSwift/OnboardingComponents/Client/Models/LiteIdentifyRequest.swift /Users/admin/builder/spi-builder-workspace/Sources/FootprintSwift/OnboardingComponents/Client/Models/LiteIdentifyResponse.swift /Users/admin/builder/spi-builder-workspace/Sources/FootprintSwift/OnboardingComponents/Client/Models/LogBody.swift /Users/admin/builder/spi-builder-workspace/Sources/FootprintSwift/OnboardingComponents/Client/Models/LoginChallengeRequest.swift /Users/admin/builder/spi-builder-workspace/Sources/FootprintSwift/OnboardingComponents/Client/Models/LoginChallengeResponse.swift /Users/admin/builder/spi-builder-workspace/Sources/FootprintSwift/OnboardingComponents/Client/Models/LoginChallengeResponseChallengeData.swift /Users/admin/builder/spi-builder-workspace/Sources/FootprintSwift/OnboardingComponents/Client/Models/ModelErrorResponse.swift /Users/admin/builder/spi-builder-workspace/Sources/FootprintSwift/OnboardingComponents/Client/Models/NeuroIdentityIdResponse.swift /Users/admin/builder/spi-builder-workspace/Sources/FootprintSwift/OnboardingComponents/Client/Models/OnboardingResponse.swift /Users/admin/builder/spi-builder-workspace/Sources/FootprintSwift/OnboardingComponents/Client/Models/OnboardingSessionResponse.swift (in target 'FootprintSwift' from project 'FootprintSwift')
SwiftCompile normal arm64_32 /Users/admin/builder/spi-builder-workspace/Sources/FootprintSwift/OnboardingComponents/Client/Models/IdentifyResponse.swift (in target 'FootprintSwift' from project 'FootprintSwift')
cd /Users/admin/builder/spi-builder-workspace/.swiftpm/xcode
builtin-SwiftPerFileCompile IdentifyResponse.swift
SwiftCompile normal arm64_32 /Users/admin/builder/spi-builder-workspace/Sources/FootprintSwift/OnboardingComponents/Client/Models/IdentifyResponseUser.swift (in target 'FootprintSwift' from project 'FootprintSwift')
cd /Users/admin/builder/spi-builder-workspace/.swiftpm/xcode
builtin-SwiftPerFileCompile IdentifyResponseUser.swift
SwiftCompile normal arm64_32 /Users/admin/builder/spi-builder-workspace/Sources/FootprintSwift/OnboardingComponents/Client/Models/IdentifyResponseUserAuthMethodsInner.swift (in target 'FootprintSwift' from project 'FootprintSwift')
cd /Users/admin/builder/spi-builder-workspace/.swiftpm/xcode
builtin-SwiftPerFileCompile IdentifyResponseUserAuthMethodsInner.swift
SwiftCompile normal arm64_32 /Users/admin/builder/spi-builder-workspace/Sources/FootprintSwift/OnboardingComponents/Client/Models/IdentifyVerifyRequest.swift (in target 'FootprintSwift' from project 'FootprintSwift')
cd /Users/admin/builder/spi-builder-workspace/.swiftpm/xcode
builtin-SwiftPerFileCompile IdentifyVerifyRequest.swift
SwiftCompile normal arm64_32 /Users/admin/builder/spi-builder-workspace/Sources/FootprintSwift/OnboardingComponents/Client/Models/IdentifyVerifyResponse.swift (in target 'FootprintSwift' from project 'FootprintSwift')
cd /Users/admin/builder/spi-builder-workspace/.swiftpm/xcode
builtin-SwiftPerFileCompile IdentifyVerifyResponse.swift
SwiftCompile normal arm64_32 /Users/admin/builder/spi-builder-workspace/Sources/FootprintSwift/OnboardingComponents/Client/Models/KbaResponse.swift (in target 'FootprintSwift' from project 'FootprintSwift')
cd /Users/admin/builder/spi-builder-workspace/.swiftpm/xcode
builtin-SwiftPerFileCompile KbaResponse.swift
SwiftCompile normal arm64_32 /Users/admin/builder/spi-builder-workspace/Sources/FootprintSwift/OnboardingComponents/Client/Models/LiteIdentifyRequest.swift (in target 'FootprintSwift' from project 'FootprintSwift')
cd /Users/admin/builder/spi-builder-workspace/.swiftpm/xcode
builtin-SwiftPerFileCompile LiteIdentifyRequest.swift
SwiftCompile normal arm64_32 /Users/admin/builder/spi-builder-workspace/Sources/FootprintSwift/OnboardingComponents/Client/Models/LiteIdentifyResponse.swift (in target 'FootprintSwift' from project 'FootprintSwift')
cd /Users/admin/builder/spi-builder-workspace/.swiftpm/xcode
builtin-SwiftPerFileCompile LiteIdentifyResponse.swift
SwiftCompile normal arm64_32 /Users/admin/builder/spi-builder-workspace/Sources/FootprintSwift/OnboardingComponents/Client/Models/LogBody.swift (in target 'FootprintSwift' from project 'FootprintSwift')
cd /Users/admin/builder/spi-builder-workspace/.swiftpm/xcode
builtin-SwiftPerFileCompile LogBody.swift
SwiftCompile normal arm64_32 /Users/admin/builder/spi-builder-workspace/Sources/FootprintSwift/OnboardingComponents/Client/Models/LoginChallengeRequest.swift (in target 'FootprintSwift' from project 'FootprintSwift')
cd /Users/admin/builder/spi-builder-workspace/.swiftpm/xcode
builtin-SwiftPerFileCompile LoginChallengeRequest.swift
SwiftCompile normal arm64_32 /Users/admin/builder/spi-builder-workspace/Sources/FootprintSwift/OnboardingComponents/Client/Models/LoginChallengeResponse.swift (in target 'FootprintSwift' from project 'FootprintSwift')
cd /Users/admin/builder/spi-builder-workspace/.swiftpm/xcode
builtin-SwiftPerFileCompile LoginChallengeResponse.swift
SwiftCompile normal arm64_32 /Users/admin/builder/spi-builder-workspace/Sources/FootprintSwift/OnboardingComponents/Client/Models/LoginChallengeResponseChallengeData.swift (in target 'FootprintSwift' from project 'FootprintSwift')
cd /Users/admin/builder/spi-builder-workspace/.swiftpm/xcode
builtin-SwiftPerFileCompile LoginChallengeResponseChallengeData.swift
SwiftCompile normal arm64_32 /Users/admin/builder/spi-builder-workspace/Sources/FootprintSwift/OnboardingComponents/Client/Models/ModelErrorResponse.swift (in target 'FootprintSwift' from project 'FootprintSwift')
cd /Users/admin/builder/spi-builder-workspace/.swiftpm/xcode
builtin-SwiftPerFileCompile ModelErrorResponse.swift
SwiftCompile normal arm64_32 /Users/admin/builder/spi-builder-workspace/Sources/FootprintSwift/OnboardingComponents/Client/Models/NeuroIdentityIdResponse.swift (in target 'FootprintSwift' from project 'FootprintSwift')
cd /Users/admin/builder/spi-builder-workspace/.swiftpm/xcode
builtin-SwiftPerFileCompile NeuroIdentityIdResponse.swift
SwiftCompile normal arm64_32 /Users/admin/builder/spi-builder-workspace/Sources/FootprintSwift/OnboardingComponents/Client/Models/OnboardingResponse.swift (in target 'FootprintSwift' from project 'FootprintSwift')
cd /Users/admin/builder/spi-builder-workspace/.swiftpm/xcode
builtin-SwiftPerFileCompile OnboardingResponse.swift
SwiftCompile normal arm64_32 /Users/admin/builder/spi-builder-workspace/Sources/FootprintSwift/OnboardingComponents/Client/Models/OnboardingSessionResponse.swift (in target 'FootprintSwift' from project 'FootprintSwift')
cd /Users/admin/builder/spi-builder-workspace/.swiftpm/xcode
builtin-SwiftPerFileCompile OnboardingSessionResponse.swift
SwiftCompile normal arm64_32 Compiling\ APIs.swift,\ CodableHelper.swift,\ Extensions.swift,\ JSONDataEncoding.swift,\ JSONEncodingHelper.swift,\ JSONValue.swift,\ Models.swift,\ OpenISO8601DateFormatter.swift,\ SynchronizedDictionary.swift,\ URLSessionImplementations.swift,\ Validation.swift,\ AuthMethod.swift,\ AuthRequirementsResponse.swift,\ AuthRequirementsResponseAllRequirementsInner.swift,\ AuthorizeRequirement.swift,\ AuthorizedOrg.swift,\ BusinessDecryptResponse.swift /Users/admin/builder/spi-builder-workspace/Sources/FootprintSwift/OnboardingComponents/Client/Infrastructure/APIs.swift /Users/admin/builder/spi-builder-workspace/Sources/FootprintSwift/OnboardingComponents/Client/Infrastructure/CodableHelper.swift /Users/admin/builder/spi-builder-workspace/Sources/FootprintSwift/OnboardingComponents/Client/Infrastructure/Extensions.swift /Users/admin/builder/spi-builder-workspace/Sources/FootprintSwift/OnboardingComponents/Client/Infrastructure/JSONDataEncoding.swift /Users/admin/builder/spi-builder-workspace/Sources/FootprintSwift/OnboardingComponents/Client/Infrastructure/JSONEncodingHelper.swift /Users/admin/builder/spi-builder-workspace/Sources/FootprintSwift/OnboardingComponents/Client/Infrastructure/JSONValue.swift /Users/admin/builder/spi-builder-workspace/Sources/FootprintSwift/OnboardingComponents/Client/Infrastructure/Models.swift /Users/admin/builder/spi-builder-workspace/Sources/FootprintSwift/OnboardingComponents/Client/Infrastructure/OpenISO8601DateFormatter.swift /Users/admin/builder/spi-builder-workspace/Sources/FootprintSwift/OnboardingComponents/Client/Infrastructure/SynchronizedDictionary.swift /Users/admin/builder/spi-builder-workspace/Sources/FootprintSwift/OnboardingComponents/Client/Infrastructure/URLSessionImplementations.swift /Users/admin/builder/spi-builder-workspace/Sources/FootprintSwift/OnboardingComponents/Client/Infrastructure/Validation.swift /Users/admin/builder/spi-builder-workspace/Sources/FootprintSwift/OnboardingComponents/Client/Models/AuthMethod.swift /Users/admin/builder/spi-builder-workspace/Sources/FootprintSwift/OnboardingComponents/Client/Models/AuthRequirementsResponse.swift /Users/admin/builder/spi-builder-workspace/Sources/FootprintSwift/OnboardingComponents/Client/Models/AuthRequirementsResponseAllRequirementsInner.swift /Users/admin/builder/spi-builder-workspace/Sources/FootprintSwift/OnboardingComponents/Client/Models/AuthorizeRequirement.swift /Users/admin/builder/spi-builder-workspace/Sources/FootprintSwift/OnboardingComponents/Client/Models/AuthorizedOrg.swift /Users/admin/builder/spi-builder-workspace/Sources/FootprintSwift/OnboardingComponents/Client/Models/BusinessDecryptResponse.swift (in target 'FootprintSwift' from project 'FootprintSwift')
SwiftCompile normal arm64_32 /Users/admin/builder/spi-builder-workspace/Sources/FootprintSwift/OnboardingComponents/Client/Infrastructure/APIs.swift (in target 'FootprintSwift' from project 'FootprintSwift')
cd /Users/admin/builder/spi-builder-workspace/.swiftpm/xcode
builtin-SwiftPerFileCompile APIs.swift
SwiftCompile normal arm64_32 /Users/admin/builder/spi-builder-workspace/Sources/FootprintSwift/OnboardingComponents/Client/Infrastructure/CodableHelper.swift (in target 'FootprintSwift' from project 'FootprintSwift')
cd /Users/admin/builder/spi-builder-workspace/.swiftpm/xcode
builtin-SwiftPerFileCompile CodableHelper.swift
SwiftCompile normal arm64_32 /Users/admin/builder/spi-builder-workspace/Sources/FootprintSwift/OnboardingComponents/Client/Infrastructure/Extensions.swift (in target 'FootprintSwift' from project 'FootprintSwift')
cd /Users/admin/builder/spi-builder-workspace/.swiftpm/xcode
builtin-SwiftPerFileCompile Extensions.swift
SwiftCompile normal arm64_32 /Users/admin/builder/spi-builder-workspace/Sources/FootprintSwift/OnboardingComponents/Client/Infrastructure/JSONDataEncoding.swift (in target 'FootprintSwift' from project 'FootprintSwift')
cd /Users/admin/builder/spi-builder-workspace/.swiftpm/xcode
builtin-SwiftPerFileCompile JSONDataEncoding.swift
SwiftCompile normal arm64_32 /Users/admin/builder/spi-builder-workspace/Sources/FootprintSwift/OnboardingComponents/Client/Infrastructure/JSONEncodingHelper.swift (in target 'FootprintSwift' from project 'FootprintSwift')
cd /Users/admin/builder/spi-builder-workspace/.swiftpm/xcode
builtin-SwiftPerFileCompile JSONEncodingHelper.swift
SwiftCompile normal arm64_32 /Users/admin/builder/spi-builder-workspace/Sources/FootprintSwift/OnboardingComponents/Client/Infrastructure/JSONValue.swift (in target 'FootprintSwift' from project 'FootprintSwift')
cd /Users/admin/builder/spi-builder-workspace/.swiftpm/xcode
builtin-SwiftPerFileCompile JSONValue.swift
SwiftCompile normal arm64_32 /Users/admin/builder/spi-builder-workspace/Sources/FootprintSwift/OnboardingComponents/Client/Infrastructure/Models.swift (in target 'FootprintSwift' from project 'FootprintSwift')
cd /Users/admin/builder/spi-builder-workspace/.swiftpm/xcode
builtin-SwiftPerFileCompile Models.swift
SwiftCompile normal arm64_32 /Users/admin/builder/spi-builder-workspace/Sources/FootprintSwift/OnboardingComponents/Client/Infrastructure/OpenISO8601DateFormatter.swift (in target 'FootprintSwift' from project 'FootprintSwift')
cd /Users/admin/builder/spi-builder-workspace/.swiftpm/xcode
builtin-SwiftPerFileCompile OpenISO8601DateFormatter.swift
SwiftCompile normal arm64_32 /Users/admin/builder/spi-builder-workspace/Sources/FootprintSwift/OnboardingComponents/Client/Infrastructure/SynchronizedDictionary.swift (in target 'FootprintSwift' from project 'FootprintSwift')
cd /Users/admin/builder/spi-builder-workspace/.swiftpm/xcode
builtin-SwiftPerFileCompile SynchronizedDictionary.swift
SwiftCompile normal arm64_32 /Users/admin/builder/spi-builder-workspace/Sources/FootprintSwift/OnboardingComponents/Client/Infrastructure/URLSessionImplementations.swift (in target 'FootprintSwift' from project 'FootprintSwift')
cd /Users/admin/builder/spi-builder-workspace/.swiftpm/xcode
builtin-SwiftPerFileCompile URLSessionImplementations.swift
SwiftCompile normal arm64_32 /Users/admin/builder/spi-builder-workspace/Sources/FootprintSwift/OnboardingComponents/Client/Infrastructure/Validation.swift (in target 'FootprintSwift' from project 'FootprintSwift')
cd /Users/admin/builder/spi-builder-workspace/.swiftpm/xcode
builtin-SwiftPerFileCompile Validation.swift
SwiftCompile normal arm64_32 /Users/admin/builder/spi-builder-workspace/Sources/FootprintSwift/OnboardingComponents/Client/Models/AuthMethod.swift (in target 'FootprintSwift' from project 'FootprintSwift')
cd /Users/admin/builder/spi-builder-workspace/.swiftpm/xcode
builtin-SwiftPerFileCompile AuthMethod.swift
SwiftCompile normal arm64_32 /Users/admin/builder/spi-builder-workspace/Sources/FootprintSwift/OnboardingComponents/Client/Models/AuthRequirementsResponse.swift (in target 'FootprintSwift' from project 'FootprintSwift')
cd /Users/admin/builder/spi-builder-workspace/.swiftpm/xcode
builtin-SwiftPerFileCompile AuthRequirementsResponse.swift
SwiftCompile normal arm64_32 /Users/admin/builder/spi-builder-workspace/Sources/FootprintSwift/OnboardingComponents/Client/Models/AuthRequirementsResponseAllRequirementsInner.swift (in target 'FootprintSwift' from project 'FootprintSwift')
cd /Users/admin/builder/spi-builder-workspace/.swiftpm/xcode
builtin-SwiftPerFileCompile AuthRequirementsResponseAllRequirementsInner.swift
SwiftCompile normal arm64_32 /Users/admin/builder/spi-builder-workspace/Sources/FootprintSwift/OnboardingComponents/Client/Models/AuthorizeRequirement.swift (in target 'FootprintSwift' from project 'FootprintSwift')
cd /Users/admin/builder/spi-builder-workspace/.swiftpm/xcode
builtin-SwiftPerFileCompile AuthorizeRequirement.swift
SwiftCompile normal arm64_32 /Users/admin/builder/spi-builder-workspace/Sources/FootprintSwift/OnboardingComponents/Client/Models/AuthorizedOrg.swift (in target 'FootprintSwift' from project 'FootprintSwift')
cd /Users/admin/builder/spi-builder-workspace/.swiftpm/xcode
builtin-SwiftPerFileCompile AuthorizedOrg.swift
SwiftCompile normal arm64_32 /Users/admin/builder/spi-builder-workspace/Sources/FootprintSwift/OnboardingComponents/Client/Models/BusinessDecryptResponse.swift (in target 'FootprintSwift' from project 'FootprintSwift')
cd /Users/admin/builder/spi-builder-workspace/.swiftpm/xcode
builtin-SwiftPerFileCompile BusinessDecryptResponse.swift
SwiftCompile normal arm64_32 Compiling\ D2pSmsResponse.swift,\ D2pStatusResponse.swift,\ D2pUpdateStatusRequest.swift,\ DeviceAttestationChallengeResponse.swift,\ DocumentRequirement.swift,\ DocumentResponse.swift,\ EmailVerifyRequest.swift,\ FingerprintVisitRequest.swift,\ GetDeviceAttestationChallengeRequest.swift,\ GetSdkArgsTokenResponse.swift,\ GetSdkArgsTokenResponseObConfig.swift,\ GetUserTokenResponse.swift,\ HostedBusiness.swift,\ HostedBusinessInvited.swift,\ HostedBusinessInviter.swift,\ HostedValidateResponse.swift,\ IdentifyRequest.swift /Users/admin/builder/spi-builder-workspace/Sources/FootprintSwift/OnboardingComponents/Client/Models/D2pSmsResponse.swift /Users/admin/builder/spi-builder-workspace/Sources/FootprintSwift/OnboardingComponents/Client/Models/D2pStatusResponse.swift /Users/admin/builder/spi-builder-workspace/Sources/FootprintSwift/OnboardingComponents/Client/Models/D2pUpdateStatusRequest.swift /Users/admin/builder/spi-builder-workspace/Sources/FootprintSwift/OnboardingComponents/Client/Models/DeviceAttestationChallengeResponse.swift /Users/admin/builder/spi-builder-workspace/Sources/FootprintSwift/OnboardingComponents/Client/Models/DocumentRequirement.swift /Users/admin/builder/spi-builder-workspace/Sources/FootprintSwift/OnboardingComponents/Client/Models/DocumentResponse.swift /Users/admin/builder/spi-builder-workspace/Sources/FootprintSwift/OnboardingComponents/Client/Models/EmailVerifyRequest.swift /Users/admin/builder/spi-builder-workspace/Sources/FootprintSwift/OnboardingComponents/Client/Models/FingerprintVisitRequest.swift /Users/admin/builder/spi-builder-workspace/Sources/FootprintSwift/OnboardingComponents/Client/Models/GetDeviceAttestationChallengeRequest.swift /Users/admin/builder/spi-builder-workspace/Sources/FootprintSwift/OnboardingComponents/Client/Models/GetSdkArgsTokenResponse.swift /Users/admin/builder/spi-builder-workspace/Sources/FootprintSwift/OnboardingComponents/Client/Models/GetSdkArgsTokenResponseObConfig.swift /Users/admin/builder/spi-builder-workspace/Sources/FootprintSwift/OnboardingComponents/Client/Models/GetUserTokenResponse.swift /Users/admin/builder/spi-builder-workspace/Sources/FootprintSwift/OnboardingComponents/Client/Models/HostedBusiness.swift /Users/admin/builder/spi-builder-workspace/Sources/FootprintSwift/OnboardingComponents/Client/Models/HostedBusinessInvited.swift /Users/admin/builder/spi-builder-workspace/Sources/FootprintSwift/OnboardingComponents/Client/Models/HostedBusinessInviter.swift /Users/admin/builder/spi-builder-workspace/Sources/FootprintSwift/OnboardingComponents/Client/Models/HostedValidateResponse.swift /Users/admin/builder/spi-builder-workspace/Sources/FootprintSwift/OnboardingComponents/Client/Models/IdentifyRequest.swift (in target 'FootprintSwift' from project 'FootprintSwift')
SwiftCompile normal arm64_32 /Users/admin/builder/spi-builder-workspace/Sources/FootprintSwift/OnboardingComponents/Client/Models/D2pSmsResponse.swift (in target 'FootprintSwift' from project 'FootprintSwift')
cd /Users/admin/builder/spi-builder-workspace/.swiftpm/xcode
builtin-SwiftPerFileCompile D2pSmsResponse.swift
SwiftCompile normal arm64_32 /Users/admin/builder/spi-builder-workspace/Sources/FootprintSwift/OnboardingComponents/Client/Models/D2pStatusResponse.swift (in target 'FootprintSwift' from project 'FootprintSwift')
cd /Users/admin/builder/spi-builder-workspace/.swiftpm/xcode
builtin-SwiftPerFileCompile D2pStatusResponse.swift
SwiftCompile normal arm64_32 /Users/admin/builder/spi-builder-workspace/Sources/FootprintSwift/OnboardingComponents/Client/Models/D2pUpdateStatusRequest.swift (in target 'FootprintSwift' from project 'FootprintSwift')
cd /Users/admin/builder/spi-builder-workspace/.swiftpm/xcode
builtin-SwiftPerFileCompile D2pUpdateStatusRequest.swift
SwiftCompile normal arm64_32 /Users/admin/builder/spi-builder-workspace/Sources/FootprintSwift/OnboardingComponents/Client/Models/DeviceAttestationChallengeResponse.swift (in target 'FootprintSwift' from project 'FootprintSwift')
cd /Users/admin/builder/spi-builder-workspace/.swiftpm/xcode
builtin-SwiftPerFileCompile DeviceAttestationChallengeResponse.swift
SwiftCompile normal arm64_32 /Users/admin/builder/spi-builder-workspace/Sources/FootprintSwift/OnboardingComponents/Client/Models/DocumentRequirement.swift (in target 'FootprintSwift' from project 'FootprintSwift')
cd /Users/admin/builder/spi-builder-workspace/.swiftpm/xcode
builtin-SwiftPerFileCompile DocumentRequirement.swift
SwiftCompile normal arm64_32 /Users/admin/builder/spi-builder-workspace/Sources/FootprintSwift/OnboardingComponents/Client/Models/DocumentResponse.swift (in target 'FootprintSwift' from project 'FootprintSwift')
cd /Users/admin/builder/spi-builder-workspace/.swiftpm/xcode
builtin-SwiftPerFileCompile DocumentResponse.swift
SwiftCompile normal arm64_32 /Users/admin/builder/spi-builder-workspace/Sources/FootprintSwift/OnboardingComponents/Client/Models/EmailVerifyRequest.swift (in target 'FootprintSwift' from project 'FootprintSwift')
cd /Users/admin/builder/spi-builder-workspace/.swiftpm/xcode
builtin-SwiftPerFileCompile EmailVerifyRequest.swift
SwiftCompile normal arm64_32 /Users/admin/builder/spi-builder-workspace/Sources/FootprintSwift/OnboardingComponents/Client/Models/FingerprintVisitRequest.swift (in target 'FootprintSwift' from project 'FootprintSwift')
cd /Users/admin/builder/spi-builder-workspace/.swiftpm/xcode
builtin-SwiftPerFileCompile FingerprintVisitRequest.swift
SwiftCompile normal arm64_32 /Users/admin/builder/spi-builder-workspace/Sources/FootprintSwift/OnboardingComponents/Client/Models/GetDeviceAttestationChallengeRequest.swift (in target 'FootprintSwift' from project 'FootprintSwift')
cd /Users/admin/builder/spi-builder-workspace/.swiftpm/xcode
builtin-SwiftPerFileCompile GetDeviceAttestationChallengeRequest.swift
SwiftCompile normal arm64_32 /Users/admin/builder/spi-builder-workspace/Sources/FootprintSwift/OnboardingComponents/Client/Models/GetSdkArgsTokenResponse.swift (in target 'FootprintSwift' from project 'FootprintSwift')
cd /Users/admin/builder/spi-builder-workspace/.swiftpm/xcode
builtin-SwiftPerFileCompile GetSdkArgsTokenResponse.swift
SwiftCompile normal arm64_32 /Users/admin/builder/spi-builder-workspace/Sources/FootprintSwift/OnboardingComponents/Client/Models/GetSdkArgsTokenResponseObConfig.swift (in target 'FootprintSwift' from project 'FootprintSwift')
cd /Users/admin/builder/spi-builder-workspace/.swiftpm/xcode
builtin-SwiftPerFileCompile GetSdkArgsTokenResponseObConfig.swift
SwiftCompile normal arm64_32 /Users/admin/builder/spi-builder-workspace/Sources/FootprintSwift/OnboardingComponents/Client/Models/GetUserTokenResponse.swift (in target 'FootprintSwift' from project 'FootprintSwift')
cd /Users/admin/builder/spi-builder-workspace/.swiftpm/xcode
builtin-SwiftPerFileCompile GetUserTokenResponse.swift
SwiftCompile normal arm64_32 /Users/admin/builder/spi-builder-workspace/Sources/FootprintSwift/OnboardingComponents/Client/Models/HostedBusiness.swift (in target 'FootprintSwift' from project 'FootprintSwift')
cd /Users/admin/builder/spi-builder-workspace/.swiftpm/xcode
builtin-SwiftPerFileCompile HostedBusiness.swift
SwiftCompile normal arm64_32 /Users/admin/builder/spi-builder-workspace/Sources/FootprintSwift/OnboardingComponents/Client/Models/HostedBusinessInvited.swift (in target 'FootprintSwift' from project 'FootprintSwift')
cd /Users/admin/builder/spi-builder-workspace/.swiftpm/xcode
builtin-SwiftPerFileCompile HostedBusinessInvited.swift
SwiftCompile normal arm64_32 /Users/admin/builder/spi-builder-workspace/Sources/FootprintSwift/OnboardingComponents/Client/Models/HostedBusinessInviter.swift (in target 'FootprintSwift' from project 'FootprintSwift')
cd /Users/admin/builder/spi-builder-workspace/.swiftpm/xcode
builtin-SwiftPerFileCompile HostedBusinessInviter.swift
SwiftCompile normal arm64_32 /Users/admin/builder/spi-builder-workspace/Sources/FootprintSwift/OnboardingComponents/Client/Models/HostedValidateResponse.swift (in target 'FootprintSwift' from project 'FootprintSwift')
cd /Users/admin/builder/spi-builder-workspace/.swiftpm/xcode
builtin-SwiftPerFileCompile HostedValidateResponse.swift
SwiftCompile normal arm64_32 /Users/admin/builder/spi-builder-workspace/Sources/FootprintSwift/OnboardingComponents/Client/Models/IdentifyRequest.swift (in target 'FootprintSwift' from project 'FootprintSwift')
cd /Users/admin/builder/spi-builder-workspace/.swiftpm/xcode
builtin-SwiftPerFileCompile IdentifyRequest.swift
SwiftCompile normal arm64_32 Compiling\ OnboardingStatusResponse.swift,\ PostOnboardingRequest.swift,\ ProcessRequest.swift,\ ProcessRequirement.swift,\ PublicOnboardingConfiguration.swift,\ RawBusinessDataRequest.swift,\ RegisterAuthMethodRequirement.swift,\ RegisterPasskeyRequirement.swift,\ Requirement.swift,\ SignupChallengeRequest.swift,\ SignupChallengeRequestEmail.swift,\ SignupChallengeResponse.swift,\ SkipPasskeyRegisterRequest.swift,\ SkipPasskeyRegisterRequestContext.swift,\ SkipPasskeyRegisterRequestContextAttemptsInner.swift,\ SocureDeviceSessionIdRequest.swift /Users/admin/builder/spi-builder-workspace/Sources/FootprintSwift/OnboardingComponents/Client/Models/OnboardingStatusResponse.swift /Users/admin/builder/spi-builder-workspace/Sources/FootprintSwift/OnboardingComponents/Client/Models/PostOnboardingRequest.swift /Users/admin/builder/spi-builder-workspace/Sources/FootprintSwift/OnboardingComponents/Client/Models/ProcessRequest.swift /Users/admin/builder/spi-builder-workspace/Sources/FootprintSwift/OnboardingComponents/Client/Models/ProcessRequirement.swift /Users/admin/builder/spi-builder-workspace/Sources/FootprintSwift/OnboardingComponents/Client/Models/PublicOnboardingConfiguration.swift /Users/admin/builder/spi-builder-workspace/Sources/FootprintSwift/OnboardingComponents/Client/Models/RawBusinessDataRequest.swift /Users/admin/builder/spi-builder-workspace/Sources/FootprintSwift/OnboardingComponents/Client/Models/RegisterAuthMethodRequirement.swift /Users/admin/builder/spi-builder-workspace/Sources/FootprintSwift/OnboardingComponents/Client/Models/RegisterPasskeyRequirement.swift /Users/admin/builder/spi-builder-workspace/Sources/FootprintSwift/OnboardingComponents/Client/Models/Requirement.swift /Users/admin/builder/spi-builder-workspace/Sources/FootprintSwift/OnboardingComponents/Client/Models/SignupChallengeRequest.swift /Users/admin/builder/spi-builder-workspace/Sources/FootprintSwift/OnboardingComponents/Client/Models/SignupChallengeRequestEmail.swift /Users/admin/builder/spi-builder-workspace/Sources/FootprintSwift/OnboardingComponents/Client/Models/SignupChallengeResponse.swift /Users/admin/builder/spi-builder-workspace/Sources/FootprintSwift/OnboardingComponents/Client/Models/SkipPasskeyRegisterRequest.swift /Users/admin/builder/spi-builder-workspace/Sources/FootprintSwift/OnboardingComponents/Client/Models/SkipPasskeyRegisterRequestContext.swift /Users/admin/builder/spi-builder-workspace/Sources/FootprintSwift/OnboardingComponents/Client/Models/SkipPasskeyRegisterRequestContextAttemptsInner.swift /Users/admin/builder/spi-builder-workspace/Sources/FootprintSwift/OnboardingComponents/Client/Models/SocureDeviceSessionIdRequest.swift (in target 'FootprintSwift' from project 'FootprintSwift')
SwiftCompile normal arm64_32 /Users/admin/builder/spi-builder-workspace/Sources/FootprintSwift/OnboardingComponents/Client/Models/OnboardingStatusResponse.swift (in target 'FootprintSwift' from project 'FootprintSwift')
cd /Users/admin/builder/spi-builder-workspace/.swiftpm/xcode
builtin-SwiftPerFileCompile OnboardingStatusResponse.swift
SwiftCompile normal arm64_32 /Users/admin/builder/spi-builder-workspace/Sources/FootprintSwift/OnboardingComponents/Client/Models/PostOnboardingRequest.swift (in target 'FootprintSwift' from project 'FootprintSwift')
cd /Users/admin/builder/spi-builder-workspace/.swiftpm/xcode
builtin-SwiftPerFileCompile PostOnboardingRequest.swift
SwiftCompile normal arm64_32 /Users/admin/builder/spi-builder-workspace/Sources/FootprintSwift/OnboardingComponents/Client/Models/ProcessRequest.swift (in target 'FootprintSwift' from project 'FootprintSwift')
cd /Users/admin/builder/spi-builder-workspace/.swiftpm/xcode
builtin-SwiftPerFileCompile ProcessRequest.swift
SwiftCompile normal arm64_32 /Users/admin/builder/spi-builder-workspace/Sources/FootprintSwift/OnboardingComponents/Client/Models/ProcessRequirement.swift (in target 'FootprintSwift' from project 'FootprintSwift')
cd /Users/admin/builder/spi-builder-workspace/.swiftpm/xcode
builtin-SwiftPerFileCompile ProcessRequirement.swift
SwiftCompile normal arm64_32 /Users/admin/builder/spi-builder-workspace/Sources/FootprintSwift/OnboardingComponents/Client/Models/PublicOnboardingConfiguration.swift (in target 'FootprintSwift' from project 'FootprintSwift')
cd /Users/admin/builder/spi-builder-workspace/.swiftpm/xcode
builtin-SwiftPerFileCompile PublicOnboardingConfiguration.swift
SwiftCompile normal arm64_32 /Users/admin/builder/spi-builder-workspace/Sources/FootprintSwift/OnboardingComponents/Client/Models/RawBusinessDataRequest.swift (in target 'FootprintSwift' from project 'FootprintSwift')
cd /Users/admin/builder/spi-builder-workspace/.swiftpm/xcode
builtin-SwiftPerFileCompile RawBusinessDataRequest.swift
SwiftCompile normal arm64_32 /Users/admin/builder/spi-builder-workspace/Sources/FootprintSwift/OnboardingComponents/Client/Models/RegisterAuthMethodRequirement.swift (in target 'FootprintSwift' from project 'FootprintSwift')
cd /Users/admin/builder/spi-builder-workspace/.swiftpm/xcode
builtin-SwiftPerFileCompile RegisterAuthMethodRequirement.swift
SwiftCompile normal arm64_32 /Users/admin/builder/spi-builder-workspace/Sources/FootprintSwift/OnboardingComponents/Client/Models/RegisterPasskeyRequirement.swift (in target 'FootprintSwift' from project 'FootprintSwift')
cd /Users/admin/builder/spi-builder-workspace/.swiftpm/xcode
builtin-SwiftPerFileCompile RegisterPasskeyRequirement.swift
SwiftCompile normal arm64_32 /Users/admin/builder/spi-builder-workspace/Sources/FootprintSwift/OnboardingComponents/Client/Models/Requirement.swift (in target 'FootprintSwift' from project 'FootprintSwift')
cd /Users/admin/builder/spi-builder-workspace/.swiftpm/xcode
builtin-SwiftPerFileCompile Requirement.swift
SwiftCompile normal arm64_32 /Users/admin/builder/spi-builder-workspace/Sources/FootprintSwift/OnboardingComponents/Client/Models/SignupChallengeRequest.swift (in target 'FootprintSwift' from project 'FootprintSwift')
cd /Users/admin/builder/spi-builder-workspace/.swiftpm/xcode
builtin-SwiftPerFileCompile SignupChallengeRequest.swift
SwiftCompile normal arm64_32 /Users/admin/builder/spi-builder-workspace/Sources/FootprintSwift/OnboardingComponents/Client/Models/SignupChallengeRequestEmail.swift (in target 'FootprintSwift' from project 'FootprintSwift')
cd /Users/admin/builder/spi-builder-workspace/.swiftpm/xcode
builtin-SwiftPerFileCompile SignupChallengeRequestEmail.swift
SwiftCompile normal arm64_32 /Users/admin/builder/spi-builder-workspace/Sources/FootprintSwift/OnboardingComponents/Client/Models/SignupChallengeResponse.swift (in target 'FootprintSwift' from project 'FootprintSwift')
cd /Users/admin/builder/spi-builder-workspace/.swiftpm/xcode
builtin-SwiftPerFileCompile SignupChallengeResponse.swift
SwiftCompile normal arm64_32 /Users/admin/builder/spi-builder-workspace/Sources/FootprintSwift/OnboardingComponents/Client/Models/SkipPasskeyRegisterRequest.swift (in target 'FootprintSwift' from project 'FootprintSwift')
cd /Users/admin/builder/spi-builder-workspace/.swiftpm/xcode
builtin-SwiftPerFileCompile SkipPasskeyRegisterRequest.swift
SwiftCompile normal arm64_32 /Users/admin/builder/spi-builder-workspace/Sources/FootprintSwift/OnboardingComponents/Client/Models/SkipPasskeyRegisterRequestContext.swift (in target 'FootprintSwift' from project 'FootprintSwift')
cd /Users/admin/builder/spi-builder-workspace/.swiftpm/xcode
builtin-SwiftPerFileCompile SkipPasskeyRegisterRequestContext.swift
SwiftCompile normal arm64_32 /Users/admin/builder/spi-builder-workspace/Sources/FootprintSwift/OnboardingComponents/Client/Models/SkipPasskeyRegisterRequestContextAttemptsInner.swift (in target 'FootprintSwift' from project 'FootprintSwift')
cd /Users/admin/builder/spi-builder-workspace/.swiftpm/xcode
builtin-SwiftPerFileCompile SkipPasskeyRegisterRequestContextAttemptsInner.swift
SwiftCompile normal arm64_32 /Users/admin/builder/spi-builder-workspace/Sources/FootprintSwift/OnboardingComponents/Client/Models/SocureDeviceSessionIdRequest.swift (in target 'FootprintSwift' from project 'FootprintSwift')
cd /Users/admin/builder/spi-builder-workspace/.swiftpm/xcode
builtin-SwiftPerFileCompile SocureDeviceSessionIdRequest.swift
SwiftCompile normal arm64_32 Compiling\ StytchTelemetryRequest.swift,\ UserChallengeRequest.swift,\ UserChallengeResponse.swift,\ UserChallengeVerifyRequest.swift,\ UserDecryptRequest.swift,\ VaultBadRequestResponse.swift,\ VaultDI.swift,\ VaultData.swift,\ EmailInputField.swift,\ FpField.swift,\ FpFieldError.swift,\ FpForm.swift,\ FpInput.swift,\ FpLabel.swift,\ PinInputField.swift,\ FieldManager.swift /Users/admin/builder/spi-builder-workspace/Sources/FootprintSwift/OnboardingComponents/Client/Models/StytchTelemetryRequest.swift /Users/admin/builder/spi-builder-workspace/Sources/FootprintSwift/OnboardingComponents/Client/Models/UserChallengeRequest.swift /Users/admin/builder/spi-builder-workspace/Sources/FootprintSwift/OnboardingComponents/Client/Models/UserChallengeResponse.swift /Users/admin/builder/spi-builder-workspace/Sources/FootprintSwift/OnboardingComponents/Client/Models/UserChallengeVerifyRequest.swift /Users/admin/builder/spi-builder-workspace/Sources/FootprintSwift/OnboardingComponents/Client/Models/UserDecryptRequest.swift /Users/admin/builder/spi-builder-workspace/Sources/FootprintSwift/OnboardingComponents/Client/Models/VaultBadRequestResponse.swift /Users/admin/builder/spi-builder-workspace/Sources/FootprintSwift/OnboardingComponents/Client/Models/VaultDI.swift /Users/admin/builder/spi-builder-workspace/Sources/FootprintSwift/OnboardingComponents/Client/Models/VaultData.swift /Users/admin/builder/spi-builder-workspace/Sources/FootprintSwift/OnboardingComponents/Components/EmailInputField.swift /Users/admin/builder/spi-builder-workspace/Sources/FootprintSwift/OnboardingComponents/Components/FpField.swift /Users/admin/builder/spi-builder-workspace/Sources/FootprintSwift/OnboardingComponents/Components/FpFieldError.swift /Users/admin/builder/spi-builder-workspace/Sources/FootprintSwift/OnboardingComponents/Components/FpForm.swift /Users/admin/builder/spi-builder-workspace/Sources/FootprintSwift/OnboardingComponents/Components/FpInput.swift /Users/admin/builder/spi-builder-workspace/Sources/FootprintSwift/OnboardingComponents/Components/FpLabel.swift /Users/admin/builder/spi-builder-workspace/Sources/FootprintSwift/OnboardingComponents/Components/PinInputField.swift /Users/admin/builder/spi-builder-workspace/Sources/FootprintSwift/OnboardingComponents/FieldManager.swift (in target 'FootprintSwift' from project 'FootprintSwift')
/Users/admin/builder/spi-builder-workspace/Sources/FootprintSwift/OnboardingComponents/Components/EmailInputField.swift:23:18: error: value of type 'TextField<Text>' has no member 'keyboardType'
21 | .padding(.bottom, 4)
22 | TextField(placeholder, text: $email)
23 | .keyboardType(.emailAddress)
| `- error: value of type 'TextField<Text>' has no member 'keyboardType'
24 | .autocapitalization(.none)
25 | .disableAutocorrection(true)
/Users/admin/builder/spi-builder-workspace/Sources/FootprintSwift/OnboardingComponents/Components/FpInput.swift:75:11: error: 'UIApplication' is unavailable in watchOS
73 |
74 | // Extension to add a tap gesture recognizer for dismissing the keyboard
75 | extension UIApplication {
| `- error: 'UIApplication' is unavailable in watchOS
76 | func addTapGestureRecognizer() {
77 | guard let window = windows.first else { return }
/Applications/Xcode-27.0.0-Release.Candidate.app/Contents/Developer/Platforms/WatchOS.platform/Developer/SDKs/WatchOS27.0.sdk/System/Library/Frameworks/UIKit.framework/Headers/UIApplication.h:85:12: note: 'UIApplication' has been explicitly marked unavailable here
83 |
84 | UIKIT_EXTERN API_AVAILABLE(ios(2.0)) API_UNAVAILABLE(watchos) NS_SWIFT_UI_ACTOR
85 | @interface UIApplication : UIResponder
| `- note: 'UIApplication' has been explicitly marked unavailable here
86 |
87 | @property(class, nonatomic, readonly) UIApplication *sharedApplication NS_EXTENSION_UNAVAILABLE_IOS("Use view controller based solutions where appropriate instead.");
/Users/admin/builder/spi-builder-workspace/Sources/FootprintSwift/OnboardingComponents/Components/FpInput.swift:86:1: warning: extension declares a conformance of imported type 'UIApplication' to imported protocol 'UIGestureRecognizerDelegate'; this will not behave correctly if the owners of 'UIKit' introduce this conformance in the future
84 | }
85 |
86 | extension UIApplication: UIGestureRecognizerDelegate {
| |- warning: extension declares a conformance of imported type 'UIApplication' to imported protocol 'UIGestureRecognizerDelegate'; this will not behave correctly if the owners of 'UIKit' introduce this conformance in the future
| `- note: add '@retroactive' to silence this warning
87 | public func gestureRecognizer(_ gestureRecognizer: UIGestureRecognizer, shouldRecognizeSimultaneouslyWith otherGestureRecognizer: UIGestureRecognizer) -> Bool {
88 | return false
/Users/admin/builder/spi-builder-workspace/Sources/FootprintSwift/OnboardingComponents/Components/FpInput.swift:87:56: error: 'UIGestureRecognizer' is unavailable in watchOS
85 |
86 | extension UIApplication: UIGestureRecognizerDelegate {
87 | public func gestureRecognizer(_ gestureRecognizer: UIGestureRecognizer, shouldRecognizeSimultaneouslyWith otherGestureRecognizer: UIGestureRecognizer) -> Bool {
| `- error: 'UIGestureRecognizer' is unavailable in watchOS
88 | return false
89 | }
/Applications/Xcode-27.0.0-Release.Candidate.app/Contents/Developer/Platforms/WatchOS.platform/Developer/SDKs/WatchOS27.0.sdk/System/Library/Frameworks/UIKit.framework/Headers/UIGestureRecognizer.h:35:12: note: 'UIGestureRecognizer' has been explicitly marked unavailable here
33 |
34 | UIKIT_EXTERN API_AVAILABLE(ios(3.2)) API_UNAVAILABLE(watchos) NS_SWIFT_UI_ACTOR
35 | @interface UIGestureRecognizer : NSObject
| `- note: 'UIGestureRecognizer' has been explicitly marked unavailable here
36 |
37 | // Valid action method signatures:
/Users/admin/builder/spi-builder-workspace/Sources/FootprintSwift/OnboardingComponents/Components/FpInput.swift:87:135: error: 'UIGestureRecognizer' is unavailable in watchOS
85 |
86 | extension UIApplication: UIGestureRecognizerDelegate {
87 | public func gestureRecognizer(_ gestureRecognizer: UIGestureRecognizer, shouldRecognizeSimultaneouslyWith otherGestureRecognizer: UIGestureRecognizer) -> Bool {
| `- error: 'UIGestureRecognizer' is unavailable in watchOS
88 | return false
89 | }
/Applications/Xcode-27.0.0-Release.Candidate.app/Contents/Developer/Platforms/WatchOS.platform/Developer/SDKs/WatchOS27.0.sdk/System/Library/Frameworks/UIKit.framework/Headers/UIGestureRecognizer.h:35:12: note: 'UIGestureRecognizer' has been explicitly marked unavailable here
33 |
34 | UIKIT_EXTERN API_AVAILABLE(ios(3.2)) API_UNAVAILABLE(watchos) NS_SWIFT_UI_ACTOR
35 | @interface UIGestureRecognizer : NSObject
| `- note: 'UIGestureRecognizer' has been explicitly marked unavailable here
36 |
37 | // Valid action method signatures:
/Users/admin/builder/spi-builder-workspace/Sources/FootprintSwift/OnboardingComponents/Components/FpInput.swift:86:26: error: 'UIGestureRecognizerDelegate' is unavailable in watchOS
84 | }
85 |
86 | extension UIApplication: UIGestureRecognizerDelegate {
| `- error: 'UIGestureRecognizerDelegate' is unavailable in watchOS
87 | public func gestureRecognizer(_ gestureRecognizer: UIGestureRecognizer, shouldRecognizeSimultaneouslyWith otherGestureRecognizer: UIGestureRecognizer) -> Bool {
88 | return false
/Applications/Xcode-27.0.0-Release.Candidate.app/Contents/Developer/Platforms/WatchOS.platform/Developer/SDKs/WatchOS27.0.sdk/System/Library/Frameworks/UIKit.framework/Headers/UIGestureRecognizer.h:91:11: note: 'UIGestureRecognizerDelegate' has been explicitly marked unavailable here
89 |
90 | API_UNAVAILABLE(watchos) NS_SWIFT_UI_ACTOR
91 | @protocol UIGestureRecognizerDelegate <NSObject>
| `- note: 'UIGestureRecognizerDelegate' has been explicitly marked unavailable here
92 | @optional
93 | // called when a gesture recognizer attempts to transition out of UIGestureRecognizerStatePossible. returning NO causes it to transition to UIGestureRecognizerStateFailed
/Users/admin/builder/spi-builder-workspace/Sources/FootprintSwift/OnboardingComponents/Components/FpInput.swift:86:11: error: 'UIApplication' is unavailable in watchOS
84 | }
85 |
86 | extension UIApplication: UIGestureRecognizerDelegate {
| `- error: 'UIApplication' is unavailable in watchOS
87 | public func gestureRecognizer(_ gestureRecognizer: UIGestureRecognizer, shouldRecognizeSimultaneouslyWith otherGestureRecognizer: UIGestureRecognizer) -> Bool {
88 | return false
/Applications/Xcode-27.0.0-Release.Candidate.app/Contents/Developer/Platforms/WatchOS.platform/Developer/SDKs/WatchOS27.0.sdk/System/Library/Frameworks/UIKit.framework/Headers/UIApplication.h:85:12: note: 'UIApplication' has been explicitly marked unavailable here
83 |
84 | UIKIT_EXTERN API_AVAILABLE(ios(2.0)) API_UNAVAILABLE(watchos) NS_SWIFT_UI_ACTOR
85 | @interface UIApplication : UIResponder
| `- note: 'UIApplication' has been explicitly marked unavailable here
86 |
87 | @property(class, nonatomic, readonly) UIApplication *sharedApplication NS_EXTENSION_UNAVAILABLE_IOS("Use view controller based solutions where appropriate instead.");
/Users/admin/builder/spi-builder-workspace/Sources/FootprintSwift/OnboardingComponents/Components/FpInput.swift:55:22: error: value of type 'AnyView' has no member 'keyboardType'
53 | if let customTextField = asCustomTextField {
54 | customTextField(binding, handleTextChange)
55 | .keyboardType(fpInputProps.keyboardType ?? .default)
| `- error: value of type 'AnyView' has no member 'keyboardType'
56 | .textContentType(fpInputProps.textContentType)
57 | .autocapitalization(fpInputProps.autocapitalization ?? .sentences)
/Users/admin/builder/spi-builder-workspace/Sources/FootprintSwift/OnboardingComponents/Components/FpInput.swift:77:28: error: 'windows' is unavailable in watchOS
75 | extension UIApplication {
76 | func addTapGestureRecognizer() {
77 | guard let window = windows.first else { return }
| `- error: 'windows' is unavailable in watchOS
78 | let tapGesture = UITapGestureRecognizer(target: window, action: #selector(UIView.endEditing))
79 | tapGesture.requiresExclusiveTouchType = false
/Applications/Xcode-27.0.0-Release.Candidate.app/Contents/Developer/Platforms/WatchOS.platform/Developer/SDKs/WatchOS27.0.sdk/System/Library/Frameworks/UIKit.framework/Headers/UIApplication.h:109:62: note: 'windows' has been explicitly marked unavailable here
107 |
108 | @property(nullable, nonatomic,readonly) UIWindow *keyWindow API_DEPRECATED("Should not be used for applications that support multiple scenes as it returns a key window across all connected scenes", ios(2.0, 13.0)) API_UNAVAILABLE(visionos, watchos);
109 | @property(nonatomic,readonly) NSArray<__kindof UIWindow *> *windows API_DEPRECATED("Use UIWindowScene.windows on a relevant window scene instead", ios(2.0, 15.0), visionos(1.0, 1.0)) API_UNAVAILABLE(watchos);
| `- note: 'windows' has been explicitly marked unavailable here
110 |
111 | - (BOOL)sendAction:(SEL)action to:(nullable id)target from:(nullable id)sender forEvent:(nullable UIEvent *)event;
/Users/admin/builder/spi-builder-workspace/Sources/FootprintSwift/OnboardingComponents/Components/FpInput.swift:78:26: error: 'UITapGestureRecognizer' is unavailable in watchOS
76 | func addTapGestureRecognizer() {
77 | guard let window = windows.first else { return }
78 | let tapGesture = UITapGestureRecognizer(target: window, action: #selector(UIView.endEditing))
| `- error: 'UITapGestureRecognizer' is unavailable in watchOS
79 | tapGesture.requiresExclusiveTouchType = false
80 | tapGesture.cancelsTouchesInView = false
/Applications/Xcode-27.0.0-Release.Candidate.app/Contents/Developer/Platforms/WatchOS.platform/Developer/SDKs/WatchOS27.0.sdk/System/Library/Frameworks/UIKit.framework/Headers/UITapGestureRecognizer.h:23:12: note: 'UITapGestureRecognizer' has been explicitly marked unavailable here
21 |
22 | UIKIT_EXTERN API_AVAILABLE(ios(3.2)) API_UNAVAILABLE(watchos) NS_SWIFT_UI_ACTOR
23 | @interface UITapGestureRecognizer : UIGestureRecognizer
| `- note: 'UITapGestureRecognizer' has been explicitly marked unavailable here
24 |
25 | @property (nonatomic) NSUInteger numberOfTapsRequired; // Default is 1. The number of taps required to match
/Users/admin/builder/spi-builder-workspace/Sources/FootprintSwift/OnboardingComponents/Components/FpInput.swift:78:83: error: 'UIView' is unavailable in watchOS
76 | func addTapGestureRecognizer() {
77 | guard let window = windows.first else { return }
78 | let tapGesture = UITapGestureRecognizer(target: window, action: #selector(UIView.endEditing))
| `- error: 'UIView' is unavailable in watchOS
79 | tapGesture.requiresExclusiveTouchType = false
80 | tapGesture.cancelsTouchesInView = false
/Applications/Xcode-27.0.0-Release.Candidate.app/Contents/Developer/Platforms/WatchOS.platform/Developer/SDKs/WatchOS27.0.sdk/System/Library/Frameworks/UIKit.framework/Headers/UIView.h:152:12: note: 'UIView' has been explicitly marked unavailable here
150 |
151 | UIKIT_EXTERN API_AVAILABLE(ios(2.0)) API_UNAVAILABLE(watchos) NS_SWIFT_UI_ACTOR
152 | @interface UIView : UIResponder <NSCoding, UIAppearance, UIAppearanceContainer, UIDynamicItem, UITraitEnvironment, UICoordinateSpace, UIFocusItem, UIFocusItemContainer, CALayerDelegate>
| `- note: 'UIView' has been explicitly marked unavailable here
153 |
154 | @property(class, nonatomic, readonly) Class layerClass; // default is [CALayer class]. Used when creating the underlying layer for the view.
/Users/admin/builder/spi-builder-workspace/Sources/FootprintSwift/OnboardingComponents/Components/FpInput.swift:79:20: error: 'requiresExclusiveTouchType' is unavailable in watchOS
77 | guard let window = windows.first else { return }
78 | let tapGesture = UITapGestureRecognizer(target: window, action: #selector(UIView.endEditing))
79 | tapGesture.requiresExclusiveTouchType = false
| `- error: 'requiresExclusiveTouchType' is unavailable in watchOS
80 | tapGesture.cancelsTouchesInView = false
81 | tapGesture.delegate = self
/Applications/Xcode-27.0.0-Release.Candidate.app/Contents/Developer/Platforms/WatchOS.platform/Developer/SDKs/WatchOS27.0.sdk/System/Library/Frameworks/UIKit.framework/Headers/UIGestureRecognizer.h:67:28: note: 'requiresExclusiveTouchType' has been explicitly marked unavailable here
65 | // If NO, it receives all touches that match its allowedTouchTypes.
66 | // If YES, once it receives a touch of a certain type, it will ignore new touches of other types, until it is reset to UIGestureRecognizerStatePossible.
67 | @property (nonatomic) BOOL requiresExclusiveTouchType API_AVAILABLE(ios(9.2)) API_UNAVAILABLE(watchos); // defaults to YES
| `- note: 'requiresExclusiveTouchType' has been explicitly marked unavailable here
68 |
69 | // create a relationship with another gesture recognizer that will prevent this gesture's actions from being called until otherGestureRecognizer transitions to UIGestureRecognizerStateFailed
/Users/admin/builder/spi-builder-workspace/Sources/FootprintSwift/OnboardingComponents/Components/PinInputField.swift:41:13: warning: variable 'pinCode' was never mutated; consider changing to 'let' constant [#VariableNeverMutated]
39 | focusedFieldIndex = index + 1
40 | }
41 | var pinCode = digits.joined().filter(\.isNumber)
| `- warning: variable 'pinCode' was never mutated; consider changing to 'let' constant [#VariableNeverMutated]
42 | if pinCode.count == digits.count {
43 | onComplete?(pinCode)
SwiftCompile normal arm64_32 /Users/admin/builder/spi-builder-workspace/Sources/FootprintSwift/OnboardingComponents/Client/Models/StytchTelemetryRequest.swift (in target 'FootprintSwift' from project 'FootprintSwift')
cd /Users/admin/builder/spi-builder-workspace/.swiftpm/xcode
builtin-SwiftPerFileCompile StytchTelemetryRequest.swift
SwiftCompile normal arm64_32 /Users/admin/builder/spi-builder-workspace/Sources/FootprintSwift/OnboardingComponents/Client/Models/UserChallengeRequest.swift (in target 'FootprintSwift' from project 'FootprintSwift')
cd /Users/admin/builder/spi-builder-workspace/.swiftpm/xcode
builtin-SwiftPerFileCompile UserChallengeRequest.swift
SwiftCompile normal arm64_32 /Users/admin/builder/spi-builder-workspace/Sources/FootprintSwift/OnboardingComponents/Client/Models/UserChallengeResponse.swift (in target 'FootprintSwift' from project 'FootprintSwift')
cd /Users/admin/builder/spi-builder-workspace/.swiftpm/xcode
builtin-SwiftPerFileCompile UserChallengeResponse.swift
SwiftCompile normal arm64_32 /Users/admin/builder/spi-builder-workspace/Sources/FootprintSwift/OnboardingComponents/Client/Models/UserChallengeVerifyRequest.swift (in target 'FootprintSwift' from project 'FootprintSwift')
cd /Users/admin/builder/spi-builder-workspace/.swiftpm/xcode
builtin-SwiftPerFileCompile UserChallengeVerifyRequest.swift
SwiftCompile normal arm64_32 /Users/admin/builder/spi-builder-workspace/Sources/FootprintSwift/OnboardingComponents/Client/Models/UserDecryptRequest.swift (in target 'FootprintSwift' from project 'FootprintSwift')
cd /Users/admin/builder/spi-builder-workspace/.swiftpm/xcode
builtin-SwiftPerFileCompile UserDecryptRequest.swift
SwiftCompile normal arm64_32 /Users/admin/builder/spi-builder-workspace/Sources/FootprintSwift/OnboardingComponents/Client/Models/VaultBadRequestResponse.swift (in target 'FootprintSwift' from project 'FootprintSwift')
cd /Users/admin/builder/spi-builder-workspace/.swiftpm/xcode
builtin-SwiftPerFileCompile VaultBadRequestResponse.swift
SwiftCompile normal arm64_32 /Users/admin/builder/spi-builder-workspace/Sources/FootprintSwift/OnboardingComponents/Client/Models/VaultDI.swift (in target 'FootprintSwift' from project 'FootprintSwift')
cd /Users/admin/builder/spi-builder-workspace/.swiftpm/xcode
builtin-SwiftPerFileCompile VaultDI.swift
SwiftCompile normal arm64_32 /Users/admin/builder/spi-builder-workspace/Sources/FootprintSwift/OnboardingComponents/Client/Models/VaultData.swift (in target 'FootprintSwift' from project 'FootprintSwift')
cd /Users/admin/builder/spi-builder-workspace/.swiftpm/xcode
builtin-SwiftPerFileCompile VaultData.swift
SwiftCompile normal arm64_32 /Users/admin/builder/spi-builder-workspace/Sources/FootprintSwift/OnboardingComponents/Components/EmailInputField.swift (in target 'FootprintSwift' from project 'FootprintSwift')
cd /Users/admin/builder/spi-builder-workspace/.swiftpm/xcode
builtin-SwiftPerFileCompile EmailInputField.swift
SwiftCompile normal arm64_32 /Users/admin/builder/spi-builder-workspace/Sources/FootprintSwift/OnboardingComponents/Components/FpField.swift (in target 'FootprintSwift' from project 'FootprintSwift')
cd /Users/admin/builder/spi-builder-workspace/.swiftpm/xcode
builtin-SwiftPerFileCompile FpField.swift
SwiftCompile normal arm64_32 /Users/admin/builder/spi-builder-workspace/Sources/FootprintSwift/OnboardingComponents/Components/FpFieldError.swift (in target 'FootprintSwift' from project 'FootprintSwift')
cd /Users/admin/builder/spi-builder-workspace/.swiftpm/xcode
builtin-SwiftPerFileCompile FpFieldError.swift
SwiftCompile normal arm64_32 /Users/admin/builder/spi-builder-workspace/Sources/FootprintSwift/OnboardingComponents/Components/FpForm.swift (in target 'FootprintSwift' from project 'FootprintSwift')
cd /Users/admin/builder/spi-builder-workspace/.swiftpm/xcode
builtin-SwiftPerFileCompile FpForm.swift
SwiftCompile normal arm64_32 /Users/admin/builder/spi-builder-workspace/Sources/FootprintSwift/OnboardingComponents/Components/FpInput.swift (in target 'FootprintSwift' from project 'FootprintSwift')
cd /Users/admin/builder/spi-builder-workspace/.swiftpm/xcode
builtin-SwiftPerFileCompile FpInput.swift
SwiftCompile normal arm64_32 /Users/admin/builder/spi-builder-workspace/Sources/FootprintSwift/OnboardingComponents/Components/FpLabel.swift (in target 'FootprintSwift' from project 'FootprintSwift')
cd /Users/admin/builder/spi-builder-workspace/.swiftpm/xcode
builtin-SwiftPerFileCompile FpLabel.swift
SwiftCompile normal arm64_32 /Users/admin/builder/spi-builder-workspace/Sources/FootprintSwift/OnboardingComponents/Components/PinInputField.swift (in target 'FootprintSwift' from project 'FootprintSwift')
cd /Users/admin/builder/spi-builder-workspace/.swiftpm/xcode
builtin-SwiftPerFileCompile PinInputField.swift
SwiftCompile normal arm64_32 /Users/admin/builder/spi-builder-workspace/Sources/FootprintSwift/OnboardingComponents/FieldManager.swift (in target 'FootprintSwift' from project 'FootprintSwift')
cd /Users/admin/builder/spi-builder-workspace/.swiftpm/xcode
builtin-SwiftPerFileCompile FieldManager.swift
SwiftCompile normal arm64_32 Compiling\ IsName.swift,\ IsPhoneCountryCode.swift,\ IsPhoneNumber.swift,\ IsSSN4.swift,\ IsSSN9.swift,\ IsSandboxFixtureNumber.swift,\ IsSupportedCountryCode.swift,\ IsTin.swift,\ IsTokenFormat.swift,\ IsURL.swift,\ isEinFormat.swift,\ isValidDate.swift,\ VaultDataFormatters.swift,\ Verify.swift,\ PackageInfo.swift,\ SandboxOutcome.swift /Users/admin/builder/spi-builder-workspace/Sources/FootprintSwift/OnboardingComponents/Utils/Validations/IsName.swift /Users/admin/builder/spi-builder-workspace/Sources/FootprintSwift/OnboardingComponents/Utils/Validations/IsPhoneCountryCode.swift /Users/admin/builder/spi-builder-workspace/Sources/FootprintSwift/OnboardingComponents/Utils/Validations/IsPhoneNumber.swift /Users/admin/builder/spi-builder-workspace/Sources/FootprintSwift/OnboardingComponents/Utils/Validations/IsSSN4.swift /Users/admin/builder/spi-builder-workspace/Sources/FootprintSwift/OnboardingComponents/Utils/Validations/IsSSN9.swift /Users/admin/builder/spi-builder-workspace/Sources/FootprintSwift/OnboardingComponents/Utils/Validations/IsSandboxFixtureNumber.swift /Users/admin/builder/spi-builder-workspace/Sources/FootprintSwift/OnboardingComponents/Utils/Validations/IsSupportedCountryCode.swift /Users/admin/builder/spi-builder-workspace/Sources/FootprintSwift/OnboardingComponents/Utils/Validations/IsTin.swift /Users/admin/builder/spi-builder-workspace/Sources/FootprintSwift/OnboardingComponents/Utils/Validations/IsTokenFormat.swift /Users/admin/builder/spi-builder-workspace/Sources/FootprintSwift/OnboardingComponents/Utils/Validations/IsURL.swift /Users/admin/builder/spi-builder-workspace/Sources/FootprintSwift/OnboardingComponents/Utils/Validations/isEinFormat.swift /Users/admin/builder/spi-builder-workspace/Sources/FootprintSwift/OnboardingComponents/Utils/Validations/isValidDate.swift /Users/admin/builder/spi-builder-workspace/Sources/FootprintSwift/OnboardingComponents/Utils/VaultDataFormatters.swift /Users/admin/builder/spi-builder-workspace/Sources/FootprintSwift/OnboardingComponents/Verify.swift /Users/admin/builder/spi-builder-workspace/Sources/FootprintSwift/Shared/PackageInfo.swift /Users/admin/builder/spi-builder-workspace/Sources/FootprintSwift/Shared/SandboxOutcome.swift (in target 'FootprintSwift' from project 'FootprintSwift')
SwiftCompile normal arm64_32 /Users/admin/builder/spi-builder-workspace/Sources/FootprintSwift/OnboardingComponents/Utils/Validations/IsName.swift (in target 'FootprintSwift' from project 'FootprintSwift')
cd /Users/admin/builder/spi-builder-workspace/.swiftpm/xcode
builtin-SwiftPerFileCompile IsName.swift
SwiftCompile normal arm64_32 /Users/admin/builder/spi-builder-workspace/Sources/FootprintSwift/OnboardingComponents/Utils/Validations/IsPhoneCountryCode.swift (in target 'FootprintSwift' from project 'FootprintSwift')
cd /Users/admin/builder/spi-builder-workspace/.swiftpm/xcode
builtin-SwiftPerFileCompile IsPhoneCountryCode.swift
SwiftCompile normal arm64_32 /Users/admin/builder/spi-builder-workspace/Sources/FootprintSwift/OnboardingComponents/Utils/Validations/IsPhoneNumber.swift (in target 'FootprintSwift' from project 'FootprintSwift')
cd /Users/admin/builder/spi-builder-workspace/.swiftpm/xcode
builtin-SwiftPerFileCompile IsPhoneNumber.swift
SwiftCompile normal arm64_32 /Users/admin/builder/spi-builder-workspace/Sources/FootprintSwift/OnboardingComponents/Utils/Validations/IsSSN4.swift (in target 'FootprintSwift' from project 'FootprintSwift')
cd /Users/admin/builder/spi-builder-workspace/.swiftpm/xcode
builtin-SwiftPerFileCompile IsSSN4.swift
SwiftCompile normal arm64_32 /Users/admin/builder/spi-builder-workspace/Sources/FootprintSwift/OnboardingComponents/Utils/Validations/IsSSN9.swift (in target 'FootprintSwift' from project 'FootprintSwift')
cd /Users/admin/builder/spi-builder-workspace/.swiftpm/xcode
builtin-SwiftPerFileCompile IsSSN9.swift
SwiftCompile normal arm64_32 /Users/admin/builder/spi-builder-workspace/Sources/FootprintSwift/OnboardingComponents/Utils/Validations/IsSandboxFixtureNumber.swift (in target 'FootprintSwift' from project 'FootprintSwift')
cd /Users/admin/builder/spi-builder-workspace/.swiftpm/xcode
builtin-SwiftPerFileCompile IsSandboxFixtureNumber.swift
SwiftCompile normal arm64_32 /Users/admin/builder/spi-builder-workspace/Sources/FootprintSwift/OnboardingComponents/Utils/Validations/IsSupportedCountryCode.swift (in target 'FootprintSwift' from project 'FootprintSwift')
cd /Users/admin/builder/spi-builder-workspace/.swiftpm/xcode
builtin-SwiftPerFileCompile IsSupportedCountryCode.swift
SwiftCompile normal arm64_32 /Users/admin/builder/spi-builder-workspace/Sources/FootprintSwift/OnboardingComponents/Utils/Validations/IsTin.swift (in target 'FootprintSwift' from project 'FootprintSwift')
cd /Users/admin/builder/spi-builder-workspace/.swiftpm/xcode
builtin-SwiftPerFileCompile IsTin.swift
SwiftCompile normal arm64_32 /Users/admin/builder/spi-builder-workspace/Sources/FootprintSwift/OnboardingComponents/Utils/Validations/IsTokenFormat.swift (in target 'FootprintSwift' from project 'FootprintSwift')
cd /Users/admin/builder/spi-builder-workspace/.swiftpm/xcode
builtin-SwiftPerFileCompile IsTokenFormat.swift
SwiftCompile normal arm64_32 /Users/admin/builder/spi-builder-workspace/Sources/FootprintSwift/OnboardingComponents/Utils/Validations/IsURL.swift (in target 'FootprintSwift' from project 'FootprintSwift')
cd /Users/admin/builder/spi-builder-workspace/.swiftpm/xcode
builtin-SwiftPerFileCompile IsURL.swift
SwiftCompile normal arm64_32 /Users/admin/builder/spi-builder-workspace/Sources/FootprintSwift/OnboardingComponents/Utils/Validations/isEinFormat.swift (in target 'FootprintSwift' from project 'FootprintSwift')
cd /Users/admin/builder/spi-builder-workspace/.swiftpm/xcode
builtin-SwiftPerFileCompile isEinFormat.swift
SwiftCompile normal arm64_32 /Users/admin/builder/spi-builder-workspace/Sources/FootprintSwift/OnboardingComponents/Utils/Validations/isValidDate.swift (in target 'FootprintSwift' from project 'FootprintSwift')
cd /Users/admin/builder/spi-builder-workspace/.swiftpm/xcode
builtin-SwiftPerFileCompile isValidDate.swift
SwiftCompile normal arm64_32 /Users/admin/builder/spi-builder-workspace/Sources/FootprintSwift/OnboardingComponents/Utils/VaultDataFormatters.swift (in target 'FootprintSwift' from project 'FootprintSwift')
cd /Users/admin/builder/spi-builder-workspace/.swiftpm/xcode
builtin-SwiftPerFileCompile VaultDataFormatters.swift
SwiftCompile normal arm64_32 /Users/admin/builder/spi-builder-workspace/Sources/FootprintSwift/OnboardingComponents/Verify.swift (in target 'FootprintSwift' from project 'FootprintSwift')
cd /Users/admin/builder/spi-builder-workspace/.swiftpm/xcode
builtin-SwiftPerFileCompile Verify.swift
SwiftCompile normal arm64_32 /Users/admin/builder/spi-builder-workspace/Sources/FootprintSwift/Shared/PackageInfo.swift (in target 'FootprintSwift' from project 'FootprintSwift')
cd /Users/admin/builder/spi-builder-workspace/.swiftpm/xcode
builtin-SwiftPerFileCompile PackageInfo.swift
SwiftCompile normal arm64_32 /Users/admin/builder/spi-builder-workspace/Sources/FootprintSwift/Shared/SandboxOutcome.swift (in target 'FootprintSwift' from project 'FootprintSwift')
cd /Users/admin/builder/spi-builder-workspace/.swiftpm/xcode
builtin-SwiftPerFileCompile SandboxOutcome.swift
/Users/admin/builder/spi-builder-workspace/Sources/FootprintSwift/OnboardingComponents/Utils/VaultDataFormatters.swift:9:19: warning: value 'dobDate' was defined but never used; consider replacing with boolean test [#NoUsage]
7 | let usDobString = strInputToUSDate(locale: locale, str: dob)
8 | formattedVaultData.idDob = fromUSDateToISO8601Format(usDobString)
9 | guard let dobDate = formattedVaultData.idDob else {
| `- warning: value 'dobDate' was defined but never used; consider replacing with boolean test [#NoUsage]
10 | throw FootprintError(kind: .vaultingError(context: ["idDob": "Invalid format"]), message: "Invalid format for idDob")
11 | }
/Users/admin/builder/spi-builder-workspace/Sources/FootprintSwift/OnboardingComponents/Utils/VaultDataFormatters.swift:17:19: warning: value 'visaExpDate' was defined but never used; consider replacing with boolean test [#NoUsage]
15 | let usVisaExpirationDate = strInputToUSDate(locale: locale, str: visaExpirationDate)
16 | formattedVaultData.idVisaExpirationDate = fromUSDateToISO8601Format(usVisaExpirationDate)
17 | guard let visaExpDate = formattedVaultData.idVisaExpirationDate else {
| `- warning: value 'visaExpDate' was defined but never used; consider replacing with boolean test [#NoUsage]
18 | throw FootprintError(kind: .vaultingError(context: ["idVisaExpirationDate": "Invalid format"]), message: "Invalid format for idVisaExpirationDate")
19 | }
/Users/admin/builder/spi-builder-workspace/Sources/FootprintSwift/OnboardingComponents/Utils/VaultDataFormatters.swift:34:19: warning: value 'dobDate' was defined but never used; consider replacing with boolean test [#NoUsage]
32 | let usDobString = fromISO8601ToUSDate(dob)
33 | formattedData.idDob = fromUsDateToStringInput(locale: locale, str: usDobString ?? "")
34 | guard let dobDate = formattedData.idDob else {
| `- warning: value 'dobDate' was defined but never used; consider replacing with boolean test [#NoUsage]
35 | throw FootprintError(kind: .decryptionError, message: "Invalid date format for idDob field \(dob)")
36 | }
/Users/admin/builder/spi-builder-workspace/Sources/FootprintSwift/OnboardingComponents/Utils/VaultDataFormatters.swift:42:19: warning: value 'visaExpDate' was defined but never used; consider replacing with boolean test [#NoUsage]
40 | let usVisaExpirationDate = fromISO8601ToUSDate(visaExpirationDate)
41 | formattedData.idVisaExpirationDate = fromUsDateToStringInput(locale: locale, str: usVisaExpirationDate ?? "")
42 | guard let visaExpDate = formattedData.idVisaExpirationDate else {
| `- warning: value 'visaExpDate' was defined but never used; consider replacing with boolean test [#NoUsage]
43 | throw FootprintError(kind: .decryptionError, message: "Invalid date format for idVisa \(visaExpirationDate)")
44 | }
SwiftExplicitDependencyGeneratePcm arm64 /Users/admin/builder/spi-builder-workspace/.derivedData/SDKExplicitPrecompiledModules/SwiftUI-APXDH8ULYLM6FD17YRA73TULO.pcm
SwiftCompile normal arm64_32 Compiling\ FootprintSdkTelemetry.swift,\ FootprintSwift.swift,\ AuthTokenStatus.swift,\ BusinessesAPI.swift,\ ChallengeAPI.swift,\ D2pAPI.swift,\ DocumentAPI.swift,\ HostedAPI.swift,\ IdentifyAPI.swift,\ My1fpAPI.swift,\ OnboardingAPI.swift,\ OrganizationAPI.swift,\ SdkArgsAPI.swift,\ UserAPI.swift,\ UsersAPI.swift,\ VaultAPI.swift,\ APIHelper.swift /Users/admin/builder/spi-builder-workspace/Sources/FootprintSwift/Hosted/FootprintSdkTelemetry.swift /Users/admin/builder/spi-builder-workspace/Sources/FootprintSwift/Hosted/FootprintSwift.swift /Users/admin/builder/spi-builder-workspace/Sources/FootprintSwift/OnboardingComponents/AuthTokenStatus.swift /Users/admin/builder/spi-builder-workspace/Sources/FootprintSwift/OnboardingComponents/Client/APIs/BusinessesAPI.swift /Users/admin/builder/spi-builder-workspace/Sources/FootprintSwift/OnboardingComponents/Client/APIs/ChallengeAPI.swift /Users/admin/builder/spi-builder-workspace/Sources/FootprintSwift/OnboardingComponents/Client/APIs/D2pAPI.swift /Users/admin/builder/spi-builder-workspace/Sources/FootprintSwift/OnboardingComponents/Client/APIs/DocumentAPI.swift /Users/admin/builder/spi-builder-workspace/Sources/FootprintSwift/OnboardingComponents/Client/APIs/HostedAPI.swift /Users/admin/builder/spi-builder-workspace/Sources/FootprintSwift/OnboardingComponents/Client/APIs/IdentifyAPI.swift /Users/admin/builder/spi-builder-workspace/Sources/FootprintSwift/OnboardingComponents/Client/APIs/My1fpAPI.swift /Users/admin/builder/spi-builder-workspace/Sources/FootprintSwift/OnboardingComponents/Client/APIs/OnboardingAPI.swift /Users/admin/builder/spi-builder-workspace/Sources/FootprintSwift/OnboardingComponents/Client/APIs/OrganizationAPI.swift /Users/admin/builder/spi-builder-workspace/Sources/FootprintSwift/OnboardingComponents/Client/APIs/SdkArgsAPI.swift /Users/admin/builder/spi-builder-workspace/Sources/FootprintSwift/OnboardingComponents/Client/APIs/UserAPI.swift /Users/admin/builder/spi-builder-workspace/Sources/FootprintSwift/OnboardingComponents/Client/APIs/UsersAPI.swift /Users/admin/builder/spi-builder-workspace/Sources/FootprintSwift/OnboardingComponents/Client/APIs/VaultAPI.swift /Users/admin/builder/spi-builder-workspace/Sources/FootprintSwift/OnboardingComponents/Client/Infrastructure/APIHelper.swift (in target 'FootprintSwift' from project 'FootprintSwift')
/Users/admin/builder/spi-builder-workspace/Sources/FootprintSwift/Hosted/FootprintSwift.swift:19:38: warning: main actor-isolated initializer 'init(configuration:logger:)' cannot be called from outside of the actor; this is an error in the Swift 6 language mode
17 | let logger = FootprintLogger(configuration: configuration)
18 | let sdkArgsManager = FootprintSdkArgsManager(configuration: configuration, logger: logger)
19 | let authSessionManager = FootprintAuthSessionManager(configuration: configuration, logger: logger)
| `- warning: main actor-isolated initializer 'init(configuration:logger:)' cannot be called from outside of the actor; this is an error in the Swift 6 language mode
20 |
21 | if let existingInstance = instance {
SwiftCompile normal arm64_32 /Users/admin/builder/spi-builder-workspace/Sources/FootprintSwift/Hosted/FootprintSdkTelemetry.swift (in target 'FootprintSwift' from project 'FootprintSwift')
cd /Users/admin/builder/spi-builder-workspace/.swiftpm/xcode
builtin-SwiftPerFileCompile FootprintSdkTelemetry.swift
SwiftCompile normal arm64_32 /Users/admin/builder/spi-builder-workspace/Sources/FootprintSwift/Hosted/FootprintSwift.swift (in target 'FootprintSwift' from project 'FootprintSwift')
cd /Users/admin/builder/spi-builder-workspace/.swiftpm/xcode
builtin-SwiftPerFileCompile FootprintSwift.swift
SwiftCompile normal arm64_32 /Users/admin/builder/spi-builder-workspace/Sources/FootprintSwift/OnboardingComponents/AuthTokenStatus.swift (in target 'FootprintSwift' from project 'FootprintSwift')
cd /Users/admin/builder/spi-builder-workspace/.swiftpm/xcode
builtin-SwiftPerFileCompile AuthTokenStatus.swift
SwiftCompile normal arm64_32 /Users/admin/builder/spi-builder-workspace/Sources/FootprintSwift/OnboardingComponents/Client/APIs/BusinessesAPI.swift (in target 'FootprintSwift' from project 'FootprintSwift')
cd /Users/admin/builder/spi-builder-workspace/.swiftpm/xcode
builtin-SwiftPerFileCompile BusinessesAPI.swift
SwiftCompile normal arm64_32 /Users/admin/builder/spi-builder-workspace/Sources/FootprintSwift/OnboardingComponents/Client/APIs/ChallengeAPI.swift (in target 'FootprintSwift' from project 'FootprintSwift')
cd /Users/admin/builder/spi-builder-workspace/.swiftpm/xcode
builtin-SwiftPerFileCompile ChallengeAPI.swift
SwiftCompile normal arm64_32 /Users/admin/builder/spi-builder-workspace/Sources/FootprintSwift/OnboardingComponents/Client/APIs/D2pAPI.swift (in target 'FootprintSwift' from project 'FootprintSwift')
cd /Users/admin/builder/spi-builder-workspace/.swiftpm/xcode
builtin-SwiftPerFileCompile D2pAPI.swift
SwiftCompile normal arm64_32 /Users/admin/builder/spi-builder-workspace/Sources/FootprintSwift/OnboardingComponents/Client/APIs/DocumentAPI.swift (in target 'FootprintSwift' from project 'FootprintSwift')
cd /Users/admin/builder/spi-builder-workspace/.swiftpm/xcode
builtin-SwiftPerFileCompile DocumentAPI.swift
SwiftCompile normal arm64_32 /Users/admin/builder/spi-builder-workspace/Sources/FootprintSwift/OnboardingComponents/Client/APIs/HostedAPI.swift (in target 'FootprintSwift' from project 'FootprintSwift')
cd /Users/admin/builder/spi-builder-workspace/.swiftpm/xcode
builtin-SwiftPerFileCompile HostedAPI.swift
SwiftCompile normal arm64_32 /Users/admin/builder/spi-builder-workspace/Sources/FootprintSwift/OnboardingComponents/Client/APIs/IdentifyAPI.swift (in target 'FootprintSwift' from project 'FootprintSwift')
cd /Users/admin/builder/spi-builder-workspace/.swiftpm/xcode
builtin-SwiftPerFileCompile IdentifyAPI.swift
SwiftCompile normal arm64_32 /Users/admin/builder/spi-builder-workspace/Sources/FootprintSwift/OnboardingComponents/Client/APIs/My1fpAPI.swift (in target 'FootprintSwift' from project 'FootprintSwift')
cd /Users/admin/builder/spi-builder-workspace/.swiftpm/xcode
builtin-SwiftPerFileCompile My1fpAPI.swift
SwiftCompile normal arm64_32 /Users/admin/builder/spi-builder-workspace/Sources/FootprintSwift/OnboardingComponents/Client/APIs/OnboardingAPI.swift (in target 'FootprintSwift' from project 'FootprintSwift')
cd /Users/admin/builder/spi-builder-workspace/.swiftpm/xcode
builtin-SwiftPerFileCompile OnboardingAPI.swift
SwiftCompile normal arm64_32 /Users/admin/builder/spi-builder-workspace/Sources/FootprintSwift/OnboardingComponents/Client/APIs/OrganizationAPI.swift (in target 'FootprintSwift' from project 'FootprintSwift')
cd /Users/admin/builder/spi-builder-workspace/.swiftpm/xcode
builtin-SwiftPerFileCompile OrganizationAPI.swift
SwiftCompile normal arm64_32 /Users/admin/builder/spi-builder-workspace/Sources/FootprintSwift/OnboardingComponents/Client/APIs/SdkArgsAPI.swift (in target 'FootprintSwift' from project 'FootprintSwift')
cd /Users/admin/builder/spi-builder-workspace/.swiftpm/xcode
builtin-SwiftPerFileCompile SdkArgsAPI.swift
SwiftCompile normal arm64_32 /Users/admin/builder/spi-builder-workspace/Sources/FootprintSwift/OnboardingComponents/Client/APIs/UserAPI.swift (in target 'FootprintSwift' from project 'FootprintSwift')
cd /Users/admin/builder/spi-builder-workspace/.swiftpm/xcode
builtin-SwiftPerFileCompile UserAPI.swift
SwiftCompile normal arm64_32 /Users/admin/builder/spi-builder-workspace/Sources/FootprintSwift/OnboardingComponents/Client/APIs/UsersAPI.swift (in target 'FootprintSwift' from project 'FootprintSwift')
cd /Users/admin/builder/spi-builder-workspace/.swiftpm/xcode
builtin-SwiftPerFileCompile UsersAPI.swift
SwiftCompile normal arm64_32 /Users/admin/builder/spi-builder-workspace/Sources/FootprintSwift/OnboardingComponents/Client/APIs/VaultAPI.swift (in target 'FootprintSwift' from project 'FootprintSwift')
cd /Users/admin/builder/spi-builder-workspace/.swiftpm/xcode
builtin-SwiftPerFileCompile VaultAPI.swift
SwiftCompile normal arm64_32 /Users/admin/builder/spi-builder-workspace/Sources/FootprintSwift/OnboardingComponents/Client/Infrastructure/APIHelper.swift (in target 'FootprintSwift' from project 'FootprintSwift')
cd /Users/admin/builder/spi-builder-workspace/.swiftpm/xcode
builtin-SwiftPerFileCompile APIHelper.swift
SwiftCompile normal arm64_32 Compiling\ FootprintError.swift,\ FootprintProvider.swift,\ FootprintQueries.swift,\ FootprintSupportedCountryCodes.swift,\ FormManager.swift,\ FpFieldName.swift,\ RequirementAttributes.swift,\ DateFormatters.swift,\ FieldProps.swift,\ InputFormatters.swift,\ IsAddressLine.swift,\ IsAlphanumeric.swift,\ IsDob.swift,\ IsEmail.swift,\ IsEmailDomain.swift,\ IsIpAddress.swift /Users/admin/builder/spi-builder-workspace/Sources/FootprintSwift/OnboardingComponents/FootprintError.swift /Users/admin/builder/spi-builder-workspace/Sources/FootprintSwift/OnboardingComponents/FootprintProvider.swift /Users/admin/builder/spi-builder-workspace/Sources/FootprintSwift/OnboardingComponents/FootprintQueries.swift /Users/admin/builder/spi-builder-workspace/Sources/FootprintSwift/OnboardingComponents/FootprintSupportedCountryCodes.swift /Users/admin/builder/spi-builder-workspace/Sources/FootprintSwift/OnboardingComponents/FormManager.swift /Users/admin/builder/spi-builder-workspace/Sources/FootprintSwift/OnboardingComponents/FpFieldName.swift /Users/admin/builder/spi-builder-workspace/Sources/FootprintSwift/OnboardingComponents/RequirementAttributes.swift /Users/admin/builder/spi-builder-workspace/Sources/FootprintSwift/OnboardingComponents/Utils/DateFormatters.swift /Users/admin/builder/spi-builder-workspace/Sources/FootprintSwift/OnboardingComponents/Utils/FieldProps.swift /Users/admin/builder/spi-builder-workspace/Sources/FootprintSwift/OnboardingComponents/Utils/InputFormatters.swift /Users/admin/builder/spi-builder-workspace/Sources/FootprintSwift/OnboardingComponents/Utils/Validations/IsAddressLine.swift /Users/admin/builder/spi-builder-workspace/Sources/FootprintSwift/OnboardingComponents/Utils/Validations/IsAlphanumeric.swift /Users/admin/builder/spi-builder-workspace/Sources/FootprintSwift/OnboardingComponents/Utils/Validations/IsDob.swift /Users/admin/builder/spi-builder-workspace/Sources/FootprintSwift/OnboardingComponents/Utils/Validations/IsEmail.swift /Users/admin/builder/spi-builder-workspace/Sources/FootprintSwift/OnboardingComponents/Utils/Validations/IsEmailDomain.swift /Users/admin/builder/spi-builder-workspace/Sources/FootprintSwift/OnboardingComponents/Utils/Validations/IsIpAddress.swift (in target 'FootprintSwift' from project 'FootprintSwift')
/Users/admin/builder/spi-builder-workspace/Sources/FootprintSwift/OnboardingComponents/FootprintProvider.swift:211:19: warning: value 'obConfigKind' was defined but never used; consider replacing with boolean test [#NoUsage]
209 | verificationResult: Verify?
210 | ) {
211 | guard let obConfigKind = self.onboardingConfig?.kind else {
| `- warning: value 'obConfigKind' was defined but never used; consider replacing with boolean test [#NoUsage]
212 | throw FootprintError(kind: .initializationError, message: "No onboarding config kind not found. Please make sure that the public key is correct.")
213 | }
/Users/admin/builder/spi-builder-workspace/Sources/FootprintSwift/OnboardingComponents/FootprintProvider.swift:242:19: warning: value 'obConfig' was defined but never used; consider replacing with boolean test [#NoUsage]
240 |
241 | func createChallenge(email: String? = nil, phoneNumber: String? = nil, authToken: String? = nil) async throws -> String {
242 | guard let obConfig = self.onboardingConfig else {
| `- warning: value 'obConfig' was defined but never used; consider replacing with boolean test [#NoUsage]
243 | throw FootprintError(kind: .initializationError, message: "No onboarding config found. Please make sure that the public key is correct.")
244 | }
/Users/admin/builder/spi-builder-workspace/Sources/FootprintSwift/OnboardingComponents/FootprintProvider.swift:321:16: warning: value 'authToken' was defined but never used; consider replacing with boolean test [#NoUsage]
319 | }
320 |
321 | if let authToken = self.authToken {
| `- warning: value 'authToken' was defined but never used; consider replacing with boolean test [#NoUsage]
322 | throw FootprintError(kind: .authError, message: "You provided an auth token. Please authenticate using it or remove the auth token and authenticate using email/phone number")
323 | }
/Users/admin/builder/spi-builder-workspace/Sources/FootprintSwift/OnboardingComponents/FootprintProvider.swift:427:13: warning: variable 'vaultData' was never mutated; consider changing to 'let' constant [#VariableNeverMutated]
425 | }
426 | let requirements = try await self.queries.getOnboardingStatus(authToken: authToken)
427 | var vaultData = try await self.queries.decrypt(authToken: authToken,
| `- warning: variable 'vaultData' was never mutated; consider changing to 'let' constant [#VariableNeverMutated]
428 | fields: requirements.fields.collected + requirements.fields.missing + requirements.fields.optional)
429 | return try formatAfterDecryption(vaultData, locale: l10n.locale)
/Users/admin/builder/spi-builder-workspace/Sources/FootprintSwift/OnboardingComponents/FootprintProvider.swift:446:32: warning: result of call to 'vault(authToken:vaultData:)' is unused [#NoUsage]
444 | }
445 |
446 | try await self.queries.vault(authToken: authToken, vaultData: formatBeforeSave(vaultData, locale: l10n.locale))
| `- warning: result of call to 'vault(authToken:vaultData:)' is unused [#NoUsage]
447 | }
448 |
/Users/admin/builder/spi-builder-workspace/Sources/FootprintSwift/OnboardingComponents/FootprintProvider.swift:469:32: warning: result of call to 'process(authToken:overallOutcome:)' is unused [#NoUsage]
467 | }
468 |
469 | try await self.queries.process(authToken: authToken, overallOutcome: self.sandboxOutcome?.overallOutcome)
| `- warning: result of call to 'process(authToken:overallOutcome:)' is unused [#NoUsage]
470 |
471 | // Another check to ensure that the requirements are met
/Users/admin/builder/spi-builder-workspace/Sources/FootprintSwift/OnboardingComponents/FootprintProvider.swift:514:13: warning: variable 'onAuth' was never mutated; consider changing to 'let' constant [#VariableNeverMutated]
512 |
513 |
514 | var onAuth: ((String, String) async throws -> Verify) = { authToken, vaultingToken in
| `- warning: variable 'onAuth' was never mutated; consider changing to 'let' constant [#VariableNeverMutated]
515 | self.verifiedAuthToken = authToken
516 | self.vaultingToken = vaultingToken
/Users/admin/builder/spi-builder-workspace/Sources/FootprintSwift/OnboardingComponents/FootprintProvider.swift:557:17: warning: no 'async' operations occur within 'await' expression [#UnnecessaryEffectMarker]
555 | )
556 | do {
557 | try await Footprint.initialize(with: config)
| `- warning: no 'async' operations occur within 'await' expression [#UnnecessaryEffectMarker]
558 | } catch {
559 | throw FootprintError(kind: .webviewError, message: "Failed to initialize Footprint webview: \(error.localizedDescription)")
/Users/admin/builder/spi-builder-workspace/Sources/FootprintSwift/OnboardingComponents/FootprintProvider.swift:557:13: warning: no calls to throwing functions occur within 'try' expression [#UnnecessaryEffectMarker]
555 | )
556 | do {
557 | try await Footprint.initialize(with: config)
| `- warning: no calls to throwing functions occur within 'try' expression [#UnnecessaryEffectMarker]
558 | } catch {
559 | throw FootprintError(kind: .webviewError, message: "Failed to initialize Footprint webview: \(error.localizedDescription)")
/Users/admin/builder/spi-builder-workspace/Sources/FootprintSwift/OnboardingComponents/FootprintProvider.swift:558:11: warning: 'catch' block is unreachable because no errors are thrown in 'do' block
556 | do {
557 | try await Footprint.initialize(with: config)
558 | } catch {
| `- warning: 'catch' block is unreachable because no errors are thrown in 'do' block
559 | throw FootprintError(kind: .webviewError, message: "Failed to initialize Footprint webview: \(error.localizedDescription)")
560 | }
/Users/admin/builder/spi-builder-workspace/Sources/FootprintSwift/OnboardingComponents/FootprintProvider.swift:598:17: warning: no 'async' operations occur within 'await' expression [#UnnecessaryEffectMarker]
596 | )
597 | do{
598 | try await Footprint.initialize(with: config)
| `- warning: no 'async' operations occur within 'await' expression [#UnnecessaryEffectMarker]
599 | } catch {
600 | throw FootprintError(kind: .webviewError, message: "Failed to initialize Footprint webview: \(error.localizedDescription)")
/Users/admin/builder/spi-builder-workspace/Sources/FootprintSwift/OnboardingComponents/FootprintProvider.swift:598:13: warning: no calls to throwing functions occur within 'try' expression [#UnnecessaryEffectMarker]
596 | )
597 | do{
598 | try await Footprint.initialize(with: config)
| `- warning: no calls to throwing functions occur within 'try' expression [#UnnecessaryEffectMarker]
599 | } catch {
600 | throw FootprintError(kind: .webviewError, message: "Failed to initialize Footprint webview: \(error.localizedDescription)")
/Users/admin/builder/spi-builder-workspace/Sources/FootprintSwift/OnboardingComponents/FootprintProvider.swift:599:11: warning: 'catch' block is unreachable because no errors are thrown in 'do' block
597 | do{
598 | try await Footprint.initialize(with: config)
599 | } catch {
| `- warning: 'catch' block is unreachable because no errors are thrown in 'do' block
600 | throw FootprintError(kind: .webviewError, message: "Failed to initialize Footprint webview: \(error.localizedDescription)")
601 | }
/Users/admin/builder/spi-builder-workspace/Sources/FootprintSwift/OnboardingComponents/FootprintQueries.swift:17:25: warning: immutable value 'statusCode' was never used; consider replacing with '_' or removing it [#NoUsage]
15 | // Check for the specific error type
16 | switch errorResponse {
17 | case let .error(statusCode, data, response, underlyingError):
| `- warning: immutable value 'statusCode' was never used; consider replacing with '_' or removing it [#NoUsage]
18 | guard let data = data else {
19 | return "No error data available."
/Users/admin/builder/spi-builder-workspace/Sources/FootprintSwift/OnboardingComponents/FootprintQueries.swift:17:43: warning: immutable value 'response' was never used; consider replacing with '_' or removing it [#NoUsage]
15 | // Check for the specific error type
16 | switch errorResponse {
17 | case let .error(statusCode, data, response, underlyingError):
| `- warning: immutable value 'response' was never used; consider replacing with '_' or removing it [#NoUsage]
18 | guard let data = data else {
19 | return "No error data available."
/Users/admin/builder/spi-builder-workspace/Sources/FootprintSwift/OnboardingComponents/FootprintQueries.swift:17:53: warning: immutable value 'underlyingError' was never used; consider replacing with '_' or removing it [#NoUsage]
15 | // Check for the specific error type
16 | switch errorResponse {
17 | case let .error(statusCode, data, response, underlyingError):
| `- warning: immutable value 'underlyingError' was never used; consider replacing with '_' or removing it [#NoUsage]
18 | guard let data = data else {
19 | return "No error data available."
/Users/admin/builder/spi-builder-workspace/Sources/FootprintSwift/OnboardingComponents/FootprintQueries.swift:41:25: warning: immutable value 'statusCode' was never used; consider replacing with '_' or removing it [#NoUsage]
39 |
40 | switch errorResponse {
41 | case let .error(statusCode, data, response, underlyingError):
| `- warning: immutable value 'statusCode' was never used; consider replacing with '_' or removing it [#NoUsage]
42 | // Ensure data is not nil before attempting to parse
43 | guard let data = data else {
/Users/admin/builder/spi-builder-workspace/Sources/FootprintSwift/OnboardingComponents/FootprintQueries.swift:41:43: warning: immutable value 'response' was never used; consider replacing with '_' or removing it [#NoUsage]
39 |
40 | switch errorResponse {
41 | case let .error(statusCode, data, response, underlyingError):
| `- warning: immutable value 'response' was never used; consider replacing with '_' or removing it [#NoUsage]
42 | // Ensure data is not nil before attempting to parse
43 | guard let data = data else {
/Users/admin/builder/spi-builder-workspace/Sources/FootprintSwift/OnboardingComponents/FootprintQueries.swift:41:53: warning: immutable value 'underlyingError' was never used; consider replacing with '_' or removing it [#NoUsage]
39 |
40 | switch errorResponse {
41 | case let .error(statusCode, data, response, underlyingError):
| `- warning: immutable value 'underlyingError' was never used; consider replacing with '_' or removing it [#NoUsage]
42 | // Ensure data is not nil before attempting to parse
43 | guard let data = data else {
/Users/admin/builder/spi-builder-workspace/Sources/FootprintSwift/OnboardingComponents/FootprintQueries.swift:65:35: warning: 'as' test is always true
63 | do {
64 | return try await OnboardingAPI.getOnboardingConfig(xOnboardingConfigKey: self.configKey, openAPIClient: client)
65 | } catch let errorResponse as ErrorResponse {
| `- warning: 'as' test is always true
66 | let errorMessage = getQueryErrorMessage(errorResponse: errorResponse)
67 | throw FootprintError(kind: .initializationError, message: "Get onboarding config request failed. \(errorMessage)")
/Users/admin/builder/spi-builder-workspace/Sources/FootprintSwift/OnboardingComponents/FootprintQueries.swift:83:35: warning: 'as' test is always true
81 | do {
82 | return try await IdentifyAPI.identify(xOnboardingConfigKey: self.configKey, identifyRequest: request, xSandboxId: sandboxId, xFpAuthorization: authToken, openAPIClient: client)
83 | } catch let errorResponse as ErrorResponse {
| `- warning: 'as' test is always true
84 | let errorMessage = getQueryErrorMessage(errorResponse: errorResponse)
85 | throw FootprintError(kind: .authError, message: "Identify request failed. \(errorMessage)")
/Users/admin/builder/spi-builder-workspace/Sources/FootprintSwift/OnboardingComponents/FootprintQueries.swift:113:33: warning: 'as' test is always true
111 | )
112 | }
113 | catch let errorResponse as ErrorResponse {
| `- warning: 'as' test is always true
114 | let errorMessage = getQueryErrorMessage(errorResponse: errorResponse)
115 | throw FootprintError(kind: .authError, message: "Signup challenge request failed. \(errorMessage)")
/Users/admin/builder/spi-builder-workspace/Sources/FootprintSwift/OnboardingComponents/FootprintQueries.swift:126:35: warning: 'as' test is always true
124 | do {
125 | return try await IdentifyAPI.loginChallenge(xFpAuthorization: authToken, loginChallengeRequest: request, openAPIClient: client)
126 | } catch let errorResponse as ErrorResponse {
| `- warning: 'as' test is always true
127 | let errorMessage = getQueryErrorMessage(errorResponse: errorResponse)
128 | throw FootprintError(kind: .authError, message: "Login challenge request failed. \(errorMessage)")
/Users/admin/builder/spi-builder-workspace/Sources/FootprintSwift/OnboardingComponents/FootprintQueries.swift:137:35: warning: 'as' test is always true
135 | do {
136 | return try await UserAPI.validationToken(xFpAuthorization: authToken, openAPIClient: client)
137 | } catch let errorResponse as ErrorResponse {
| `- warning: 'as' test is always true
138 | let errorMessage = getQueryErrorMessage(errorResponse: errorResponse)
139 | throw FootprintError(kind: .userError, message: "Validation token request failed. \(errorMessage)")
/Users/admin/builder/spi-builder-workspace/Sources/FootprintSwift/OnboardingComponents/FootprintQueries.swift:149:35: warning: 'as' test is always true
147 | do{
148 | return try await UserAPI.vaultingToken(xFpAuthorization: authToken, createUserTokenRequest: request, openAPIClient: client)
149 | } catch let errorResponse as ErrorResponse {
| `- warning: 'as' test is always true
150 | let errorMessage = getQueryErrorMessage(errorResponse: errorResponse)
151 | throw FootprintError(kind: .userError, message: "Create vaulting token request failed. \(errorMessage)")
/Users/admin/builder/spi-builder-workspace/Sources/FootprintSwift/OnboardingComponents/FootprintQueries.swift:165:35: warning: 'as' test is always true
163 | do {
164 | return try await IdentifyAPI.verify(xFpAuthorization: authToken, xOnboardingConfigKey: self.configKey, identifyVerifyRequest: request, openAPIClient: client)
165 | } catch let errorResponse as ErrorResponse {
| `- warning: 'as' test is always true
166 | let errorMessage = getQueryErrorMessage(errorResponse: errorResponse)
167 | throw FootprintError(kind: .authError, message: "Verify request failed. \(errorMessage)")
/Users/admin/builder/spi-builder-workspace/Sources/FootprintSwift/OnboardingComponents/FootprintQueries.swift:184:35: warning: 'as' test is always true
182 | do{
183 | return try await OnboardingAPI.onboarding(xFpAuthorization: authToken, postOnboardingRequest: request, openAPIClient: client)
184 | } catch let errorResponse as ErrorResponse {
| `- warning: 'as' test is always true
185 | let errorMessage = getQueryErrorMessage(errorResponse: errorResponse)
186 | throw FootprintError(kind: .onboardingError, message: "Init onboarding request failed. \(errorMessage)")
/Users/admin/builder/spi-builder-workspace/Sources/FootprintSwift/OnboardingComponents/FootprintQueries.swift:195:20: warning: no calls to throwing functions occur within 'try' expression [#UnnecessaryEffectMarker]
193 | let response = try await OnboardingAPI.onboardingStatus(xFpAuthorization: authToken, openAPIClient: client)
194 | do {
195 | return try RequirementAttributes.getRequirements(from: response)
| `- warning: no calls to throwing functions occur within 'try' expression [#UnnecessaryEffectMarker]
196 | } catch let errorResponse as ErrorResponse {
197 | let errorMessage = getQueryErrorMessage(errorResponse: errorResponse)
/Users/admin/builder/spi-builder-workspace/Sources/FootprintSwift/OnboardingComponents/FootprintQueries.swift:196:11: warning: 'catch' block is unreachable because no errors are thrown in 'do' block
194 | do {
195 | return try RequirementAttributes.getRequirements(from: response)
196 | } catch let errorResponse as ErrorResponse {
| `- warning: 'catch' block is unreachable because no errors are thrown in 'do' block
197 | let errorMessage = getQueryErrorMessage(errorResponse: errorResponse)
198 | throw FootprintError(kind: .onboardingError, message: "Get onboarding status request failed. \(errorMessage)")
/Users/admin/builder/spi-builder-workspace/Sources/FootprintSwift/OnboardingComponents/FootprintQueries.swift:207:35: warning: 'as' test is always true
205 | do{
206 | return try await OnboardingAPI.validateOnboarding(xFpAuthorization: authToken, openAPIClient: client)
207 | } catch let errorResponse as ErrorResponse {
| `- warning: 'as' test is always true
208 | let errorMessage = getQueryErrorMessage(errorResponse: errorResponse)
209 | throw FootprintError(kind: .onboardingError, message: "Validate onboarding request failed. \(errorMessage)")
/Users/admin/builder/spi-builder-workspace/Sources/FootprintSwift/OnboardingComponents/FootprintQueries.swift:223:35: warning: 'as' test is always true
221 | do {
222 | return try await VaultAPI.decryptUserVault(xFpAuthorization: authToken, userDecryptRequest: request, openAPIClient: client)
223 | } catch let errorResponse as ErrorResponse {
| `- warning: 'as' test is always true
224 | let errorMessage = getQueryErrorMessage(errorResponse: errorResponse)
225 | throw FootprintError(kind: .decryptionError, message: "Decrypt request failed. \(errorMessage)")
/Users/admin/builder/spi-builder-workspace/Sources/FootprintSwift/OnboardingComponents/FootprintQueries.swift:275:35: warning: 'as' test is always true
273 | do{
274 | return try await VaultAPI.vault(xFpAuthorization: authToken, body: VaultData, openAPIClient: client)
275 | } catch let errorResponse as ErrorResponse {
| `- warning: 'as' test is always true
276 | let errorMessage = getQueryErrorMessage(errorResponse: errorResponse)
277 | let errorContext = getVaultErrorContext(errorResponse: errorResponse)
/Users/admin/builder/spi-builder-workspace/Sources/FootprintSwift/OnboardingComponents/RequirementAttributes.swift:59:77: warning: 'flatMap' is deprecated: Please use compactMap(_:) for the case where closure returns an optional value [#DeprecatedDeclaration]
57 | }
58 |
59 | let optionalAttributes = collectDataRequirement?.optionalAttributes.flatMap { $0 }.flatMap { attribute in
| |- warning: 'flatMap' is deprecated: Please use compactMap(_:) for the case where closure returns an optional value [#DeprecatedDeclaration]
| `- note: use 'compactMap(_:)' instead
60 | return CdoToAllDisMap[attribute.rawValue] ?? []
61 | } ?? []
/Users/admin/builder/spi-builder-workspace/Sources/FootprintSwift/OnboardingComponents/Utils/FieldProps.swift:4:23: error: 'UIKeyboardType' is unavailable in watchOS
2 |
3 | internal struct FootprintInputProps{
4 | var keyboardType: UIKeyboardType? = nil
| `- error: 'UIKeyboardType' is unavailable in watchOS
5 | var maxLength: Int? = nil
6 | var textContentType: UITextContentType? = nil
/Applications/Xcode-27.0.0-Release.Candidate.app/Contents/Developer/Platforms/WatchOS.platform/Developer/SDKs/WatchOS27.0.sdk/System/Library/Frameworks/UIKit.framework/Headers/UITextInputTraits.h:127:28: note: 'UIKeyboardType' has been explicitly marked unavailable here
125 | // type if UIKeyboardTypeNumberPad is not supported).
126 | //
127 | typedef NS_ENUM(NSInteger, UIKeyboardType) {
| `- note: 'UIKeyboardType' has been explicitly marked unavailable here
128 | UIKeyboardTypeDefault, // Default type for the current input method.
129 | UIKeyboardTypeASCIICapable, // Displays a keyboard which can enter ASCII characters
/Users/admin/builder/spi-builder-workspace/Sources/FootprintSwift/OnboardingComponents/Utils/FieldProps.swift:6:26: error: 'UITextContentType' is unavailable in watchOS
4 | var keyboardType: UIKeyboardType? = nil
5 | var maxLength: Int? = nil
6 | var textContentType: UITextContentType? = nil
| `- error: 'UITextContentType' is unavailable in watchOS
7 | var autocapitalization: UITextAutocapitalizationType? = nil
8 | var format: ((_ value: String)-> String)? = nil
/Applications/Xcode-27.0.0-Release.Candidate.app/Contents/Developer/Platforms/WatchOS.platform/Developer/SDKs/WatchOS27.0.sdk/System/Library/Frameworks/UIKit.framework/Headers/UITextInputTraits.h:228:20: note: 'UITextContentType' has been explicitly marked unavailable here
226 | } API_AVAILABLE(ios(18.0), visionos(2.4)) API_UNAVAILABLE(tvos, watchos);
227 |
228 | typedef NSString * UITextContentType NS_TYPED_ENUM API_UNAVAILABLE(watchos);
| `- note: 'UITextContentType' has been explicitly marked unavailable here
229 |
230 | UIKIT_EXTERN API_AVAILABLE(ios(12.0)) API_UNAVAILABLE(watchos) NS_SWIFT_UI_ACTOR
/Users/admin/builder/spi-builder-workspace/Sources/FootprintSwift/OnboardingComponents/Utils/FieldProps.swift:7:29: error: 'UITextAutocapitalizationType' is unavailable in watchOS
5 | var maxLength: Int? = nil
6 | var textContentType: UITextContentType? = nil
7 | var autocapitalization: UITextAutocapitalizationType? = nil
| `- error: 'UITextAutocapitalizationType' is unavailable in watchOS
8 | var format: ((_ value: String)-> String)? = nil
9 | }
/Applications/Xcode-27.0.0-Release.Candidate.app/Contents/Developer/Platforms/WatchOS.platform/Developer/SDKs/WatchOS27.0.sdk/System/Library/Frameworks/UIKit.framework/Headers/UITextInputTraits.h:22:28: note: 'UITextAutocapitalizationType' has been explicitly marked unavailable here
20 | // cases, these values are ignored by the keyboard/input method implementation.
21 | //
22 | typedef NS_ENUM(NSInteger, UITextAutocapitalizationType) {
| `- note: 'UITextAutocapitalizationType' has been explicitly marked unavailable here
23 | UITextAutocapitalizationTypeNone,
24 | UITextAutocapitalizationTypeWords,
/Users/admin/builder/spi-builder-workspace/Sources/FootprintSwift/OnboardingComponents/Utils/FieldProps.swift:84:39: error: 'emailAddress' is unavailable in watchOS
82 | case .idEmail:
83 | inputProps.keyboardType = .emailAddress
84 | inputProps.textContentType = .emailAddress
| `- error: 'emailAddress' is unavailable in watchOS
85 | inputProps.autocapitalization = .none
86 | case .idPhoneNumber:
/Applications/Xcode-27.0.0-Release.Candidate.app/Contents/Developer/Platforms/WatchOS.platform/Developer/SDKs/WatchOS27.0.sdk/System/Library/Frameworks/UIKit.framework/Headers/UITextInputTraits.h:316:38: note: 'emailAddress' has been explicitly marked unavailable here
314 | UIKIT_EXTERN UITextContentType const UITextContentTypePostalCode API_AVAILABLE(ios(10.0)) API_UNAVAILABLE(watchos);
315 | UIKIT_EXTERN UITextContentType const UITextContentTypeTelephoneNumber API_AVAILABLE(ios(10.0)) API_UNAVAILABLE(watchos);
316 | UIKIT_EXTERN UITextContentType const UITextContentTypeEmailAddress API_AVAILABLE(ios(10.0)) API_UNAVAILABLE(watchos);
| `- note: 'emailAddress' has been explicitly marked unavailable here
317 | UIKIT_EXTERN UITextContentType const UITextContentTypeURL API_AVAILABLE(ios(10.0)) API_UNAVAILABLE(watchos);
318 | UIKIT_EXTERN UITextContentType const UITextContentTypeCreditCardNumber API_AVAILABLE(ios(10.0)) API_UNAVAILABLE(watchos);
/Users/admin/builder/spi-builder-workspace/Sources/FootprintSwift/OnboardingComponents/Utils/FieldProps.swift:85:42: warning: assuming you mean 'Optional<UITextAutocapitalizationType>.none'; did you mean 'UITextAutocapitalizationType.none' instead?
83 | inputProps.keyboardType = .emailAddress
84 | inputProps.textContentType = .emailAddress
85 | inputProps.autocapitalization = .none
| |`- warning: assuming you mean 'Optional<UITextAutocapitalizationType>.none'; did you mean 'UITextAutocapitalizationType.none' instead?
| |- note: explicitly specify 'Optional' to silence this warning
| `- note: use 'UITextAutocapitalizationType.none' instead
86 | case .idPhoneNumber:
87 | inputProps.keyboardType = .phonePad
/Users/admin/builder/spi-builder-workspace/Sources/FootprintSwift/OnboardingComponents/Utils/FieldProps.swift:88:39: error: 'telephoneNumber' is unavailable in watchOS
86 | case .idPhoneNumber:
87 | inputProps.keyboardType = .phonePad
88 | inputProps.textContentType = .telephoneNumber
| `- error: 'telephoneNumber' is unavailable in watchOS
89 | inputProps.format = formatPhoneNumber
90 | case .idDob:
/Applications/Xcode-27.0.0-Release.Candidate.app/Contents/Developer/Platforms/WatchOS.platform/Developer/SDKs/WatchOS27.0.sdk/System/Library/Frameworks/UIKit.framework/Headers/UITextInputTraits.h:315:38: note: 'telephoneNumber' has been explicitly marked unavailable here
313 | UIKIT_EXTERN UITextContentType const UITextContentTypeCountryName API_AVAILABLE(ios(10.0)) API_UNAVAILABLE(watchos);
314 | UIKIT_EXTERN UITextContentType const UITextContentTypePostalCode API_AVAILABLE(ios(10.0)) API_UNAVAILABLE(watchos);
315 | UIKIT_EXTERN UITextContentType const UITextContentTypeTelephoneNumber API_AVAILABLE(ios(10.0)) API_UNAVAILABLE(watchos);
| `- note: 'telephoneNumber' has been explicitly marked unavailable here
316 | UIKIT_EXTERN UITextContentType const UITextContentTypeEmailAddress API_AVAILABLE(ios(10.0)) API_UNAVAILABLE(watchos);
317 | UIKIT_EXTERN UITextContentType const UITextContentTypeURL API_AVAILABLE(ios(10.0)) API_UNAVAILABLE(watchos);
/Users/admin/builder/spi-builder-workspace/Sources/FootprintSwift/OnboardingComponents/Utils/FieldProps.swift:102:39: error: 'name' is unavailable in watchOS
100 | inputProps.format = formatSsn9
101 | case .idFirstName:
102 | inputProps.textContentType = .name
| `- error: 'name' is unavailable in watchOS
103 | inputProps.keyboardType = .default
104 | case .idLastName:
/Applications/Xcode-27.0.0-Release.Candidate.app/Contents/Developer/Platforms/WatchOS.platform/Developer/SDKs/WatchOS27.0.sdk/System/Library/Frameworks/UIKit.framework/Headers/UITextInputTraits.h:296:38: note: 'name' has been explicitly marked unavailable here
294 |
295 |
296 | UIKIT_EXTERN UITextContentType const UITextContentTypeName API_AVAILABLE(ios(10.0)) API_UNAVAILABLE(watchos);
| `- note: 'name' has been explicitly marked unavailable here
297 | UIKIT_EXTERN UITextContentType const UITextContentTypeNamePrefix API_AVAILABLE(ios(10.0)) API_UNAVAILABLE(watchos);
298 | UIKIT_EXTERN UITextContentType const UITextContentTypeGivenName API_AVAILABLE(ios(10.0)) API_UNAVAILABLE(watchos);
/Users/admin/builder/spi-builder-workspace/Sources/FootprintSwift/OnboardingComponents/Utils/FieldProps.swift:105:39: error: 'name' is unavailable in watchOS
103 | inputProps.keyboardType = .default
104 | case .idLastName:
105 | inputProps.textContentType = .name
| `- error: 'name' is unavailable in watchOS
106 | inputProps.keyboardType = .default
107 | case .idMiddleName:
/Applications/Xcode-27.0.0-Release.Candidate.app/Contents/Developer/Platforms/WatchOS.platform/Developer/SDKs/WatchOS27.0.sdk/System/Library/Frameworks/UIKit.framework/Headers/UITextInputTraits.h:296:38: note: 'name' has been explicitly marked unavailable here
294 |
295 |
296 | UIKIT_EXTERN UITextContentType const UITextContentTypeName API_AVAILABLE(ios(10.0)) API_UNAVAILABLE(watchos);
| `- note: 'name' has been explicitly marked unavailable here
297 | UIKIT_EXTERN UITextContentType const UITextContentTypeNamePrefix API_AVAILABLE(ios(10.0)) API_UNAVAILABLE(watchos);
298 | UIKIT_EXTERN UITextContentType const UITextContentTypeGivenName API_AVAILABLE(ios(10.0)) API_UNAVAILABLE(watchos);
/Users/admin/builder/spi-builder-workspace/Sources/FootprintSwift/OnboardingComponents/Utils/FieldProps.swift:108:39: error: 'name' is unavailable in watchOS
106 | inputProps.keyboardType = .default
107 | case .idMiddleName:
108 | inputProps.textContentType = .name
| `- error: 'name' is unavailable in watchOS
109 | inputProps.keyboardType = .default
110 | case .idCountry:
/Applications/Xcode-27.0.0-Release.Candidate.app/Contents/Developer/Platforms/WatchOS.platform/Developer/SDKs/WatchOS27.0.sdk/System/Library/Frameworks/UIKit.framework/Headers/UITextInputTraits.h:296:38: note: 'name' has been explicitly marked unavailable here
294 |
295 |
296 | UIKIT_EXTERN UITextContentType const UITextContentTypeName API_AVAILABLE(ios(10.0)) API_UNAVAILABLE(watchos);
| `- note: 'name' has been explicitly marked unavailable here
297 | UIKIT_EXTERN UITextContentType const UITextContentTypeNamePrefix API_AVAILABLE(ios(10.0)) API_UNAVAILABLE(watchos);
298 | UIKIT_EXTERN UITextContentType const UITextContentTypeGivenName API_AVAILABLE(ios(10.0)) API_UNAVAILABLE(watchos);
/Users/admin/builder/spi-builder-workspace/Sources/FootprintSwift/OnboardingComponents/Utils/FieldProps.swift:112:39: error: 'countryName' is unavailable in watchOS
110 | case .idCountry:
111 | inputProps.keyboardType = .default
112 | inputProps.textContentType = .countryName
| `- error: 'countryName' is unavailable in watchOS
113 | case .idCity:
114 | inputProps.keyboardType = .default
/Applications/Xcode-27.0.0-Release.Candidate.app/Contents/Developer/Platforms/WatchOS.platform/Developer/SDKs/WatchOS27.0.sdk/System/Library/Frameworks/UIKit.framework/Headers/UITextInputTraits.h:313:38: note: 'countryName' has been explicitly marked unavailable here
311 | UIKIT_EXTERN UITextContentType const UITextContentTypeAddressCityAndState API_AVAILABLE(ios(10.0)) API_UNAVAILABLE(watchos);
312 | UIKIT_EXTERN UITextContentType const UITextContentTypeSublocality API_AVAILABLE(ios(10.0)) API_UNAVAILABLE(watchos);
313 | UIKIT_EXTERN UITextContentType const UITextContentTypeCountryName API_AVAILABLE(ios(10.0)) API_UNAVAILABLE(watchos);
| `- note: 'countryName' has been explicitly marked unavailable here
314 | UIKIT_EXTERN UITextContentType const UITextContentTypePostalCode API_AVAILABLE(ios(10.0)) API_UNAVAILABLE(watchos);
315 | UIKIT_EXTERN UITextContentType const UITextContentTypeTelephoneNumber API_AVAILABLE(ios(10.0)) API_UNAVAILABLE(watchos);
/Users/admin/builder/spi-builder-workspace/Sources/FootprintSwift/OnboardingComponents/Utils/FieldProps.swift:115:39: error: 'addressCity' is unavailable in watchOS
113 | case .idCity:
114 | inputProps.keyboardType = .default
115 | inputProps.textContentType = .addressCity
| `- error: 'addressCity' is unavailable in watchOS
116 | case .idAddressLine1:
117 | inputProps.keyboardType = .default
/Applications/Xcode-27.0.0-Release.Candidate.app/Contents/Developer/Platforms/WatchOS.platform/Developer/SDKs/WatchOS27.0.sdk/System/Library/Frameworks/UIKit.framework/Headers/UITextInputTraits.h:309:38: note: 'addressCity' has been explicitly marked unavailable here
307 | UIKIT_EXTERN UITextContentType const UITextContentTypeStreetAddressLine1 API_AVAILABLE(ios(10.0)) API_UNAVAILABLE(watchos);
308 | UIKIT_EXTERN UITextContentType const UITextContentTypeStreetAddressLine2 API_AVAILABLE(ios(10.0)) API_UNAVAILABLE(watchos);
309 | UIKIT_EXTERN UITextContentType const UITextContentTypeAddressCity API_AVAILABLE(ios(10.0)) API_UNAVAILABLE(watchos);
| `- note: 'addressCity' has been explicitly marked unavailable here
310 | UIKIT_EXTERN UITextContentType const UITextContentTypeAddressState API_AVAILABLE(ios(10.0)) API_UNAVAILABLE(watchos);
311 | UIKIT_EXTERN UITextContentType const UITextContentTypeAddressCityAndState API_AVAILABLE(ios(10.0)) API_UNAVAILABLE(watchos);
/Users/admin/builder/spi-builder-workspace/Sources/FootprintSwift/OnboardingComponents/Utils/FieldProps.swift:118:39: error: 'streetAddressLine1' is unavailable in watchOS
116 | case .idAddressLine1:
117 | inputProps.keyboardType = .default
118 | inputProps.textContentType = .streetAddressLine1
| `- error: 'streetAddressLine1' is unavailable in watchOS
119 | case .idAddressLine2:
120 | inputProps.keyboardType = .default
/Applications/Xcode-27.0.0-Release.Candidate.app/Contents/Developer/Platforms/WatchOS.platform/Developer/SDKs/WatchOS27.0.sdk/System/Library/Frameworks/UIKit.framework/Headers/UITextInputTraits.h:307:38: note: 'streetAddressLine1' has been explicitly marked unavailable here
305 | UIKIT_EXTERN UITextContentType const UITextContentTypeLocation API_AVAILABLE(ios(10.0)) API_UNAVAILABLE(watchos);
306 | UIKIT_EXTERN UITextContentType const UITextContentTypeFullStreetAddress API_AVAILABLE(ios(10.0)) API_UNAVAILABLE(watchos);
307 | UIKIT_EXTERN UITextContentType const UITextContentTypeStreetAddressLine1 API_AVAILABLE(ios(10.0)) API_UNAVAILABLE(watchos);
| `- note: 'streetAddressLine1' has been explicitly marked unavailable here
308 | UIKIT_EXTERN UITextContentType const UITextContentTypeStreetAddressLine2 API_AVAILABLE(ios(10.0)) API_UNAVAILABLE(watchos);
309 | UIKIT_EXTERN UITextContentType const UITextContentTypeAddressCity API_AVAILABLE(ios(10.0)) API_UNAVAILABLE(watchos);
/Users/admin/builder/spi-builder-workspace/Sources/FootprintSwift/OnboardingComponents/Utils/FieldProps.swift:121:39: error: 'streetAddressLine2' is unavailable in watchOS
119 | case .idAddressLine2:
120 | inputProps.keyboardType = .default
121 | inputProps.textContentType = .streetAddressLine2
| `- error: 'streetAddressLine2' is unavailable in watchOS
122 | case .idZip:
123 | inputProps.keyboardType = .numberPad
/Applications/Xcode-27.0.0-Release.Candidate.app/Contents/Developer/Platforms/WatchOS.platform/Developer/SDKs/WatchOS27.0.sdk/System/Library/Frameworks/UIKit.framework/Headers/UITextInputTraits.h:308:38: note: 'streetAddressLine2' has been explicitly marked unavailable here
306 | UIKIT_EXTERN UITextContentType const UITextContentTypeFullStreetAddress API_AVAILABLE(ios(10.0)) API_UNAVAILABLE(watchos);
307 | UIKIT_EXTERN UITextContentType const UITextContentTypeStreetAddressLine1 API_AVAILABLE(ios(10.0)) API_UNAVAILABLE(watchos);
308 | UIKIT_EXTERN UITextContentType const UITextContentTypeStreetAddressLine2 API_AVAILABLE(ios(10.0)) API_UNAVAILABLE(watchos);
| `- note: 'streetAddressLine2' has been explicitly marked unavailable here
309 | UIKIT_EXTERN UITextContentType const UITextContentTypeAddressCity API_AVAILABLE(ios(10.0)) API_UNAVAILABLE(watchos);
310 | UIKIT_EXTERN UITextContentType const UITextContentTypeAddressState API_AVAILABLE(ios(10.0)) API_UNAVAILABLE(watchos);
/Users/admin/builder/spi-builder-workspace/Sources/FootprintSwift/OnboardingComponents/Utils/FieldProps.swift:124:39: error: 'postalCode' is unavailable in watchOS
122 | case .idZip:
123 | inputProps.keyboardType = .numberPad
124 | inputProps.textContentType = .postalCode
| `- error: 'postalCode' is unavailable in watchOS
125 | case .idState:
126 | inputProps.keyboardType = .default
/Applications/Xcode-27.0.0-Release.Candidate.app/Contents/Developer/Platforms/WatchOS.platform/Developer/SDKs/WatchOS27.0.sdk/System/Library/Frameworks/UIKit.framework/Headers/UITextInputTraits.h:314:38: note: 'postalCode' has been explicitly marked unavailable here
312 | UIKIT_EXTERN UITextContentType const UITextContentTypeSublocality API_AVAILABLE(ios(10.0)) API_UNAVAILABLE(watchos);
313 | UIKIT_EXTERN UITextContentType const UITextContentTypeCountryName API_AVAILABLE(ios(10.0)) API_UNAVAILABLE(watchos);
314 | UIKIT_EXTERN UITextContentType const UITextContentTypePostalCode API_AVAILABLE(ios(10.0)) API_UNAVAILABLE(watchos);
| `- note: 'postalCode' has been explicitly marked unavailable here
315 | UIKIT_EXTERN UITextContentType const UITextContentTypeTelephoneNumber API_AVAILABLE(ios(10.0)) API_UNAVAILABLE(watchos);
316 | UIKIT_EXTERN UITextContentType const UITextContentTypeEmailAddress API_AVAILABLE(ios(10.0)) API_UNAVAILABLE(watchos);
/Users/admin/builder/spi-builder-workspace/Sources/FootprintSwift/OnboardingComponents/Utils/FieldProps.swift:127:39: error: 'addressState' is unavailable in watchOS
125 | case .idState:
126 | inputProps.keyboardType = .default
127 | inputProps.textContentType = .addressState
| `- error: 'addressState' is unavailable in watchOS
128 | default :
129 | break
/Applications/Xcode-27.0.0-Release.Candidate.app/Contents/Developer/Platforms/WatchOS.platform/Developer/SDKs/WatchOS27.0.sdk/System/Library/Frameworks/UIKit.framework/Headers/UITextInputTraits.h:310:38: note: 'addressState' has been explicitly marked unavailable here
308 | UIKIT_EXTERN UITextContentType const UITextContentTypeStreetAddressLine2 API_AVAILABLE(ios(10.0)) API_UNAVAILABLE(watchos);
309 | UIKIT_EXTERN UITextContentType const UITextContentTypeAddressCity API_AVAILABLE(ios(10.0)) API_UNAVAILABLE(watchos);
310 | UIKIT_EXTERN UITextContentType const UITextContentTypeAddressState API_AVAILABLE(ios(10.0)) API_UNAVAILABLE(watchos);
| `- note: 'addressState' has been explicitly marked unavailable here
311 | UIKIT_EXTERN UITextContentType const UITextContentTypeAddressCityAndState API_AVAILABLE(ios(10.0)) API_UNAVAILABLE(watchos);
312 | UIKIT_EXTERN UITextContentType const UITextContentTypeSublocality API_AVAILABLE(ios(10.0)) API_UNAVAILABLE(watchos);
SwiftCompile normal arm64_32 /Users/admin/builder/spi-builder-workspace/Sources/FootprintSwift/OnboardingComponents/FootprintError.swift (in target 'FootprintSwift' from project 'FootprintSwift')
cd /Users/admin/builder/spi-builder-workspace/.swiftpm/xcode
builtin-SwiftPerFileCompile FootprintError.swift
SwiftCompile normal arm64_32 /Users/admin/builder/spi-builder-workspace/Sources/FootprintSwift/OnboardingComponents/FootprintProvider.swift (in target 'FootprintSwift' from project 'FootprintSwift')
cd /Users/admin/builder/spi-builder-workspace/.swiftpm/xcode
builtin-SwiftPerFileCompile FootprintProvider.swift
SwiftCompile normal arm64_32 /Users/admin/builder/spi-builder-workspace/Sources/FootprintSwift/OnboardingComponents/FootprintQueries.swift (in target 'FootprintSwift' from project 'FootprintSwift')
cd /Users/admin/builder/spi-builder-workspace/.swiftpm/xcode
builtin-SwiftPerFileCompile FootprintQueries.swift
SwiftCompile normal arm64_32 /Users/admin/builder/spi-builder-workspace/Sources/FootprintSwift/OnboardingComponents/FootprintSupportedCountryCodes.swift (in target 'FootprintSwift' from project 'FootprintSwift')
cd /Users/admin/builder/spi-builder-workspace/.swiftpm/xcode
builtin-SwiftPerFileCompile FootprintSupportedCountryCodes.swift
SwiftCompile normal arm64_32 /Users/admin/builder/spi-builder-workspace/Sources/FootprintSwift/OnboardingComponents/FormManager.swift (in target 'FootprintSwift' from project 'FootprintSwift')
cd /Users/admin/builder/spi-builder-workspace/.swiftpm/xcode
builtin-SwiftPerFileCompile FormManager.swift
SwiftCompile normal arm64_32 /Users/admin/builder/spi-builder-workspace/Sources/FootprintSwift/OnboardingComponents/FpFieldName.swift (in target 'FootprintSwift' from project 'FootprintSwift')
cd /Users/admin/builder/spi-builder-workspace/.swiftpm/xcode
builtin-SwiftPerFileCompile FpFieldName.swift
SwiftCompile normal arm64_32 /Users/admin/builder/spi-builder-workspace/Sources/FootprintSwift/OnboardingComponents/RequirementAttributes.swift (in target 'FootprintSwift' from project 'FootprintSwift')
cd /Users/admin/builder/spi-builder-workspace/.swiftpm/xcode
builtin-SwiftPerFileCompile RequirementAttributes.swift
SwiftCompile normal arm64_32 /Users/admin/builder/spi-builder-workspace/Sources/FootprintSwift/OnboardingComponents/Utils/DateFormatters.swift (in target 'FootprintSwift' from project 'FootprintSwift')
cd /Users/admin/builder/spi-builder-workspace/.swiftpm/xcode
builtin-SwiftPerFileCompile DateFormatters.swift
SwiftCompile normal arm64_32 /Users/admin/builder/spi-builder-workspace/Sources/FootprintSwift/OnboardingComponents/Utils/FieldProps.swift (in target 'FootprintSwift' from project 'FootprintSwift')
cd /Users/admin/builder/spi-builder-workspace/.swiftpm/xcode
builtin-SwiftPerFileCompile FieldProps.swift
SwiftCompile normal arm64_32 /Users/admin/builder/spi-builder-workspace/Sources/FootprintSwift/OnboardingComponents/Utils/InputFormatters.swift (in target 'FootprintSwift' from project 'FootprintSwift')
cd /Users/admin/builder/spi-builder-workspace/.swiftpm/xcode
builtin-SwiftPerFileCompile InputFormatters.swift
SwiftCompile normal arm64_32 /Users/admin/builder/spi-builder-workspace/Sources/FootprintSwift/OnboardingComponents/Utils/Validations/IsAddressLine.swift (in target 'FootprintSwift' from project 'FootprintSwift')
cd /Users/admin/builder/spi-builder-workspace/.swiftpm/xcode
builtin-SwiftPerFileCompile IsAddressLine.swift
SwiftCompile normal arm64_32 /Users/admin/builder/spi-builder-workspace/Sources/FootprintSwift/OnboardingComponents/Utils/Validations/IsAlphanumeric.swift (in target 'FootprintSwift' from project 'FootprintSwift')
cd /Users/admin/builder/spi-builder-workspace/.swiftpm/xcode
builtin-SwiftPerFileCompile IsAlphanumeric.swift
SwiftCompile normal arm64_32 /Users/admin/builder/spi-builder-workspace/Sources/FootprintSwift/OnboardingComponents/Utils/Validations/IsDob.swift (in target 'FootprintSwift' from project 'FootprintSwift')
cd /Users/admin/builder/spi-builder-workspace/.swiftpm/xcode
builtin-SwiftPerFileCompile IsDob.swift
SwiftCompile normal arm64_32 /Users/admin/builder/spi-builder-workspace/Sources/FootprintSwift/OnboardingComponents/Utils/Validations/IsEmail.swift (in target 'FootprintSwift' from project 'FootprintSwift')
cd /Users/admin/builder/spi-builder-workspace/.swiftpm/xcode
builtin-SwiftPerFileCompile IsEmail.swift
SwiftCompile normal arm64_32 /Users/admin/builder/spi-builder-workspace/Sources/FootprintSwift/OnboardingComponents/Utils/Validations/IsEmailDomain.swift (in target 'FootprintSwift' from project 'FootprintSwift')
cd /Users/admin/builder/spi-builder-workspace/.swiftpm/xcode
builtin-SwiftPerFileCompile IsEmailDomain.swift
SwiftCompile normal arm64_32 /Users/admin/builder/spi-builder-workspace/Sources/FootprintSwift/OnboardingComponents/Utils/Validations/IsIpAddress.swift (in target 'FootprintSwift' from project 'FootprintSwift')
cd /Users/admin/builder/spi-builder-workspace/.swiftpm/xcode
builtin-SwiftPerFileCompile IsIpAddress.swift
SwiftCompile normal arm64_32 Compiling\ CheckSessionResponse.swift,\ CollectDataRequirement.swift,\ CollectInvestorProfileRequirement.swift,\ CollectedAttributes.swift,\ ConsentRequest.swift,\ CreateDeviceAttestationRequest.swift,\ CreateDocumentRequest.swift,\ CreateDocumentResponse.swift,\ CreateOnboardingTimelineRequest.swift,\ CreateSdkArgsTokenResponse.swift,\ CreateUserTokenRequest.swift,\ CreateUserTokenResponse.swift,\ D2pGenerateRequest.swift,\ D2pGenerateRequestMeta.swift,\ D2pGenerateRequestMetaL10n.swift,\ D2pGenerateResponse.swift,\ D2pSmsRequest.swift /Users/admin/builder/spi-builder-workspace/Sources/FootprintSwift/OnboardingComponents/Client/Models/CheckSessionResponse.swift /Users/admin/builder/spi-builder-workspace/Sources/FootprintSwift/OnboardingComponents/Client/Models/CollectDataRequirement.swift /Users/admin/builder/spi-builder-workspace/Sources/FootprintSwift/OnboardingComponents/Client/Models/CollectInvestorProfileRequirement.swift /Users/admin/builder/spi-builder-workspace/Sources/FootprintSwift/OnboardingComponents/Client/Models/CollectedAttributes.swift /Users/admin/builder/spi-builder-workspace/Sources/FootprintSwift/OnboardingComponents/Client/Models/ConsentRequest.swift /Users/admin/builder/spi-builder-workspace/Sources/FootprintSwift/OnboardingComponents/Client/Models/CreateDeviceAttestationRequest.swift /Users/admin/builder/spi-builder-workspace/Sources/FootprintSwift/OnboardingComponents/Client/Models/CreateDocumentRequest.swift /Users/admin/builder/spi-builder-workspace/Sources/FootprintSwift/OnboardingComponents/Client/Models/CreateDocumentResponse.swift /Users/admin/builder/spi-builder-workspace/Sources/FootprintSwift/OnboardingComponents/Client/Models/CreateOnboardingTimelineRequest.swift /Users/admin/builder/spi-builder-workspace/Sources/FootprintSwift/OnboardingComponents/Client/Models/CreateSdkArgsTokenResponse.swift /Users/admin/builder/spi-builder-workspace/Sources/FootprintSwift/OnboardingComponents/Client/Models/CreateUserTokenRequest.swift /Users/admin/builder/spi-builder-workspace/Sources/FootprintSwift/OnboardingComponents/Client/Models/CreateUserTokenResponse.swift /Users/admin/builder/spi-builder-workspace/Sources/FootprintSwift/OnboardingComponents/Client/Models/D2pGenerateRequest.swift /Users/admin/builder/spi-builder-workspace/Sources/FootprintSwift/OnboardingComponents/Client/Models/D2pGenerateRequestMeta.swift /Users/admin/builder/spi-builder-workspace/Sources/FootprintSwift/OnboardingComponents/Client/Models/D2pGenerateRequestMetaL10n.swift /Users/admin/builder/spi-builder-workspace/Sources/FootprintSwift/OnboardingComponents/Client/Models/D2pGenerateResponse.swift /Users/admin/builder/spi-builder-workspace/Sources/FootprintSwift/OnboardingComponents/Client/Models/D2pSmsRequest.swift (in target 'FootprintSwift' from project 'FootprintSwift')
SwiftCompile normal arm64_32 /Users/admin/builder/spi-builder-workspace/Sources/FootprintSwift/OnboardingComponents/Client/Models/CheckSessionResponse.swift (in target 'FootprintSwift' from project 'FootprintSwift')
cd /Users/admin/builder/spi-builder-workspace/.swiftpm/xcode
builtin-SwiftPerFileCompile CheckSessionResponse.swift
SwiftCompile normal arm64_32 /Users/admin/builder/spi-builder-workspace/Sources/FootprintSwift/OnboardingComponents/Client/Models/CollectDataRequirement.swift (in target 'FootprintSwift' from project 'FootprintSwift')
cd /Users/admin/builder/spi-builder-workspace/.swiftpm/xcode
builtin-SwiftPerFileCompile CollectDataRequirement.swift
SwiftCompile normal arm64_32 /Users/admin/builder/spi-builder-workspace/Sources/FootprintSwift/OnboardingComponents/Client/Models/CollectInvestorProfileRequirement.swift (in target 'FootprintSwift' from project 'FootprintSwift')
cd /Users/admin/builder/spi-builder-workspace/.swiftpm/xcode
builtin-SwiftPerFileCompile CollectInvestorProfileRequirement.swift
SwiftCompile normal arm64_32 /Users/admin/builder/spi-builder-workspace/Sources/FootprintSwift/OnboardingComponents/Client/Models/CollectedAttributes.swift (in target 'FootprintSwift' from project 'FootprintSwift')
cd /Users/admin/builder/spi-builder-workspace/.swiftpm/xcode
builtin-SwiftPerFileCompile CollectedAttributes.swift
SwiftCompile normal arm64_32 /Users/admin/builder/spi-builder-workspace/Sources/FootprintSwift/OnboardingComponents/Client/Models/ConsentRequest.swift (in target 'FootprintSwift' from project 'FootprintSwift')
cd /Users/admin/builder/spi-builder-workspace/.swiftpm/xcode
builtin-SwiftPerFileCompile ConsentRequest.swift
SwiftCompile normal arm64_32 /Users/admin/builder/spi-builder-workspace/Sources/FootprintSwift/OnboardingComponents/Client/Models/CreateDeviceAttestationRequest.swift (in target 'FootprintSwift' from project 'FootprintSwift')
cd /Users/admin/builder/spi-builder-workspace/.swiftpm/xcode
builtin-SwiftPerFileCompile CreateDeviceAttestationRequest.swift
SwiftCompile normal arm64_32 /Users/admin/builder/spi-builder-workspace/Sources/FootprintSwift/OnboardingComponents/Client/Models/CreateDocumentRequest.swift (in target 'FootprintSwift' from project 'FootprintSwift')
cd /Users/admin/builder/spi-builder-workspace/.swiftpm/xcode
builtin-SwiftPerFileCompile CreateDocumentRequest.swift
SwiftCompile normal arm64_32 /Users/admin/builder/spi-builder-workspace/Sources/FootprintSwift/OnboardingComponents/Client/Models/CreateDocumentResponse.swift (in target 'FootprintSwift' from project 'FootprintSwift')
cd /Users/admin/builder/spi-builder-workspace/.swiftpm/xcode
builtin-SwiftPerFileCompile CreateDocumentResponse.swift
SwiftCompile normal arm64_32 /Users/admin/builder/spi-builder-workspace/Sources/FootprintSwift/OnboardingComponents/Client/Models/CreateOnboardingTimelineRequest.swift (in target 'FootprintSwift' from project 'FootprintSwift')
cd /Users/admin/builder/spi-builder-workspace/.swiftpm/xcode
builtin-SwiftPerFileCompile CreateOnboardingTimelineRequest.swift
SwiftCompile normal arm64_32 /Users/admin/builder/spi-builder-workspace/Sources/FootprintSwift/OnboardingComponents/Client/Models/CreateSdkArgsTokenResponse.swift (in target 'FootprintSwift' from project 'FootprintSwift')
cd /Users/admin/builder/spi-builder-workspace/.swiftpm/xcode
builtin-SwiftPerFileCompile CreateSdkArgsTokenResponse.swift
SwiftCompile normal arm64_32 /Users/admin/builder/spi-builder-workspace/Sources/FootprintSwift/OnboardingComponents/Client/Models/CreateUserTokenRequest.swift (in target 'FootprintSwift' from project 'FootprintSwift')
cd /Users/admin/builder/spi-builder-workspace/.swiftpm/xcode
builtin-SwiftPerFileCompile CreateUserTokenRequest.swift
SwiftCompile normal arm64_32 /Users/admin/builder/spi-builder-workspace/Sources/FootprintSwift/OnboardingComponents/Client/Models/CreateUserTokenResponse.swift (in target 'FootprintSwift' from project 'FootprintSwift')
cd /Users/admin/builder/spi-builder-workspace/.swiftpm/xcode
builtin-SwiftPerFileCompile CreateUserTokenResponse.swift
SwiftCompile normal arm64_32 /Users/admin/builder/spi-builder-workspace/Sources/FootprintSwift/OnboardingComponents/Client/Models/D2pGenerateRequest.swift (in target 'FootprintSwift' from project 'FootprintSwift')
cd /Users/admin/builder/spi-builder-workspace/.swiftpm/xcode
builtin-SwiftPerFileCompile D2pGenerateRequest.swift
SwiftCompile normal arm64_32 /Users/admin/builder/spi-builder-workspace/Sources/FootprintSwift/OnboardingComponents/Client/Models/D2pGenerateRequestMeta.swift (in target 'FootprintSwift' from project 'FootprintSwift')
cd /Users/admin/builder/spi-builder-workspace/.swiftpm/xcode
builtin-SwiftPerFileCompile D2pGenerateRequestMeta.swift
SwiftCompile normal arm64_32 /Users/admin/builder/spi-builder-workspace/Sources/FootprintSwift/OnboardingComponents/Client/Models/D2pGenerateRequestMetaL10n.swift (in target 'FootprintSwift' from project 'FootprintSwift')
cd /Users/admin/builder/spi-builder-workspace/.swiftpm/xcode
builtin-SwiftPerFileCompile D2pGenerateRequestMetaL10n.swift
SwiftCompile normal arm64_32 /Users/admin/builder/spi-builder-workspace/Sources/FootprintSwift/OnboardingComponents/Client/Models/D2pGenerateResponse.swift (in target 'FootprintSwift' from project 'FootprintSwift')
cd /Users/admin/builder/spi-builder-workspace/.swiftpm/xcode
builtin-SwiftPerFileCompile D2pGenerateResponse.swift
SwiftCompile normal arm64_32 /Users/admin/builder/spi-builder-workspace/Sources/FootprintSwift/OnboardingComponents/Client/Models/D2pSmsRequest.swift (in target 'FootprintSwift' from project 'FootprintSwift')
cd /Users/admin/builder/spi-builder-workspace/.swiftpm/xcode
builtin-SwiftPerFileCompile D2pSmsRequest.swift
SwiftEmitModule normal arm64 Emitting\ module\ for\ FootprintSwift (in target 'FootprintSwift' from project 'FootprintSwift')
SwiftCompile normal arm64 (in target 'FootprintSwift' from project 'FootprintSwift')
cd /Users/admin/builder/spi-builder-workspace/.swiftpm/xcode
PruneExplicitPrecompiledModules /Users/admin/builder/spi-builder-workspace/.derivedData/Build/Intermediates.noindex/ExplicitPrecompiledModules
PruneExplicitPrecompiledModules /Users/admin/builder/spi-builder-workspace/.derivedData/Build/Intermediates.noindex/SwiftExplicitPrecompiledModules
PruneExplicitPrecompiledModules /Users/admin/builder/spi-builder-workspace/.derivedData/SDKExplicitPrecompiledModules
2026-09-21 14:36:33.056 xcodebuild[815:4888] [MT] IDERunDestination: Supported platforms for the buildables in the current scheme is empty.
** BUILD FAILED **
The following build commands failed:
SwiftCompile normal arm64_32 (in target 'FootprintSwift' from project 'FootprintSwift')
SwiftEmitModule normal arm64_32 Emitting\ module\ for\ FootprintSwift (in target 'FootprintSwift' from project 'FootprintSwift')
Building workspace FootprintSwift with scheme FootprintSwift
(3 failures)
BUILD FAILURE 6.4 watchOS