Build Information
Failed to build CustomAlert, reference main (2867ef), with Swift 6.4 for tvOS using Xcode 27.0 on 5 Oct 2026 07:29:03 UTC.
Build Command
env DEVELOPER_DIR=/Applications/Xcode-27.0.0-Release.Candidate.app xcrun xcodebuild -IDEClonedSourcePackagesDirPathOverride=$PWD/.dependencies -skipMacroValidation -skipPackagePluginValidation -derivedDataPath $PWD/.derivedData build -scheme CustomAlert -destination generic/platform=tvOSBuild Log
cd /Users/admin/builder/spi-builder-workspace
/Applications/Xcode-27.0.0-Release.Candidate.app/Contents/Developer/usr/bin/actool /Users/admin/builder/spi-builder-workspace/Sources/CustomAlert/Assets.xcassets --compile /Users/admin/builder/spi-builder-workspace/.derivedData/Build/Intermediates.noindex/CustomAlert.build/Debug-appletvos/CustomAlert_CustomAlert-b.build/assetcatalog_output/thinned --output-format human-readable-text --notices --warnings --export-dependency-info /Users/admin/builder/spi-builder-workspace/.derivedData/Build/Intermediates.noindex/CustomAlert.build/Debug-appletvos/CustomAlert_CustomAlert-b.build/assetcatalog_dependencies_thinned --output-partial-info-plist /Users/admin/builder/spi-builder-workspace/.derivedData/Build/Intermediates.noindex/CustomAlert.build/Debug-appletvos/CustomAlert_CustomAlert-b.build/assetcatalog_generated_info.plist_thinned --compress-pngs --enable-on-demand-resources NO --development-region en --leaderboard-identifier-prefix CustomAlert_CustomAlert.game-center.leaderboard. --leaderboard-set-identifier-prefix CustomAlert_CustomAlert.game-center.leaderboard-set. --target-device tv --minimum-deployment-target 15.0 --platform appletvos
/* com.apple.actool.compilation-results */
/Users/admin/builder/spi-builder-workspace/.derivedData/Build/Intermediates.noindex/CustomAlert.build/Debug-appletvos/CustomAlert_CustomAlert-b.build/assetcatalog_generated_info.plist_thinned
/Users/admin/builder/spi-builder-workspace/.derivedData/Build/Intermediates.noindex/CustomAlert.build/Debug-appletvos/CustomAlert_CustomAlert-b.build/assetcatalog_output/thinned/Assets.car
LinkAssetCatalog /Users/admin/builder/spi-builder-workspace/Sources/CustomAlert/Assets.xcassets (in target 'CustomAlert_CustomAlert' from project 'CustomAlert')
cd /Users/admin/builder/spi-builder-workspace
builtin-linkAssetCatalog --thinned /Users/admin/builder/spi-builder-workspace/.derivedData/Build/Intermediates.noindex/CustomAlert.build/Debug-appletvos/CustomAlert_CustomAlert-b.build/assetcatalog_output/thinned --thinned-dependencies /Users/admin/builder/spi-builder-workspace/.derivedData/Build/Intermediates.noindex/CustomAlert.build/Debug-appletvos/CustomAlert_CustomAlert-b.build/assetcatalog_dependencies_thinned --thinned-info-plist-content /Users/admin/builder/spi-builder-workspace/.derivedData/Build/Intermediates.noindex/CustomAlert.build/Debug-appletvos/CustomAlert_CustomAlert-b.build/assetcatalog_generated_info.plist_thinned --unthinned /Users/admin/builder/spi-builder-workspace/.derivedData/Build/Intermediates.noindex/CustomAlert.build/Debug-appletvos/CustomAlert_CustomAlert-b.build/assetcatalog_output/unthinned --unthinned-dependencies /Users/admin/builder/spi-builder-workspace/.derivedData/Build/Intermediates.noindex/CustomAlert.build/Debug-appletvos/CustomAlert_CustomAlert-b.build/assetcatalog_dependencies_unthinned --unthinned-info-plist-content /Users/admin/builder/spi-builder-workspace/.derivedData/Build/Intermediates.noindex/CustomAlert.build/Debug-appletvos/CustomAlert_CustomAlert-b.build/assetcatalog_generated_info.plist_unthinned --output /Users/admin/builder/spi-builder-workspace/.derivedData/Build/Products/Debug-appletvos/CustomAlert_CustomAlert.bundle --plist-output /Users/admin/builder/spi-builder-workspace/.derivedData/Build/Intermediates.noindex/CustomAlert.build/Debug-appletvos/CustomAlert_CustomAlert-b.build/assetcatalog_generated_info.plist
note: Emplaced /Users/admin/builder/spi-builder-workspace/.derivedData/Build/Products/Debug-appletvos/CustomAlert_CustomAlert.bundle/Assets.car (in target 'CustomAlert_CustomAlert' from project 'CustomAlert')
ProcessInfoPlistFile /Users/admin/builder/spi-builder-workspace/.derivedData/Build/Products/Debug-appletvos/CustomAlert_CustomAlert.bundle/Info.plist /Users/admin/builder/spi-builder-workspace/.derivedData/Build/Intermediates.noindex/CustomAlert.build/Debug-appletvos/CustomAlert_CustomAlert-b.build/empty-CustomAlert_CustomAlert.plist (in target 'CustomAlert_CustomAlert' from project 'CustomAlert')
cd /Users/admin/builder/spi-builder-workspace
builtin-infoPlistUtility /Users/admin/builder/spi-builder-workspace/.derivedData/Build/Intermediates.noindex/CustomAlert.build/Debug-appletvos/CustomAlert_CustomAlert-b.build/empty-CustomAlert_CustomAlert.plist -producttype com.apple.product-type.bundle -expandbuildsettings -format binary -platform appletvos -additionalcontentfile /Users/admin/builder/spi-builder-workspace/.derivedData/Build/Intermediates.noindex/CustomAlert.build/Debug-appletvos/CustomAlert_CustomAlert-b.build/assetcatalog_generated_info.plist -o /Users/admin/builder/spi-builder-workspace/.derivedData/Build/Products/Debug-appletvos/CustomAlert_CustomAlert.bundle/Info.plist
RegisterExecutionPolicyException /Users/admin/builder/spi-builder-workspace/.derivedData/Build/Products/Debug-appletvos/CustomAlert_CustomAlert.bundle (in target 'CustomAlert_CustomAlert' from project 'CustomAlert')
cd /Users/admin/builder/spi-builder-workspace
builtin-RegisterExecutionPolicyException /Users/admin/builder/spi-builder-workspace/.derivedData/Build/Products/Debug-appletvos/CustomAlert_CustomAlert.bundle
Touch /Users/admin/builder/spi-builder-workspace/.derivedData/Build/Products/Debug-appletvos/CustomAlert_CustomAlert.bundle (in target 'CustomAlert_CustomAlert' from project 'CustomAlert')
cd /Users/admin/builder/spi-builder-workspace
/usr/bin/touch -c /Users/admin/builder/spi-builder-workspace/.derivedData/Build/Products/Debug-appletvos/CustomAlert_CustomAlert.bundle
SwiftDriver WindowReader normal arm64 com.apple.xcode.tools.swift.compiler (in target 'WindowReader' from project 'WindowReader')
cd /Users/admin/builder/spi-builder-workspace/.swiftpm/xcode
builtin-SwiftDriver -- /Applications/Xcode-27.0.0-Release.Candidate.app/Contents/Developer/Toolchains/XcodeDefault.xctoolchain/usr/bin/swiftc -parse-as-library -module-name WindowReader -Onone @/Users/admin/builder/spi-builder-workspace/.derivedData/Build/Intermediates.noindex/WindowReader.build/Debug-appletvos/WindowReader-t.build/Objects-normal/arm64/WindowReader.SwiftFileList -DSWIFT_PACKAGE -DDEBUG -DSWIFT_MODULE_RESOURCE_BUNDLE_UNAVAILABLE -DXcode -plugin-path /Applications/Xcode-27.0.0-Release.Candidate.app/Contents/Developer/Toolchains/XcodeDefault.xctoolchain/usr/lib/swift/host/plugins/testing -enable-experimental-feature DebugDescriptionMacro -sdk /Applications/Xcode-27.0.0-Release.Candidate.app/Contents/Developer/Platforms/AppleTVOS.platform/Developer/SDKs/AppleTVOS27.0.sdk -target arm64-apple-tvos15.0 -g -module-cache-path /Users/admin/builder/spi-builder-workspace/.derivedData/ModuleCache.noindex -Xfrontend -serialize-debugging-options -profile-coverage-mapping -profile-generate -enable-testing -suppress-warnings -index-store-path /Users/admin/builder/spi-builder-workspace/.derivedData/Index.noindex/DataStore -Xcc -D_LIBCPP_HARDENING_MODE\=_LIBCPP_HARDENING_MODE_DEBUG -swift-version 6 -I /Users/admin/builder/spi-builder-workspace/.derivedData/Build/Products/Debug-appletvos -Isystem /Applications/Xcode-27.0.0-Release.Candidate.app/Contents/Developer/Platforms/AppleTVOS.platform/Developer/usr/lib -F /Users/admin/builder/spi-builder-workspace/.derivedData/Build/Products/Debug-appletvos -F /Applications/Xcode-27.0.0-Release.Candidate.app/Contents/Developer/Platforms/AppleTVOS.platform/Developer/Library/Frameworks -F /Applications/Xcode-27.0.0-Release.Candidate.app/Contents/Developer/Platforms/AppleTVOS.platform/Developer/SDKs/AppleTVOS27.0.sdk/Developer/Library/Frameworks -c -j10 -enable-batch-mode -incremental -Xcc -ivfsstatcache -Xcc /Users/admin/builder/spi-builder-workspace/.derivedData/SDKStatCaches.noindex/appletvos27.0-24J360-e829b21a6f8c9b70876ba0858053c044b32bfd8d43560033f8d89884cdb90028.sdkstatcache -output-file-map /Users/admin/builder/spi-builder-workspace/.derivedData/Build/Intermediates.noindex/WindowReader.build/Debug-appletvos/WindowReader-t.build/Objects-normal/arm64/WindowReader-OutputFileMap.json -save-temps -no-color-diagnostics -explicit-module-build -module-cache-path /Users/admin/builder/spi-builder-workspace/.derivedData/Build/Intermediates.noindex/SwiftExplicitPrecompiledModules -clang-scanner-module-cache-path /Users/admin/builder/spi-builder-workspace/.derivedData/ModuleCache.noindex -sdk-module-cache-path /Users/admin/builder/spi-builder-workspace/.derivedData/SDKExplicitPrecompiledModules -emit-dependencies -emit-module -emit-module-path /Users/admin/builder/spi-builder-workspace/.derivedData/Build/Intermediates.noindex/WindowReader.build/Debug-appletvos/WindowReader-t.build/Objects-normal/arm64/WindowReader.swiftmodule -serialize-diagnostics -dependency-scan-serialize-diagnostics-path /Users/admin/builder/spi-builder-workspace/.derivedData/Build/Intermediates.noindex/WindowReader.build/Debug-appletvos/WindowReader-t.build/Objects-normal/arm64/WindowReader-dependency-scan.dia -user-module-version 3.1.0 -validate-clang-modules-once -clang-build-session-file /Users/admin/builder/spi-builder-workspace/.derivedData/ModuleCache.noindex/Session.modulevalidation -Xcc -fmodules-prune-interval\=86400 -Xcc -fmodules-prune-after\=345600 -package-name windowreader -emit-const-values -const-gather-protocols-list /Users/admin/builder/spi-builder-workspace/.derivedData/Build/Intermediates.noindex/WindowReader.build/Debug-appletvos/WindowReader-t.build/Objects-normal/arm64/WindowReader_const_extract_protocols.json -Xcc -I/Users/admin/builder/spi-builder-workspace/.derivedData/Build/Products/Debug-appletvos/include -Xcc -I/Users/admin/builder/spi-builder-workspace/.derivedData/Build/Intermediates.noindex/WindowReader.build/Debug-appletvos/WindowReader-t.build/DerivedSources-normal/arm64 -Xcc -I/Users/admin/builder/spi-builder-workspace/.derivedData/Build/Intermediates.noindex/WindowReader.build/Debug-appletvos/WindowReader-t.build/DerivedSources/arm64 -Xcc -I/Users/admin/builder/spi-builder-workspace/.derivedData/Build/Intermediates.noindex/WindowReader.build/Debug-appletvos/WindowReader-t.build/DerivedSources -Xcc -DSWIFT_PACKAGE -Xcc -DDEBUG\=1 -emit-objc-header -emit-objc-header-path /Users/admin/builder/spi-builder-workspace/.derivedData/Build/Intermediates.noindex/WindowReader.build/Debug-appletvos/WindowReader-t.build/Objects-normal/arm64/WindowReader-Swift.h -working-directory /Users/admin/builder/spi-builder-workspace/.swiftpm/xcode -experimental-emit-module-separately -disable-cmo
SwiftExplicitDependencyGeneratePcm arm64 /Users/admin/builder/spi-builder-workspace/.derivedData/SDKExplicitPrecompiledModules/ptrauth-EMKXYE8GN9BK4M3ODSTVDUJU2.pcm
SwiftExplicitDependencyGeneratePcm arm64 /Users/admin/builder/spi-builder-workspace/.derivedData/SDKExplicitPrecompiledModules/DeveloperToolsSupport-CJV8SY9BXJUTONPFWMLQEGTXA.pcm
SwiftExplicitDependencyGeneratePcm arm64 /Users/admin/builder/spi-builder-workspace/.derivedData/SDKExplicitPrecompiledModules/_AvailabilityInternal-99L1JVU5TYE8S0FGGB7E09QQS.pcm
SwiftExplicitDependencyGeneratePcm arm64 /Users/admin/builder/spi-builder-workspace/.derivedData/SDKExplicitPrecompiledModules/_Builtin_float-3RF4B70MBHPP952AX3GNZ8W3H.pcm
SwiftExplicitDependencyGeneratePcm arm64 /Users/admin/builder/spi-builder-workspace/.derivedData/SDKExplicitPrecompiledModules/_SwiftConcurrencyShims-3HZGHPZQL3GY71QUHDRB0P39S.pcm
SwiftExplicitDependencyGeneratePcm arm64 /Users/admin/builder/spi-builder-workspace/.derivedData/SDKExplicitPrecompiledModules/ptrcheck-BA65H1NXYZJ0BLLWO9HZOAZ6Y.pcm
SwiftExplicitDependencyGeneratePcm arm64 /Users/admin/builder/spi-builder-workspace/.derivedData/SDKExplicitPrecompiledModules/_Builtin_stdarg-719DH4G2R3NRP3HRX5HE8WX08.pcm
SwiftExplicitDependencyGeneratePcm arm64 /Users/admin/builder/spi-builder-workspace/.derivedData/SDKExplicitPrecompiledModules/SwiftShims-73G9EXEO9PVWB6PL1BR4TAJ0B.pcm
SwiftExplicitDependencyGeneratePcm arm64 /Users/admin/builder/spi-builder-workspace/.derivedData/SDKExplicitPrecompiledModules/_Builtin_stddef-1MAO6P3OSQFGZFQEPM31XXNSS.pcm
SwiftExplicitDependencyGeneratePcm arm64 /Users/admin/builder/spi-builder-workspace/.derivedData/SDKExplicitPrecompiledModules/_Builtin_stdbool-4UUPXTY52W6RPSB0N2WGGLTJT.pcm
SwiftExplicitDependencyGeneratePcm arm64 /Users/admin/builder/spi-builder-workspace/.derivedData/SDKExplicitPrecompiledModules/_DarwinFoundation1-90NUFDXQ765U5FR62173FT21A.pcm
SwiftExplicitDependencyGeneratePcm arm64 /Users/admin/builder/spi-builder-workspace/.derivedData/SDKExplicitPrecompiledModules/_Builtin_limits-3JICJWOCEYXXXNXAMEJBF6UQN.pcm
SwiftExplicitDependencyGeneratePcm arm64 /Users/admin/builder/spi-builder-workspace/.derivedData/SDKExplicitPrecompiledModules/_DarwinFoundation2-EPKSYG5WMVE7WSPFQB4C0UC59.pcm
SwiftExplicitDependencyGeneratePcm arm64 /Users/admin/builder/spi-builder-workspace/.derivedData/SDKExplicitPrecompiledModules/_Builtin_stdint-A8OKY0NXO26BZ4GWYKP79TKL9.pcm
SwiftExplicitDependencyGeneratePcm arm64 /Users/admin/builder/spi-builder-workspace/.derivedData/SDKExplicitPrecompiledModules/sys_types-CATSGLJDZ8UZUMKHO6M4I4PJT.pcm
SwiftExplicitDependencyGeneratePcm arm64 /Users/admin/builder/spi-builder-workspace/.derivedData/SDKExplicitPrecompiledModules/string_h-B6D36UOVIZC2Y0YE3KEZLZAP6.pcm
SwiftExplicitDependencyGeneratePcm arm64 /Users/admin/builder/spi-builder-workspace/.derivedData/SDKExplicitPrecompiledModules/_Builtin_tgmath-320K271Z6IM134IWIB7S3LTD.pcm
SwiftExplicitDependencyGeneratePcm arm64 /Users/admin/builder/spi-builder-workspace/.derivedData/SDKExplicitPrecompiledModules/_Builtin_stdatomic-71DQV8BR56LNANL900GGEC9KO.pcm
SwiftExplicitDependencyGeneratePcm arm64 /Users/admin/builder/spi-builder-workspace/.derivedData/SDKExplicitPrecompiledModules/_Builtin_intrinsics-AQDFY8KQQX9Z38C6EI15S53EQ.pcm
SwiftExplicitDependencyGeneratePcm arm64 /Users/admin/builder/spi-builder-workspace/.derivedData/SDKExplicitPrecompiledModules/_DarwinFoundation3-63L5I5VCGX6CLI6HI7OWUXJN6.pcm
SwiftExplicitDependencyGeneratePcm arm64 /Users/admin/builder/spi-builder-workspace/.derivedData/SDKExplicitPrecompiledModules/_Builtin_inttypes-80RS02PM2X81SP8N0Q7X05540.pcm
SwiftExplicitDependencyGeneratePcm arm64 /Users/admin/builder/spi-builder-workspace/.derivedData/SDKExplicitPrecompiledModules/Darwin-1VTILT8KA42CNDAUB0H1FM7MC.pcm
SwiftExplicitDependencyGeneratePcm arm64 /Users/admin/builder/spi-builder-workspace/.derivedData/SDKExplicitPrecompiledModules/simd-D50CDGAQRFNF5E2BA2UWCCHLJ.pcm
SwiftExplicitDependencyGeneratePcm arm64 /Users/admin/builder/spi-builder-workspace/.derivedData/SDKExplicitPrecompiledModules/ObjectiveC-CC0BYHG21IQMMT48PGDNSK7G6.pcm
SwiftExplicitDependencyGeneratePcm arm64 /Users/admin/builder/spi-builder-workspace/.derivedData/SDKExplicitPrecompiledModules/MachO-A5KLTMTLJD1DPHEYPZHUSRJ4O.pcm
SwiftExplicitDependencyGeneratePcm arm64 /Users/admin/builder/spi-builder-workspace/.derivedData/SDKExplicitPrecompiledModules/os_object-1TJLDNS7X3UT7Y5TM4QQ2RN6G.pcm
SwiftExplicitDependencyGeneratePcm arm64 /Users/admin/builder/spi-builder-workspace/.derivedData/SDKExplicitPrecompiledModules/os_workgroup-E61GF9E8FAHZGKXVOV9QHUD27.pcm
SwiftExplicitDependencyGeneratePcm arm64 /Users/admin/builder/spi-builder-workspace/.derivedData/SDKExplicitPrecompiledModules/Spatial-2KZFBWN278VTZL619Y96SAJC9.pcm
SwiftExplicitDependencyGeneratePcm arm64 /Users/admin/builder/spi-builder-workspace/.derivedData/SDKExplicitPrecompiledModules/Dispatch-F564M6B2H1RRD83XZ8EBWFSHE.pcm
SwiftExplicitDependencyGeneratePcm arm64 /Users/admin/builder/spi-builder-workspace/.derivedData/SDKExplicitPrecompiledModules/XPC-2WVXL0UION0MYZOZAJZC6DUXD.pcm
SwiftExplicitDependencyGeneratePcm arm64 /Users/admin/builder/spi-builder-workspace/.derivedData/SDKExplicitPrecompiledModules/CoreFoundation-A4LOYEEJIFQKOPZRDOG9M3N2K.pcm
SwiftExplicitDependencyGeneratePcm arm64 /Users/admin/builder/spi-builder-workspace/.derivedData/SDKExplicitPrecompiledModules/os-4NLIUP5HHN7FW5ML70YLEU8QE.pcm
SwiftExplicitDependencyGeneratePcm arm64 /Users/admin/builder/spi-builder-workspace/.derivedData/SDKExplicitPrecompiledModules/CFNetwork-8S7XZ5SI3TWM2JOZPDZPRY8W9.pcm
SwiftExplicitDependencyGeneratePcm arm64 /Users/admin/builder/spi-builder-workspace/.derivedData/SDKExplicitPrecompiledModules/CoreGraphics-D8Y0X4J52BHG7HHUQLTX6SXE1.pcm
SwiftExplicitDependencyGeneratePcm arm64 /Users/admin/builder/spi-builder-workspace/.derivedData/SDKExplicitPrecompiledModules/Security-6KU6X9W8QDIJW83JUF0DRES83.pcm
SwiftExplicitDependencyGeneratePcm arm64 /Users/admin/builder/spi-builder-workspace/.derivedData/SDKExplicitPrecompiledModules/CoreAudioTypes-3D575H9KXE9GWSK6ZWEWBV9TM.pcm
SwiftExplicitDependencyGeneratePcm arm64 /Users/admin/builder/spi-builder-workspace/.derivedData/SDKExplicitPrecompiledModules/CoreAudio-46JNU59TK6U76A9ILN06CT9NS.pcm
SwiftExplicitDependencyGeneratePcm arm64 /Users/admin/builder/spi-builder-workspace/.derivedData/SDKExplicitPrecompiledModules/Foundation-1AS5K10MY6XENLLR2NDUCKYTM.pcm
SwiftExplicitDependencyGeneratePcm arm64 /Users/admin/builder/spi-builder-workspace/.derivedData/SDKExplicitPrecompiledModules/ImageIO-48DA7ET77Q34HPZP9CPHI9VS4.pcm
SwiftExplicitDependencyGeneratePcm arm64 /Users/admin/builder/spi-builder-workspace/.derivedData/SDKExplicitPrecompiledModules/CoreText-E0GG8D3D527TJX7D2QEHFQLM2.pcm
SwiftExplicitDependencyGeneratePcm arm64 /Users/admin/builder/spi-builder-workspace/.derivedData/SDKExplicitPrecompiledModules/DataDetection-9IX0C1MAX33MS6TCZDSNKXEO8.pcm
SwiftExplicitDependencyGeneratePcm arm64 /Users/admin/builder/spi-builder-workspace/.derivedData/SDKExplicitPrecompiledModules/Symbols-9TNA7JIKOEYVTYC7A16HCS4Z8.pcm
SwiftExplicitDependencyGeneratePcm arm64 /Users/admin/builder/spi-builder-workspace/.derivedData/SDKExplicitPrecompiledModules/UniformTypeIdentifiers-DQ77M7R0D7VCBK0YUO3VHCRB1.pcm
SwiftExplicitDependencyGeneratePcm arm64 /Users/admin/builder/spi-builder-workspace/.derivedData/SDKExplicitPrecompiledModules/_LocationEssentials-2OY9351FRBO717MIULOKMYA9E.pcm
SwiftExplicitDependencyGeneratePcm arm64 /Users/admin/builder/spi-builder-workspace/.derivedData/SDKExplicitPrecompiledModules/OSLog-1UX1YGRJSIOEO9YC3MNFFD818.pcm
SwiftExplicitDependencyGeneratePcm arm64 /Users/admin/builder/spi-builder-workspace/.derivedData/SDKExplicitPrecompiledModules/UIUtilities-9NQVCWATNLLVY125LB74695HY.pcm
SwiftExplicitDependencyGeneratePcm arm64 /Users/admin/builder/spi-builder-workspace/.derivedData/SDKExplicitPrecompiledModules/CoreData-3R0N6HKKQMVS32U7KOKR14383.pcm
SwiftExplicitDependencyGeneratePcm arm64 /Users/admin/builder/spi-builder-workspace/.derivedData/SDKExplicitPrecompiledModules/CoreTransferable-84B3V3M9DHRIQERK179SSQO5U.pcm
SwiftExplicitDependencyGeneratePcm arm64 /Users/admin/builder/spi-builder-workspace/.derivedData/SDKExplicitPrecompiledModules/UserNotifications-AKH3GC0FQWUK55FNTW4WEMFQE.pcm
SwiftExplicitDependencyGeneratePcm arm64 /Users/admin/builder/spi-builder-workspace/.derivedData/SDKExplicitPrecompiledModules/IOSurface-DEQULTJ8SC21O986FDCNTM8FX.pcm
SwiftExplicitDependencyGeneratePcm arm64 /Users/admin/builder/spi-builder-workspace/.derivedData/SDKExplicitPrecompiledModules/Accessibility-EAPB6A95K5V0S27QNKR6ATG7F.pcm
SwiftExplicitDependencyGeneratePcm arm64 /Users/admin/builder/spi-builder-workspace/.derivedData/SDKExplicitPrecompiledModules/CoreLocation-6939X9DMB2SA43P0TYB7Z14Z5.pcm
SwiftExplicitDependencyGeneratePcm arm64 /Users/admin/builder/spi-builder-workspace/.derivedData/SDKExplicitPrecompiledModules/Metal-52GB3RCZ6A2WEZ7RWCXV2WL0N.pcm
SwiftExplicitDependencyGeneratePcm arm64 /Users/admin/builder/spi-builder-workspace/.derivedData/SDKExplicitPrecompiledModules/OpenGLES-6Y33D4DDPO1R82EJXT1SIGNPS.pcm
SwiftExplicitDependencyGeneratePcm arm64 /Users/admin/builder/spi-builder-workspace/.derivedData/SDKExplicitPrecompiledModules/CoreVideo-5G4VAY32QMJB00PUALI6188LK.pcm
SwiftExplicitDependencyGeneratePcm arm64 /Users/admin/builder/spi-builder-workspace/.derivedData/SDKExplicitPrecompiledModules/CoreMedia-43BPYBY7ZACBDCUTAJXJFLTBP.pcm
SwiftExplicitDependencyGeneratePcm arm64 /Users/admin/builder/spi-builder-workspace/.derivedData/SDKExplicitPrecompiledModules/QuartzCore-DSNZZA81DYNK4OK1ANRR6HM7G.pcm
SwiftExplicitDependencyGeneratePcm arm64 /Users/admin/builder/spi-builder-workspace/.derivedData/SDKExplicitPrecompiledModules/CoreImage-ATUQ374FIDJPA1DF5BLR644CG.pcm
SwiftExplicitDependencyGeneratePcm arm64 /Users/admin/builder/spi-builder-workspace/.derivedData/SDKExplicitPrecompiledModules/SwiftUICore-7SJQ9GB90ACGZV5NB09LFJIRX.pcm
SwiftExplicitDependencyGeneratePcm arm64 /Users/admin/builder/spi-builder-workspace/.derivedData/SDKExplicitPrecompiledModules/UIKit-42T2ZGON9LDZUXRIAUKELQ554.pcm
SwiftExplicitDependencyGeneratePcm arm64 /Users/admin/builder/spi-builder-workspace/.derivedData/SDKExplicitPrecompiledModules/SwiftUI-B634212FU5XQXG1OEBY2WYYH3.pcm
SwiftEmitModule normal arm64 Emitting\ module\ for\ WindowReader (in target 'WindowReader' from project 'WindowReader')
SwiftCompile normal arm64 (in target 'WindowReader' from project 'WindowReader')
cd /Users/admin/builder/spi-builder-workspace/.swiftpm/xcode
SwiftCompile normal arm64 Compiling\ WindowReaderRepresentable.swift /Users/admin/builder/spi-builder-workspace/.dependencies/checkouts/WindowReader/Sources/WindowReader/Helper/WindowReaderRepresentable.swift (in target 'WindowReader' from project 'WindowReader')
SwiftCompile normal arm64 /Users/admin/builder/spi-builder-workspace/.dependencies/checkouts/WindowReader/Sources/WindowReader/Helper/WindowReaderRepresentable.swift (in target 'WindowReader' from project 'WindowReader')
cd /Users/admin/builder/spi-builder-workspace/.swiftpm/xcode
builtin-SwiftPerFileCompile WindowReaderRepresentable.swift
SwiftCompile normal arm64 Compiling\ View+Window.swift /Users/admin/builder/spi-builder-workspace/.dependencies/checkouts/WindowReader/Sources/WindowReader/View+Window.swift (in target 'WindowReader' from project 'WindowReader')
SwiftCompile normal arm64 /Users/admin/builder/spi-builder-workspace/.dependencies/checkouts/WindowReader/Sources/WindowReader/View+Window.swift (in target 'WindowReader' from project 'WindowReader')
cd /Users/admin/builder/spi-builder-workspace/.swiftpm/xcode
builtin-SwiftPerFileCompile View+Window.swift
SwiftCompile normal arm64 Compiling\ WindowReader.swift /Users/admin/builder/spi-builder-workspace/.dependencies/checkouts/WindowReader/Sources/WindowReader/WindowReader.swift (in target 'WindowReader' from project 'WindowReader')
SwiftCompile normal arm64 /Users/admin/builder/spi-builder-workspace/.dependencies/checkouts/WindowReader/Sources/WindowReader/WindowReader.swift (in target 'WindowReader' from project 'WindowReader')
cd /Users/admin/builder/spi-builder-workspace/.swiftpm/xcode
builtin-SwiftPerFileCompile WindowReader.swift
SwiftCompile normal arm64 Compiling\ Environment+Window.swift /Users/admin/builder/spi-builder-workspace/.dependencies/checkouts/WindowReader/Sources/WindowReader/Environment+Window.swift (in target 'WindowReader' from project 'WindowReader')
SwiftCompile normal arm64 /Users/admin/builder/spi-builder-workspace/.dependencies/checkouts/WindowReader/Sources/WindowReader/Environment+Window.swift (in target 'WindowReader' from project 'WindowReader')
cd /Users/admin/builder/spi-builder-workspace/.swiftpm/xcode
builtin-SwiftPerFileCompile Environment+Window.swift
SwiftCompile normal arm64 Compiling\ WindowInjectView.swift /Users/admin/builder/spi-builder-workspace/.dependencies/checkouts/WindowReader/Sources/WindowReader/Helper/WindowInjectView.swift (in target 'WindowReader' from project 'WindowReader')
SwiftCompile normal arm64 /Users/admin/builder/spi-builder-workspace/.dependencies/checkouts/WindowReader/Sources/WindowReader/Helper/WindowInjectView.swift (in target 'WindowReader' from project 'WindowReader')
cd /Users/admin/builder/spi-builder-workspace/.swiftpm/xcode
builtin-SwiftPerFileCompile WindowInjectView.swift
SwiftDriverJobDiscovery normal arm64 Emitting module for WindowReader (in target 'WindowReader' from project 'WindowReader')
SwiftDriver\ Compilation\ Requirements WindowReader normal arm64 com.apple.xcode.tools.swift.compiler (in target 'WindowReader' from project 'WindowReader')
cd /Users/admin/builder/spi-builder-workspace/.swiftpm/xcode
builtin-Swift-Compilation-Requirements -- /Applications/Xcode-27.0.0-Release.Candidate.app/Contents/Developer/Toolchains/XcodeDefault.xctoolchain/usr/bin/swiftc -parse-as-library -module-name WindowReader -Onone @/Users/admin/builder/spi-builder-workspace/.derivedData/Build/Intermediates.noindex/WindowReader.build/Debug-appletvos/WindowReader-t.build/Objects-normal/arm64/WindowReader.SwiftFileList -DSWIFT_PACKAGE -DDEBUG -DSWIFT_MODULE_RESOURCE_BUNDLE_UNAVAILABLE -DXcode -plugin-path /Applications/Xcode-27.0.0-Release.Candidate.app/Contents/Developer/Toolchains/XcodeDefault.xctoolchain/usr/lib/swift/host/plugins/testing -enable-experimental-feature DebugDescriptionMacro -sdk /Applications/Xcode-27.0.0-Release.Candidate.app/Contents/Developer/Platforms/AppleTVOS.platform/Developer/SDKs/AppleTVOS27.0.sdk -target arm64-apple-tvos15.0 -g -module-cache-path /Users/admin/builder/spi-builder-workspace/.derivedData/ModuleCache.noindex -Xfrontend -serialize-debugging-options -profile-coverage-mapping -profile-generate -enable-testing -suppress-warnings -index-store-path /Users/admin/builder/spi-builder-workspace/.derivedData/Index.noindex/DataStore -Xcc -D_LIBCPP_HARDENING_MODE\=_LIBCPP_HARDENING_MODE_DEBUG -swift-version 6 -I /Users/admin/builder/spi-builder-workspace/.derivedData/Build/Products/Debug-appletvos -Isystem /Applications/Xcode-27.0.0-Release.Candidate.app/Contents/Developer/Platforms/AppleTVOS.platform/Developer/usr/lib -F /Users/admin/builder/spi-builder-workspace/.derivedData/Build/Products/Debug-appletvos -F /Applications/Xcode-27.0.0-Release.Candidate.app/Contents/Developer/Platforms/AppleTVOS.platform/Developer/Library/Frameworks -F /Applications/Xcode-27.0.0-Release.Candidate.app/Contents/Developer/Platforms/AppleTVOS.platform/Developer/SDKs/AppleTVOS27.0.sdk/Developer/Library/Frameworks -c -j10 -enable-batch-mode -incremental -Xcc -ivfsstatcache -Xcc /Users/admin/builder/spi-builder-workspace/.derivedData/SDKStatCaches.noindex/appletvos27.0-24J360-e829b21a6f8c9b70876ba0858053c044b32bfd8d43560033f8d89884cdb90028.sdkstatcache -output-file-map /Users/admin/builder/spi-builder-workspace/.derivedData/Build/Intermediates.noindex/WindowReader.build/Debug-appletvos/WindowReader-t.build/Objects-normal/arm64/WindowReader-OutputFileMap.json -save-temps -no-color-diagnostics -explicit-module-build -module-cache-path /Users/admin/builder/spi-builder-workspace/.derivedData/Build/Intermediates.noindex/SwiftExplicitPrecompiledModules -clang-scanner-module-cache-path /Users/admin/builder/spi-builder-workspace/.derivedData/ModuleCache.noindex -sdk-module-cache-path /Users/admin/builder/spi-builder-workspace/.derivedData/SDKExplicitPrecompiledModules -emit-dependencies -emit-module -emit-module-path /Users/admin/builder/spi-builder-workspace/.derivedData/Build/Intermediates.noindex/WindowReader.build/Debug-appletvos/WindowReader-t.build/Objects-normal/arm64/WindowReader.swiftmodule -serialize-diagnostics -dependency-scan-serialize-diagnostics-path /Users/admin/builder/spi-builder-workspace/.derivedData/Build/Intermediates.noindex/WindowReader.build/Debug-appletvos/WindowReader-t.build/Objects-normal/arm64/WindowReader-dependency-scan.dia -user-module-version 3.1.0 -validate-clang-modules-once -clang-build-session-file /Users/admin/builder/spi-builder-workspace/.derivedData/ModuleCache.noindex/Session.modulevalidation -Xcc -fmodules-prune-interval\=86400 -Xcc -fmodules-prune-after\=345600 -package-name windowreader -emit-const-values -const-gather-protocols-list /Users/admin/builder/spi-builder-workspace/.derivedData/Build/Intermediates.noindex/WindowReader.build/Debug-appletvos/WindowReader-t.build/Objects-normal/arm64/WindowReader_const_extract_protocols.json -Xcc -I/Users/admin/builder/spi-builder-workspace/.derivedData/Build/Products/Debug-appletvos/include -Xcc -I/Users/admin/builder/spi-builder-workspace/.derivedData/Build/Intermediates.noindex/WindowReader.build/Debug-appletvos/WindowReader-t.build/DerivedSources-normal/arm64 -Xcc -I/Users/admin/builder/spi-builder-workspace/.derivedData/Build/Intermediates.noindex/WindowReader.build/Debug-appletvos/WindowReader-t.build/DerivedSources/arm64 -Xcc -I/Users/admin/builder/spi-builder-workspace/.derivedData/Build/Intermediates.noindex/WindowReader.build/Debug-appletvos/WindowReader-t.build/DerivedSources -Xcc -DSWIFT_PACKAGE -Xcc -DDEBUG\=1 -emit-objc-header -emit-objc-header-path /Users/admin/builder/spi-builder-workspace/.derivedData/Build/Intermediates.noindex/WindowReader.build/Debug-appletvos/WindowReader-t.build/Objects-normal/arm64/WindowReader-Swift.h -working-directory /Users/admin/builder/spi-builder-workspace/.swiftpm/xcode -experimental-emit-module-separately -disable-cmo
SwiftMergeGeneratedHeaders /Users/admin/builder/spi-builder-workspace/.derivedData/Build/Intermediates.noindex/GeneratedModuleMaps-appletvos/WindowReader-Swift.h /Users/admin/builder/spi-builder-workspace/.derivedData/Build/Intermediates.noindex/WindowReader.build/Debug-appletvos/WindowReader-t.build/Objects-normal/arm64/WindowReader-Swift.h (in target 'WindowReader' from project 'WindowReader')
cd /Users/admin/builder/spi-builder-workspace/.dependencies/checkouts/WindowReader
builtin-swiftHeaderTool -arch arm64 /Users/admin/builder/spi-builder-workspace/.derivedData/Build/Intermediates.noindex/WindowReader.build/Debug-appletvos/WindowReader-t.build/Objects-normal/arm64/WindowReader-Swift.h -o /Users/admin/builder/spi-builder-workspace/.derivedData/Build/Intermediates.noindex/GeneratedModuleMaps-appletvos/WindowReader-Swift.h
Copy /Users/admin/builder/spi-builder-workspace/.derivedData/Build/Products/Debug-appletvos/WindowReader.swiftmodule/arm64-apple-tvos.swiftmodule /Users/admin/builder/spi-builder-workspace/.derivedData/Build/Intermediates.noindex/WindowReader.build/Debug-appletvos/WindowReader-t.build/Objects-normal/arm64/WindowReader.swiftmodule (in target 'WindowReader' from project 'WindowReader')
cd /Users/admin/builder/spi-builder-workspace/.dependencies/checkouts/WindowReader
builtin-copy -exclude .DS_Store -exclude CVS -exclude .svn -exclude .git -exclude .hg -resolve-src-symlinks -rename /Users/admin/builder/spi-builder-workspace/.derivedData/Build/Intermediates.noindex/WindowReader.build/Debug-appletvos/WindowReader-t.build/Objects-normal/arm64/WindowReader.swiftmodule /Users/admin/builder/spi-builder-workspace/.derivedData/Build/Products/Debug-appletvos/WindowReader.swiftmodule/arm64-apple-tvos.swiftmodule
Copy /Users/admin/builder/spi-builder-workspace/.derivedData/Build/Products/Debug-appletvos/WindowReader.swiftmodule/arm64-apple-tvos.swiftdoc /Users/admin/builder/spi-builder-workspace/.derivedData/Build/Intermediates.noindex/WindowReader.build/Debug-appletvos/WindowReader-t.build/Objects-normal/arm64/WindowReader.swiftdoc (in target 'WindowReader' from project 'WindowReader')
cd /Users/admin/builder/spi-builder-workspace/.dependencies/checkouts/WindowReader
builtin-copy -exclude .DS_Store -exclude CVS -exclude .svn -exclude .git -exclude .hg -resolve-src-symlinks -rename /Users/admin/builder/spi-builder-workspace/.derivedData/Build/Intermediates.noindex/WindowReader.build/Debug-appletvos/WindowReader-t.build/Objects-normal/arm64/WindowReader.swiftdoc /Users/admin/builder/spi-builder-workspace/.derivedData/Build/Products/Debug-appletvos/WindowReader.swiftmodule/arm64-apple-tvos.swiftdoc
Copy /Users/admin/builder/spi-builder-workspace/.derivedData/Build/Products/Debug-appletvos/WindowReader.swiftmodule/arm64-apple-tvos.abi.json /Users/admin/builder/spi-builder-workspace/.derivedData/Build/Intermediates.noindex/WindowReader.build/Debug-appletvos/WindowReader-t.build/Objects-normal/arm64/WindowReader.abi.json (in target 'WindowReader' from project 'WindowReader')
cd /Users/admin/builder/spi-builder-workspace/.dependencies/checkouts/WindowReader
builtin-copy -exclude .DS_Store -exclude CVS -exclude .svn -exclude .git -exclude .hg -resolve-src-symlinks -rename /Users/admin/builder/spi-builder-workspace/.derivedData/Build/Intermediates.noindex/WindowReader.build/Debug-appletvos/WindowReader-t.build/Objects-normal/arm64/WindowReader.abi.json /Users/admin/builder/spi-builder-workspace/.derivedData/Build/Products/Debug-appletvos/WindowReader.swiftmodule/arm64-apple-tvos.abi.json
Copy /Users/admin/builder/spi-builder-workspace/.derivedData/Build/Products/Debug-appletvos/WindowReader.swiftmodule/Project/arm64-apple-tvos.swiftsourceinfo /Users/admin/builder/spi-builder-workspace/.derivedData/Build/Intermediates.noindex/WindowReader.build/Debug-appletvos/WindowReader-t.build/Objects-normal/arm64/WindowReader.swiftsourceinfo (in target 'WindowReader' from project 'WindowReader')
cd /Users/admin/builder/spi-builder-workspace/.dependencies/checkouts/WindowReader
builtin-copy -exclude .DS_Store -exclude CVS -exclude .svn -exclude .git -exclude .hg -resolve-src-symlinks -rename /Users/admin/builder/spi-builder-workspace/.derivedData/Build/Intermediates.noindex/WindowReader.build/Debug-appletvos/WindowReader-t.build/Objects-normal/arm64/WindowReader.swiftsourceinfo /Users/admin/builder/spi-builder-workspace/.derivedData/Build/Products/Debug-appletvos/WindowReader.swiftmodule/Project/arm64-apple-tvos.swiftsourceinfo
SwiftDriver WindowSceneReader normal arm64 com.apple.xcode.tools.swift.compiler (in target 'WindowSceneReader' from project 'WindowSceneReader')
cd /Users/admin/builder/spi-builder-workspace/.swiftpm/xcode
builtin-SwiftDriver -- /Applications/Xcode-27.0.0-Release.Candidate.app/Contents/Developer/Toolchains/XcodeDefault.xctoolchain/usr/bin/swiftc -parse-as-library -module-name WindowSceneReader -Onone @/Users/admin/builder/spi-builder-workspace/.derivedData/Build/Intermediates.noindex/WindowSceneReader.build/Debug-appletvos/WindowSceneReader-t.build/Objects-normal/arm64/WindowSceneReader.SwiftFileList -DSWIFT_PACKAGE -DDEBUG -DSWIFT_MODULE_RESOURCE_BUNDLE_UNAVAILABLE -DXcode -plugin-path /Applications/Xcode-27.0.0-Release.Candidate.app/Contents/Developer/Toolchains/XcodeDefault.xctoolchain/usr/lib/swift/host/plugins/testing -enable-experimental-feature DebugDescriptionMacro -sdk /Applications/Xcode-27.0.0-Release.Candidate.app/Contents/Developer/Platforms/AppleTVOS.platform/Developer/SDKs/AppleTVOS27.0.sdk -target arm64-apple-tvos15.0 -g -module-cache-path /Users/admin/builder/spi-builder-workspace/.derivedData/ModuleCache.noindex -Xfrontend -serialize-debugging-options -profile-coverage-mapping -profile-generate -enable-testing -suppress-warnings -index-store-path /Users/admin/builder/spi-builder-workspace/.derivedData/Index.noindex/DataStore -Xcc -D_LIBCPP_HARDENING_MODE\=_LIBCPP_HARDENING_MODE_DEBUG -swift-version 6 -I /Users/admin/builder/spi-builder-workspace/.derivedData/Build/Products/Debug-appletvos -Isystem /Applications/Xcode-27.0.0-Release.Candidate.app/Contents/Developer/Platforms/AppleTVOS.platform/Developer/usr/lib -F /Users/admin/builder/spi-builder-workspace/.derivedData/Build/Products/Debug-appletvos/PackageFrameworks -F /Users/admin/builder/spi-builder-workspace/.derivedData/Build/Products/Debug-appletvos -F /Applications/Xcode-27.0.0-Release.Candidate.app/Contents/Developer/Platforms/AppleTVOS.platform/Developer/Library/Frameworks -F /Applications/Xcode-27.0.0-Release.Candidate.app/Contents/Developer/Platforms/AppleTVOS.platform/Developer/SDKs/AppleTVOS27.0.sdk/Developer/Library/Frameworks -c -j10 -enable-batch-mode -incremental -Xcc -ivfsstatcache -Xcc /Users/admin/builder/spi-builder-workspace/.derivedData/SDKStatCaches.noindex/appletvos27.0-24J360-e829b21a6f8c9b70876ba0858053c044b32bfd8d43560033f8d89884cdb90028.sdkstatcache -output-file-map /Users/admin/builder/spi-builder-workspace/.derivedData/Build/Intermediates.noindex/WindowSceneReader.build/Debug-appletvos/WindowSceneReader-t.build/Objects-normal/arm64/WindowSceneReader-OutputFileMap.json -save-temps -no-color-diagnostics -explicit-module-build -module-cache-path /Users/admin/builder/spi-builder-workspace/.derivedData/Build/Intermediates.noindex/SwiftExplicitPrecompiledModules -clang-scanner-module-cache-path /Users/admin/builder/spi-builder-workspace/.derivedData/ModuleCache.noindex -sdk-module-cache-path /Users/admin/builder/spi-builder-workspace/.derivedData/SDKExplicitPrecompiledModules -emit-dependencies -emit-module -emit-module-path /Users/admin/builder/spi-builder-workspace/.derivedData/Build/Intermediates.noindex/WindowSceneReader.build/Debug-appletvos/WindowSceneReader-t.build/Objects-normal/arm64/WindowSceneReader.swiftmodule -serialize-diagnostics -dependency-scan-serialize-diagnostics-path /Users/admin/builder/spi-builder-workspace/.derivedData/Build/Intermediates.noindex/WindowSceneReader.build/Debug-appletvos/WindowSceneReader-t.build/Objects-normal/arm64/WindowSceneReader-dependency-scan.dia -user-module-version 3.3.0 -validate-clang-modules-once -clang-build-session-file /Users/admin/builder/spi-builder-workspace/.derivedData/ModuleCache.noindex/Session.modulevalidation -Xcc -fmodules-prune-interval\=86400 -Xcc -fmodules-prune-after\=345600 -package-name windowscenereader -emit-const-values -const-gather-protocols-list /Users/admin/builder/spi-builder-workspace/.derivedData/Build/Intermediates.noindex/WindowSceneReader.build/Debug-appletvos/WindowSceneReader-t.build/Objects-normal/arm64/WindowSceneReader_const_extract_protocols.json -Xcc -I/Users/admin/builder/spi-builder-workspace/.derivedData/Build/Products/Debug-appletvos/include -Xcc -I/Users/admin/builder/spi-builder-workspace/.derivedData/Build/Intermediates.noindex/WindowSceneReader.build/Debug-appletvos/WindowSceneReader-t.build/DerivedSources-normal/arm64 -Xcc -I/Users/admin/builder/spi-builder-workspace/.derivedData/Build/Intermediates.noindex/WindowSceneReader.build/Debug-appletvos/WindowSceneReader-t.build/DerivedSources/arm64 -Xcc -I/Users/admin/builder/spi-builder-workspace/.derivedData/Build/Intermediates.noindex/WindowSceneReader.build/Debug-appletvos/WindowSceneReader-t.build/DerivedSources -Xcc -DSWIFT_PACKAGE -Xcc -DDEBUG\=1 -emit-objc-header -emit-objc-header-path /Users/admin/builder/spi-builder-workspace/.derivedData/Build/Intermediates.noindex/WindowSceneReader.build/Debug-appletvos/WindowSceneReader-t.build/Objects-normal/arm64/WindowSceneReader-Swift.h -working-directory /Users/admin/builder/spi-builder-workspace/.swiftpm/xcode -experimental-emit-module-separately -disable-cmo
SwiftCompile normal arm64 Compiling\ MainActor+Extensions.swift /Users/admin/builder/spi-builder-workspace/.dependencies/checkouts/WindowSceneReader/Sources/WindowSceneReader/Extensions/MainActor+Extensions.swift (in target 'WindowSceneReader' from project 'WindowSceneReader')
SwiftCompile normal arm64 /Users/admin/builder/spi-builder-workspace/.dependencies/checkouts/WindowSceneReader/Sources/WindowSceneReader/Extensions/MainActor+Extensions.swift (in target 'WindowSceneReader' from project 'WindowSceneReader')
cd /Users/admin/builder/spi-builder-workspace/.swiftpm/xcode
builtin-SwiftPerFileCompile MainActor+Extensions.swift
SwiftEmitModule normal arm64 Emitting\ module\ for\ WindowSceneReader (in target 'WindowSceneReader' from project 'WindowSceneReader')
SwiftCompile normal arm64 (in target 'WindowSceneReader' from project 'WindowSceneReader')
cd /Users/admin/builder/spi-builder-workspace/.swiftpm/xcode
SwiftCompile normal arm64 Compiling\ Environment+WindowScene.swift /Users/admin/builder/spi-builder-workspace/.dependencies/checkouts/WindowSceneReader/Sources/WindowSceneReader/Environment+WindowScene.swift (in target 'WindowSceneReader' from project 'WindowSceneReader')
SwiftCompile normal arm64 /Users/admin/builder/spi-builder-workspace/.dependencies/checkouts/WindowSceneReader/Sources/WindowSceneReader/Environment+WindowScene.swift (in target 'WindowSceneReader' from project 'WindowSceneReader')
cd /Users/admin/builder/spi-builder-workspace/.swiftpm/xcode
builtin-SwiftPerFileCompile Environment+WindowScene.swift
SwiftCompile normal arm64 Compiling\ WindowSceneReader.swift /Users/admin/builder/spi-builder-workspace/.dependencies/checkouts/WindowSceneReader/Sources/WindowSceneReader/WindowSceneReader.swift (in target 'WindowSceneReader' from project 'WindowSceneReader')
SwiftCompile normal arm64 /Users/admin/builder/spi-builder-workspace/.dependencies/checkouts/WindowSceneReader/Sources/WindowSceneReader/WindowSceneReader.swift (in target 'WindowSceneReader' from project 'WindowSceneReader')
cd /Users/admin/builder/spi-builder-workspace/.swiftpm/xcode
builtin-SwiftPerFileCompile WindowSceneReader.swift
SwiftDriverJobDiscovery normal arm64 Emitting module for WindowSceneReader (in target 'WindowSceneReader' from project 'WindowSceneReader')
SwiftDriver\ Compilation\ Requirements WindowSceneReader normal arm64 com.apple.xcode.tools.swift.compiler (in target 'WindowSceneReader' from project 'WindowSceneReader')
cd /Users/admin/builder/spi-builder-workspace/.swiftpm/xcode
builtin-Swift-Compilation-Requirements -- /Applications/Xcode-27.0.0-Release.Candidate.app/Contents/Developer/Toolchains/XcodeDefault.xctoolchain/usr/bin/swiftc -parse-as-library -module-name WindowSceneReader -Onone @/Users/admin/builder/spi-builder-workspace/.derivedData/Build/Intermediates.noindex/WindowSceneReader.build/Debug-appletvos/WindowSceneReader-t.build/Objects-normal/arm64/WindowSceneReader.SwiftFileList -DSWIFT_PACKAGE -DDEBUG -DSWIFT_MODULE_RESOURCE_BUNDLE_UNAVAILABLE -DXcode -plugin-path /Applications/Xcode-27.0.0-Release.Candidate.app/Contents/Developer/Toolchains/XcodeDefault.xctoolchain/usr/lib/swift/host/plugins/testing -enable-experimental-feature DebugDescriptionMacro -sdk /Applications/Xcode-27.0.0-Release.Candidate.app/Contents/Developer/Platforms/AppleTVOS.platform/Developer/SDKs/AppleTVOS27.0.sdk -target arm64-apple-tvos15.0 -g -module-cache-path /Users/admin/builder/spi-builder-workspace/.derivedData/ModuleCache.noindex -Xfrontend -serialize-debugging-options -profile-coverage-mapping -profile-generate -enable-testing -suppress-warnings -index-store-path /Users/admin/builder/spi-builder-workspace/.derivedData/Index.noindex/DataStore -Xcc -D_LIBCPP_HARDENING_MODE\=_LIBCPP_HARDENING_MODE_DEBUG -swift-version 6 -I /Users/admin/builder/spi-builder-workspace/.derivedData/Build/Products/Debug-appletvos -Isystem /Applications/Xcode-27.0.0-Release.Candidate.app/Contents/Developer/Platforms/AppleTVOS.platform/Developer/usr/lib -F /Users/admin/builder/spi-builder-workspace/.derivedData/Build/Products/Debug-appletvos/PackageFrameworks -F /Users/admin/builder/spi-builder-workspace/.derivedData/Build/Products/Debug-appletvos -F /Applications/Xcode-27.0.0-Release.Candidate.app/Contents/Developer/Platforms/AppleTVOS.platform/Developer/Library/Frameworks -F /Applications/Xcode-27.0.0-Release.Candidate.app/Contents/Developer/Platforms/AppleTVOS.platform/Developer/SDKs/AppleTVOS27.0.sdk/Developer/Library/Frameworks -c -j10 -enable-batch-mode -incremental -Xcc -ivfsstatcache -Xcc /Users/admin/builder/spi-builder-workspace/.derivedData/SDKStatCaches.noindex/appletvos27.0-24J360-e829b21a6f8c9b70876ba0858053c044b32bfd8d43560033f8d89884cdb90028.sdkstatcache -output-file-map /Users/admin/builder/spi-builder-workspace/.derivedData/Build/Intermediates.noindex/WindowSceneReader.build/Debug-appletvos/WindowSceneReader-t.build/Objects-normal/arm64/WindowSceneReader-OutputFileMap.json -save-temps -no-color-diagnostics -explicit-module-build -module-cache-path /Users/admin/builder/spi-builder-workspace/.derivedData/Build/Intermediates.noindex/SwiftExplicitPrecompiledModules -clang-scanner-module-cache-path /Users/admin/builder/spi-builder-workspace/.derivedData/ModuleCache.noindex -sdk-module-cache-path /Users/admin/builder/spi-builder-workspace/.derivedData/SDKExplicitPrecompiledModules -emit-dependencies -emit-module -emit-module-path /Users/admin/builder/spi-builder-workspace/.derivedData/Build/Intermediates.noindex/WindowSceneReader.build/Debug-appletvos/WindowSceneReader-t.build/Objects-normal/arm64/WindowSceneReader.swiftmodule -serialize-diagnostics -dependency-scan-serialize-diagnostics-path /Users/admin/builder/spi-builder-workspace/.derivedData/Build/Intermediates.noindex/WindowSceneReader.build/Debug-appletvos/WindowSceneReader-t.build/Objects-normal/arm64/WindowSceneReader-dependency-scan.dia -user-module-version 3.3.0 -validate-clang-modules-once -clang-build-session-file /Users/admin/builder/spi-builder-workspace/.derivedData/ModuleCache.noindex/Session.modulevalidation -Xcc -fmodules-prune-interval\=86400 -Xcc -fmodules-prune-after\=345600 -package-name windowscenereader -emit-const-values -const-gather-protocols-list /Users/admin/builder/spi-builder-workspace/.derivedData/Build/Intermediates.noindex/WindowSceneReader.build/Debug-appletvos/WindowSceneReader-t.build/Objects-normal/arm64/WindowSceneReader_const_extract_protocols.json -Xcc -I/Users/admin/builder/spi-builder-workspace/.derivedData/Build/Products/Debug-appletvos/include -Xcc -I/Users/admin/builder/spi-builder-workspace/.derivedData/Build/Intermediates.noindex/WindowSceneReader.build/Debug-appletvos/WindowSceneReader-t.build/DerivedSources-normal/arm64 -Xcc -I/Users/admin/builder/spi-builder-workspace/.derivedData/Build/Intermediates.noindex/WindowSceneReader.build/Debug-appletvos/WindowSceneReader-t.build/DerivedSources/arm64 -Xcc -I/Users/admin/builder/spi-builder-workspace/.derivedData/Build/Intermediates.noindex/WindowSceneReader.build/Debug-appletvos/WindowSceneReader-t.build/DerivedSources -Xcc -DSWIFT_PACKAGE -Xcc -DDEBUG\=1 -emit-objc-header -emit-objc-header-path /Users/admin/builder/spi-builder-workspace/.derivedData/Build/Intermediates.noindex/WindowSceneReader.build/Debug-appletvos/WindowSceneReader-t.build/Objects-normal/arm64/WindowSceneReader-Swift.h -working-directory /Users/admin/builder/spi-builder-workspace/.swiftpm/xcode -experimental-emit-module-separately -disable-cmo
SwiftMergeGeneratedHeaders /Users/admin/builder/spi-builder-workspace/.derivedData/Build/Intermediates.noindex/GeneratedModuleMaps-appletvos/WindowSceneReader-Swift.h /Users/admin/builder/spi-builder-workspace/.derivedData/Build/Intermediates.noindex/WindowSceneReader.build/Debug-appletvos/WindowSceneReader-t.build/Objects-normal/arm64/WindowSceneReader-Swift.h (in target 'WindowSceneReader' from project 'WindowSceneReader')
cd /Users/admin/builder/spi-builder-workspace/.dependencies/checkouts/WindowSceneReader
builtin-swiftHeaderTool -arch arm64 /Users/admin/builder/spi-builder-workspace/.derivedData/Build/Intermediates.noindex/WindowSceneReader.build/Debug-appletvos/WindowSceneReader-t.build/Objects-normal/arm64/WindowSceneReader-Swift.h -o /Users/admin/builder/spi-builder-workspace/.derivedData/Build/Intermediates.noindex/GeneratedModuleMaps-appletvos/WindowSceneReader-Swift.h
Copy /Users/admin/builder/spi-builder-workspace/.derivedData/Build/Products/Debug-appletvos/WindowSceneReader.swiftmodule/arm64-apple-tvos.swiftmodule /Users/admin/builder/spi-builder-workspace/.derivedData/Build/Intermediates.noindex/WindowSceneReader.build/Debug-appletvos/WindowSceneReader-t.build/Objects-normal/arm64/WindowSceneReader.swiftmodule (in target 'WindowSceneReader' from project 'WindowSceneReader')
cd /Users/admin/builder/spi-builder-workspace/.dependencies/checkouts/WindowSceneReader
builtin-copy -exclude .DS_Store -exclude CVS -exclude .svn -exclude .git -exclude .hg -resolve-src-symlinks -rename /Users/admin/builder/spi-builder-workspace/.derivedData/Build/Intermediates.noindex/WindowSceneReader.build/Debug-appletvos/WindowSceneReader-t.build/Objects-normal/arm64/WindowSceneReader.swiftmodule /Users/admin/builder/spi-builder-workspace/.derivedData/Build/Products/Debug-appletvos/WindowSceneReader.swiftmodule/arm64-apple-tvos.swiftmodule
Copy /Users/admin/builder/spi-builder-workspace/.derivedData/Build/Products/Debug-appletvos/WindowSceneReader.swiftmodule/arm64-apple-tvos.swiftdoc /Users/admin/builder/spi-builder-workspace/.derivedData/Build/Intermediates.noindex/WindowSceneReader.build/Debug-appletvos/WindowSceneReader-t.build/Objects-normal/arm64/WindowSceneReader.swiftdoc (in target 'WindowSceneReader' from project 'WindowSceneReader')
cd /Users/admin/builder/spi-builder-workspace/.dependencies/checkouts/WindowSceneReader
builtin-copy -exclude .DS_Store -exclude CVS -exclude .svn -exclude .git -exclude .hg -resolve-src-symlinks -rename /Users/admin/builder/spi-builder-workspace/.derivedData/Build/Intermediates.noindex/WindowSceneReader.build/Debug-appletvos/WindowSceneReader-t.build/Objects-normal/arm64/WindowSceneReader.swiftdoc /Users/admin/builder/spi-builder-workspace/.derivedData/Build/Products/Debug-appletvos/WindowSceneReader.swiftmodule/arm64-apple-tvos.swiftdoc
Copy /Users/admin/builder/spi-builder-workspace/.derivedData/Build/Products/Debug-appletvos/WindowSceneReader.swiftmodule/arm64-apple-tvos.abi.json /Users/admin/builder/spi-builder-workspace/.derivedData/Build/Intermediates.noindex/WindowSceneReader.build/Debug-appletvos/WindowSceneReader-t.build/Objects-normal/arm64/WindowSceneReader.abi.json (in target 'WindowSceneReader' from project 'WindowSceneReader')
cd /Users/admin/builder/spi-builder-workspace/.dependencies/checkouts/WindowSceneReader
builtin-copy -exclude .DS_Store -exclude CVS -exclude .svn -exclude .git -exclude .hg -resolve-src-symlinks -rename /Users/admin/builder/spi-builder-workspace/.derivedData/Build/Intermediates.noindex/WindowSceneReader.build/Debug-appletvos/WindowSceneReader-t.build/Objects-normal/arm64/WindowSceneReader.abi.json /Users/admin/builder/spi-builder-workspace/.derivedData/Build/Products/Debug-appletvos/WindowSceneReader.swiftmodule/arm64-apple-tvos.abi.json
Copy /Users/admin/builder/spi-builder-workspace/.derivedData/Build/Products/Debug-appletvos/WindowSceneReader.swiftmodule/Project/arm64-apple-tvos.swiftsourceinfo /Users/admin/builder/spi-builder-workspace/.derivedData/Build/Intermediates.noindex/WindowSceneReader.build/Debug-appletvos/WindowSceneReader-t.build/Objects-normal/arm64/WindowSceneReader.swiftsourceinfo (in target 'WindowSceneReader' from project 'WindowSceneReader')
cd /Users/admin/builder/spi-builder-workspace/.dependencies/checkouts/WindowSceneReader
builtin-copy -exclude .DS_Store -exclude CVS -exclude .svn -exclude .git -exclude .hg -resolve-src-symlinks -rename /Users/admin/builder/spi-builder-workspace/.derivedData/Build/Intermediates.noindex/WindowSceneReader.build/Debug-appletvos/WindowSceneReader-t.build/Objects-normal/arm64/WindowSceneReader.swiftsourceinfo /Users/admin/builder/spi-builder-workspace/.derivedData/Build/Products/Debug-appletvos/WindowSceneReader.swiftmodule/Project/arm64-apple-tvos.swiftsourceinfo
SwiftDriver WindowKit normal arm64 com.apple.xcode.tools.swift.compiler (in target 'WindowKit' from project 'WindowKit')
cd /Users/admin/builder/spi-builder-workspace/.swiftpm/xcode
builtin-SwiftDriver -- /Applications/Xcode-27.0.0-Release.Candidate.app/Contents/Developer/Toolchains/XcodeDefault.xctoolchain/usr/bin/swiftc -parse-as-library -module-name WindowKit -Onone @/Users/admin/builder/spi-builder-workspace/.derivedData/Build/Intermediates.noindex/WindowKit.build/Debug-appletvos/WindowKit-t.build/Objects-normal/arm64/WindowKit.SwiftFileList -DSWIFT_PACKAGE -DDEBUG -DSWIFT_MODULE_RESOURCE_BUNDLE_UNAVAILABLE -DXcode -plugin-path /Applications/Xcode-27.0.0-Release.Candidate.app/Contents/Developer/Toolchains/XcodeDefault.xctoolchain/usr/lib/swift/host/plugins/testing -enable-experimental-feature DebugDescriptionMacro -sdk /Applications/Xcode-27.0.0-Release.Candidate.app/Contents/Developer/Platforms/AppleTVOS.platform/Developer/SDKs/AppleTVOS27.0.sdk -target arm64-apple-tvos15.0 -g -module-cache-path /Users/admin/builder/spi-builder-workspace/.derivedData/ModuleCache.noindex -Xfrontend -serialize-debugging-options -profile-coverage-mapping -profile-generate -enable-testing -suppress-warnings -index-store-path /Users/admin/builder/spi-builder-workspace/.derivedData/Index.noindex/DataStore -Xcc -D_LIBCPP_HARDENING_MODE\=_LIBCPP_HARDENING_MODE_DEBUG -swift-version 6 -I /Users/admin/builder/spi-builder-workspace/.derivedData/Build/Products/Debug-appletvos -Isystem /Applications/Xcode-27.0.0-Release.Candidate.app/Contents/Developer/Platforms/AppleTVOS.platform/Developer/usr/lib -F /Users/admin/builder/spi-builder-workspace/.derivedData/Build/Products/Debug-appletvos/PackageFrameworks -F /Users/admin/builder/spi-builder-workspace/.derivedData/Build/Products/Debug-appletvos -F /Applications/Xcode-27.0.0-Release.Candidate.app/Contents/Developer/Platforms/AppleTVOS.platform/Developer/Library/Frameworks -F /Applications/Xcode-27.0.0-Release.Candidate.app/Contents/Developer/Platforms/AppleTVOS.platform/Developer/SDKs/AppleTVOS27.0.sdk/Developer/Library/Frameworks -c -j10 -enable-batch-mode -incremental -Xcc -ivfsstatcache -Xcc /Users/admin/builder/spi-builder-workspace/.derivedData/SDKStatCaches.noindex/appletvos27.0-24J360-e829b21a6f8c9b70876ba0858053c044b32bfd8d43560033f8d89884cdb90028.sdkstatcache -output-file-map /Users/admin/builder/spi-builder-workspace/.derivedData/Build/Intermediates.noindex/WindowKit.build/Debug-appletvos/WindowKit-t.build/Objects-normal/arm64/WindowKit-OutputFileMap.json -save-temps -no-color-diagnostics -explicit-module-build -module-cache-path /Users/admin/builder/spi-builder-workspace/.derivedData/Build/Intermediates.noindex/SwiftExplicitPrecompiledModules -clang-scanner-module-cache-path /Users/admin/builder/spi-builder-workspace/.derivedData/ModuleCache.noindex -sdk-module-cache-path /Users/admin/builder/spi-builder-workspace/.derivedData/SDKExplicitPrecompiledModules -emit-dependencies -emit-module -emit-module-path /Users/admin/builder/spi-builder-workspace/.derivedData/Build/Intermediates.noindex/WindowKit.build/Debug-appletvos/WindowKit-t.build/Objects-normal/arm64/WindowKit.swiftmodule -serialize-diagnostics -dependency-scan-serialize-diagnostics-path /Users/admin/builder/spi-builder-workspace/.derivedData/Build/Intermediates.noindex/WindowKit.build/Debug-appletvos/WindowKit-t.build/Objects-normal/arm64/WindowKit-dependency-scan.dia -user-module-version 3.0.2 -validate-clang-modules-once -clang-build-session-file /Users/admin/builder/spi-builder-workspace/.derivedData/ModuleCache.noindex/Session.modulevalidation -Xcc -fmodules-prune-interval\=86400 -Xcc -fmodules-prune-after\=345600 -package-name windowkit -emit-const-values -const-gather-protocols-list /Users/admin/builder/spi-builder-workspace/.derivedData/Build/Intermediates.noindex/WindowKit.build/Debug-appletvos/WindowKit-t.build/Objects-normal/arm64/WindowKit_const_extract_protocols.json -Xcc -I/Users/admin/builder/spi-builder-workspace/.derivedData/Build/Products/Debug-appletvos/include -Xcc -I/Users/admin/builder/spi-builder-workspace/.derivedData/Build/Intermediates.noindex/WindowKit.build/Debug-appletvos/WindowKit-t.build/DerivedSources-normal/arm64 -Xcc -I/Users/admin/builder/spi-builder-workspace/.derivedData/Build/Intermediates.noindex/WindowKit.build/Debug-appletvos/WindowKit-t.build/DerivedSources/arm64 -Xcc -I/Users/admin/builder/spi-builder-workspace/.derivedData/Build/Intermediates.noindex/WindowKit.build/Debug-appletvos/WindowKit-t.build/DerivedSources -Xcc -DSWIFT_PACKAGE -Xcc -DDEBUG\=1 -emit-objc-header -emit-objc-header-path /Users/admin/builder/spi-builder-workspace/.derivedData/Build/Intermediates.noindex/WindowKit.build/Debug-appletvos/WindowKit-t.build/Objects-normal/arm64/WindowKit-Swift.h -working-directory /Users/admin/builder/spi-builder-workspace/.swiftpm/xcode -experimental-emit-module-separately -disable-cmo
SwiftEmitModule normal arm64 Emitting\ module\ for\ WindowKit (in target 'WindowKit' from project 'WindowKit')
SwiftCompile normal arm64 (in target 'WindowKit' from project 'WindowKit')
cd /Users/admin/builder/spi-builder-workspace/.swiftpm/xcode
SwiftCompile normal arm64 Compiling\ WindowOverlay.swift,\ WindowOverlayConfiguration.swift /Users/admin/builder/spi-builder-workspace/.dependencies/checkouts/WindowKit/Sources/WindowKit/WindowOverlay/WindowOverlay.swift /Users/admin/builder/spi-builder-workspace/.dependencies/checkouts/WindowKit/Sources/WindowKit/WindowOverlay/WindowOverlayConfiguration.swift (in target 'WindowKit' from project 'WindowKit')
SwiftCompile normal arm64 /Users/admin/builder/spi-builder-workspace/.dependencies/checkouts/WindowKit/Sources/WindowKit/WindowOverlay/WindowOverlay.swift (in target 'WindowKit' from project 'WindowKit')
cd /Users/admin/builder/spi-builder-workspace/.swiftpm/xcode
builtin-SwiftPerFileCompile WindowOverlay.swift
SwiftCompile normal arm64 /Users/admin/builder/spi-builder-workspace/.dependencies/checkouts/WindowKit/Sources/WindowKit/WindowOverlay/WindowOverlayConfiguration.swift (in target 'WindowKit' from project 'WindowKit')
cd /Users/admin/builder/spi-builder-workspace/.swiftpm/xcode
builtin-SwiftPerFileCompile WindowOverlayConfiguration.swift
SwiftCompile normal arm64 Compiling\ WindowOverlayHelper.swift,\ WindowOverlayHostingController.swift /Users/admin/builder/spi-builder-workspace/.dependencies/checkouts/WindowKit/Sources/WindowKit/WindowOverlay/WindowOverlayHelper.swift /Users/admin/builder/spi-builder-workspace/.dependencies/checkouts/WindowKit/Sources/WindowKit/WindowOverlay/WindowOverlayHostingController.swift (in target 'WindowKit' from project 'WindowKit')
SwiftCompile normal arm64 /Users/admin/builder/spi-builder-workspace/.dependencies/checkouts/WindowKit/Sources/WindowKit/WindowOverlay/WindowOverlayHelper.swift (in target 'WindowKit' from project 'WindowKit')
cd /Users/admin/builder/spi-builder-workspace/.swiftpm/xcode
builtin-SwiftPerFileCompile WindowOverlayHelper.swift
SwiftCompile normal arm64 /Users/admin/builder/spi-builder-workspace/.dependencies/checkouts/WindowKit/Sources/WindowKit/WindowOverlay/WindowOverlayHostingController.swift (in target 'WindowKit' from project 'WindowKit')
cd /Users/admin/builder/spi-builder-workspace/.swiftpm/xcode
builtin-SwiftPerFileCompile WindowOverlayHostingController.swift
SwiftDriverJobDiscovery normal arm64 Compiling MainActor+Extensions.swift (in target 'WindowSceneReader' from project 'WindowSceneReader')
SwiftCompile normal arm64 Compiling\ WindowManager.swift,\ PassthroughWindow.swift /Users/admin/builder/spi-builder-workspace/.dependencies/checkouts/WindowKit/Sources/WindowKit/WindowManager.swift /Users/admin/builder/spi-builder-workspace/.dependencies/checkouts/WindowKit/Sources/WindowKit/WindowOverlay/PassthroughWindow.swift (in target 'WindowKit' from project 'WindowKit')
SwiftCompile normal arm64 /Users/admin/builder/spi-builder-workspace/.dependencies/checkouts/WindowKit/Sources/WindowKit/WindowManager.swift (in target 'WindowKit' from project 'WindowKit')
cd /Users/admin/builder/spi-builder-workspace/.swiftpm/xcode
builtin-SwiftPerFileCompile WindowManager.swift
SwiftCompile normal arm64 /Users/admin/builder/spi-builder-workspace/.dependencies/checkouts/WindowKit/Sources/WindowKit/WindowOverlay/PassthroughWindow.swift (in target 'WindowKit' from project 'WindowKit')
cd /Users/admin/builder/spi-builder-workspace/.swiftpm/xcode
builtin-SwiftPerFileCompile PassthroughWindow.swift
SwiftDriverJobDiscovery normal arm64 Emitting module for WindowKit (in target 'WindowKit' from project 'WindowKit')
SwiftDriver\ Compilation\ Requirements WindowKit normal arm64 com.apple.xcode.tools.swift.compiler (in target 'WindowKit' from project 'WindowKit')
cd /Users/admin/builder/spi-builder-workspace/.swiftpm/xcode
builtin-Swift-Compilation-Requirements -- /Applications/Xcode-27.0.0-Release.Candidate.app/Contents/Developer/Toolchains/XcodeDefault.xctoolchain/usr/bin/swiftc -parse-as-library -module-name WindowKit -Onone @/Users/admin/builder/spi-builder-workspace/.derivedData/Build/Intermediates.noindex/WindowKit.build/Debug-appletvos/WindowKit-t.build/Objects-normal/arm64/WindowKit.SwiftFileList -DSWIFT_PACKAGE -DDEBUG -DSWIFT_MODULE_RESOURCE_BUNDLE_UNAVAILABLE -DXcode -plugin-path /Applications/Xcode-27.0.0-Release.Candidate.app/Contents/Developer/Toolchains/XcodeDefault.xctoolchain/usr/lib/swift/host/plugins/testing -enable-experimental-feature DebugDescriptionMacro -sdk /Applications/Xcode-27.0.0-Release.Candidate.app/Contents/Developer/Platforms/AppleTVOS.platform/Developer/SDKs/AppleTVOS27.0.sdk -target arm64-apple-tvos15.0 -g -module-cache-path /Users/admin/builder/spi-builder-workspace/.derivedData/ModuleCache.noindex -Xfrontend -serialize-debugging-options -profile-coverage-mapping -profile-generate -enable-testing -suppress-warnings -index-store-path /Users/admin/builder/spi-builder-workspace/.derivedData/Index.noindex/DataStore -Xcc -D_LIBCPP_HARDENING_MODE\=_LIBCPP_HARDENING_MODE_DEBUG -swift-version 6 -I /Users/admin/builder/spi-builder-workspace/.derivedData/Build/Products/Debug-appletvos -Isystem /Applications/Xcode-27.0.0-Release.Candidate.app/Contents/Developer/Platforms/AppleTVOS.platform/Developer/usr/lib -F /Users/admin/builder/spi-builder-workspace/.derivedData/Build/Products/Debug-appletvos/PackageFrameworks -F /Users/admin/builder/spi-builder-workspace/.derivedData/Build/Products/Debug-appletvos -F /Applications/Xcode-27.0.0-Release.Candidate.app/Contents/Developer/Platforms/AppleTVOS.platform/Developer/Library/Frameworks -F /Applications/Xcode-27.0.0-Release.Candidate.app/Contents/Developer/Platforms/AppleTVOS.platform/Developer/SDKs/AppleTVOS27.0.sdk/Developer/Library/Frameworks -c -j10 -enable-batch-mode -incremental -Xcc -ivfsstatcache -Xcc /Users/admin/builder/spi-builder-workspace/.derivedData/SDKStatCaches.noindex/appletvos27.0-24J360-e829b21a6f8c9b70876ba0858053c044b32bfd8d43560033f8d89884cdb90028.sdkstatcache -output-file-map /Users/admin/builder/spi-builder-workspace/.derivedData/Build/Intermediates.noindex/WindowKit.build/Debug-appletvos/WindowKit-t.build/Objects-normal/arm64/WindowKit-OutputFileMap.json -save-temps -no-color-diagnostics -explicit-module-build -module-cache-path /Users/admin/builder/spi-builder-workspace/.derivedData/Build/Intermediates.noindex/SwiftExplicitPrecompiledModules -clang-scanner-module-cache-path /Users/admin/builder/spi-builder-workspace/.derivedData/ModuleCache.noindex -sdk-module-cache-path /Users/admin/builder/spi-builder-workspace/.derivedData/SDKExplicitPrecompiledModules -emit-dependencies -emit-module -emit-module-path /Users/admin/builder/spi-builder-workspace/.derivedData/Build/Intermediates.noindex/WindowKit.build/Debug-appletvos/WindowKit-t.build/Objects-normal/arm64/WindowKit.swiftmodule -serialize-diagnostics -dependency-scan-serialize-diagnostics-path /Users/admin/builder/spi-builder-workspace/.derivedData/Build/Intermediates.noindex/WindowKit.build/Debug-appletvos/WindowKit-t.build/Objects-normal/arm64/WindowKit-dependency-scan.dia -user-module-version 3.0.2 -validate-clang-modules-once -clang-build-session-file /Users/admin/builder/spi-builder-workspace/.derivedData/ModuleCache.noindex/Session.modulevalidation -Xcc -fmodules-prune-interval\=86400 -Xcc -fmodules-prune-after\=345600 -package-name windowkit -emit-const-values -const-gather-protocols-list /Users/admin/builder/spi-builder-workspace/.derivedData/Build/Intermediates.noindex/WindowKit.build/Debug-appletvos/WindowKit-t.build/Objects-normal/arm64/WindowKit_const_extract_protocols.json -Xcc -I/Users/admin/builder/spi-builder-workspace/.derivedData/Build/Products/Debug-appletvos/include -Xcc -I/Users/admin/builder/spi-builder-workspace/.derivedData/Build/Intermediates.noindex/WindowKit.build/Debug-appletvos/WindowKit-t.build/DerivedSources-normal/arm64 -Xcc -I/Users/admin/builder/spi-builder-workspace/.derivedData/Build/Intermediates.noindex/WindowKit.build/Debug-appletvos/WindowKit-t.build/DerivedSources/arm64 -Xcc -I/Users/admin/builder/spi-builder-workspace/.derivedData/Build/Intermediates.noindex/WindowKit.build/Debug-appletvos/WindowKit-t.build/DerivedSources -Xcc -DSWIFT_PACKAGE -Xcc -DDEBUG\=1 -emit-objc-header -emit-objc-header-path /Users/admin/builder/spi-builder-workspace/.derivedData/Build/Intermediates.noindex/WindowKit.build/Debug-appletvos/WindowKit-t.build/Objects-normal/arm64/WindowKit-Swift.h -working-directory /Users/admin/builder/spi-builder-workspace/.swiftpm/xcode -experimental-emit-module-separately -disable-cmo
SwiftDriverJobDiscovery normal arm64 Compiling WindowOverlayHelper.swift, WindowOverlayHostingController.swift (in target 'WindowKit' from project 'WindowKit')
SwiftCompile normal arm64 Compiling\ WindowCoverDismissAction.swift,\ MainActor+Extensions.swift,\ UIViewController+Extensions.swift /Users/admin/builder/spi-builder-workspace/.dependencies/checkouts/WindowKit/Sources/WindowKit/Environment/WindowCoverDismissAction.swift /Users/admin/builder/spi-builder-workspace/.dependencies/checkouts/WindowKit/Sources/WindowKit/Extensions/MainActor+Extensions.swift /Users/admin/builder/spi-builder-workspace/.dependencies/checkouts/WindowKit/Sources/WindowKit/Extensions/UIViewController+Extensions.swift (in target 'WindowKit' from project 'WindowKit')
SwiftCompile normal arm64 /Users/admin/builder/spi-builder-workspace/.dependencies/checkouts/WindowKit/Sources/WindowKit/Environment/WindowCoverDismissAction.swift (in target 'WindowKit' from project 'WindowKit')
cd /Users/admin/builder/spi-builder-workspace/.swiftpm/xcode
builtin-SwiftPerFileCompile WindowCoverDismissAction.swift
SwiftCompile normal arm64 /Users/admin/builder/spi-builder-workspace/.dependencies/checkouts/WindowKit/Sources/WindowKit/Extensions/MainActor+Extensions.swift (in target 'WindowKit' from project 'WindowKit')
cd /Users/admin/builder/spi-builder-workspace/.swiftpm/xcode
builtin-SwiftPerFileCompile MainActor+Extensions.swift
SwiftCompile normal arm64 /Users/admin/builder/spi-builder-workspace/.dependencies/checkouts/WindowKit/Sources/WindowKit/Extensions/UIViewController+Extensions.swift (in target 'WindowKit' from project 'WindowKit')
cd /Users/admin/builder/spi-builder-workspace/.swiftpm/xcode
builtin-SwiftPerFileCompile UIViewController+Extensions.swift
SwiftMergeGeneratedHeaders /Users/admin/builder/spi-builder-workspace/.derivedData/Build/Intermediates.noindex/GeneratedModuleMaps-appletvos/WindowKit-Swift.h /Users/admin/builder/spi-builder-workspace/.derivedData/Build/Intermediates.noindex/WindowKit.build/Debug-appletvos/WindowKit-t.build/Objects-normal/arm64/WindowKit-Swift.h (in target 'WindowKit' from project 'WindowKit')
cd /Users/admin/builder/spi-builder-workspace/.dependencies/checkouts/WindowKit
builtin-swiftHeaderTool -arch arm64 /Users/admin/builder/spi-builder-workspace/.derivedData/Build/Intermediates.noindex/WindowKit.build/Debug-appletvos/WindowKit-t.build/Objects-normal/arm64/WindowKit-Swift.h -o /Users/admin/builder/spi-builder-workspace/.derivedData/Build/Intermediates.noindex/GeneratedModuleMaps-appletvos/WindowKit-Swift.h
SwiftDriverJobDiscovery normal arm64 Compiling WindowOverlay.swift, WindowOverlayConfiguration.swift (in target 'WindowKit' from project 'WindowKit')
Copy /Users/admin/builder/spi-builder-workspace/.derivedData/Build/Products/Debug-appletvos/WindowKit.swiftmodule/arm64-apple-tvos.swiftmodule /Users/admin/builder/spi-builder-workspace/.derivedData/Build/Intermediates.noindex/WindowKit.build/Debug-appletvos/WindowKit-t.build/Objects-normal/arm64/WindowKit.swiftmodule (in target 'WindowKit' from project 'WindowKit')
cd /Users/admin/builder/spi-builder-workspace/.dependencies/checkouts/WindowKit
builtin-copy -exclude .DS_Store -exclude CVS -exclude .svn -exclude .git -exclude .hg -resolve-src-symlinks -rename /Users/admin/builder/spi-builder-workspace/.derivedData/Build/Intermediates.noindex/WindowKit.build/Debug-appletvos/WindowKit-t.build/Objects-normal/arm64/WindowKit.swiftmodule /Users/admin/builder/spi-builder-workspace/.derivedData/Build/Products/Debug-appletvos/WindowKit.swiftmodule/arm64-apple-tvos.swiftmodule
Copy /Users/admin/builder/spi-builder-workspace/.derivedData/Build/Products/Debug-appletvos/WindowKit.swiftmodule/arm64-apple-tvos.swiftdoc /Users/admin/builder/spi-builder-workspace/.derivedData/Build/Intermediates.noindex/WindowKit.build/Debug-appletvos/WindowKit-t.build/Objects-normal/arm64/WindowKit.swiftdoc (in target 'WindowKit' from project 'WindowKit')
cd /Users/admin/builder/spi-builder-workspace/.dependencies/checkouts/WindowKit
builtin-copy -exclude .DS_Store -exclude CVS -exclude .svn -exclude .git -exclude .hg -resolve-src-symlinks -rename /Users/admin/builder/spi-builder-workspace/.derivedData/Build/Intermediates.noindex/WindowKit.build/Debug-appletvos/WindowKit-t.build/Objects-normal/arm64/WindowKit.swiftdoc /Users/admin/builder/spi-builder-workspace/.derivedData/Build/Products/Debug-appletvos/WindowKit.swiftmodule/arm64-apple-tvos.swiftdoc
Copy /Users/admin/builder/spi-builder-workspace/.derivedData/Build/Products/Debug-appletvos/WindowKit.swiftmodule/arm64-apple-tvos.abi.json /Users/admin/builder/spi-builder-workspace/.derivedData/Build/Intermediates.noindex/WindowKit.build/Debug-appletvos/WindowKit-t.build/Objects-normal/arm64/WindowKit.abi.json (in target 'WindowKit' from project 'WindowKit')
cd /Users/admin/builder/spi-builder-workspace/.dependencies/checkouts/WindowKit
builtin-copy -exclude .DS_Store -exclude CVS -exclude .svn -exclude .git -exclude .hg -resolve-src-symlinks -rename /Users/admin/builder/spi-builder-workspace/.derivedData/Build/Intermediates.noindex/WindowKit.build/Debug-appletvos/WindowKit-t.build/Objects-normal/arm64/WindowKit.abi.json /Users/admin/builder/spi-builder-workspace/.derivedData/Build/Products/Debug-appletvos/WindowKit.swiftmodule/arm64-apple-tvos.abi.json
Copy /Users/admin/builder/spi-builder-workspace/.derivedData/Build/Products/Debug-appletvos/WindowKit.swiftmodule/Project/arm64-apple-tvos.swiftsourceinfo /Users/admin/builder/spi-builder-workspace/.derivedData/Build/Intermediates.noindex/WindowKit.build/Debug-appletvos/WindowKit-t.build/Objects-normal/arm64/WindowKit.swiftsourceinfo (in target 'WindowKit' from project 'WindowKit')
cd /Users/admin/builder/spi-builder-workspace/.dependencies/checkouts/WindowKit
builtin-copy -exclude .DS_Store -exclude CVS -exclude .svn -exclude .git -exclude .hg -resolve-src-symlinks -rename /Users/admin/builder/spi-builder-workspace/.derivedData/Build/Intermediates.noindex/WindowKit.build/Debug-appletvos/WindowKit-t.build/Objects-normal/arm64/WindowKit.swiftsourceinfo /Users/admin/builder/spi-builder-workspace/.derivedData/Build/Products/Debug-appletvos/WindowKit.swiftmodule/Project/arm64-apple-tvos.swiftsourceinfo
SwiftCompile normal arm64 Compiling\ Logger.swift,\ TintApplier.swift,\ WindowCover.swift /Users/admin/builder/spi-builder-workspace/.dependencies/checkouts/WindowKit/Sources/WindowKit/Logger.swift /Users/admin/builder/spi-builder-workspace/.dependencies/checkouts/WindowKit/Sources/WindowKit/ViewModifier/TintApplier.swift /Users/admin/builder/spi-builder-workspace/.dependencies/checkouts/WindowKit/Sources/WindowKit/WindowCover/WindowCover.swift (in target 'WindowKit' from project 'WindowKit')
SwiftCompile normal arm64 /Users/admin/builder/spi-builder-workspace/.dependencies/checkouts/WindowKit/Sources/WindowKit/Logger.swift (in target 'WindowKit' from project 'WindowKit')
cd /Users/admin/builder/spi-builder-workspace/.swiftpm/xcode
builtin-SwiftPerFileCompile Logger.swift
SwiftCompile normal arm64 /Users/admin/builder/spi-builder-workspace/.dependencies/checkouts/WindowKit/Sources/WindowKit/ViewModifier/TintApplier.swift (in target 'WindowKit' from project 'WindowKit')
cd /Users/admin/builder/spi-builder-workspace/.swiftpm/xcode
builtin-SwiftPerFileCompile TintApplier.swift
SwiftCompile normal arm64 /Users/admin/builder/spi-builder-workspace/.dependencies/checkouts/WindowKit/Sources/WindowKit/WindowCover/WindowCover.swift (in target 'WindowKit' from project 'WindowKit')
cd /Users/admin/builder/spi-builder-workspace/.swiftpm/xcode
builtin-SwiftPerFileCompile WindowCover.swift
SwiftDriverJobDiscovery normal arm64 Compiling WindowInjectView.swift (in target 'WindowReader' from project 'WindowReader')
SwiftCompile normal arm64 Compiling\ WindowValue.swift,\ WindowView.swift /Users/admin/builder/spi-builder-workspace/.dependencies/checkouts/WindowKit/Sources/WindowKit/WindowValue.swift /Users/admin/builder/spi-builder-workspace/.dependencies/checkouts/WindowKit/Sources/WindowKit/WindowView.swift (in target 'WindowKit' from project 'WindowKit')
SwiftCompile normal arm64 /Users/admin/builder/spi-builder-workspace/.dependencies/checkouts/WindowKit/Sources/WindowKit/WindowValue.swift (in target 'WindowKit' from project 'WindowKit')
cd /Users/admin/builder/spi-builder-workspace/.swiftpm/xcode
builtin-SwiftPerFileCompile WindowValue.swift
SwiftCompile normal arm64 /Users/admin/builder/spi-builder-workspace/.dependencies/checkouts/WindowKit/Sources/WindowKit/WindowView.swift (in target 'WindowKit' from project 'WindowKit')
cd /Users/admin/builder/spi-builder-workspace/.swiftpm/xcode
builtin-SwiftPerFileCompile WindowView.swift
SwiftDriverJobDiscovery normal arm64 Compiling WindowReaderRepresentable.swift (in target 'WindowReader' from project 'WindowReader')
SwiftCompile normal arm64 Compiling\ WindowItemCoverHelper.swift,\ WindowKey.swift /Users/admin/builder/spi-builder-workspace/.dependencies/checkouts/WindowKit/Sources/WindowKit/WindowCover/WindowItemCoverHelper.swift /Users/admin/builder/spi-builder-workspace/.dependencies/checkouts/WindowKit/Sources/WindowKit/WindowKey.swift (in target 'WindowKit' from project 'WindowKit')
SwiftCompile normal arm64 /Users/admin/builder/spi-builder-workspace/.dependencies/checkouts/WindowKit/Sources/WindowKit/WindowCover/WindowItemCoverHelper.swift (in target 'WindowKit' from project 'WindowKit')
cd /Users/admin/builder/spi-builder-workspace/.swiftpm/xcode
builtin-SwiftPerFileCompile WindowItemCoverHelper.swift
SwiftCompile normal arm64 /Users/admin/builder/spi-builder-workspace/.dependencies/checkouts/WindowKit/Sources/WindowKit/WindowKey.swift (in target 'WindowKit' from project 'WindowKit')
cd /Users/admin/builder/spi-builder-workspace/.swiftpm/xcode
builtin-SwiftPerFileCompile WindowKey.swift
SwiftCompile normal arm64 Compiling\ API.swift,\ DynamicWindowKey.swift,\ EnvironmentValuesHolder.swift /Users/admin/builder/spi-builder-workspace/.dependencies/checkouts/WindowKit/Sources/WindowKit/API.swift /Users/admin/builder/spi-builder-workspace/.dependencies/checkouts/WindowKit/Sources/WindowKit/DynamicWindowKey.swift /Users/admin/builder/spi-builder-workspace/.dependencies/checkouts/WindowKit/Sources/WindowKit/Environment/EnvironmentValuesHolder.swift (in target 'WindowKit' from project 'WindowKit')
SwiftCompile normal arm64 /Users/admin/builder/spi-builder-workspace/.dependencies/checkouts/WindowKit/Sources/WindowKit/API.swift (in target 'WindowKit' from project 'WindowKit')
cd /Users/admin/builder/spi-builder-workspace/.swiftpm/xcode
builtin-SwiftPerFileCompile API.swift
SwiftCompile normal arm64 /Users/admin/builder/spi-builder-workspace/.dependencies/checkouts/WindowKit/Sources/WindowKit/DynamicWindowKey.swift (in target 'WindowKit' from project 'WindowKit')
cd /Users/admin/builder/spi-builder-workspace/.swiftpm/xcode
builtin-SwiftPerFileCompile DynamicWindowKey.swift
SwiftCompile normal arm64 /Users/admin/builder/spi-builder-workspace/.dependencies/checkouts/WindowKit/Sources/WindowKit/Environment/EnvironmentValuesHolder.swift (in target 'WindowKit' from project 'WindowKit')
cd /Users/admin/builder/spi-builder-workspace/.swiftpm/xcode
builtin-SwiftPerFileCompile EnvironmentValuesHolder.swift
SwiftDriverJobDiscovery normal arm64 Compiling Environment+WindowScene.swift (in target 'WindowSceneReader' from project 'WindowSceneReader')
SwiftDriverJobDiscovery normal arm64 Compiling WindowReader.swift (in target 'WindowReader' from project 'WindowReader')
SwiftCompile normal arm64 Compiling\ WindowCoverConfiguration.swift,\ WindowCoverHelper.swift,\ WindowCoverHostingController.swift /Users/admin/builder/spi-builder-workspace/.dependencies/checkouts/WindowKit/Sources/WindowKit/WindowCover/WindowCoverConfiguration.swift /Users/admin/builder/spi-builder-workspace/.dependencies/checkouts/WindowKit/Sources/WindowKit/WindowCover/WindowCoverHelper.swift /Users/admin/builder/spi-builder-workspace/.dependencies/checkouts/WindowKit/Sources/WindowKit/WindowCover/WindowCoverHostingController.swift (in target 'WindowKit' from project 'WindowKit')
SwiftCompile normal arm64 /Users/admin/builder/spi-builder-workspace/.dependencies/checkouts/WindowKit/Sources/WindowKit/WindowCover/WindowCoverConfiguration.swift (in target 'WindowKit' from project 'WindowKit')
cd /Users/admin/builder/spi-builder-workspace/.swiftpm/xcode
builtin-SwiftPerFileCompile WindowCoverConfiguration.swift
SwiftCompile normal arm64 /Users/admin/builder/spi-builder-workspace/.dependencies/checkouts/WindowKit/Sources/WindowKit/WindowCover/WindowCoverHelper.swift (in target 'WindowKit' from project 'WindowKit')
cd /Users/admin/builder/spi-builder-workspace/.swiftpm/xcode
builtin-SwiftPerFileCompile WindowCoverHelper.swift
SwiftCompile normal arm64 /Users/admin/builder/spi-builder-workspace/.dependencies/checkouts/WindowKit/Sources/WindowKit/WindowCover/WindowCoverHostingController.swift (in target 'WindowKit' from project 'WindowKit')
cd /Users/admin/builder/spi-builder-workspace/.swiftpm/xcode
builtin-SwiftPerFileCompile WindowCoverHostingController.swift
SwiftCompile normal arm64 Compiling\ WindowCoverSheetConfiguration.swift,\ WindowItemCover.swift /Users/admin/builder/spi-builder-workspace/.dependencies/checkouts/WindowKit/Sources/WindowKit/WindowCover/WindowCoverSheetConfiguration.swift /Users/admin/builder/spi-builder-workspace/.dependencies/checkouts/WindowKit/Sources/WindowKit/WindowCover/WindowItemCover.swift (in target 'WindowKit' from project 'WindowKit')
SwiftCompile normal arm64 /Users/admin/builder/spi-builder-workspace/.dependencies/checkouts/WindowKit/Sources/WindowKit/WindowCover/WindowCoverSheetConfiguration.swift (in target 'WindowKit' from project 'WindowKit')
cd /Users/admin/builder/spi-builder-workspace/.swiftpm/xcode
builtin-SwiftPerFileCompile WindowCoverSheetConfiguration.swift
SwiftCompile normal arm64 /Users/admin/builder/spi-builder-workspace/.dependencies/checkouts/WindowKit/Sources/WindowKit/WindowCover/WindowItemCover.swift (in target 'WindowKit' from project 'WindowKit')
cd /Users/admin/builder/spi-builder-workspace/.swiftpm/xcode
builtin-SwiftPerFileCompile WindowItemCover.swift
SwiftDriverJobDiscovery normal arm64 Compiling View+Window.swift (in target 'WindowReader' from project 'WindowReader')
SwiftDriverJobDiscovery normal arm64 Compiling WindowSceneReader.swift (in target 'WindowSceneReader' from project 'WindowSceneReader')
SwiftDriver\ Compilation WindowSceneReader normal arm64 com.apple.xcode.tools.swift.compiler (in target 'WindowSceneReader' from project 'WindowSceneReader')
cd /Users/admin/builder/spi-builder-workspace/.swiftpm/xcode
builtin-Swift-Compilation -- /Applications/Xcode-27.0.0-Release.Candidate.app/Contents/Developer/Toolchains/XcodeDefault.xctoolchain/usr/bin/swiftc -parse-as-library -module-name WindowSceneReader -Onone @/Users/admin/builder/spi-builder-workspace/.derivedData/Build/Intermediates.noindex/WindowSceneReader.build/Debug-appletvos/WindowSceneReader-t.build/Objects-normal/arm64/WindowSceneReader.SwiftFileList -DSWIFT_PACKAGE -DDEBUG -DSWIFT_MODULE_RESOURCE_BUNDLE_UNAVAILABLE -DXcode -plugin-path /Applications/Xcode-27.0.0-Release.Candidate.app/Contents/Developer/Toolchains/XcodeDefault.xctoolchain/usr/lib/swift/host/plugins/testing -enable-experimental-feature DebugDescriptionMacro -sdk /Applications/Xcode-27.0.0-Release.Candidate.app/Contents/Developer/Platforms/AppleTVOS.platform/Developer/SDKs/AppleTVOS27.0.sdk -target arm64-apple-tvos15.0 -g -module-cache-path /Users/admin/builder/spi-builder-workspace/.derivedData/ModuleCache.noindex -Xfrontend -serialize-debugging-options -profile-coverage-mapping -profile-generate -enable-testing -suppress-warnings -index-store-path /Users/admin/builder/spi-builder-workspace/.derivedData/Index.noindex/DataStore -Xcc -D_LIBCPP_HARDENING_MODE\=_LIBCPP_HARDENING_MODE_DEBUG -swift-version 6 -I /Users/admin/builder/spi-builder-workspace/.derivedData/Build/Products/Debug-appletvos -Isystem /Applications/Xcode-27.0.0-Release.Candidate.app/Contents/Developer/Platforms/AppleTVOS.platform/Developer/usr/lib -F /Users/admin/builder/spi-builder-workspace/.derivedData/Build/Products/Debug-appletvos/PackageFrameworks -F /Users/admin/builder/spi-builder-workspace/.derivedData/Build/Products/Debug-appletvos -F /Applications/Xcode-27.0.0-Release.Candidate.app/Contents/Developer/Platforms/AppleTVOS.platform/Developer/Library/Frameworks -F /Applications/Xcode-27.0.0-Release.Candidate.app/Contents/Developer/Platforms/AppleTVOS.platform/Developer/SDKs/AppleTVOS27.0.sdk/Developer/Library/Frameworks -c -j10 -enable-batch-mode -incremental -Xcc -ivfsstatcache -Xcc /Users/admin/builder/spi-builder-workspace/.derivedData/SDKStatCaches.noindex/appletvos27.0-24J360-e829b21a6f8c9b70876ba0858053c044b32bfd8d43560033f8d89884cdb90028.sdkstatcache -output-file-map /Users/admin/builder/spi-builder-workspace/.derivedData/Build/Intermediates.noindex/WindowSceneReader.build/Debug-appletvos/WindowSceneReader-t.build/Objects-normal/arm64/WindowSceneReader-OutputFileMap.json -save-temps -no-color-diagnostics -explicit-module-build -module-cache-path /Users/admin/builder/spi-builder-workspace/.derivedData/Build/Intermediates.noindex/SwiftExplicitPrecompiledModules -clang-scanner-module-cache-path /Users/admin/builder/spi-builder-workspace/.derivedData/ModuleCache.noindex -sdk-module-cache-path /Users/admin/builder/spi-builder-workspace/.derivedData/SDKExplicitPrecompiledModules -emit-dependencies -emit-module -emit-module-path /Users/admin/builder/spi-builder-workspace/.derivedData/Build/Intermediates.noindex/WindowSceneReader.build/Debug-appletvos/WindowSceneReader-t.build/Objects-normal/arm64/WindowSceneReader.swiftmodule -serialize-diagnostics -dependency-scan-serialize-diagnostics-path /Users/admin/builder/spi-builder-workspace/.derivedData/Build/Intermediates.noindex/WindowSceneReader.build/Debug-appletvos/WindowSceneReader-t.build/Objects-normal/arm64/WindowSceneReader-dependency-scan.dia -user-module-version 3.3.0 -validate-clang-modules-once -clang-build-session-file /Users/admin/builder/spi-builder-workspace/.derivedData/ModuleCache.noindex/Session.modulevalidation -Xcc -fmodules-prune-interval\=86400 -Xcc -fmodules-prune-after\=345600 -package-name windowscenereader -emit-const-values -const-gather-protocols-list /Users/admin/builder/spi-builder-workspace/.derivedData/Build/Intermediates.noindex/WindowSceneReader.build/Debug-appletvos/WindowSceneReader-t.build/Objects-normal/arm64/WindowSceneReader_const_extract_protocols.json -Xcc -I/Users/admin/builder/spi-builder-workspace/.derivedData/Build/Products/Debug-appletvos/include -Xcc -I/Users/admin/builder/spi-builder-workspace/.derivedData/Build/Intermediates.noindex/WindowSceneReader.build/Debug-appletvos/WindowSceneReader-t.build/DerivedSources-normal/arm64 -Xcc -I/Users/admin/builder/spi-builder-workspace/.derivedData/Build/Intermediates.noindex/WindowSceneReader.build/Debug-appletvos/WindowSceneReader-t.build/DerivedSources/arm64 -Xcc -I/Users/admin/builder/spi-builder-workspace/.derivedData/Build/Intermediates.noindex/WindowSceneReader.build/Debug-appletvos/WindowSceneReader-t.build/DerivedSources -Xcc -DSWIFT_PACKAGE -Xcc -DDEBUG\=1 -emit-objc-header -emit-objc-header-path /Users/admin/builder/spi-builder-workspace/.derivedData/Build/Intermediates.noindex/WindowSceneReader.build/Debug-appletvos/WindowSceneReader-t.build/Objects-normal/arm64/WindowSceneReader-Swift.h -working-directory /Users/admin/builder/spi-builder-workspace/.swiftpm/xcode -experimental-emit-module-separately -disable-cmo
GenerateAssetSymbols /Users/admin/builder/spi-builder-workspace/Sources/CustomAlert/Assets.xcassets (in target 'CustomAlert' from project 'CustomAlert')
cd /Users/admin/builder/spi-builder-workspace
/Applications/Xcode-27.0.0-Release.Candidate.app/Contents/Developer/usr/bin/actool /Users/admin/builder/spi-builder-workspace/Sources/CustomAlert/Assets.xcassets --compile /Users/admin/builder/spi-builder-workspace/.derivedData/Build/Products/Debug-appletvos --output-format human-readable-text --notices --warnings --export-dependency-info /Users/admin/builder/spi-builder-workspace/.derivedData/Build/Intermediates.noindex/CustomAlert.build/Debug-appletvos/CustomAlert-t.build/assetcatalog_dependencies --output-partial-info-plist /Users/admin/builder/spi-builder-workspace/.derivedData/Build/Intermediates.noindex/CustomAlert.build/Debug-appletvos/CustomAlert-t.build/assetcatalog_generated_info.plist --compress-pngs --enable-on-demand-resources NO --development-region en --leaderboard-identifier-prefix CustomAlert.game-center.leaderboard. --leaderboard-set-identifier-prefix CustomAlert.game-center.leaderboard-set. --target-device tv --minimum-deployment-target 15.0 --platform appletvos --bundle-identifier spi-builder-workspace.CustomAlert --generate-swift-asset-symbol-extensions NO --generate-swift-asset-symbols /Users/admin/builder/spi-builder-workspace/.derivedData/Build/Intermediates.noindex/CustomAlert.build/Debug-appletvos/CustomAlert-t.build/DerivedSources/GeneratedAssetSymbols.swift --generate-objc-asset-symbols /Users/admin/builder/spi-builder-workspace/.derivedData/Build/Intermediates.noindex/CustomAlert.build/Debug-appletvos/CustomAlert-t.build/DerivedSources/GeneratedAssetSymbols.h --generate-asset-symbol-index /Users/admin/builder/spi-builder-workspace/.derivedData/Build/Intermediates.noindex/CustomAlert.build/Debug-appletvos/CustomAlert-t.build/DerivedSources/GeneratedAssetSymbols-Index.plist
/* com.apple.actool.compilation-results */
/Users/admin/builder/spi-builder-workspace/.derivedData/Build/Intermediates.noindex/CustomAlert.build/Debug-appletvos/CustomAlert-t.build/DerivedSources/GeneratedAssetSymbols-Index.plist
/Users/admin/builder/spi-builder-workspace/.derivedData/Build/Intermediates.noindex/CustomAlert.build/Debug-appletvos/CustomAlert-t.build/DerivedSources/GeneratedAssetSymbols.h
/Users/admin/builder/spi-builder-workspace/.derivedData/Build/Intermediates.noindex/CustomAlert.build/Debug-appletvos/CustomAlert-t.build/DerivedSources/GeneratedAssetSymbols.swift
SwiftDriverJobDiscovery normal arm64 Compiling Environment+Window.swift (in target 'WindowReader' from project 'WindowReader')
SwiftDriver\ Compilation WindowReader normal arm64 com.apple.xcode.tools.swift.compiler (in target 'WindowReader' from project 'WindowReader')
cd /Users/admin/builder/spi-builder-workspace/.swiftpm/xcode
builtin-Swift-Compilation -- /Applications/Xcode-27.0.0-Release.Candidate.app/Contents/Developer/Toolchains/XcodeDefault.xctoolchain/usr/bin/swiftc -parse-as-library -module-name WindowReader -Onone @/Users/admin/builder/spi-builder-workspace/.derivedData/Build/Intermediates.noindex/WindowReader.build/Debug-appletvos/WindowReader-t.build/Objects-normal/arm64/WindowReader.SwiftFileList -DSWIFT_PACKAGE -DDEBUG -DSWIFT_MODULE_RESOURCE_BUNDLE_UNAVAILABLE -DXcode -plugin-path /Applications/Xcode-27.0.0-Release.Candidate.app/Contents/Developer/Toolchains/XcodeDefault.xctoolchain/usr/lib/swift/host/plugins/testing -enable-experimental-feature DebugDescriptionMacro -sdk /Applications/Xcode-27.0.0-Release.Candidate.app/Contents/Developer/Platforms/AppleTVOS.platform/Developer/SDKs/AppleTVOS27.0.sdk -target arm64-apple-tvos15.0 -g -module-cache-path /Users/admin/builder/spi-builder-workspace/.derivedData/ModuleCache.noindex -Xfrontend -serialize-debugging-options -profile-coverage-mapping -profile-generate -enable-testing -suppress-warnings -index-store-path /Users/admin/builder/spi-builder-workspace/.derivedData/Index.noindex/DataStore -Xcc -D_LIBCPP_HARDENING_MODE\=_LIBCPP_HARDENING_MODE_DEBUG -swift-version 6 -I /Users/admin/builder/spi-builder-workspace/.derivedData/Build/Products/Debug-appletvos -Isystem /Applications/Xcode-27.0.0-Release.Candidate.app/Contents/Developer/Platforms/AppleTVOS.platform/Developer/usr/lib -F /Users/admin/builder/spi-builder-workspace/.derivedData/Build/Products/Debug-appletvos -F /Applications/Xcode-27.0.0-Release.Candidate.app/Contents/Developer/Platforms/AppleTVOS.platform/Developer/Library/Frameworks -F /Applications/Xcode-27.0.0-Release.Candidate.app/Contents/Developer/Platforms/AppleTVOS.platform/Developer/SDKs/AppleTVOS27.0.sdk/Developer/Library/Frameworks -c -j10 -enable-batch-mode -incremental -Xcc -ivfsstatcache -Xcc /Users/admin/builder/spi-builder-workspace/.derivedData/SDKStatCaches.noindex/appletvos27.0-24J360-e829b21a6f8c9b70876ba0858053c044b32bfd8d43560033f8d89884cdb90028.sdkstatcache -output-file-map /Users/admin/builder/spi-builder-workspace/.derivedData/Build/Intermediates.noindex/WindowReader.build/Debug-appletvos/WindowReader-t.build/Objects-normal/arm64/WindowReader-OutputFileMap.json -save-temps -no-color-diagnostics -explicit-module-build -module-cache-path /Users/admin/builder/spi-builder-workspace/.derivedData/Build/Intermediates.noindex/SwiftExplicitPrecompiledModules -clang-scanner-module-cache-path /Users/admin/builder/spi-builder-workspace/.derivedData/ModuleCache.noindex -sdk-module-cache-path /Users/admin/builder/spi-builder-workspace/.derivedData/SDKExplicitPrecompiledModules -emit-dependencies -emit-module -emit-module-path /Users/admin/builder/spi-builder-workspace/.derivedData/Build/Intermediates.noindex/WindowReader.build/Debug-appletvos/WindowReader-t.build/Objects-normal/arm64/WindowReader.swiftmodule -serialize-diagnostics -dependency-scan-serialize-diagnostics-path /Users/admin/builder/spi-builder-workspace/.derivedData/Build/Intermediates.noindex/WindowReader.build/Debug-appletvos/WindowReader-t.build/Objects-normal/arm64/WindowReader-dependency-scan.dia -user-module-version 3.1.0 -validate-clang-modules-once -clang-build-session-file /Users/admin/builder/spi-builder-workspace/.derivedData/ModuleCache.noindex/Session.modulevalidation -Xcc -fmodules-prune-interval\=86400 -Xcc -fmodules-prune-after\=345600 -package-name windowreader -emit-const-values -const-gather-protocols-list /Users/admin/builder/spi-builder-workspace/.derivedData/Build/Intermediates.noindex/WindowReader.build/Debug-appletvos/WindowReader-t.build/Objects-normal/arm64/WindowReader_const_extract_protocols.json -Xcc -I/Users/admin/builder/spi-builder-workspace/.derivedData/Build/Products/Debug-appletvos/include -Xcc -I/Users/admin/builder/spi-builder-workspace/.derivedData/Build/Intermediates.noindex/WindowReader.build/Debug-appletvos/WindowReader-t.build/DerivedSources-normal/arm64 -Xcc -I/Users/admin/builder/spi-builder-workspace/.derivedData/Build/Intermediates.noindex/WindowReader.build/Debug-appletvos/WindowReader-t.build/DerivedSources/arm64 -Xcc -I/Users/admin/builder/spi-builder-workspace/.derivedData/Build/Intermediates.noindex/WindowReader.build/Debug-appletvos/WindowReader-t.build/DerivedSources -Xcc -DSWIFT_PACKAGE -Xcc -DDEBUG\=1 -emit-objc-header -emit-objc-header-path /Users/admin/builder/spi-builder-workspace/.derivedData/Build/Intermediates.noindex/WindowReader.build/Debug-appletvos/WindowReader-t.build/Objects-normal/arm64/WindowReader-Swift.h -working-directory /Users/admin/builder/spi-builder-workspace/.swiftpm/xcode -experimental-emit-module-separately -disable-cmo
SwiftDriver CustomAlert normal arm64 com.apple.xcode.tools.swift.compiler (in target 'CustomAlert' from project 'CustomAlert')
cd /Users/admin/builder/spi-builder-workspace/.swiftpm/xcode
builtin-SwiftDriver -- /Applications/Xcode-27.0.0-Release.Candidate.app/Contents/Developer/Toolchains/XcodeDefault.xctoolchain/usr/bin/swiftc -parse-as-library -module-name CustomAlert -Onone @/Users/admin/builder/spi-builder-workspace/.derivedData/Build/Intermediates.noindex/CustomAlert.build/Debug-appletvos/CustomAlert-t.build/Objects-normal/arm64/CustomAlert.SwiftFileList -DSWIFT_PACKAGE -DDEBUG -DSWIFT_MODULE_RESOURCE_BUNDLE_AVAILABLE -DXcode -plugin-path /Applications/Xcode-27.0.0-Release.Candidate.app/Contents/Developer/Toolchains/XcodeDefault.xctoolchain/usr/lib/swift/host/plugins/testing -enable-experimental-feature DebugDescriptionMacro -sdk /Applications/Xcode-27.0.0-Release.Candidate.app/Contents/Developer/Platforms/AppleTVOS.platform/Developer/SDKs/AppleTVOS27.0.sdk -target arm64-apple-tvos15.0 -g -module-cache-path /Users/admin/builder/spi-builder-workspace/.derivedData/ModuleCache.noindex -Xfrontend -serialize-debugging-options -profile-coverage-mapping -profile-generate -enable-testing -index-store-path /Users/admin/builder/spi-builder-workspace/.derivedData/Index.noindex/DataStore -Xcc -D_LIBCPP_HARDENING_MODE\=_LIBCPP_HARDENING_MODE_DEBUG -swift-version 6 -I /Users/admin/builder/spi-builder-workspace/.derivedData/Build/Products/Debug-appletvos -Isystem /Applications/Xcode-27.0.0-Release.Candidate.app/Contents/Developer/Platforms/AppleTVOS.platform/Developer/usr/lib -F /Users/admin/builder/spi-builder-workspace/.derivedData/Build/Products/Debug-appletvos/PackageFrameworks -F /Users/admin/builder/spi-builder-workspace/.derivedData/Build/Products/Debug-appletvos -F /Applications/Xcode-27.0.0-Release.Candidate.app/Contents/Developer/Platforms/AppleTVOS.platform/Developer/Library/Frameworks -F /Applications/Xcode-27.0.0-Release.Candidate.app/Contents/Developer/Platforms/AppleTVOS.platform/Developer/SDKs/AppleTVOS27.0.sdk/Developer/Library/Frameworks -c -j10 -enable-batch-mode -incremental -Xcc -ivfsstatcache -Xcc /Users/admin/builder/spi-builder-workspace/.derivedData/SDKStatCaches.noindex/appletvos27.0-24J360-e829b21a6f8c9b70876ba0858053c044b32bfd8d43560033f8d89884cdb90028.sdkstatcache -output-file-map /Users/admin/builder/spi-builder-workspace/.derivedData/Build/Intermediates.noindex/CustomAlert.build/Debug-appletvos/CustomAlert-t.build/Objects-normal/arm64/CustomAlert-OutputFileMap.json -save-temps -no-color-diagnostics -explicit-module-build -module-cache-path /Users/admin/builder/spi-builder-workspace/.derivedData/Build/Intermediates.noindex/SwiftExplicitPrecompiledModules -clang-scanner-module-cache-path /Users/admin/builder/spi-builder-workspace/.derivedData/ModuleCache.noindex -sdk-module-cache-path /Users/admin/builder/spi-builder-workspace/.derivedData/SDKExplicitPrecompiledModules -emit-dependencies -emit-module -emit-module-path /Users/admin/builder/spi-builder-workspace/.derivedData/Build/Intermediates.noindex/CustomAlert.build/Debug-appletvos/CustomAlert-t.build/Objects-normal/arm64/CustomAlert.swiftmodule -serialize-diagnostics -dependency-scan-serialize-diagnostics-path /Users/admin/builder/spi-builder-workspace/.derivedData/Build/Intermediates.noindex/CustomAlert.build/Debug-appletvos/CustomAlert-t.build/Objects-normal/arm64/CustomAlert-dependency-scan.dia -validate-clang-modules-once -clang-build-session-file /Users/admin/builder/spi-builder-workspace/.derivedData/ModuleCache.noindex/Session.modulevalidation -Xcc -fmodules-prune-interval\=86400 -Xcc -fmodules-prune-after\=345600 -package-name spi_builder_workspace -emit-const-values -const-gather-protocols-list /Users/admin/builder/spi-builder-workspace/.derivedData/Build/Intermediates.noindex/CustomAlert.build/Debug-appletvos/CustomAlert-t.build/Objects-normal/arm64/CustomAlert_const_extract_protocols.json -Xcc -I/Users/admin/builder/spi-builder-workspace/.derivedData/Build/Products/Debug-appletvos/include -Xcc -I/Users/admin/builder/spi-builder-workspace/.derivedData/Build/Intermediates.noindex/CustomAlert.build/Debug-appletvos/CustomAlert-t.build/DerivedSources-normal/arm64 -Xcc -I/Users/admin/builder/spi-builder-workspace/.derivedData/Build/Intermediates.noindex/CustomAlert.build/Debug-appletvos/CustomAlert-t.build/DerivedSources/arm64 -Xcc -I/Users/admin/builder/spi-builder-workspace/.derivedData/Build/Intermediates.noindex/CustomAlert.build/Debug-appletvos/CustomAlert-t.build/DerivedSources -Xcc -DSWIFT_PACKAGE -Xcc -DDEBUG\=1 -emit-objc-header -emit-objc-header-path /Users/admin/builder/spi-builder-workspace/.derivedData/Build/Intermediates.noindex/CustomAlert.build/Debug-appletvos/CustomAlert-t.build/Objects-normal/arm64/CustomAlert-Swift.h -working-directory /Users/admin/builder/spi-builder-workspace/.swiftpm/xcode -experimental-emit-module-separately -disable-cmo
Ld /Users/admin/builder/spi-builder-workspace/.derivedData/Build/Products/Debug-appletvos/WindowReader.o normal (in target 'WindowReader' from project 'WindowReader')
cd /Users/admin/builder/spi-builder-workspace/.dependencies/checkouts/WindowReader
/Applications/Xcode-27.0.0-Release.Candidate.app/Contents/Developer/Toolchains/XcodeDefault.xctoolchain/usr/bin/clang -Xlinker -reproducible -target arm64-apple-tvos15.0 -r -isysroot /Applications/Xcode-27.0.0-Release.Candidate.app/Contents/Developer/Platforms/AppleTVOS.platform/Developer/SDKs/AppleTVOS27.0.sdk -O0 -w -Xlinker -no_warn_duplicate_libraries -F/Users/admin/builder/spi-builder-workspace/.derivedData/Build/Intermediates.noindex/EagerLinkingTBDs/Debug-appletvos -F/Users/admin/builder/spi-builder-workspace/.derivedData/Build/Products/Debug-appletvos -iframework /Applications/Xcode-27.0.0-Release.Candidate.app/Contents/Developer/Platforms/AppleTVOS.platform/Developer/Library/Frameworks -iframework /Applications/Xcode-27.0.0-Release.Candidate.app/Contents/Developer/Platforms/AppleTVOS.platform/Developer/SDKs/AppleTVOS27.0.sdk/Developer/Library/Frameworks -filelist /Users/admin/builder/spi-builder-workspace/.derivedData/Build/Intermediates.noindex/WindowReader.build/Debug-appletvos/WindowReader-t.build/Objects-normal/arm64/WindowReader.LinkFileList -nostdlib -Xlinker -object_path_lto -Xlinker /Users/admin/builder/spi-builder-workspace/.derivedData/Build/Intermediates.noindex/WindowReader.build/Debug-appletvos/WindowReader-t.build/Objects-normal/arm64/WindowReader_lto.o -Xlinker -no_deduplicate -Xlinker -debug_variant -Xlinker -dependency_info -Xlinker /Users/admin/builder/spi-builder-workspace/.derivedData/Build/Intermediates.noindex/WindowReader.build/Debug-appletvos/WindowReader-t.build/Objects-normal/arm64/WindowReader_dependency_info.dat -fobjc-link-runtime -L/Applications/Xcode-27.0.0-Release.Candidate.app/Contents/Developer/Toolchains/XcodeDefault.xctoolchain/usr/lib/swift/appletvos -L/usr/lib/swift -Xlinker -add_ast_path -Xlinker /Users/admin/builder/spi-builder-workspace/.derivedData/Build/Intermediates.noindex/WindowReader.build/Debug-appletvos/WindowReader-t.build/Objects-normal/arm64/WindowReader.swiftmodule -o /Users/admin/builder/spi-builder-workspace/.derivedData/Build/Products/Debug-appletvos/WindowReader.o
ExtractAppIntentsMetadata (in target 'WindowReader' from project 'WindowReader')
cd /Users/admin/builder/spi-builder-workspace/.dependencies/checkouts/WindowReader
/Applications/Xcode-27.0.0-Release.Candidate.app/Contents/Developer/Toolchains/XcodeDefault.xctoolchain/usr/bin/appintentsmetadataprocessor --toolchain-dir /var/run/com.apple.security.cryptexd/mnt/com.apple.MobileAsset.MetalToolchain-v27.1.266.1.kqN59v/Metal.xctoolchain --module-name WindowReader --sdk-root /Applications/Xcode-27.0.0-Release.Candidate.app/Contents/Developer/Platforms/AppleTVOS.platform/Developer/SDKs/AppleTVOS27.0.sdk --xcode-version 27A266a --platform-family tvOS --deployment-target 15.0 --bundle-identifier windowreader.WindowReader --output /Users/admin/builder/spi-builder-workspace/.derivedData/Build/Products/Debug-appletvos/WindowReader.appintents --target-triple arm64-apple-tvos15.0 --binary-file /Users/admin/builder/spi-builder-workspace/.derivedData/Build/Products/Debug-appletvos/WindowReader.o --dependency-file /Users/admin/builder/spi-builder-workspace/.derivedData/Build/Intermediates.noindex/WindowReader.build/Debug-appletvos/WindowReader-t.build/Objects-normal/arm64/WindowReader_dependency_info.dat --stringsdata-file /Users/admin/builder/spi-builder-workspace/.derivedData/Build/Intermediates.noindex/WindowReader.build/Debug-appletvos/WindowReader-t.build/Objects-normal/arm64/ExtractedAppShortcutsMetadata.stringsdata --source-file-list /Users/admin/builder/spi-builder-workspace/.derivedData/Build/Intermediates.noindex/WindowReader.build/Debug-appletvos/WindowReader-t.build/Objects-normal/arm64/WindowReader.SwiftFileList --metadata-file-list /Users/admin/builder/spi-builder-workspace/.derivedData/Build/Intermediates.noindex/WindowReader.build/Debug-appletvos/WindowReader-t.build/WindowReader.DependencyMetadataFileList --static-metadata-file-list /Users/admin/builder/spi-builder-workspace/.derivedData/Build/Intermediates.noindex/WindowReader.build/Debug-appletvos/WindowReader-t.build/WindowReader.DependencyStaticMetadataFileList --swift-const-vals-list /Users/admin/builder/spi-builder-workspace/.derivedData/Build/Intermediates.noindex/WindowReader.build/Debug-appletvos/WindowReader-t.build/Objects-normal/arm64/WindowReader.SwiftConstValuesFileList --force --compile-time-extraction --deployment-aware-processing --no-app-shortcuts-localization
2026-10-05 03:28:58.064 appintentsmetadataprocessor[950:5400] Starting appintentsmetadataprocessor export
2026-10-05 03:28:58.214 appintentsmetadataprocessor[950:5400] Extracted no relevant App Intents symbols, skipping writing output
SwiftDriverJobDiscovery normal arm64 Compiling WindowCoverDismissAction.swift, MainActor+Extensions.swift, UIViewController+Extensions.swift (in target 'WindowKit' from project 'WindowKit')
SwiftDriverJobDiscovery normal arm64 Compiling WindowManager.swift, PassthroughWindow.swift (in target 'WindowKit' from project 'WindowKit')
SwiftDriverJobDiscovery normal arm64 Compiling API.swift, DynamicWindowKey.swift, EnvironmentValuesHolder.swift (in target 'WindowKit' from project 'WindowKit')
SwiftDriverJobDiscovery normal arm64 Compiling WindowItemCoverHelper.swift, WindowKey.swift (in target 'WindowKit' from project 'WindowKit')
SwiftDriverJobDiscovery normal arm64 Compiling WindowValue.swift, WindowView.swift (in target 'WindowKit' from project 'WindowKit')
Ld /Users/admin/builder/spi-builder-workspace/.derivedData/Build/Products/Debug-appletvos/WindowSceneReader.o normal (in target 'WindowSceneReader' from project 'WindowSceneReader')
cd /Users/admin/builder/spi-builder-workspace/.dependencies/checkouts/WindowSceneReader
/Applications/Xcode-27.0.0-Release.Candidate.app/Contents/Developer/Toolchains/XcodeDefault.xctoolchain/usr/bin/clang -Xlinker -reproducible -target arm64-apple-tvos15.0 -r -isysroot /Applications/Xcode-27.0.0-Release.Candidate.app/Contents/Developer/Platforms/AppleTVOS.platform/Developer/SDKs/AppleTVOS27.0.sdk -O0 -w -Xlinker -no_warn_duplicate_libraries -F/Users/admin/builder/spi-builder-workspace/.derivedData/Build/Intermediates.noindex/EagerLinkingTBDs/Debug-appletvos -F/Users/admin/builder/spi-builder-workspace/.derivedData/Build/Products/Debug-appletvos/PackageFrameworks -F/Users/admin/builder/spi-builder-workspace/.derivedData/Build/Products/Debug-appletvos -iframework /Applications/Xcode-27.0.0-Release.Candidate.app/Contents/Developer/Platforms/AppleTVOS.platform/Developer/Library/Frameworks -iframework /Applications/Xcode-27.0.0-Release.Candidate.app/Contents/Developer/Platforms/AppleTVOS.platform/Developer/SDKs/AppleTVOS27.0.sdk/Developer/Library/Frameworks -filelist /Users/admin/builder/spi-builder-workspace/.derivedData/Build/Intermediates.noindex/WindowSceneReader.build/Debug-appletvos/WindowSceneReader-t.build/Objects-normal/arm64/WindowSceneReader.LinkFileList -nostdlib -Xlinker -object_path_lto -Xlinker /Users/admin/builder/spi-builder-workspace/.derivedData/Build/Intermediates.noindex/WindowSceneReader.build/Debug-appletvos/WindowSceneReader-t.build/Objects-normal/arm64/WindowSceneReader_lto.o -Xlinker -no_deduplicate -Xlinker -debug_variant -Xlinker -dependency_info -Xlinker /Users/admin/builder/spi-builder-workspace/.derivedData/Build/Intermediates.noindex/WindowSceneReader.build/Debug-appletvos/WindowSceneReader-t.build/Objects-normal/arm64/WindowSceneReader_dependency_info.dat -fobjc-link-runtime -L/Applications/Xcode-27.0.0-Release.Candidate.app/Contents/Developer/Toolchains/XcodeDefault.xctoolchain/usr/lib/swift/appletvos -L/usr/lib/swift -Xlinker -add_ast_path -Xlinker /Users/admin/builder/spi-builder-workspace/.derivedData/Build/Intermediates.noindex/WindowSceneReader.build/Debug-appletvos/WindowSceneReader-t.build/Objects-normal/arm64/WindowSceneReader.swiftmodule -o /Users/admin/builder/spi-builder-workspace/.derivedData/Build/Products/Debug-appletvos/WindowSceneReader.o
ExtractAppIntentsMetadata (in target 'WindowSceneReader' from project 'WindowSceneReader')
cd /Users/admin/builder/spi-builder-workspace/.dependencies/checkouts/WindowSceneReader
/Applications/Xcode-27.0.0-Release.Candidate.app/Contents/Developer/Toolchains/XcodeDefault.xctoolchain/usr/bin/appintentsmetadataprocessor --toolchain-dir /var/run/com.apple.security.cryptexd/mnt/com.apple.MobileAsset.MetalToolchain-v27.1.266.1.kqN59v/Metal.xctoolchain --module-name WindowSceneReader --sdk-root /Applications/Xcode-27.0.0-Release.Candidate.app/Contents/Developer/Platforms/AppleTVOS.platform/Developer/SDKs/AppleTVOS27.0.sdk --xcode-version 27A266a --platform-family tvOS --deployment-target 15.0 --bundle-identifier windowscenereader.WindowSceneReader --output /Users/admin/builder/spi-builder-workspace/.derivedData/Build/Products/Debug-appletvos/WindowSceneReader.appintents --target-triple arm64-apple-tvos15.0 --binary-file /Users/admin/builder/spi-builder-workspace/.derivedData/Build/Products/Debug-appletvos/WindowSceneReader.o --dependency-file /Users/admin/builder/spi-builder-workspace/.derivedData/Build/Intermediates.noindex/WindowSceneReader.build/Debug-appletvos/WindowSceneReader-t.build/Objects-normal/arm64/WindowSceneReader_dependency_info.dat --stringsdata-file /Users/admin/builder/spi-builder-workspace/.derivedData/Build/Intermediates.noindex/WindowSceneReader.build/Debug-appletvos/WindowSceneReader-t.build/Objects-normal/arm64/ExtractedAppShortcutsMetadata.stringsdata --source-file-list /Users/admin/builder/spi-builder-workspace/.derivedData/Build/Intermediates.noindex/WindowSceneReader.build/Debug-appletvos/WindowSceneReader-t.build/Objects-normal/arm64/WindowSceneReader.SwiftFileList --metadata-file-list /Users/admin/builder/spi-builder-workspace/.derivedData/Build/Intermediates.noindex/WindowSceneReader.build/Debug-appletvos/WindowSceneReader-t.build/WindowSceneReader.DependencyMetadataFileList --static-metadata-file-list /Users/admin/builder/spi-builder-workspace/.derivedData/Build/Intermediates.noindex/WindowSceneReader.build/Debug-appletvos/WindowSceneReader-t.build/WindowSceneReader.DependencyStaticMetadataFileList --swift-const-vals-list /Users/admin/builder/spi-builder-workspace/.derivedData/Build/Intermediates.noindex/WindowSceneReader.build/Debug-appletvos/WindowSceneReader-t.build/Objects-normal/arm64/WindowSceneReader.SwiftConstValuesFileList --force --compile-time-extraction --deployment-aware-processing --no-app-shortcuts-localization
2026-10-05 03:28:58.267 appintentsmetadataprocessor[956:5502] Starting appintentsmetadataprocessor export
2026-10-05 03:28:58.332 appintentsmetadataprocessor[956:5502] Extracted no relevant App Intents symbols, skipping writing output
SwiftDriverJobDiscovery normal arm64 Compiling WindowCoverConfiguration.swift, WindowCoverHelper.swift, WindowCoverHostingController.swift (in target 'WindowKit' from project 'WindowKit')
SwiftDriverJobDiscovery normal arm64 Compiling Logger.swift, TintApplier.swift, WindowCover.swift (in target 'WindowKit' from project 'WindowKit')
SwiftDriverJobDiscovery normal arm64 Compiling WindowCoverSheetConfiguration.swift, WindowItemCover.swift (in target 'WindowKit' from project 'WindowKit')
SwiftDriver\ Compilation WindowKit normal arm64 com.apple.xcode.tools.swift.compiler (in target 'WindowKit' from project 'WindowKit')
cd /Users/admin/builder/spi-builder-workspace/.swiftpm/xcode
builtin-Swift-Compilation -- /Applications/Xcode-27.0.0-Release.Candidate.app/Contents/Developer/Toolchains/XcodeDefault.xctoolchain/usr/bin/swiftc -parse-as-library -module-name WindowKit -Onone @/Users/admin/builder/spi-builder-workspace/.derivedData/Build/Intermediates.noindex/WindowKit.build/Debug-appletvos/WindowKit-t.build/Objects-normal/arm64/WindowKit.SwiftFileList -DSWIFT_PACKAGE -DDEBUG -DSWIFT_MODULE_RESOURCE_BUNDLE_UNAVAILABLE -DXcode -plugin-path /Applications/Xcode-27.0.0-Release.Candidate.app/Contents/Developer/Toolchains/XcodeDefault.xctoolchain/usr/lib/swift/host/plugins/testing -enable-experimental-feature DebugDescriptionMacro -sdk /Applications/Xcode-27.0.0-Release.Candidate.app/Contents/Developer/Platforms/AppleTVOS.platform/Developer/SDKs/AppleTVOS27.0.sdk -target arm64-apple-tvos15.0 -g -module-cache-path /Users/admin/builder/spi-builder-workspace/.derivedData/ModuleCache.noindex -Xfrontend -serialize-debugging-options -profile-coverage-mapping -profile-generate -enable-testing -suppress-warnings -index-store-path /Users/admin/builder/spi-builder-workspace/.derivedData/Index.noindex/DataStore -Xcc -D_LIBCPP_HARDENING_MODE\=_LIBCPP_HARDENING_MODE_DEBUG -swift-version 6 -I /Users/admin/builder/spi-builder-workspace/.derivedData/Build/Products/Debug-appletvos -Isystem /Applications/Xcode-27.0.0-Release.Candidate.app/Contents/Developer/Platforms/AppleTVOS.platform/Developer/usr/lib -F /Users/admin/builder/spi-builder-workspace/.derivedData/Build/Products/Debug-appletvos/PackageFrameworks -F /Users/admin/builder/spi-builder-workspace/.derivedData/Build/Products/Debug-appletvos -F /Applications/Xcode-27.0.0-Release.Candidate.app/Contents/Developer/Platforms/AppleTVOS.platform/Developer/Library/Frameworks -F /Applications/Xcode-27.0.0-Release.Candidate.app/Contents/Developer/Platforms/AppleTVOS.platform/Developer/SDKs/AppleTVOS27.0.sdk/Developer/Library/Frameworks -c -j10 -enable-batch-mode -incremental -Xcc -ivfsstatcache -Xcc /Users/admin/builder/spi-builder-workspace/.derivedData/SDKStatCaches.noindex/appletvos27.0-24J360-e829b21a6f8c9b70876ba0858053c044b32bfd8d43560033f8d89884cdb90028.sdkstatcache -output-file-map /Users/admin/builder/spi-builder-workspace/.derivedData/Build/Intermediates.noindex/WindowKit.build/Debug-appletvos/WindowKit-t.build/Objects-normal/arm64/WindowKit-OutputFileMap.json -save-temps -no-color-diagnostics -explicit-module-build -module-cache-path /Users/admin/builder/spi-builder-workspace/.derivedData/Build/Intermediates.noindex/SwiftExplicitPrecompiledModules -clang-scanner-module-cache-path /Users/admin/builder/spi-builder-workspace/.derivedData/ModuleCache.noindex -sdk-module-cache-path /Users/admin/builder/spi-builder-workspace/.derivedData/SDKExplicitPrecompiledModules -emit-dependencies -emit-module -emit-module-path /Users/admin/builder/spi-builder-workspace/.derivedData/Build/Intermediates.noindex/WindowKit.build/Debug-appletvos/WindowKit-t.build/Objects-normal/arm64/WindowKit.swiftmodule -serialize-diagnostics -dependency-scan-serialize-diagnostics-path /Users/admin/builder/spi-builder-workspace/.derivedData/Build/Intermediates.noindex/WindowKit.build/Debug-appletvos/WindowKit-t.build/Objects-normal/arm64/WindowKit-dependency-scan.dia -user-module-version 3.0.2 -validate-clang-modules-once -clang-build-session-file /Users/admin/builder/spi-builder-workspace/.derivedData/ModuleCache.noindex/Session.modulevalidation -Xcc -fmodules-prune-interval\=86400 -Xcc -fmodules-prune-after\=345600 -package-name windowkit -emit-const-values -const-gather-protocols-list /Users/admin/builder/spi-builder-workspace/.derivedData/Build/Intermediates.noindex/WindowKit.build/Debug-appletvos/WindowKit-t.build/Objects-normal/arm64/WindowKit_const_extract_protocols.json -Xcc -I/Users/admin/builder/spi-builder-workspace/.derivedData/Build/Products/Debug-appletvos/include -Xcc -I/Users/admin/builder/spi-builder-workspace/.derivedData/Build/Intermediates.noindex/WindowKit.build/Debug-appletvos/WindowKit-t.build/DerivedSources-normal/arm64 -Xcc -I/Users/admin/builder/spi-builder-workspace/.derivedData/Build/Intermediates.noindex/WindowKit.build/Debug-appletvos/WindowKit-t.build/DerivedSources/arm64 -Xcc -I/Users/admin/builder/spi-builder-workspace/.derivedData/Build/Intermediates.noindex/WindowKit.build/Debug-appletvos/WindowKit-t.build/DerivedSources -Xcc -DSWIFT_PACKAGE -Xcc -DDEBUG\=1 -emit-objc-header -emit-objc-header-path /Users/admin/builder/spi-builder-workspace/.derivedData/Build/Intermediates.noindex/WindowKit.build/Debug-appletvos/WindowKit-t.build/Objects-normal/arm64/WindowKit-Swift.h -working-directory /Users/admin/builder/spi-builder-workspace/.swiftpm/xcode -experimental-emit-module-separately -disable-cmo
Ld /Users/admin/builder/spi-builder-workspace/.derivedData/Build/Products/Debug-appletvos/WindowKit.o normal (in target 'WindowKit' from project 'WindowKit')
cd /Users/admin/builder/spi-builder-workspace/.dependencies/checkouts/WindowKit
/Applications/Xcode-27.0.0-Release.Candidate.app/Contents/Developer/Toolchains/XcodeDefault.xctoolchain/usr/bin/clang -Xlinker -reproducible -target arm64-apple-tvos15.0 -r -isysroot /Applications/Xcode-27.0.0-Release.Candidate.app/Contents/Developer/Platforms/AppleTVOS.platform/Developer/SDKs/AppleTVOS27.0.sdk -O0 -w -Xlinker -no_warn_duplicate_libraries -F/Users/admin/builder/spi-builder-workspace/.derivedData/Build/Intermediates.noindex/EagerLinkingTBDs/Debug-appletvos -F/Users/admin/builder/spi-builder-workspace/.derivedData/Build/Products/Debug-appletvos/PackageFrameworks -F/Users/admin/builder/spi-builder-workspace/.derivedData/Build/Products/Debug-appletvos -iframework /Applications/Xcode-27.0.0-Release.Candidate.app/Contents/Developer/Platforms/AppleTVOS.platform/Developer/Library/Frameworks -iframework /Applications/Xcode-27.0.0-Release.Candidate.app/Contents/Developer/Platforms/AppleTVOS.platform/Developer/SDKs/AppleTVOS27.0.sdk/Developer/Library/Frameworks -filelist /Users/admin/builder/spi-builder-workspace/.derivedData/Build/Intermediates.noindex/WindowKit.build/Debug-appletvos/WindowKit-t.build/Objects-normal/arm64/WindowKit.LinkFileList -nostdlib -Xlinker -object_path_lto -Xlinker /Users/admin/builder/spi-builder-workspace/.derivedData/Build/Intermediates.noindex/WindowKit.build/Debug-appletvos/WindowKit-t.build/Objects-normal/arm64/WindowKit_lto.o -Xlinker -no_deduplicate -Xlinker -debug_variant -Xlinker -dependency_info -Xlinker /Users/admin/builder/spi-builder-workspace/.derivedData/Build/Intermediates.noindex/WindowKit.build/Debug-appletvos/WindowKit-t.build/Objects-normal/arm64/WindowKit_dependency_info.dat -fobjc-link-runtime -L/Applications/Xcode-27.0.0-Release.Candidate.app/Contents/Developer/Toolchains/XcodeDefault.xctoolchain/usr/lib/swift/appletvos -L/usr/lib/swift -Xlinker -add_ast_path -Xlinker /Users/admin/builder/spi-builder-workspace/.derivedData/Build/Intermediates.noindex/WindowKit.build/Debug-appletvos/WindowKit-t.build/Objects-normal/arm64/WindowKit.swiftmodule -o /Users/admin/builder/spi-builder-workspace/.derivedData/Build/Products/Debug-appletvos/WindowKit.o
ExtractAppIntentsMetadata (in target 'WindowKit' from project 'WindowKit')
cd /Users/admin/builder/spi-builder-workspace/.dependencies/checkouts/WindowKit
/Applications/Xcode-27.0.0-Release.Candidate.app/Contents/Developer/Toolchains/XcodeDefault.xctoolchain/usr/bin/appintentsmetadataprocessor --toolchain-dir /var/run/com.apple.security.cryptexd/mnt/com.apple.MobileAsset.MetalToolchain-v27.1.266.1.kqN59v/Metal.xctoolchain --module-name WindowKit --sdk-root /Applications/Xcode-27.0.0-Release.Candidate.app/Contents/Developer/Platforms/AppleTVOS.platform/Developer/SDKs/AppleTVOS27.0.sdk --xcode-version 27A266a --platform-family tvOS --deployment-target 15.0 --bundle-identifier windowkit.WindowKit --output /Users/admin/builder/spi-builder-workspace/.derivedData/Build/Products/Debug-appletvos/WindowKit.appintents --target-triple arm64-apple-tvos15.0 --binary-file /Users/admin/builder/spi-builder-workspace/.derivedData/Build/Products/Debug-appletvos/WindowKit.o --dependency-file /Users/admin/builder/spi-builder-workspace/.derivedData/Build/Intermediates.noindex/WindowKit.build/Debug-appletvos/WindowKit-t.build/Objects-normal/arm64/WindowKit_dependency_info.dat --stringsdata-file /Users/admin/builder/spi-builder-workspace/.derivedData/Build/Intermediates.noindex/WindowKit.build/Debug-appletvos/WindowKit-t.build/Objects-normal/arm64/ExtractedAppShortcutsMetadata.stringsdata --source-file-list /Users/admin/builder/spi-builder-workspace/.derivedData/Build/Intermediates.noindex/WindowKit.build/Debug-appletvos/WindowKit-t.build/Objects-normal/arm64/WindowKit.SwiftFileList --metadata-file-list /Users/admin/builder/spi-builder-workspace/.derivedData/Build/Intermediates.noindex/WindowKit.build/Debug-appletvos/WindowKit-t.build/WindowKit.DependencyMetadataFileList --static-metadata-file-list /Users/admin/builder/spi-builder-workspace/.derivedData/Build/Intermediates.noindex/WindowKit.build/Debug-appletvos/WindowKit-t.build/WindowKit.DependencyStaticMetadataFileList --swift-const-vals-list /Users/admin/builder/spi-builder-workspace/.derivedData/Build/Intermediates.noindex/WindowKit.build/Debug-appletvos/WindowKit-t.build/Objects-normal/arm64/WindowKit.SwiftConstValuesFileList --force --compile-time-extraction --deployment-aware-processing --no-app-shortcuts-localization
2026-10-05 03:28:58.420 appintentsmetadataprocessor[959:5527] Starting appintentsmetadataprocessor export
2026-10-05 03:28:58.491 appintentsmetadataprocessor[959:5527] Extracted no relevant App Intents symbols, skipping writing output
SwiftCompile normal arm64 Compiling\ CustomAlertAction.swift,\ HActionStack.swift,\ VActionStack.swift,\ AlertButtonStyle.swift /Users/admin/builder/spi-builder-workspace/Sources/CustomAlert/Actions/CustomAlertAction.swift /Users/admin/builder/spi-builder-workspace/Sources/CustomAlert/Actions/HActionStack.swift /Users/admin/builder/spi-builder-workspace/Sources/CustomAlert/Actions/VActionStack.swift /Users/admin/builder/spi-builder-workspace/Sources/CustomAlert/AlertButtonStyle.swift (in target 'CustomAlert' from project 'CustomAlert')
SwiftCompile normal arm64 /Users/admin/builder/spi-builder-workspace/Sources/CustomAlert/Actions/CustomAlertAction.swift (in target 'CustomAlert' from project 'CustomAlert')
cd /Users/admin/builder/spi-builder-workspace/.swiftpm/xcode
builtin-SwiftPerFileCompile CustomAlertAction.swift
SwiftCompile normal arm64 /Users/admin/builder/spi-builder-workspace/Sources/CustomAlert/Actions/HActionStack.swift (in target 'CustomAlert' from project 'CustomAlert')
cd /Users/admin/builder/spi-builder-workspace/.swiftpm/xcode
builtin-SwiftPerFileCompile HActionStack.swift
SwiftCompile normal arm64 /Users/admin/builder/spi-builder-workspace/Sources/CustomAlert/Actions/VActionStack.swift (in target 'CustomAlert' from project 'CustomAlert')
cd /Users/admin/builder/spi-builder-workspace/.swiftpm/xcode
builtin-SwiftPerFileCompile VActionStack.swift
SwiftCompile normal arm64 /Users/admin/builder/spi-builder-workspace/Sources/CustomAlert/AlertButtonStyle.swift (in target 'CustomAlert' from project 'CustomAlert')
cd /Users/admin/builder/spi-builder-workspace/.swiftpm/xcode
builtin-SwiftPerFileCompile AlertButtonStyle.swift
SwiftCompile normal arm64 Compiling\ CustomAlertBackground.swift,\ CustomAlertConfiguration.Alert.swift,\ CustomAlertConfiguration.Button.swift,\ CustomAlertConfiguration.Value.swift /Users/admin/builder/spi-builder-workspace/Sources/CustomAlert/Configuration/CustomAlertBackground.swift /Users/admin/builder/spi-builder-workspace/Sources/CustomAlert/Configuration/CustomAlertConfiguration.Alert.swift /Users/admin/builder/spi-builder-workspace/Sources/CustomAlert/Configuration/CustomAlertConfiguration.Button.swift /Users/admin/builder/spi-builder-workspace/Sources/CustomAlert/Configuration/CustomAlertConfiguration.Value.swift (in target 'CustomAlert' from project 'CustomAlert')
SwiftCompile normal arm64 /Users/admin/builder/spi-builder-workspace/Sources/CustomAlert/Configuration/CustomAlertBackground.swift (in target 'CustomAlert' from project 'CustomAlert')
cd /Users/admin/builder/spi-builder-workspace/.swiftpm/xcode
builtin-SwiftPerFileCompile CustomAlertBackground.swift
SwiftCompile normal arm64 /Users/admin/builder/spi-builder-workspace/Sources/CustomAlert/Configuration/CustomAlertConfiguration.Alert.swift (in target 'CustomAlert' from project 'CustomAlert')
cd /Users/admin/builder/spi-builder-workspace/.swiftpm/xcode
builtin-SwiftPerFileCompile CustomAlertConfiguration.Alert.swift
SwiftCompile normal arm64 /Users/admin/builder/spi-builder-workspace/Sources/CustomAlert/Configuration/CustomAlertConfiguration.Button.swift (in target 'CustomAlert' from project 'CustomAlert')
cd /Users/admin/builder/spi-builder-workspace/.swiftpm/xcode
builtin-SwiftPerFileCompile CustomAlertConfiguration.Button.swift
SwiftCompile normal arm64 /Users/admin/builder/spi-builder-workspace/Sources/CustomAlert/Configuration/CustomAlertConfiguration.Value.swift (in target 'CustomAlert' from project 'CustomAlert')
cd /Users/admin/builder/spi-builder-workspace/.swiftpm/xcode
builtin-SwiftPerFileCompile CustomAlertConfiguration.Value.swift
SwiftCompile normal arm64 Compiling\ resource_bundle_accessor.swift,\ API+Bool.swift,\ API+Identifiable.swift,\ Action.swift,\ ActionBuilder.swift /Users/admin/builder/spi-builder-workspace/.derivedData/Build/Intermediates.noindex/CustomAlert.build/Debug-appletvos/CustomAlert-t.build/DerivedSources/resource_bundle_accessor.swift /Users/admin/builder/spi-builder-workspace/Sources/CustomAlert/API+Bool.swift /Users/admin/builder/spi-builder-workspace/Sources/CustomAlert/API+Identifiable.swift /Users/admin/builder/spi-builder-workspace/Sources/CustomAlert/Actions/Action.swift /Users/admin/builder/spi-builder-workspace/Sources/CustomAlert/Actions/ActionBuilder.swift (in target 'CustomAlert' from project 'CustomAlert')
SwiftCompile normal arm64 /Users/admin/builder/spi-builder-workspace/.derivedData/Build/Intermediates.noindex/CustomAlert.build/Debug-appletvos/CustomAlert-t.build/DerivedSources/resource_bundle_accessor.swift (in target 'CustomAlert' from project 'CustomAlert')
cd /Users/admin/builder/spi-builder-workspace/.swiftpm/xcode
builtin-SwiftPerFileCompile resource_bundle_accessor.swift
SwiftCompile normal arm64 /Users/admin/builder/spi-builder-workspace/Sources/CustomAlert/API+Bool.swift (in target 'CustomAlert' from project 'CustomAlert')
cd /Users/admin/builder/spi-builder-workspace/.swiftpm/xcode
builtin-SwiftPerFileCompile API+Bool.swift
SwiftCompile normal arm64 /Users/admin/builder/spi-builder-workspace/Sources/CustomAlert/API+Identifiable.swift (in target 'CustomAlert' from project 'CustomAlert')
cd /Users/admin/builder/spi-builder-workspace/.swiftpm/xcode
builtin-SwiftPerFileCompile API+Identifiable.swift
SwiftCompile normal arm64 /Users/admin/builder/spi-builder-workspace/Sources/CustomAlert/Actions/Action.swift (in target 'CustomAlert' from project 'CustomAlert')
cd /Users/admin/builder/spi-builder-workspace/.swiftpm/xcode
builtin-SwiftPerFileCompile Action.swift
SwiftCompile normal arm64 /Users/admin/builder/spi-builder-workspace/Sources/CustomAlert/Actions/ActionBuilder.swift (in target 'CustomAlert' from project 'CustomAlert')
cd /Users/admin/builder/spi-builder-workspace/.swiftpm/xcode
builtin-SwiftPerFileCompile ActionBuilder.swift
SwiftCompile normal arm64 Compiling\ EdgeInsetsExtensions.swift,\ Environment+AlertButtonHeight.swift,\ Environment+AlertDismissAction.swift,\ Environment+CustomAlertConfiguration.swift /Users/admin/builder/spi-builder-workspace/Sources/CustomAlert/Extensions/EdgeInsetsExtensions.swift /Users/admin/builder/spi-builder-workspace/Sources/CustomAlert/Extensions/Environment/Environment+AlertButtonHeight.swift /Users/admin/builder/spi-builder-workspace/Sources/CustomAlert/Extensions/Environment/Environment+AlertDismissAction.swift /Users/admin/builder/spi-builder-workspace/Sources/CustomAlert/Extensions/Environment/Environment+CustomAlertConfiguration.swift (in target 'CustomAlert' from project 'CustomAlert')
SwiftCompile normal arm64 /Users/admin/builder/spi-builder-workspace/Sources/CustomAlert/Extensions/EdgeInsetsExtensions.swift (in target 'CustomAlert' from project 'CustomAlert')
cd /Users/admin/builder/spi-builder-workspace/.swiftpm/xcode
builtin-SwiftPerFileCompile EdgeInsetsExtensions.swift
SwiftCompile normal arm64 /Users/admin/builder/spi-builder-workspace/Sources/CustomAlert/Extensions/Environment/Environment+AlertButtonHeight.swift (in target 'CustomAlert' from project 'CustomAlert')
cd /Users/admin/builder/spi-builder-workspace/.swiftpm/xcode
builtin-SwiftPerFileCompile Environment+AlertButtonHeight.swift
SwiftCompile normal arm64 /Users/admin/builder/spi-builder-workspace/Sources/CustomAlert/Extensions/Environment/Environment+AlertDismissAction.swift (in target 'CustomAlert' from project 'CustomAlert')
cd /Users/admin/builder/spi-builder-workspace/.swiftpm/xcode
builtin-SwiftPerFileCompile Environment+AlertDismissAction.swift
SwiftCompile normal arm64 /Users/admin/builder/spi-builder-workspace/Sources/CustomAlert/Extensions/Environment/Environment+CustomAlertConfiguration.swift (in target 'CustomAlert' from project 'CustomAlert')
cd /Users/admin/builder/spi-builder-workspace/.swiftpm/xcode
builtin-SwiftPerFileCompile Environment+CustomAlertConfiguration.swift
SwiftCompile normal arm64 Compiling\ CustomAlertConfiguration.LiquidGlass.swift,\ CustomAlertHandler+Item.swift,\ CustomAlertHandler.swift,\ ColorExtensions.swift /Users/admin/builder/spi-builder-workspace/Sources/CustomAlert/Configuration/Default\ Configurations/CustomAlertConfiguration.LiquidGlass.swift /Users/admin/builder/spi-builder-workspace/Sources/CustomAlert/CustomAlertHandler+Item.swift /Users/admin/builder/spi-builder-workspace/Sources/CustomAlert/CustomAlertHandler.swift /Users/admin/builder/spi-builder-workspace/Sources/CustomAlert/Extensions/ColorExtensions.swift (in target 'CustomAlert' from project 'CustomAlert')
SwiftCompile normal arm64 /Users/admin/builder/spi-builder-workspace/Sources/CustomAlert/Configuration/Default\ Configurations/CustomAlertConfiguration.LiquidGlass.swift (in target 'CustomAlert' from project 'CustomAlert')
cd /Users/admin/builder/spi-builder-workspace/.swiftpm/xcode
builtin-SwiftPerFileCompile CustomAlertConfiguration.LiquidGlass.swift
SwiftCompile normal arm64 /Users/admin/builder/spi-builder-workspace/Sources/CustomAlert/CustomAlertHandler+Item.swift (in target 'CustomAlert' from project 'CustomAlert')
cd /Users/admin/builder/spi-builder-workspace/.swiftpm/xcode
builtin-SwiftPerFileCompile CustomAlertHandler+Item.swift
SwiftCompile normal arm64 /Users/admin/builder/spi-builder-workspace/Sources/CustomAlert/CustomAlertHandler.swift (in target 'CustomAlert' from project 'CustomAlert')
cd /Users/admin/builder/spi-builder-workspace/.swiftpm/xcode
builtin-SwiftPerFileCompile CustomAlertHandler.swift
SwiftCompile normal arm64 /Users/admin/builder/spi-builder-workspace/Sources/CustomAlert/Extensions/ColorExtensions.swift (in target 'CustomAlert' from project 'CustomAlert')
cd /Users/admin/builder/spi-builder-workspace/.swiftpm/xcode
builtin-SwiftPerFileCompile ColorExtensions.swift
SwiftCompile normal arm64 Compiling\ GeometryProxyExtensions.swift,\ MainActorExtensions.swift,\ ProcessInfoExtensions.swift,\ VerticalAlignmentExtensions.swift /Users/admin/builder/spi-builder-workspace/Sources/CustomAlert/Extensions/GeometryProxyExtensions.swift /Users/admin/builder/spi-builder-workspace/Sources/CustomAlert/Extensions/MainActorExtensions.swift /Users/admin/builder/spi-builder-workspace/Sources/CustomAlert/Extensions/ProcessInfoExtensions.swift /Users/admin/builder/spi-builder-workspace/Sources/CustomAlert/Extensions/VerticalAlignmentExtensions.swift (in target 'CustomAlert' from project 'CustomAlert')
SwiftCompile normal arm64 /Users/admin/builder/spi-builder-workspace/Sources/CustomAlert/Extensions/GeometryProxyExtensions.swift (in target 'CustomAlert' from project 'CustomAlert')
cd /Users/admin/builder/spi-builder-workspace/.swiftpm/xcode
builtin-SwiftPerFileCompile GeometryProxyExtensions.swift
SwiftCompile normal arm64 /Users/admin/builder/spi-builder-workspace/Sources/CustomAlert/Extensions/MainActorExtensions.swift (in target 'CustomAlert' from project 'CustomAlert')
cd /Users/admin/builder/spi-builder-workspace/.swiftpm/xcode
builtin-SwiftPerFileCompile MainActorExtensions.swift
SwiftCompile normal arm64 /Users/admin/builder/spi-builder-workspace/Sources/CustomAlert/Extensions/ProcessInfoExtensions.swift (in target 'CustomAlert' from project 'CustomAlert')
cd /Users/admin/builder/spi-builder-workspace/.swiftpm/xcode
builtin-SwiftPerFileCompile ProcessInfoExtensions.swift
SwiftCompile normal arm64 /Users/admin/builder/spi-builder-workspace/Sources/CustomAlert/Extensions/VerticalAlignmentExtensions.swift (in target 'CustomAlert' from project 'CustomAlert')
cd /Users/admin/builder/spi-builder-workspace/.swiftpm/xcode
builtin-SwiftPerFileCompile VerticalAlignmentExtensions.swift
SwiftEmitModule normal arm64 Emitting\ module\ for\ CustomAlert (in target 'CustomAlert' from project 'CustomAlert')
SwiftCompile normal arm64 (in target 'CustomAlert' from project 'CustomAlert')
cd /Users/admin/builder/spi-builder-workspace/.swiftpm/xcode
SwiftCompile normal arm64 Compiling\ AlertPreview.swift,\ StringExtensions.swift,\ BackgroundView.swift,\ BlurView.swift /Users/admin/builder/spi-builder-workspace/Sources/CustomAlert/Preview/AlertPreview.swift /Users/admin/builder/spi-builder-workspace/Sources/CustomAlert/Preview/StringExtensions.swift /Users/admin/builder/spi-builder-workspace/Sources/CustomAlert/Views/BackgroundView.swift /Users/admin/builder/spi-builder-workspace/Sources/CustomAlert/Views/BlurView.swift (in target 'CustomAlert' from project 'CustomAlert')
SwiftCompile normal arm64 /Users/admin/builder/spi-builder-workspace/Sources/CustomAlert/Preview/AlertPreview.swift (in target 'CustomAlert' from project 'CustomAlert')
cd /Users/admin/builder/spi-builder-workspace/.swiftpm/xcode
builtin-SwiftPerFileCompile AlertPreview.swift
SwiftCompile normal arm64 /Users/admin/builder/spi-builder-workspace/Sources/CustomAlert/Preview/StringExtensions.swift (in target 'CustomAlert' from project 'CustomAlert')
cd /Users/admin/builder/spi-builder-workspace/.swiftpm/xcode
builtin-SwiftPerFileCompile StringExtensions.swift
SwiftCompile normal arm64 /Users/admin/builder/spi-builder-workspace/Sources/CustomAlert/Views/BackgroundView.swift (in target 'CustomAlert' from project 'CustomAlert')
cd /Users/admin/builder/spi-builder-workspace/.swiftpm/xcode
builtin-SwiftPerFileCompile BackgroundView.swift
SwiftCompile normal arm64 /Users/admin/builder/spi-builder-workspace/Sources/CustomAlert/Views/BlurView.swift (in target 'CustomAlert' from project 'CustomAlert')
cd /Users/admin/builder/spi-builder-workspace/.swiftpm/xcode
builtin-SwiftPerFileCompile BlurView.swift
SwiftCompile normal arm64 Compiling\ CustomAlert.swift,\ CustomAlertRow.swift,\ CustomAlertSection.swift,\ GeneratedAssetSymbols.swift /Users/admin/builder/spi-builder-workspace/Sources/CustomAlert/Views/CustomAlert.swift /Users/admin/builder/spi-builder-workspace/Sources/CustomAlert/Views/CustomAlertRow.swift /Users/admin/builder/spi-builder-workspace/Sources/CustomAlert/Views/CustomAlertSection.swift /Users/admin/builder/spi-builder-workspace/.derivedData/Build/Intermediates.noindex/CustomAlert.build/Debug-appletvos/CustomAlert-t.build/DerivedSources/GeneratedAssetSymbols.swift (in target 'CustomAlert' from project 'CustomAlert')
SwiftCompile normal arm64 /Users/admin/builder/spi-builder-workspace/Sources/CustomAlert/Views/CustomAlert.swift (in target 'CustomAlert' from project 'CustomAlert')
cd /Users/admin/builder/spi-builder-workspace/.swiftpm/xcode
builtin-SwiftPerFileCompile CustomAlert.swift
SwiftCompile normal arm64 /Users/admin/builder/spi-builder-workspace/Sources/CustomAlert/Views/CustomAlertRow.swift (in target 'CustomAlert' from project 'CustomAlert')
cd /Users/admin/builder/spi-builder-workspace/.swiftpm/xcode
builtin-SwiftPerFileCompile CustomAlertRow.swift
SwiftCompile normal arm64 /Users/admin/builder/spi-builder-workspace/Sources/CustomAlert/Views/CustomAlertSection.swift (in target 'CustomAlert' from project 'CustomAlert')
cd /Users/admin/builder/spi-builder-workspace/.swiftpm/xcode
builtin-SwiftPerFileCompile CustomAlertSection.swift
SwiftCompile normal arm64 /Users/admin/builder/spi-builder-workspace/.derivedData/Build/Intermediates.noindex/CustomAlert.build/Debug-appletvos/CustomAlert-t.build/DerivedSources/GeneratedAssetSymbols.swift (in target 'CustomAlert' from project 'CustomAlert')
cd /Users/admin/builder/spi-builder-workspace/.swiftpm/xcode
builtin-SwiftPerFileCompile GeneratedAssetSymbols.swift
SwiftCompile normal arm64 Compiling\ BorderShapeApplier.swift,\ CaptureSize.swift,\ ScrollViewDisabled.swift,\ ShadowApplier.swift /Users/admin/builder/spi-builder-workspace/Sources/CustomAlert/Helper/BorderShapeApplier.swift /Users/admin/builder/spi-builder-workspace/Sources/CustomAlert/Helper/CaptureSize.swift /Users/admin/builder/spi-builder-workspace/Sources/CustomAlert/Helper/ScrollViewDisabled.swift /Users/admin/builder/spi-builder-workspace/Sources/CustomAlert/Helper/ShadowApplier.swift (in target 'CustomAlert' from project 'CustomAlert')
/Users/admin/builder/spi-builder-workspace/Sources/CustomAlert/Helper/BorderShapeApplier.swift:21:15: error: 'capsule' is only available in tvOS 17.0 or newer
14 | }
15 |
16 | private struct BorderShapeApplier: ViewModifier {
| `- note: add '@available' attribute to enclosing struct
17 | let shape: ButtonBorderShape
18 |
19 | func body(content: Content) -> some View {
| `- note: add '@available' attribute to enclosing instance method
20 | switch shape {
21 | case .capsule:
| |- error: 'capsule' is only available in tvOS 17.0 or newer
| `- note: add 'if #available' version check
22 | content.clipShape(Capsule())
23 | case .roundedRectangle:
/Users/admin/builder/spi-builder-workspace/Sources/CustomAlert/Helper/BorderShapeApplier.swift:21:15: error: 'capsule' is only available in tvOS 17.0 or newer
14 | }
15 |
16 | private struct BorderShapeApplier: ViewModifier {
| `- note: add '@available' attribute to enclosing struct
17 | let shape: ButtonBorderShape
18 |
19 | func body(content: Content) -> some View {
| `- note: add '@available' attribute to enclosing instance method
20 | switch shape {
21 | case .capsule:
| |- error: 'capsule' is only available in tvOS 17.0 or newer
| `- note: add 'if #available' version check
22 | content.clipShape(Capsule())
23 | case .roundedRectangle:
/Users/admin/builder/spi-builder-workspace/Sources/CustomAlert/Helper/ScrollViewDisabled.swift:21:21: error: 'scrollDisabled' is only available in tvOS 16.0 or newer
14 | }
15 |
16 | private struct DisabledViewModifier: ViewModifier {
| `- note: add '@available' attribute to enclosing struct
17 | let isDisabled: Bool
18 |
19 | func body(content: Content) -> some View {
| `- note: add '@available' attribute to enclosing instance method
20 | if #available(iOS 16.0, *) {
21 | content.scrollDisabled(isDisabled)
| |- error: 'scrollDisabled' is only available in tvOS 16.0 or newer
| `- note: add 'if #available' version check
22 | } else {
23 | content.disabled(isDisabled)
Failed frontend command:
/Applications/Xcode-27.0.0-Release.Candidate.app/Contents/Developer/Toolchains/XcodeDefault.xctoolchain/usr/bin/swift-frontend -frontend -c /Users/admin/builder/spi-builder-workspace/.derivedData/Build/Intermediates.noindex/CustomAlert.build/Debug-appletvos/CustomAlert-t.build/DerivedSources/resource_bundle_accessor.swift /Users/admin/builder/spi-builder-workspace/Sources/CustomAlert/API+Bool.swift /Users/admin/builder/spi-builder-workspace/Sources/CustomAlert/API+Identifiable.swift /Users/admin/builder/spi-builder-workspace/Sources/CustomAlert/Actions/Action.swift /Users/admin/builder/spi-builder-workspace/Sources/CustomAlert/Actions/ActionBuilder.swift /Users/admin/builder/spi-builder-workspace/Sources/CustomAlert/Actions/CustomAlertAction.swift /Users/admin/builder/spi-builder-workspace/Sources/CustomAlert/Actions/HActionStack.swift /Users/admin/builder/spi-builder-workspace/Sources/CustomAlert/Actions/VActionStack.swift /Users/admin/builder/spi-builder-workspace/Sources/CustomAlert/AlertButtonStyle.swift /Users/admin/builder/spi-builder-workspace/Sources/CustomAlert/Configuration/CustomAlertBackground.swift /Users/admin/builder/spi-builder-workspace/Sources/CustomAlert/Configuration/CustomAlertConfiguration.Alert.swift /Users/admin/builder/spi-builder-workspace/Sources/CustomAlert/Configuration/CustomAlertConfiguration.Button.swift /Users/admin/builder/spi-builder-workspace/Sources/CustomAlert/Configuration/CustomAlertConfiguration.Value.swift /Users/admin/builder/spi-builder-workspace/Sources/CustomAlert/Configuration/CustomAlertConfiguration.swift /Users/admin/builder/spi-builder-workspace/Sources/CustomAlert/Configuration/CustomAlertShadow.swift /Users/admin/builder/spi-builder-workspace/Sources/CustomAlert/Configuration/CustomAlertState.swift /Users/admin/builder/spi-builder-workspace/Sources/CustomAlert/Configuration/Default\ Configurations/CustomAlertConfiguration.Classic.swift /Users/admin/builder/spi-builder-workspace/Sources/CustomAlert/Configuration/Default\ Configurations/CustomAlertConfiguration.LiquidGlass.swift /Users/admin/builder/spi-builder-workspace/Sources/CustomAlert/CustomAlertHandler+Item.swift /Users/admin/builder/spi-builder-workspace/Sources/CustomAlert/CustomAlertHandler.swift /Users/admin/builder/spi-builder-workspace/Sources/CustomAlert/Extensions/ColorExtensions.swift /Users/admin/builder/spi-builder-workspace/Sources/CustomAlert/Extensions/EdgeInsetsExtensions.swift /Users/admin/builder/spi-builder-workspace/Sources/CustomAlert/Extensions/Environment/Environment+AlertButtonHeight.swift /Users/admin/builder/spi-builder-workspace/Sources/CustomAlert/Extensions/Environment/Environment+AlertDismissAction.swift /Users/admin/builder/spi-builder-workspace/Sources/CustomAlert/Extensions/Environment/Environment+CustomAlertConfiguration.swift /Users/admin/builder/spi-builder-workspace/Sources/CustomAlert/Extensions/GeometryProxyExtensions.swift /Users/admin/builder/spi-builder-workspace/Sources/CustomAlert/Extensions/MainActorExtensions.swift /Users/admin/builder/spi-builder-workspace/Sources/CustomAlert/Extensions/ProcessInfoExtensions.swift /Users/admin/builder/spi-builder-workspace/Sources/CustomAlert/Extensions/VerticalAlignmentExtensions.swift -primary-file /Users/admin/builder/spi-builder-workspace/Sources/CustomAlert/Helper/BorderShapeApplier.swift -primary-file /Users/admin/builder/spi-builder-workspace/Sources/CustomAlert/Helper/CaptureSize.swift -primary-file /Users/admin/builder/spi-builder-workspace/Sources/CustomAlert/Helper/ScrollViewDisabled.swift -primary-file /Users/admin/builder/spi-builder-workspace/Sources/CustomAlert/Helper/ShadowApplier.swift /Users/admin/builder/spi-builder-workspace/Sources/CustomAlert/Preview/AlertPreview.swift /Users/admin/builder/spi-builder-workspace/Sources/CustomAlert/Preview/StringExtensions.swift /Users/admin/builder/spi-builder-workspace/Sources/CustomAlert/Views/BackgroundView.swift /Users/admin/builder/spi-builder-workspace/Sources/CustomAlert/Views/BlurView.swift /Users/admin/builder/spi-builder-workspace/Sources/CustomAlert/Views/CustomAlert.swift /Users/admin/builder/spi-builder-workspace/Sources/CustomAlert/Views/CustomAlertRow.swift /Users/admin/builder/spi-builder-workspace/Sources/CustomAlert/Views/CustomAlertSection.swift /Users/admin/builder/spi-builder-workspace/.derivedData/Build/Intermediates.noindex/CustomAlert.build/Debug-appletvos/CustomAlert-t.build/DerivedSources/GeneratedAssetSymbols.swift -supplementary-output-file-map /Users/admin/builder/spi-builder-workspace/.derivedData/Build/Intermediates.noindex/CustomAlert.build/Debug-appletvos/CustomAlert-t.build/Objects-normal/arm64/supplementaryOutputs-12 -target arm64-apple-tvos15.0 -module-can-import-version DeveloperToolsSupport 24.0.24 24.0.24 -module-can-import-version SwiftUI 8.0.84 8.0.84 -module-can-import-version UIKit 9127.0.84.1 9127.0.84 -disable-cross-import-overlay-search -load-resolved-plugin /Applications/Xcode-27.0.0-Release.Candidate.app/Contents/Developer/Platforms/AppleTVOS.platform/Developer/usr/lib/swift/host/plugins/libFoundationMacros.dylib\#/Applications/Xcode-27.0.0-Release.Candidate.app/Contents/Developer/Platforms/AppleTVOS.platform/Developer/usr/bin/swift-plugin-server\#FoundationMacros -load-resolved-plugin /Applications/Xcode-27.0.0-Release.Candidate.app/Contents/Developer/Platforms/AppleTVOS.platform/Developer/usr/lib/swift/host/plugins/libObservationMacros.dylib\#/Applications/Xcode-27.0.0-Release.Candidate.app/Contents/Developer/Platforms/AppleTVOS.platform/Developer/usr/bin/swift-plugin-server\#ObservationMacros -load-resolved-plugin /Applications/Xcode-27.0.0-Release.Candidate.app/Contents/Developer/Platforms/AppleTVOS.platform/Developer/usr/lib/swift/host/plugins/libPreviewsMacros.dylib\#/Applications/Xcode-27.0.0-Release.Candidate.app/Contents/Developer/Platforms/AppleTVOS.platform/Developer/usr/bin/swift-plugin-server\#PreviewsMacros -load-resolved-plugin /Applications/Xcode-27.0.0-Release.Candidate.app/Contents/Developer/Platforms/AppleTVOS.platform/Developer/usr/lib/swift/host/plugins/libSwiftMacros.dylib\#/Applications/Xcode-27.0.0-Release.Candidate.app/Contents/Developer/Platforms/AppleTVOS.platform/Developer/usr/bin/swift-plugin-server\#SwiftMacros -load-resolved-plugin /Applications/Xcode-27.0.0-Release.Candidate.app/Contents/Developer/Platforms/AppleTVOS.platform/Developer/usr/lib/swift/host/plugins/libSwiftUIMacros.dylib\#/Applications/Xcode-27.0.0-Release.Candidate.app/Contents/Developer/Platforms/AppleTVOS.platform/Developer/usr/bin/swift-plugin-server\#SwiftUIMacros -disable-implicit-swift-modules -Xcc -fno-implicit-modules -Xcc -fno-implicit-module-maps -explicit-swift-module-map-file /Users/admin/builder/spi-builder-workspace/.derivedData/Build/Intermediates.noindex/CustomAlert.build/Debug-appletvos/CustomAlert-t.build/Objects-normal/arm64/CustomAlert-dependencies-1.json -Xllvm -aarch64-use-tbi -enable-objc-interop -stack-check -sdk /Applications/Xcode-27.0.0-Release.Candidate.app/Contents/Developer/Platforms/AppleTVOS.platform/Developer/SDKs/AppleTVOS27.0.sdk -I /Users/admin/builder/spi-builder-workspace/.derivedData/Build/Products/Debug-appletvos -Isystem /Applications/Xcode-27.0.0-Release.Candidate.app/Contents/Developer/Platforms/AppleTVOS.platform/Developer/usr/lib -F /Users/admin/builder/spi-builder-workspace/.derivedData/Build/Products/Debug-appletvos/PackageFrameworks -F /Users/admin/builder/spi-builder-workspace/.derivedData/Build/Products/Debug-appletvos -F /Applications/Xcode-27.0.0-Release.Candidate.app/Contents/Developer/Platforms/AppleTVOS.platform/Developer/Library/Frameworks -F /Applications/Xcode-27.0.0-Release.Candidate.app/Contents/Developer/Platforms/AppleTVOS.platform/Developer/SDKs/AppleTVOS27.0.sdk/Developer/Library/Frameworks -module-cache-path /Users/admin/builder/spi-builder-workspace/.derivedData/Build/Intermediates.noindex/SwiftExplicitPrecompiledModules -no-color-diagnostics -Xcc -fno-color-diagnostics -enable-testing -g -debug-info-format\=dwarf -dwarf-version\=4 -profile-generate -profile-coverage-mapping -swift-version 6 -Onone -D SWIFT_PACKAGE -D DEBUG -D SWIFT_MODULE_RESOURCE_BUNDLE_AVAILABLE -D Xcode -serialize-debugging-options -enable-experimental-feature DebugDescriptionMacro -empty-abi-descriptor -validate-clang-modules-once -clang-build-session-file /Users/admin/builder/spi-builder-workspace/.derivedData/ModuleCache.noindex/Session.modulevalidation -Xcc -working-directory -Xcc /Users/admin/builder/spi-builder-workspace/.swiftpm/xcode -enable-anonymous-context-mangled-names -file-compilation-dir /Users/admin/builder/spi-builder-workspace/.swiftpm/xcode -Xcc -D_LIBCPP_HARDENING_MODE\=_LIBCPP_HARDENING_MODE_DEBUG -Xcc -ivfsstatcache -Xcc /Users/admin/builder/spi-builder-workspace/.derivedData/SDKStatCaches.noindex/appletvos27.0-24J360-e829b21a6f8c9b70876ba0858053c044b32bfd8d43560033f8d89884cdb90028.sdkstatcache -Xcc -fmodules-prune-interval\=86400 -Xcc -fmodules-prune-after\=345600 -Xcc -I/Users/admin/builder/spi-builder-workspace/.derivedData/Build/Products/Debug-appletvos/include -Xcc -I/Users/admin/builder/spi-builder-workspace/.derivedData/Build/Intermediates.noindex/CustomAlert.build/Debug-appletvos/CustomAlert-t.build/DerivedSources-normal/arm64 -Xcc -I/Users/admin/builder/spi-builder-workspace/.derivedData/Build/Intermediates.noindex/CustomAlert.build/Debug-appletvos/CustomAlert-t.build/DerivedSources/arm64 -Xcc -I/Users/admin/builder/spi-builder-workspace/.derivedData/Build/Intermediates.noindex/CustomAlert.build/Debug-appletvos/CustomAlert-t.build/DerivedSources -Xcc -DSWIFT_PACKAGE -Xcc -DDEBUG\=1 -no-auto-bridging-header-chaining -module-name CustomAlert -package-name spi_builder_workspace -const-gather-protocols-file /Users/admin/builder/spi-builder-workspace/.derivedData/Build/Intermediates.noindex/CustomAlert.build/Debug-appletvos/CustomAlert-t.build/Objects-normal/arm64/CustomAlert_const_extract_protocols.json -disable-clang-spi -clang-target arm64-apple-tvos27.0 -target-sdk-version 27.0 -target-sdk-name appletvos27.0 -in-process-plugin-server-path /Applications/Xcode-27.0.0-Release.Candidate.app/Contents/Developer/Toolchains/XcodeDefault.xctoolchain/usr/lib/swift/host/libSwiftInProcPluginServer.dylib -parse-as-library -o /Users/admin/builder/spi-builder-workspace/.derivedData/Build/Intermediates.noindex/CustomAlert.build/Debug-appletvos/CustomAlert-t.build/Objects-normal/arm64/BorderShapeApplier.o -o /Users/admin/builder/spi-builder-workspace/.derivedData/Build/Intermediates.noindex/CustomAlert.build/Debug-appletvos/CustomAlert-t.build/Objects-normal/arm64/CaptureSize.o -o /Users/admin/builder/spi-builder-workspace/.derivedData/Build/Intermediates.noindex/CustomAlert.build/Debug-appletvos/CustomAlert-t.build/Objects-normal/arm64/ScrollViewDisabled.o -o /Users/admin/builder/spi-builder-workspace/.derivedData/Build/Intermediates.noindex/CustomAlert.build/Debug-appletvos/CustomAlert-t.build/Objects-normal/arm64/ShadowApplier.o -debug-module-path /Users/admin/builder/spi-builder-workspace/.derivedData/Build/Intermediates.noindex/CustomAlert.build/Debug-appletvos/CustomAlert-t.build/Objects-normal/arm64/CustomAlert.swiftmodule -index-unit-output-path /CustomAlert.build/Debug-appletvos/CustomAlert-t.build/Objects-normal/arm64/BorderShapeApplier.o -index-unit-output-path /CustomAlert.build/Debug-appletvos/CustomAlert-t.build/Objects-normal/arm64/CaptureSize.o -index-unit-output-path /CustomAlert.build/Debug-appletvos/CustomAlert-t.build/Objects-normal/arm64/ScrollViewDisabled.o -index-unit-output-path /CustomAlert.build/Debug-appletvos/CustomAlert-t.build/Objects-normal/arm64/ShadowApplier.o -index-store-path /Users/admin/builder/spi-builder-workspace/.derivedData/Index.noindex/DataStore -index-system-modules
SwiftCompile normal arm64 /Users/admin/builder/spi-builder-workspace/Sources/CustomAlert/Helper/BorderShapeApplier.swift (in target 'CustomAlert' from project 'CustomAlert')
cd /Users/admin/builder/spi-builder-workspace/.swiftpm/xcode
builtin-SwiftPerFileCompile BorderShapeApplier.swift
SwiftCompile normal arm64 /Users/admin/builder/spi-builder-workspace/Sources/CustomAlert/Helper/CaptureSize.swift (in target 'CustomAlert' from project 'CustomAlert')
cd /Users/admin/builder/spi-builder-workspace/.swiftpm/xcode
builtin-SwiftPerFileCompile CaptureSize.swift
SwiftCompile normal arm64 /Users/admin/builder/spi-builder-workspace/Sources/CustomAlert/Helper/ScrollViewDisabled.swift (in target 'CustomAlert' from project 'CustomAlert')
cd /Users/admin/builder/spi-builder-workspace/.swiftpm/xcode
builtin-SwiftPerFileCompile ScrollViewDisabled.swift
SwiftCompile normal arm64 /Users/admin/builder/spi-builder-workspace/Sources/CustomAlert/Helper/ShadowApplier.swift (in target 'CustomAlert' from project 'CustomAlert')
cd /Users/admin/builder/spi-builder-workspace/.swiftpm/xcode
builtin-SwiftPerFileCompile ShadowApplier.swift
SwiftCompile normal arm64 Compiling\ CustomAlertConfiguration.swift,\ CustomAlertShadow.swift,\ CustomAlertState.swift,\ CustomAlertConfiguration.Classic.swift /Users/admin/builder/spi-builder-workspace/Sources/CustomAlert/Configuration/CustomAlertConfiguration.swift /Users/admin/builder/spi-builder-workspace/Sources/CustomAlert/Configuration/CustomAlertShadow.swift /Users/admin/builder/spi-builder-workspace/Sources/CustomAlert/Configuration/CustomAlertState.swift /Users/admin/builder/spi-builder-workspace/Sources/CustomAlert/Configuration/Default\ Configurations/CustomAlertConfiguration.Classic.swift (in target 'CustomAlert' from project 'CustomAlert')
SwiftCompile normal arm64 /Users/admin/builder/spi-builder-workspace/Sources/CustomAlert/Configuration/CustomAlertConfiguration.swift (in target 'CustomAlert' from project 'CustomAlert')
cd /Users/admin/builder/spi-builder-workspace/.swiftpm/xcode
builtin-SwiftPerFileCompile CustomAlertConfiguration.swift
SwiftCompile normal arm64 /Users/admin/builder/spi-builder-workspace/Sources/CustomAlert/Configuration/CustomAlertShadow.swift (in target 'CustomAlert' from project 'CustomAlert')
cd /Users/admin/builder/spi-builder-workspace/.swiftpm/xcode
builtin-SwiftPerFileCompile CustomAlertShadow.swift
SwiftCompile normal arm64 /Users/admin/builder/spi-builder-workspace/Sources/CustomAlert/Configuration/CustomAlertState.swift (in target 'CustomAlert' from project 'CustomAlert')
cd /Users/admin/builder/spi-builder-workspace/.swiftpm/xcode
builtin-SwiftPerFileCompile CustomAlertState.swift
SwiftCompile normal arm64 /Users/admin/builder/spi-builder-workspace/Sources/CustomAlert/Configuration/Default\ Configurations/CustomAlertConfiguration.Classic.swift (in target 'CustomAlert' from project 'CustomAlert')
cd /Users/admin/builder/spi-builder-workspace/.swiftpm/xcode
builtin-SwiftPerFileCompile CustomAlertConfiguration.Classic.swift
SwiftDriverJobDiscovery normal arm64 Compiling GeometryProxyExtensions.swift, MainActorExtensions.swift, ProcessInfoExtensions.swift, VerticalAlignmentExtensions.swift (in target 'CustomAlert' from project 'CustomAlert')
PruneExplicitPrecompiledModules /Users/admin/builder/spi-builder-workspace/.derivedData/Build/Intermediates.noindex/SwiftExplicitPrecompiledModules
PruneExplicitPrecompiledModules /Users/admin/builder/spi-builder-workspace/.derivedData/SDKExplicitPrecompiledModules
PruneExplicitPrecompiledModules /Users/admin/builder/spi-builder-workspace/.derivedData/Build/Intermediates.noindex/ExplicitPrecompiledModules
2026-10-05 03:28:48.203 xcodebuild[812:4674] [MT] IDERunDestination: Supported platforms for the buildables in the current scheme is empty.
** BUILD FAILED **
The following build commands failed:
SwiftCompile normal arm64 Compiling\ BorderShapeApplier.swift,\ CaptureSize.swift,\ ScrollViewDisabled.swift,\ ShadowApplier.swift /Users/admin/builder/spi-builder-workspace/Sources/CustomAlert/Helper/BorderShapeApplier.swift /Users/admin/builder/spi-builder-workspace/Sources/CustomAlert/Helper/CaptureSize.swift /Users/admin/builder/spi-builder-workspace/Sources/CustomAlert/Helper/ScrollViewDisabled.swift /Users/admin/builder/spi-builder-workspace/Sources/CustomAlert/Helper/ShadowApplier.swift (in target 'CustomAlert' from project 'CustomAlert')
SwiftCompile normal arm64 /Users/admin/builder/spi-builder-workspace/Sources/CustomAlert/Helper/BorderShapeApplier.swift (in target 'CustomAlert' from project 'CustomAlert')
SwiftCompile normal arm64 /Users/admin/builder/spi-builder-workspace/Sources/CustomAlert/Helper/ScrollViewDisabled.swift (in target 'CustomAlert' from project 'CustomAlert')
Building workspace CustomAlert with scheme CustomAlert
(4 failures)
Command line invocation:
/Applications/Xcode-27.0.0-Release.Candidate.app/Contents/Developer/usr/bin/xcodebuild -IDEClonedSourcePackagesDirPathOverride=/Users/admin/builder/spi-builder-workspace/.dependencies -resolvePackageDependencies
Resolve Package Graph
Resolved source packages:
WindowKit: https://github.com/divadretlaw/WindowKit @ 3.0.2
WindowSceneReader: https://github.com/divadretlaw/WindowSceneReader @ 3.3.0
CustomAlert: /Users/admin/builder/spi-builder-workspace
WindowReader: https://github.com/divadretlaw/WindowReader @ 3.1.0
resolved source packages: WindowKit, WindowSceneReader, CustomAlert, WindowReader
2026-10-05 03:28:59.825 xcodebuild[977:5604] [MT] IDERunDestination: Supported platforms for the buildables in the current scheme is empty.
{
"dependencies" : [
{
"identity" : "windowkit",
"requirement" : {
"range" : [
{
"lower_bound" : "3.0.0",
"upper_bound" : "4.0.0"
}
]
},
"type" : "sourceControl",
"url" : "https://github.com/divadretlaw/WindowKit"
}
],
"manifest_display_name" : "CustomAlert",
"name" : "CustomAlert",
"path" : "/Users/admin/builder/spi-builder-workspace",
"platforms" : [
{
"name" : "ios",
"version" : "15.0"
},
{
"name" : "visionos",
"version" : "1.0"
}
],
"products" : [
{
"name" : "CustomAlert",
"targets" : [
"CustomAlert"
],
"type" : {
"library" : [
"automatic"
]
}
}
],
"targets" : [
{
"c99name" : "CustomAlertTests",
"module_type" : "SwiftTarget",
"name" : "CustomAlertTests",
"path" : "Tests/CustomAlertTests",
"sources" : [
"CustomAlertTests.swift"
],
"target_dependencies" : [
"CustomAlert"
],
"type" : "test"
},
{
"c99name" : "CustomAlert",
"module_type" : "SwiftTarget",
"name" : "CustomAlert",
"path" : "Sources/CustomAlert",
"product_dependencies" : [
"WindowKit"
],
"product_memberships" : [
"CustomAlert"
],
"sources" : [
"API+Bool.swift",
"API+Identifiable.swift",
"Actions/Action.swift",
"Actions/ActionBuilder.swift",
"Actions/CustomAlertAction.swift",
"Actions/HActionStack.swift",
"Actions/VActionStack.swift",
"AlertButtonStyle.swift",
"Configuration/CustomAlertBackground.swift",
"Configuration/CustomAlertConfiguration.Alert.swift",
"Configuration/CustomAlertConfiguration.Button.swift",
"Configuration/CustomAlertConfiguration.Value.swift",
"Configuration/CustomAlertConfiguration.swift",
"Configuration/CustomAlertShadow.swift",
"Configuration/CustomAlertState.swift",
"Configuration/Default Configurations/CustomAlertConfiguration.Classic.swift",
"Configuration/Default Configurations/CustomAlertConfiguration.LiquidGlass.swift",
"CustomAlertHandler+Item.swift",
"CustomAlertHandler.swift",
"Extensions/ColorExtensions.swift",
"Extensions/EdgeInsetsExtensions.swift",
"Extensions/Environment/Environment+AlertButtonHeight.swift",
"Extensions/Environment/Environment+AlertDismissAction.swift",
"Extensions/Environment/Environment+CustomAlertConfiguration.swift",
"Extensions/GeometryProxyExtensions.swift",
"Extensions/MainActorExtensions.swift",
"Extensions/ProcessInfoExtensions.swift",
"Extensions/VerticalAlignmentExtensions.swift",
"Helper/BorderShapeApplier.swift",
"Helper/CaptureSize.swift",
"Helper/ScrollViewDisabled.swift",
"Helper/ShadowApplier.swift",
"Preview/AlertPreview.swift",
"Preview/StringExtensions.swift",
"Views/BackgroundView.swift",
"Views/BlurView.swift",
"Views/CustomAlert.swift",
"Views/CustomAlertRow.swift",
"Views/CustomAlertSection.swift"
],
"type" : "library"
}
],
"tools_version" : "6.0"
}
{
"workspace" : {
"name" : "CustomAlert",
"schemes" : [
"CustomAlert"
]
}
}
2026-10-05 03:29:01.200 xcodebuild[985:5668] [MT] IDERunDestination: Supported platforms for the buildables in the current scheme is empty.
Running build ...
env DEVELOPER_DIR=/Applications/Xcode-27.0.0-Release.Candidate.app xcrun xcodebuild -IDEClonedSourcePackagesDirPathOverride=$PWD/.dependencies -skipMacroValidation -skipPackagePluginValidation -derivedDataPath $PWD/.derivedData build -scheme CustomAlert -destination generic/platform=tvOS
Command line invocation:
/Applications/Xcode-27.0.0-Release.Candidate.app/Contents/Developer/usr/bin/xcodebuild -IDEClonedSourcePackagesDirPathOverride=/Users/admin/builder/spi-builder-workspace/.dependencies -skipMacroValidation -skipPackagePluginValidation -derivedDataPath /Users/admin/builder/spi-builder-workspace/.derivedData build -scheme CustomAlert -destination generic/platform=tvOS
Resolve Package Graph
Resolved source packages:
CustomAlert: /Users/admin/builder/spi-builder-workspace
WindowReader: https://github.com/divadretlaw/WindowReader @ 3.1.0
WindowSceneReader: https://github.com/divadretlaw/WindowSceneReader @ 3.3.0
WindowKit: https://github.com/divadretlaw/WindowKit @ 3.0.2
ComputePackagePrebuildTargetDependencyGraph
Prepare packages
CreateBuildRequest
SendProjectDescription
CreateBuildOperation
ComputeTargetDependencyGraph
note: Building targets in dependency order
note: Target dependency graph (9 targets)
Target 'CustomAlert-product' in project 'CustomAlert'
➜ Explicit dependency on target 'CustomAlert' in project 'CustomAlert'
➜ Explicit dependency on target 'CustomAlert_CustomAlert' in project 'CustomAlert'
➜ Explicit dependency on target 'WindowKit-product' in project 'WindowKit'
Target 'CustomAlert' in project 'CustomAlert'
➜ Explicit dependency on target 'CustomAlert_CustomAlert' in project 'CustomAlert'
➜ Explicit dependency on target 'WindowKit-product' in project 'WindowKit'
Target 'WindowKit-product' in project 'WindowKit'
➜ Explicit dependency on target 'WindowKit' in project 'WindowKit'
➜ Explicit dependency on target 'WindowReader-product' in project 'WindowReader'
➜ Explicit dependency on target 'WindowSceneReader-product' in project 'WindowSceneReader'
Target 'WindowKit' in project 'WindowKit'
➜ Explicit dependency on target 'WindowReader-product' in project 'WindowReader'
➜ Explicit dependency on target 'WindowSceneReader-product' in project 'WindowSceneReader'
Target 'WindowSceneReader-product' in project 'WindowSceneReader'
➜ Explicit dependency on target 'WindowSceneReader' in project 'WindowSceneReader'
➜ Explicit dependency on target 'WindowReader-product' in project 'WindowReader'
Target 'WindowSceneReader' in project 'WindowSceneReader'
➜ Explicit dependency on target 'WindowReader-product' in project 'WindowReader'
Target 'WindowReader-product' in project 'WindowReader'
➜ Explicit dependency on target 'WindowReader' in project 'WindowReader'
Target 'WindowReader' in project 'WindowReader' (no dependencies)
Target 'CustomAlert_CustomAlert' in project 'CustomAlert' (no dependencies)
GatherProvisioningInputs
CreateBuildDescription
ClangStatCache /Applications/Xcode-27.0.0-Release.Candidate.app/Contents/Developer/Toolchains/XcodeDefault.xctoolchain/usr/bin/clang-stat-cache /Applications/Xcode-27.0.0-Release.Candidate.app/Contents/Developer/Platforms/AppleTVOS.platform/Developer/SDKs/AppleTVOS27.0.sdk /Users/admin/builder/spi-builder-workspace/.derivedData/SDKStatCaches.noindex/appletvos27.0-24J360-e829b21a6f8c9b70876ba0858053c044b32bfd8d43560033f8d89884cdb90028.sdkstatcache
cd /Users/admin/builder/spi-builder-workspace/.swiftpm/xcode
/Applications/Xcode-27.0.0-Release.Candidate.app/Contents/Developer/Toolchains/XcodeDefault.xctoolchain/usr/bin/clang-stat-cache /Applications/Xcode-27.0.0-Release.Candidate.app/Contents/Developer/Platforms/AppleTVOS.platform/Developer/SDKs/AppleTVOS27.0.sdk -o /Users/admin/builder/spi-builder-workspace/.derivedData/SDKStatCaches.noindex/appletvos27.0-24J360-e829b21a6f8c9b70876ba0858053c044b32bfd8d43560033f8d89884cdb90028.sdkstatcache
SwiftDriver CustomAlert normal arm64 com.apple.xcode.tools.swift.compiler (in target 'CustomAlert' from project 'CustomAlert')
cd /Users/admin/builder/spi-builder-workspace/.swiftpm/xcode
builtin-SwiftDriver -- /Applications/Xcode-27.0.0-Release.Candidate.app/Contents/Developer/Toolchains/XcodeDefault.xctoolchain/usr/bin/swiftc -parse-as-library -module-name CustomAlert -Onone @/Users/admin/builder/spi-builder-workspace/.derivedData/Build/Intermediates.noindex/CustomAlert.build/Debug-appletvos/CustomAlert-t.build/Objects-normal/arm64/CustomAlert.SwiftFileList -DSWIFT_PACKAGE -DDEBUG -DSWIFT_MODULE_RESOURCE_BUNDLE_AVAILABLE -DXcode -plugin-path /Applications/Xcode-27.0.0-Release.Candidate.app/Contents/Developer/Toolchains/XcodeDefault.xctoolchain/usr/lib/swift/host/plugins/testing -enable-experimental-feature DebugDescriptionMacro -sdk /Applications/Xcode-27.0.0-Release.Candidate.app/Contents/Developer/Platforms/AppleTVOS.platform/Developer/SDKs/AppleTVOS27.0.sdk -target arm64-apple-tvos15.0 -g -module-cache-path /Users/admin/builder/spi-builder-workspace/.derivedData/ModuleCache.noindex -Xfrontend -serialize-debugging-options -profile-coverage-mapping -profile-generate -enable-testing -index-store-path /Users/admin/builder/spi-builder-workspace/.derivedData/Index.noindex/DataStore -Xcc -D_LIBCPP_HARDENING_MODE\=_LIBCPP_HARDENING_MODE_DEBUG -swift-version 6 -I /Users/admin/builder/spi-builder-workspace/.derivedData/Build/Products/Debug-appletvos -Isystem /Applications/Xcode-27.0.0-Release.Candidate.app/Contents/Developer/Platforms/AppleTVOS.platform/Developer/usr/lib -F /Users/admin/builder/spi-builder-workspace/.derivedData/Build/Products/Debug-appletvos/PackageFrameworks -F /Users/admin/builder/spi-builder-workspace/.derivedData/Build/Products/Debug-appletvos -F /Applications/Xcode-27.0.0-Release.Candidate.app/Contents/Developer/Platforms/AppleTVOS.platform/Developer/Library/Frameworks -F /Applications/Xcode-27.0.0-Release.Candidate.app/Contents/Developer/Platforms/AppleTVOS.platform/Developer/SDKs/AppleTVOS27.0.sdk/Developer/Library/Frameworks -c -j10 -enable-batch-mode -incremental -Xcc -ivfsstatcache -Xcc /Users/admin/builder/spi-builder-workspace/.derivedData/SDKStatCaches.noindex/appletvos27.0-24J360-e829b21a6f8c9b70876ba0858053c044b32bfd8d43560033f8d89884cdb90028.sdkstatcache -output-file-map /Users/admin/builder/spi-builder-workspace/.derivedData/Build/Intermediates.noindex/CustomAlert.build/Debug-appletvos/CustomAlert-t.build/Objects-normal/arm64/CustomAlert-OutputFileMap.json -save-temps -no-color-diagnostics -explicit-module-build -module-cache-path /Users/admin/builder/spi-builder-workspace/.derivedData/Build/Intermediates.noindex/SwiftExplicitPrecompiledModules -clang-scanner-module-cache-path /Users/admin/builder/spi-builder-workspace/.derivedData/ModuleCache.noindex -sdk-module-cache-path /Users/admin/builder/spi-builder-workspace/.derivedData/SDKExplicitPrecompiledModules -emit-dependencies -emit-module -emit-module-path /Users/admin/builder/spi-builder-workspace/.derivedData/Build/Intermediates.noindex/CustomAlert.build/Debug-appletvos/CustomAlert-t.build/Objects-normal/arm64/CustomAlert.swiftmodule -serialize-diagnostics -dependency-scan-serialize-diagnostics-path /Users/admin/builder/spi-builder-workspace/.derivedData/Build/Intermediates.noindex/CustomAlert.build/Debug-appletvos/CustomAlert-t.build/Objects-normal/arm64/CustomAlert-dependency-scan.dia -validate-clang-modules-once -clang-build-session-file /Users/admin/builder/spi-builder-workspace/.derivedData/ModuleCache.noindex/Session.modulevalidation -Xcc -fmodules-prune-interval\=86400 -Xcc -fmodules-prune-after\=345600 -package-name spi_builder_workspace -emit-const-values -const-gather-protocols-list /Users/admin/builder/spi-builder-workspace/.derivedData/Build/Intermediates.noindex/CustomAlert.build/Debug-appletvos/CustomAlert-t.build/Objects-normal/arm64/CustomAlert_const_extract_protocols.json -Xcc -I/Users/admin/builder/spi-builder-workspace/.derivedData/Build/Products/Debug-appletvos/include -Xcc -I/Users/admin/builder/spi-builder-workspace/.derivedData/Build/Intermediates.noindex/CustomAlert.build/Debug-appletvos/CustomAlert-t.build/DerivedSources-normal/arm64 -Xcc -I/Users/admin/builder/spi-builder-workspace/.derivedData/Build/Intermediates.noindex/CustomAlert.build/Debug-appletvos/CustomAlert-t.build/DerivedSources/arm64 -Xcc -I/Users/admin/builder/spi-builder-workspace/.derivedData/Build/Intermediates.noindex/CustomAlert.build/Debug-appletvos/CustomAlert-t.build/DerivedSources -Xcc -DSWIFT_PACKAGE -Xcc -DDEBUG\=1 -emit-objc-header -emit-objc-header-path /Users/admin/builder/spi-builder-workspace/.derivedData/Build/Intermediates.noindex/CustomAlert.build/Debug-appletvos/CustomAlert-t.build/Objects-normal/arm64/CustomAlert-Swift.h -working-directory /Users/admin/builder/spi-builder-workspace/.swiftpm/xcode -experimental-emit-module-separately -disable-cmo
SwiftCompile normal arm64 Compiling\ ActionBuilder.swift,\ CustomAlertAction.swift,\ HActionStack.swift,\ VActionStack.swift /Users/admin/builder/spi-builder-workspace/Sources/CustomAlert/Actions/ActionBuilder.swift /Users/admin/builder/spi-builder-workspace/Sources/CustomAlert/Actions/CustomAlertAction.swift /Users/admin/builder/spi-builder-workspace/Sources/CustomAlert/Actions/HActionStack.swift /Users/admin/builder/spi-builder-workspace/Sources/CustomAlert/Actions/VActionStack.swift (in target 'CustomAlert' from project 'CustomAlert')
SwiftCompile normal arm64 /Users/admin/builder/spi-builder-workspace/Sources/CustomAlert/Actions/ActionBuilder.swift (in target 'CustomAlert' from project 'CustomAlert')
cd /Users/admin/builder/spi-builder-workspace/.swiftpm/xcode
builtin-SwiftPerFileCompile ActionBuilder.swift
SwiftCompile normal arm64 /Users/admin/builder/spi-builder-workspace/Sources/CustomAlert/Actions/CustomAlertAction.swift (in target 'CustomAlert' from project 'CustomAlert')
cd /Users/admin/builder/spi-builder-workspace/.swiftpm/xcode
builtin-SwiftPerFileCompile CustomAlertAction.swift
SwiftCompile normal arm64 /Users/admin/builder/spi-builder-workspace/Sources/CustomAlert/Actions/HActionStack.swift (in target 'CustomAlert' from project 'CustomAlert')
cd /Users/admin/builder/spi-builder-workspace/.swiftpm/xcode
builtin-SwiftPerFileCompile HActionStack.swift
SwiftCompile normal arm64 /Users/admin/builder/spi-builder-workspace/Sources/CustomAlert/Actions/VActionStack.swift (in target 'CustomAlert' from project 'CustomAlert')
cd /Users/admin/builder/spi-builder-workspace/.swiftpm/xcode
builtin-SwiftPerFileCompile VActionStack.swift
SwiftCompile normal arm64 Compiling\ AlertButtonStyle.swift,\ CustomAlertBackground.swift,\ CustomAlertConfiguration.Alert.swift,\ CustomAlertConfiguration.Button.swift /Users/admin/builder/spi-builder-workspace/Sources/CustomAlert/AlertButtonStyle.swift /Users/admin/builder/spi-builder-workspace/Sources/CustomAlert/Configuration/CustomAlertBackground.swift /Users/admin/builder/spi-builder-workspace/Sources/CustomAlert/Configuration/CustomAlertConfiguration.Alert.swift /Users/admin/builder/spi-builder-workspace/Sources/CustomAlert/Configuration/CustomAlertConfiguration.Button.swift (in target 'CustomAlert' from project 'CustomAlert')
SwiftCompile normal arm64 /Users/admin/builder/spi-builder-workspace/Sources/CustomAlert/AlertButtonStyle.swift (in target 'CustomAlert' from project 'CustomAlert')
cd /Users/admin/builder/spi-builder-workspace/.swiftpm/xcode
builtin-SwiftPerFileCompile AlertButtonStyle.swift
SwiftCompile normal arm64 /Users/admin/builder/spi-builder-workspace/Sources/CustomAlert/Configuration/CustomAlertBackground.swift (in target 'CustomAlert' from project 'CustomAlert')
cd /Users/admin/builder/spi-builder-workspace/.swiftpm/xcode
builtin-SwiftPerFileCompile CustomAlertBackground.swift
SwiftCompile normal arm64 /Users/admin/builder/spi-builder-workspace/Sources/CustomAlert/Configuration/CustomAlertConfiguration.Alert.swift (in target 'CustomAlert' from project 'CustomAlert')
cd /Users/admin/builder/spi-builder-workspace/.swiftpm/xcode
builtin-SwiftPerFileCompile CustomAlertConfiguration.Alert.swift
SwiftCompile normal arm64 /Users/admin/builder/spi-builder-workspace/Sources/CustomAlert/Configuration/CustomAlertConfiguration.Button.swift (in target 'CustomAlert' from project 'CustomAlert')
cd /Users/admin/builder/spi-builder-workspace/.swiftpm/xcode
builtin-SwiftPerFileCompile CustomAlertConfiguration.Button.swift
SwiftCompile normal arm64 Compiling\ ColorExtensions.swift,\ EdgeInsetsExtensions.swift,\ Environment+AlertButtonHeight.swift,\ Environment+AlertDismissAction.swift /Users/admin/builder/spi-builder-workspace/Sources/CustomAlert/Extensions/ColorExtensions.swift /Users/admin/builder/spi-builder-workspace/Sources/CustomAlert/Extensions/EdgeInsetsExtensions.swift /Users/admin/builder/spi-builder-workspace/Sources/CustomAlert/Extensions/Environment/Environment+AlertButtonHeight.swift /Users/admin/builder/spi-builder-workspace/Sources/CustomAlert/Extensions/Environment/Environment+AlertDismissAction.swift (in target 'CustomAlert' from project 'CustomAlert')
SwiftCompile normal arm64 /Users/admin/builder/spi-builder-workspace/Sources/CustomAlert/Extensions/ColorExtensions.swift (in target 'CustomAlert' from project 'CustomAlert')
cd /Users/admin/builder/spi-builder-workspace/.swiftpm/xcode
builtin-SwiftPerFileCompile ColorExtensions.swift
SwiftCompile normal arm64 /Users/admin/builder/spi-builder-workspace/Sources/CustomAlert/Extensions/EdgeInsetsExtensions.swift (in target 'CustomAlert' from project 'CustomAlert')
cd /Users/admin/builder/spi-builder-workspace/.swiftpm/xcode
builtin-SwiftPerFileCompile EdgeInsetsExtensions.swift
SwiftCompile normal arm64 /Users/admin/builder/spi-builder-workspace/Sources/CustomAlert/Extensions/Environment/Environment+AlertButtonHeight.swift (in target 'CustomAlert' from project 'CustomAlert')
cd /Users/admin/builder/spi-builder-workspace/.swiftpm/xcode
builtin-SwiftPerFileCompile Environment+AlertButtonHeight.swift
SwiftCompile normal arm64 /Users/admin/builder/spi-builder-workspace/Sources/CustomAlert/Extensions/Environment/Environment+AlertDismissAction.swift (in target 'CustomAlert' from project 'CustomAlert')
cd /Users/admin/builder/spi-builder-workspace/.swiftpm/xcode
builtin-SwiftPerFileCompile Environment+AlertDismissAction.swift
SwiftCompile normal arm64 Compiling\ Environment+CustomAlertConfiguration.swift,\ BorderShapeApplier.swift,\ CaptureSize.swift,\ ScrollViewDisabled.swift /Users/admin/builder/spi-builder-workspace/Sources/CustomAlert/Extensions/Environment/Environment+CustomAlertConfiguration.swift /Users/admin/builder/spi-builder-workspace/Sources/CustomAlert/Helper/BorderShapeApplier.swift /Users/admin/builder/spi-builder-workspace/Sources/CustomAlert/Helper/CaptureSize.swift /Users/admin/builder/spi-builder-workspace/Sources/CustomAlert/Helper/ScrollViewDisabled.swift (in target 'CustomAlert' from project 'CustomAlert')
/Users/admin/builder/spi-builder-workspace/Sources/CustomAlert/Helper/BorderShapeApplier.swift:21:15: error: 'capsule' is only available in tvOS 17.0 or newer
14 | }
15 |
16 | private struct BorderShapeApplier: ViewModifier {
| `- note: add '@available' attribute to enclosing struct
17 | let shape: ButtonBorderShape
18 |
19 | func body(content: Content) -> some View {
| `- note: add '@available' attribute to enclosing instance method
20 | switch shape {
21 | case .capsule:
| |- error: 'capsule' is only available in tvOS 17.0 or newer
| `- note: add 'if #available' version check
22 | content.clipShape(Capsule())
23 | case .roundedRectangle:
/Users/admin/builder/spi-builder-workspace/Sources/CustomAlert/Helper/BorderShapeApplier.swift:21:15: error: 'capsule' is only available in tvOS 17.0 or newer
14 | }
15 |
16 | private struct BorderShapeApplier: ViewModifier {
| `- note: add '@available' attribute to enclosing struct
17 | let shape: ButtonBorderShape
18 |
19 | func body(content: Content) -> some View {
| `- note: add '@available' attribute to enclosing instance method
20 | switch shape {
21 | case .capsule:
| |- error: 'capsule' is only available in tvOS 17.0 or newer
| `- note: add 'if #available' version check
22 | content.clipShape(Capsule())
23 | case .roundedRectangle:
/Users/admin/builder/spi-builder-workspace/Sources/CustomAlert/Helper/ScrollViewDisabled.swift:21:21: error: 'scrollDisabled' is only available in tvOS 16.0 or newer
14 | }
15 |
16 | private struct DisabledViewModifier: ViewModifier {
| `- note: add '@available' attribute to enclosing struct
17 | let isDisabled: Bool
18 |
19 | func body(content: Content) -> some View {
| `- note: add '@available' attribute to enclosing instance method
20 | if #available(iOS 16.0, *) {
21 | content.scrollDisabled(isDisabled)
| |- error: 'scrollDisabled' is only available in tvOS 16.0 or newer
| `- note: add 'if #available' version check
22 | } else {
23 | content.disabled(isDisabled)
Failed frontend command:
/Applications/Xcode-27.0.0-Release.Candidate.app/Contents/Developer/Toolchains/XcodeDefault.xctoolchain/usr/bin/swift-frontend -frontend -c /Users/admin/builder/spi-builder-workspace/.derivedData/Build/Intermediates.noindex/CustomAlert.build/Debug-appletvos/CustomAlert-t.build/DerivedSources/resource_bundle_accessor.swift /Users/admin/builder/spi-builder-workspace/Sources/CustomAlert/API+Bool.swift /Users/admin/builder/spi-builder-workspace/Sources/CustomAlert/API+Identifiable.swift /Users/admin/builder/spi-builder-workspace/Sources/CustomAlert/Actions/Action.swift /Users/admin/builder/spi-builder-workspace/Sources/CustomAlert/Actions/ActionBuilder.swift /Users/admin/builder/spi-builder-workspace/Sources/CustomAlert/Actions/CustomAlertAction.swift /Users/admin/builder/spi-builder-workspace/Sources/CustomAlert/Actions/HActionStack.swift /Users/admin/builder/spi-builder-workspace/Sources/CustomAlert/Actions/VActionStack.swift /Users/admin/builder/spi-builder-workspace/Sources/CustomAlert/AlertButtonStyle.swift /Users/admin/builder/spi-builder-workspace/Sources/CustomAlert/Configuration/CustomAlertBackground.swift /Users/admin/builder/spi-builder-workspace/Sources/CustomAlert/Configuration/CustomAlertConfiguration.Alert.swift /Users/admin/builder/spi-builder-workspace/Sources/CustomAlert/Configuration/CustomAlertConfiguration.Button.swift /Users/admin/builder/spi-builder-workspace/Sources/CustomAlert/Configuration/CustomAlertConfiguration.Value.swift /Users/admin/builder/spi-builder-workspace/Sources/CustomAlert/Configuration/CustomAlertConfiguration.swift /Users/admin/builder/spi-builder-workspace/Sources/CustomAlert/Configuration/CustomAlertShadow.swift /Users/admin/builder/spi-builder-workspace/Sources/CustomAlert/Configuration/CustomAlertState.swift /Users/admin/builder/spi-builder-workspace/Sources/CustomAlert/Configuration/Default\ Configurations/CustomAlertConfiguration.Classic.swift /Users/admin/builder/spi-builder-workspace/Sources/CustomAlert/Configuration/Default\ Configurations/CustomAlertConfiguration.LiquidGlass.swift /Users/admin/builder/spi-builder-workspace/Sources/CustomAlert/CustomAlertHandler+Item.swift /Users/admin/builder/spi-builder-workspace/Sources/CustomAlert/CustomAlertHandler.swift /Users/admin/builder/spi-builder-workspace/Sources/CustomAlert/Extensions/ColorExtensions.swift /Users/admin/builder/spi-builder-workspace/Sources/CustomAlert/Extensions/EdgeInsetsExtensions.swift /Users/admin/builder/spi-builder-workspace/Sources/CustomAlert/Extensions/Environment/Environment+AlertButtonHeight.swift /Users/admin/builder/spi-builder-workspace/Sources/CustomAlert/Extensions/Environment/Environment+AlertDismissAction.swift -primary-file /Users/admin/builder/spi-builder-workspace/Sources/CustomAlert/Extensions/Environment/Environment+CustomAlertConfiguration.swift /Users/admin/builder/spi-builder-workspace/Sources/CustomAlert/Extensions/GeometryProxyExtensions.swift /Users/admin/builder/spi-builder-workspace/Sources/CustomAlert/Extensions/MainActorExtensions.swift /Users/admin/builder/spi-builder-workspace/Sources/CustomAlert/Extensions/ProcessInfoExtensions.swift /Users/admin/builder/spi-builder-workspace/Sources/CustomAlert/Extensions/VerticalAlignmentExtensions.swift -primary-file /Users/admin/builder/spi-builder-workspace/Sources/CustomAlert/Helper/BorderShapeApplier.swift -primary-file /Users/admin/builder/spi-builder-workspace/Sources/CustomAlert/Helper/CaptureSize.swift -primary-file /Users/admin/builder/spi-builder-workspace/Sources/CustomAlert/Helper/ScrollViewDisabled.swift /Users/admin/builder/spi-builder-workspace/Sources/CustomAlert/Helper/ShadowApplier.swift /Users/admin/builder/spi-builder-workspace/Sources/CustomAlert/Preview/AlertPreview.swift /Users/admin/builder/spi-builder-workspace/Sources/CustomAlert/Preview/StringExtensions.swift /Users/admin/builder/spi-builder-workspace/Sources/CustomAlert/Views/BackgroundView.swift /Users/admin/builder/spi-builder-workspace/Sources/CustomAlert/Views/BlurView.swift /Users/admin/builder/spi-builder-workspace/Sources/CustomAlert/Views/CustomAlert.swift /Users/admin/builder/spi-builder-workspace/Sources/CustomAlert/Views/CustomAlertRow.swift /Users/admin/builder/spi-builder-workspace/Sources/CustomAlert/Views/CustomAlertSection.swift /Users/admin/builder/spi-builder-workspace/.derivedData/Build/Intermediates.noindex/CustomAlert.build/Debug-appletvos/CustomAlert-t.build/DerivedSources/GeneratedAssetSymbols.swift -supplementary-output-file-map /Users/admin/builder/spi-builder-workspace/.derivedData/Build/Intermediates.noindex/CustomAlert.build/Debug-appletvos/CustomAlert-t.build/Objects-normal/arm64/supplementaryOutputs-7 -target arm64-apple-tvos15.0 -module-can-import-version DeveloperToolsSupport 24.0.24 24.0.24 -module-can-import-version SwiftUI 8.0.84 8.0.84 -module-can-import-version UIKit 9127.0.84.1 9127.0.84 -disable-cross-import-overlay-search -load-resolved-plugin /Applications/Xcode-27.0.0-Release.Candidate.app/Contents/Developer/Platforms/AppleTVOS.platform/Developer/usr/lib/swift/host/plugins/libFoundationMacros.dylib\#/Applications/Xcode-27.0.0-Release.Candidate.app/Contents/Developer/Platforms/AppleTVOS.platform/Developer/usr/bin/swift-plugin-server\#FoundationMacros -load-resolved-plugin /Applications/Xcode-27.0.0-Release.Candidate.app/Contents/Developer/Platforms/AppleTVOS.platform/Developer/usr/lib/swift/host/plugins/libObservationMacros.dylib\#/Applications/Xcode-27.0.0-Release.Candidate.app/Contents/Developer/Platforms/AppleTVOS.platform/Developer/usr/bin/swift-plugin-server\#ObservationMacros -load-resolved-plugin /Applications/Xcode-27.0.0-Release.Candidate.app/Contents/Developer/Platforms/AppleTVOS.platform/Developer/usr/lib/swift/host/plugins/libPreviewsMacros.dylib\#/Applications/Xcode-27.0.0-Release.Candidate.app/Contents/Developer/Platforms/AppleTVOS.platform/Developer/usr/bin/swift-plugin-server\#PreviewsMacros -load-resolved-plugin /Applications/Xcode-27.0.0-Release.Candidate.app/Contents/Developer/Platforms/AppleTVOS.platform/Developer/usr/lib/swift/host/plugins/libSwiftMacros.dylib\#/Applications/Xcode-27.0.0-Release.Candidate.app/Contents/Developer/Platforms/AppleTVOS.platform/Developer/usr/bin/swift-plugin-server\#SwiftMacros -load-resolved-plugin /Applications/Xcode-27.0.0-Release.Candidate.app/Contents/Developer/Platforms/AppleTVOS.platform/Developer/usr/lib/swift/host/plugins/libSwiftUIMacros.dylib\#/Applications/Xcode-27.0.0-Release.Candidate.app/Contents/Developer/Platforms/AppleTVOS.platform/Developer/usr/bin/swift-plugin-server\#SwiftUIMacros -disable-implicit-swift-modules -Xcc -fno-implicit-modules -Xcc -fno-implicit-module-maps -explicit-swift-module-map-file /Users/admin/builder/spi-builder-workspace/.derivedData/Build/Intermediates.noindex/CustomAlert.build/Debug-appletvos/CustomAlert-t.build/Objects-normal/arm64/CustomAlert-dependencies-1.json -Xllvm -aarch64-use-tbi -enable-objc-interop -stack-check -sdk /Applications/Xcode-27.0.0-Release.Candidate.app/Contents/Developer/Platforms/AppleTVOS.platform/Developer/SDKs/AppleTVOS27.0.sdk -I /Users/admin/builder/spi-builder-workspace/.derivedData/Build/Products/Debug-appletvos -Isystem /Applications/Xcode-27.0.0-Release.Candidate.app/Contents/Developer/Platforms/AppleTVOS.platform/Developer/usr/lib -F /Users/admin/builder/spi-builder-workspace/.derivedData/Build/Products/Debug-appletvos/PackageFrameworks -F /Users/admin/builder/spi-builder-workspace/.derivedData/Build/Products/Debug-appletvos -F /Applications/Xcode-27.0.0-Release.Candidate.app/Contents/Developer/Platforms/AppleTVOS.platform/Developer/Library/Frameworks -F /Applications/Xcode-27.0.0-Release.Candidate.app/Contents/Developer/Platforms/AppleTVOS.platform/Developer/SDKs/AppleTVOS27.0.sdk/Developer/Library/Frameworks -module-cache-path /Users/admin/builder/spi-builder-workspace/.derivedData/Build/Intermediates.noindex/SwiftExplicitPrecompiledModules -no-color-diagnostics -Xcc -fno-color-diagnostics -enable-testing -g -debug-info-format\=dwarf -dwarf-version\=4 -profile-generate -profile-coverage-mapping -swift-version 6 -Onone -D SWIFT_PACKAGE -D DEBUG -D SWIFT_MODULE_RESOURCE_BUNDLE_AVAILABLE -D Xcode -serialize-debugging-options -enable-experimental-feature DebugDescriptionMacro -empty-abi-descriptor -validate-clang-modules-once -clang-build-session-file /Users/admin/builder/spi-builder-workspace/.derivedData/ModuleCache.noindex/Session.modulevalidation -Xcc -working-directory -Xcc /Users/admin/builder/spi-builder-workspace/.swiftpm/xcode -enable-anonymous-context-mangled-names -file-compilation-dir /Users/admin/builder/spi-builder-workspace/.swiftpm/xcode -Xcc -D_LIBCPP_HARDENING_MODE\=_LIBCPP_HARDENING_MODE_DEBUG -Xcc -ivfsstatcache -Xcc /Users/admin/builder/spi-builder-workspace/.derivedData/SDKStatCaches.noindex/appletvos27.0-24J360-e829b21a6f8c9b70876ba0858053c044b32bfd8d43560033f8d89884cdb90028.sdkstatcache -Xcc -fmodules-prune-interval\=86400 -Xcc -fmodules-prune-after\=345600 -Xcc -I/Users/admin/builder/spi-builder-workspace/.derivedData/Build/Products/Debug-appletvos/include -Xcc -I/Users/admin/builder/spi-builder-workspace/.derivedData/Build/Intermediates.noindex/CustomAlert.build/Debug-appletvos/CustomAlert-t.build/DerivedSources-normal/arm64 -Xcc -I/Users/admin/builder/spi-builder-workspace/.derivedData/Build/Intermediates.noindex/CustomAlert.build/Debug-appletvos/CustomAlert-t.build/DerivedSources/arm64 -Xcc -I/Users/admin/builder/spi-builder-workspace/.derivedData/Build/Intermediates.noindex/CustomAlert.build/Debug-appletvos/CustomAlert-t.build/DerivedSources -Xcc -DSWIFT_PACKAGE -Xcc -DDEBUG\=1 -no-auto-bridging-header-chaining -module-name CustomAlert -package-name spi_builder_workspace -const-gather-protocols-file /Users/admin/builder/spi-builder-workspace/.derivedData/Build/Intermediates.noindex/CustomAlert.build/Debug-appletvos/CustomAlert-t.build/Objects-normal/arm64/CustomAlert_const_extract_protocols.json -disable-clang-spi -clang-target arm64-apple-tvos27.0 -target-sdk-version 27.0 -target-sdk-name appletvos27.0 -in-process-plugin-server-path /Applications/Xcode-27.0.0-Release.Candidate.app/Contents/Developer/Toolchains/XcodeDefault.xctoolchain/usr/lib/swift/host/libSwiftInProcPluginServer.dylib -parse-as-library -o /Users/admin/builder/spi-builder-workspace/.derivedData/Build/Intermediates.noindex/CustomAlert.build/Debug-appletvos/CustomAlert-t.build/Objects-normal/arm64/Environment+CustomAlertConfiguration.o -o /Users/admin/builder/spi-builder-workspace/.derivedData/Build/Intermediates.noindex/CustomAlert.build/Debug-appletvos/CustomAlert-t.build/Objects-normal/arm64/BorderShapeApplier.o -o /Users/admin/builder/spi-builder-workspace/.derivedData/Build/Intermediates.noindex/CustomAlert.build/Debug-appletvos/CustomAlert-t.build/Objects-normal/arm64/CaptureSize.o -o /Users/admin/builder/spi-builder-workspace/.derivedData/Build/Intermediates.noindex/CustomAlert.build/Debug-appletvos/CustomAlert-t.build/Objects-normal/arm64/ScrollViewDisabled.o -debug-module-path /Users/admin/builder/spi-builder-workspace/.derivedData/Build/Intermediates.noindex/CustomAlert.build/Debug-appletvos/CustomAlert-t.build/Objects-normal/arm64/CustomAlert.swiftmodule -index-unit-output-path /CustomAlert.build/Debug-appletvos/CustomAlert-t.build/Objects-normal/arm64/Environment+CustomAlertConfiguration.o -index-unit-output-path /CustomAlert.build/Debug-appletvos/CustomAlert-t.build/Objects-normal/arm64/BorderShapeApplier.o -index-unit-output-path /CustomAlert.build/Debug-appletvos/CustomAlert-t.build/Objects-normal/arm64/CaptureSize.o -index-unit-output-path /CustomAlert.build/Debug-appletvos/CustomAlert-t.build/Objects-normal/arm64/ScrollViewDisabled.o -index-store-path /Users/admin/builder/spi-builder-workspace/.derivedData/Index.noindex/DataStore -index-system-modules
SwiftCompile normal arm64 /Users/admin/builder/spi-builder-workspace/Sources/CustomAlert/Extensions/Environment/Environment+CustomAlertConfiguration.swift (in target 'CustomAlert' from project 'CustomAlert')
cd /Users/admin/builder/spi-builder-workspace/.swiftpm/xcode
builtin-SwiftPerFileCompile Environment+CustomAlertConfiguration.swift
SwiftCompile normal arm64 /Users/admin/builder/spi-builder-workspace/Sources/CustomAlert/Helper/BorderShapeApplier.swift (in target 'CustomAlert' from project 'CustomAlert')
cd /Users/admin/builder/spi-builder-workspace/.swiftpm/xcode
builtin-SwiftPerFileCompile BorderShapeApplier.swift
SwiftCompile normal arm64 /Users/admin/builder/spi-builder-workspace/Sources/CustomAlert/Helper/CaptureSize.swift (in target 'CustomAlert' from project 'CustomAlert')
cd /Users/admin/builder/spi-builder-workspace/.swiftpm/xcode
builtin-SwiftPerFileCompile CaptureSize.swift
SwiftCompile normal arm64 /Users/admin/builder/spi-builder-workspace/Sources/CustomAlert/Helper/ScrollViewDisabled.swift (in target 'CustomAlert' from project 'CustomAlert')
cd /Users/admin/builder/spi-builder-workspace/.swiftpm/xcode
builtin-SwiftPerFileCompile ScrollViewDisabled.swift
SwiftCompile normal arm64 Compiling\ CustomAlertConfiguration.Value.swift,\ CustomAlertConfiguration.swift,\ CustomAlertShadow.swift,\ CustomAlertState.swift /Users/admin/builder/spi-builder-workspace/Sources/CustomAlert/Configuration/CustomAlertConfiguration.Value.swift /Users/admin/builder/spi-builder-workspace/Sources/CustomAlert/Configuration/CustomAlertConfiguration.swift /Users/admin/builder/spi-builder-workspace/Sources/CustomAlert/Configuration/CustomAlertShadow.swift /Users/admin/builder/spi-builder-workspace/Sources/CustomAlert/Configuration/CustomAlertState.swift (in target 'CustomAlert' from project 'CustomAlert')
SwiftCompile normal arm64 /Users/admin/builder/spi-builder-workspace/Sources/CustomAlert/Configuration/CustomAlertConfiguration.Value.swift (in target 'CustomAlert' from project 'CustomAlert')
cd /Users/admin/builder/spi-builder-workspace/.swiftpm/xcode
builtin-SwiftPerFileCompile CustomAlertConfiguration.Value.swift
SwiftCompile normal arm64 /Users/admin/builder/spi-builder-workspace/Sources/CustomAlert/Configuration/CustomAlertConfiguration.swift (in target 'CustomAlert' from project 'CustomAlert')
cd /Users/admin/builder/spi-builder-workspace/.swiftpm/xcode
builtin-SwiftPerFileCompile CustomAlertConfiguration.swift
SwiftCompile normal arm64 /Users/admin/builder/spi-builder-workspace/Sources/CustomAlert/Configuration/CustomAlertShadow.swift (in target 'CustomAlert' from project 'CustomAlert')
cd /Users/admin/builder/spi-builder-workspace/.swiftpm/xcode
builtin-SwiftPerFileCompile CustomAlertShadow.swift
SwiftCompile normal arm64 /Users/admin/builder/spi-builder-workspace/Sources/CustomAlert/Configuration/CustomAlertState.swift (in target 'CustomAlert' from project 'CustomAlert')
cd /Users/admin/builder/spi-builder-workspace/.swiftpm/xcode
builtin-SwiftPerFileCompile CustomAlertState.swift
SwiftCompile normal arm64 Compiling\ ShadowApplier.swift,\ AlertPreview.swift,\ StringExtensions.swift /Users/admin/builder/spi-builder-workspace/Sources/CustomAlert/Helper/ShadowApplier.swift /Users/admin/builder/spi-builder-workspace/Sources/CustomAlert/Preview/AlertPreview.swift /Users/admin/builder/spi-builder-workspace/Sources/CustomAlert/Preview/StringExtensions.swift (in target 'CustomAlert' from project 'CustomAlert')
SwiftCompile normal arm64 /Users/admin/builder/spi-builder-workspace/Sources/CustomAlert/Helper/ShadowApplier.swift (in target 'CustomAlert' from project 'CustomAlert')
cd /Users/admin/builder/spi-builder-workspace/.swiftpm/xcode
builtin-SwiftPerFileCompile ShadowApplier.swift
SwiftCompile normal arm64 /Users/admin/builder/spi-builder-workspace/Sources/CustomAlert/Preview/AlertPreview.swift (in target 'CustomAlert' from project 'CustomAlert')
cd /Users/admin/builder/spi-builder-workspace/.swiftpm/xcode
builtin-SwiftPerFileCompile AlertPreview.swift
SwiftCompile normal arm64 /Users/admin/builder/spi-builder-workspace/Sources/CustomAlert/Preview/StringExtensions.swift (in target 'CustomAlert' from project 'CustomAlert')
cd /Users/admin/builder/spi-builder-workspace/.swiftpm/xcode
builtin-SwiftPerFileCompile StringExtensions.swift
SwiftCompile normal arm64 Compiling\ BackgroundView.swift,\ BlurView.swift,\ CustomAlert.swift /Users/admin/builder/spi-builder-workspace/Sources/CustomAlert/Views/BackgroundView.swift /Users/admin/builder/spi-builder-workspace/Sources/CustomAlert/Views/BlurView.swift /Users/admin/builder/spi-builder-workspace/Sources/CustomAlert/Views/CustomAlert.swift (in target 'CustomAlert' from project 'CustomAlert')
SwiftCompile normal arm64 /Users/admin/builder/spi-builder-workspace/Sources/CustomAlert/Views/BackgroundView.swift (in target 'CustomAlert' from project 'CustomAlert')
cd /Users/admin/builder/spi-builder-workspace/.swiftpm/xcode
builtin-SwiftPerFileCompile BackgroundView.swift
SwiftCompile normal arm64 /Users/admin/builder/spi-builder-workspace/Sources/CustomAlert/Views/BlurView.swift (in target 'CustomAlert' from project 'CustomAlert')
cd /Users/admin/builder/spi-builder-workspace/.swiftpm/xcode
builtin-SwiftPerFileCompile BlurView.swift
SwiftCompile normal arm64 /Users/admin/builder/spi-builder-workspace/Sources/CustomAlert/Views/CustomAlert.swift (in target 'CustomAlert' from project 'CustomAlert')
cd /Users/admin/builder/spi-builder-workspace/.swiftpm/xcode
builtin-SwiftPerFileCompile CustomAlert.swift
SwiftCompile normal arm64 Compiling\ CustomAlertRow.swift,\ CustomAlertSection.swift,\ GeneratedAssetSymbols.swift /Users/admin/builder/spi-builder-workspace/Sources/CustomAlert/Views/CustomAlertRow.swift /Users/admin/builder/spi-builder-workspace/Sources/CustomAlert/Views/CustomAlertSection.swift /Users/admin/builder/spi-builder-workspace/.derivedData/Build/Intermediates.noindex/CustomAlert.build/Debug-appletvos/CustomAlert-t.build/DerivedSources/GeneratedAssetSymbols.swift (in target 'CustomAlert' from project 'CustomAlert')
SwiftCompile normal arm64 /Users/admin/builder/spi-builder-workspace/Sources/CustomAlert/Views/CustomAlertRow.swift (in target 'CustomAlert' from project 'CustomAlert')
cd /Users/admin/builder/spi-builder-workspace/.swiftpm/xcode
builtin-SwiftPerFileCompile CustomAlertRow.swift
SwiftCompile normal arm64 /Users/admin/builder/spi-builder-workspace/Sources/CustomAlert/Views/CustomAlertSection.swift (in target 'CustomAlert' from project 'CustomAlert')
cd /Users/admin/builder/spi-builder-workspace/.swiftpm/xcode
builtin-SwiftPerFileCompile CustomAlertSection.swift
SwiftCompile normal arm64 /Users/admin/builder/spi-builder-workspace/.derivedData/Build/Intermediates.noindex/CustomAlert.build/Debug-appletvos/CustomAlert-t.build/DerivedSources/GeneratedAssetSymbols.swift (in target 'CustomAlert' from project 'CustomAlert')
cd /Users/admin/builder/spi-builder-workspace/.swiftpm/xcode
builtin-SwiftPerFileCompile GeneratedAssetSymbols.swift
SwiftEmitModule normal arm64 Emitting\ module\ for\ CustomAlert (in target 'CustomAlert' from project 'CustomAlert')
SwiftCompile normal arm64 (in target 'CustomAlert' from project 'CustomAlert')
cd /Users/admin/builder/spi-builder-workspace/.swiftpm/xcode
SwiftCompile normal arm64 Compiling\ CustomAlertConfiguration.Classic.swift,\ CustomAlertConfiguration.LiquidGlass.swift,\ CustomAlertHandler+Item.swift,\ CustomAlertHandler.swift /Users/admin/builder/spi-builder-workspace/Sources/CustomAlert/Configuration/Default\ Configurations/CustomAlertConfiguration.Classic.swift /Users/admin/builder/spi-builder-workspace/Sources/CustomAlert/Configuration/Default\ Configurations/CustomAlertConfiguration.LiquidGlass.swift /Users/admin/builder/spi-builder-workspace/Sources/CustomAlert/CustomAlertHandler+Item.swift /Users/admin/builder/spi-builder-workspace/Sources/CustomAlert/CustomAlertHandler.swift (in target 'CustomAlert' from project 'CustomAlert')
SwiftCompile normal arm64 /Users/admin/builder/spi-builder-workspace/Sources/CustomAlert/Configuration/Default\ Configurations/CustomAlertConfiguration.Classic.swift (in target 'CustomAlert' from project 'CustomAlert')
cd /Users/admin/builder/spi-builder-workspace/.swiftpm/xcode
builtin-SwiftPerFileCompile CustomAlertConfiguration.Classic.swift
SwiftCompile normal arm64 /Users/admin/builder/spi-builder-workspace/Sources/CustomAlert/Configuration/Default\ Configurations/CustomAlertConfiguration.LiquidGlass.swift (in target 'CustomAlert' from project 'CustomAlert')
cd /Users/admin/builder/spi-builder-workspace/.swiftpm/xcode
builtin-SwiftPerFileCompile CustomAlertConfiguration.LiquidGlass.swift
SwiftCompile normal arm64 /Users/admin/builder/spi-builder-workspace/Sources/CustomAlert/CustomAlertHandler+Item.swift (in target 'CustomAlert' from project 'CustomAlert')
cd /Users/admin/builder/spi-builder-workspace/.swiftpm/xcode
builtin-SwiftPerFileCompile CustomAlertHandler+Item.swift
SwiftCompile normal arm64 /Users/admin/builder/spi-builder-workspace/Sources/CustomAlert/CustomAlertHandler.swift (in target 'CustomAlert' from project 'CustomAlert')
cd /Users/admin/builder/spi-builder-workspace/.swiftpm/xcode
builtin-SwiftPerFileCompile CustomAlertHandler.swift
SwiftCompile normal arm64 Compiling\ resource_bundle_accessor.swift,\ API+Bool.swift,\ API+Identifiable.swift,\ Action.swift /Users/admin/builder/spi-builder-workspace/.derivedData/Build/Intermediates.noindex/CustomAlert.build/Debug-appletvos/CustomAlert-t.build/DerivedSources/resource_bundle_accessor.swift /Users/admin/builder/spi-builder-workspace/Sources/CustomAlert/API+Bool.swift /Users/admin/builder/spi-builder-workspace/Sources/CustomAlert/API+Identifiable.swift /Users/admin/builder/spi-builder-workspace/Sources/CustomAlert/Actions/Action.swift (in target 'CustomAlert' from project 'CustomAlert')
SwiftCompile normal arm64 /Users/admin/builder/spi-builder-workspace/.derivedData/Build/Intermediates.noindex/CustomAlert.build/Debug-appletvos/CustomAlert-t.build/DerivedSources/resource_bundle_accessor.swift (in target 'CustomAlert' from project 'CustomAlert')
cd /Users/admin/builder/spi-builder-workspace/.swiftpm/xcode
builtin-SwiftPerFileCompile resource_bundle_accessor.swift
SwiftCompile normal arm64 /Users/admin/builder/spi-builder-workspace/Sources/CustomAlert/API+Bool.swift (in target 'CustomAlert' from project 'CustomAlert')
cd /Users/admin/builder/spi-builder-workspace/.swiftpm/xcode
builtin-SwiftPerFileCompile API+Bool.swift
SwiftCompile normal arm64 /Users/admin/builder/spi-builder-workspace/Sources/CustomAlert/API+Identifiable.swift (in target 'CustomAlert' from project 'CustomAlert')
cd /Users/admin/builder/spi-builder-workspace/.swiftpm/xcode
builtin-SwiftPerFileCompile API+Identifiable.swift
SwiftCompile normal arm64 /Users/admin/builder/spi-builder-workspace/Sources/CustomAlert/Actions/Action.swift (in target 'CustomAlert' from project 'CustomAlert')
cd /Users/admin/builder/spi-builder-workspace/.swiftpm/xcode
builtin-SwiftPerFileCompile Action.swift
PruneExplicitPrecompiledModules /Users/admin/builder/spi-builder-workspace/.derivedData/Build/Intermediates.noindex/ExplicitPrecompiledModules
PruneExplicitPrecompiledModules /Users/admin/builder/spi-builder-workspace/.derivedData/Build/Intermediates.noindex/SwiftExplicitPrecompiledModules
PruneExplicitPrecompiledModules /Users/admin/builder/spi-builder-workspace/.derivedData/SDKExplicitPrecompiledModules
2026-10-05 03:29:02.328 xcodebuild[986:5690] [MT] IDERunDestination: Supported platforms for the buildables in the current scheme is empty.
** BUILD FAILED **
The following build commands failed:
SwiftCompile normal arm64 Compiling\ Environment+CustomAlertConfiguration.swift,\ BorderShapeApplier.swift,\ CaptureSize.swift,\ ScrollViewDisabled.swift /Users/admin/builder/spi-builder-workspace/Sources/CustomAlert/Extensions/Environment/Environment+CustomAlertConfiguration.swift /Users/admin/builder/spi-builder-workspace/Sources/CustomAlert/Helper/BorderShapeApplier.swift /Users/admin/builder/spi-builder-workspace/Sources/CustomAlert/Helper/CaptureSize.swift /Users/admin/builder/spi-builder-workspace/Sources/CustomAlert/Helper/ScrollViewDisabled.swift (in target 'CustomAlert' from project 'CustomAlert')
SwiftCompile normal arm64 /Users/admin/builder/spi-builder-workspace/Sources/CustomAlert/Helper/BorderShapeApplier.swift (in target 'CustomAlert' from project 'CustomAlert')
SwiftCompile normal arm64 /Users/admin/builder/spi-builder-workspace/Sources/CustomAlert/Helper/ScrollViewDisabled.swift (in target 'CustomAlert' from project 'CustomAlert')
Building workspace CustomAlert with scheme CustomAlert
(4 failures)
BUILD FAILURE 6.4 tvOS