Build Information
Failed to build MapboxNavigation, reference main (d174b2), with Swift 6.3 for tvOS using Xcode 26.4 on 9 Oct 2026 12:20:45 UTC.
Build Command
No build command. This typically means the build failed at an early stage where we determine the build command.Build Log
========================================
RunAll
========================================
Builder version: 5.1.1
Interrupt handler set up.
========================================
Checkout
========================================
Clone URL: https://github.com/mapbox/mapbox-navigation-ios.git
Reference: main
Initialized empty Git repository in /Users/admin/builder/spi-builder-workspace/.git/
From https://github.com/mapbox/mapbox-navigation-ios
* branch main -> FETCH_HEAD
* [new branch] main -> origin/main
HEAD is now at d174b2a Internal changes. Support for the
Cloned https://github.com/mapbox/mapbox-navigation-ios.git
Revision (git rev-parse @):
d174b2aeac21537a7c67069d9136233914517890
SUCCESS checkout https://github.com/mapbox/mapbox-navigation-ios.git at main
========================================
Build
========================================
Selected platform: tvOS
Swift version: 6.3
Building package at path: $PWD
https://github.com/mapbox/mapbox-navigation-ios.git
Command line invocation:
/Applications/Xcode-26.5.0.app/Contents/Developer/usr/bin/xcodebuild -IDEClonedSourcePackagesDirPathOverride=/Users/admin/builder/spi-builder-workspace/.dependencies -resolvePackageDependencies
Resolve Package Graph
Fetching from https://github.com/mapbox/turf-swift.git
Fetching from https://github.com/apple/swift-argument-parser
Fetching from https://github.com/mapbox/mapbox-maps-ios-binary.git
Fetching from https://github.com/pointfreeco/swift-snapshot-testing.git
Fetching from https://github.com/AliSoftware/OHHTTPStubs
Fetching from https://github.com/mapbox/mapbox-navigation-cpp-ios.git
Fetching from https://github.com/mapbox/mapbox-navigation-native-ios.git
Fetching from https://github.com/swiftlang/swift-syntax
Fetching from https://github.com/pointfreeco/swift-custom-dump
Fetching from https://github.com/pointfreeco/xctest-dynamic-overlay
Fetching from https://github.com/mapbox/mapbox-common-ios.git
Fetching from https://github.com/mapbox/mapbox-core-maps-ios.git
Creating working copy of package ‘mapbox-core-maps-ios’
Checking out 11.34.0-SNAPSHOT-10-07--01-49.git-9b0b11d of package ‘mapbox-core-maps-ios’
Creating working copy of package ‘mapbox-navigation-cpp-ios’
Checking out 0.34.0-SNAPSHOT-10-07--01-49.git-9b0b11d of package ‘mapbox-navigation-cpp-ios’
Creating working copy of package ‘mapbox-maps-ios-binary’
Checking out 11.34.0-SNAPSHOT-10-07--01-49.git-9b0b11d of package ‘mapbox-maps-ios-binary’
Creating working copy of package ‘mapbox-common-ios’
Checking out 24.34.0-SNAPSHOT-10-07--01-49.git-9b0b11d of package ‘mapbox-common-ios’
Creating working copy of package ‘turf-swift’
Checking out 4.0.0 of package ‘turf-swift’
Creating working copy of package ‘xctest-dynamic-overlay’
Checking out 1.13.1 of package ‘xctest-dynamic-overlay’
Creating working copy of package ‘mapbox-navigation-native-ios’
Checking out 324.34.0-SNAPSHOT-10-07--01-49.git-9b0b11d of package ‘mapbox-navigation-native-ios’
Creating working copy of package ‘swift-custom-dump’
Checking out 1.7.3 of package ‘swift-custom-dump’
Creating working copy of package ‘swift-argument-parser’
Checking out 1.8.2 of package ‘swift-argument-parser’
Creating working copy of package ‘swift-syntax’
Checking out 604.0.0 of package ‘swift-syntax’
Creating working copy of package ‘swift-snapshot-testing’
Checking out 1.19.6 of package ‘swift-snapshot-testing’
Creating working copy of package ‘OHHTTPStubs’
Checking out 9.1.0 of package ‘OHHTTPStubs’
failed downloading 'https://api.mapbox.com/downloads/v2/mapbox-common/snapshots/ios/packages/24.34.0-SNAPSHOT-10-07--01-49.git-9b0b11d/MapboxCommon.zip' which is required by binary target 'MapboxCommon': badResponseStatusCode(401)failed downloading 'https://api.mapbox.com/downloads/v2/navsdk-cpp-map-components/snapshots/ios/0.34.0-SNAPSHOT-10-07--01-49.git-9b0b11d/MapboxNavSdkMapComponents.xcframework.zip' which is required by binary target 'MapboxNavSdkMapComponents': badResponseStatusCode(401)failed downloading 'https://api.mapbox.com/downloads/v2/navsdk-cpp-navigation/snapshots/ios/0.34.0-SNAPSHOT-10-07--01-49.git-9b0b11d/MapboxNavSdkNavigation.xcframework.zip' which is required by binary target 'MapboxNavSdkNavigation': badResponseStatusCode(401)failed downloading 'https://api.mapbox.com/downloads/v2/mobile-maps-ios-binary/snapshots/ios/11.34.0-SNAPSHOT-10-07--01-49.git-9b0b11d/MapboxMaps.xcframework.zip' which is required by binary target 'MapboxMaps': badResponseStatusCode(401)failed downloading 'https://api.mapbox.com/downloads/v2/mobile-maps-components/snapshots/ios/0.34.0-SNAPSHOT-10-07--01-49.git-9b0b11d/MapboxMapsComponents.xcframework.zip' which is required by binary target 'MapboxMapsComponents': badResponseStatusCode(401)failed downloading 'https://api.mapbox.com/downloads/v2/dash-native/snapshots/ios/packages/324.34.0-SNAPSHOT-10-07--01-49.git-9b0b11d/MapboxNavigationNative.xcframework.zip' which is required by binary target 'MapboxNavigationNative': badResponseStatusCode(401)failed downloading 'https://api.mapbox.com/downloads/v2/navsdk-cpp-roadcam/snapshots/ios/0.34.0-SNAPSHOT-10-07--01-49.git-9b0b11d/MapboxNavSdkRoadCameras.xcframework.zip' which is required by binary target 'MapboxNavSdkRoadCameras': badResponseStatusCode(401)failed downloading 'https://api.mapbox.com/downloads/v2/navsdk-cpp-base/snapshots/ios/0.34.0-SNAPSHOT-10-07--01-49.git-9b0b11d/MapboxNavSdkBase.xcframework.zip' which is required by binary target 'MapboxNavSdkBase': badResponseStatusCode(401)failed downloading 'https://api.mapbox.com/downloads/v2/mobile-maps-core/snapshots/ios/packages/11.34.0-SNAPSHOT-10-07--01-49.git-9b0b11d/MapboxCoreMaps.xcframework-dynamic.zip' which is required by binary target 'MapboxCoreMaps': badResponseStatusCode(401)fatalErrorResolve Package Graph
failed downloading 'https://api.mapbox.com/downloads/v2/navsdk-cpp-base/snapshots/ios/0.34.0-SNAPSHOT-10-07--01-49.git-9b0b11d/MapboxNavSdkBase.xcframework.zip' which is required by binary target 'MapboxNavSdkBase': badResponseStatusCode(401)failed downloading 'https://api.mapbox.com/downloads/v2/navsdk-cpp-navigation/snapshots/ios/0.34.0-SNAPSHOT-10-07--01-49.git-9b0b11d/MapboxNavSdkNavigation.xcframework.zip' which is required by binary target 'MapboxNavSdkNavigation': badResponseStatusCode(401)failed downloading 'https://api.mapbox.com/downloads/v2/navsdk-cpp-map-components/snapshots/ios/0.34.0-SNAPSHOT-10-07--01-49.git-9b0b11d/MapboxNavSdkMapComponents.xcframework.zip' which is required by binary target 'MapboxNavSdkMapComponents': badResponseStatusCode(401)failed downloading 'https://api.mapbox.com/downloads/v2/mobile-maps-core/snapshots/ios/packages/11.34.0-SNAPSHOT-10-07--01-49.git-9b0b11d/MapboxCoreMaps.xcframework-dynamic.zip' which is required by binary target 'MapboxCoreMaps': badResponseStatusCode(401)failed downloading 'https://api.mapbox.com/downloads/v2/mobile-maps-ios-binary/snapshots/ios/11.34.0-SNAPSHOT-10-07--01-49.git-9b0b11d/MapboxMaps.xcframework.zip' which is required by binary target 'MapboxMaps': badResponseStatusCode(401)failed downloading 'https://api.mapbox.com/downloads/v2/dash-native/snapshots/ios/packages/324.34.0-SNAPSHOT-10-07--01-49.git-9b0b11d/MapboxNavigationNative.xcframework.zip' which is required by binary target 'MapboxNavigationNative': badResponseStatusCode(401)failed downloading 'https://api.mapbox.com/downloads/v2/mapbox-common/snapshots/ios/packages/24.34.0-SNAPSHOT-10-07--01-49.git-9b0b11d/MapboxCommon.zip' which is required by binary target 'MapboxCommon': badResponseStatusCode(401)failed downloading 'https://api.mapbox.com/downloads/v2/navsdk-cpp-roadcam/snapshots/ios/0.34.0-SNAPSHOT-10-07--01-49.git-9b0b11d/MapboxNavSdkRoadCameras.xcframework.zip' which is required by binary target 'MapboxNavSdkRoadCameras': badResponseStatusCode(401)failed downloading 'https://api.mapbox.com/downloads/v2/mobile-maps-components/snapshots/ios/0.34.0-SNAPSHOT-10-07--01-49.git-9b0b11d/MapboxMapsComponents.xcframework.zip' which is required by binary target 'MapboxMapsComponents': badResponseStatusCode(401)fatalError
Resolved source packages:
spi-builder-workspace: (null)
2026-10-09 08:20:43.669 xcodebuild[537:3090] Writing error result bundle to /var/folders/xq/y_g06wb113726d38xsyx71_h0000gn/T/ResultBundle_2026-09-10_08-20-0043.xcresult
xcodebuild: error: Could not resolve package dependencies:
failed downloading 'https://api.mapbox.com/downloads/v2/navsdk-cpp-base/snapshots/ios/0.34.0-SNAPSHOT-10-07--01-49.git-9b0b11d/MapboxNavSdkBase.xcframework.zip' which is required by binary target 'MapboxNavSdkBase': badResponseStatusCode(401)
failed downloading 'https://api.mapbox.com/downloads/v2/navsdk-cpp-navigation/snapshots/ios/0.34.0-SNAPSHOT-10-07--01-49.git-9b0b11d/MapboxNavSdkNavigation.xcframework.zip' which is required by binary target 'MapboxNavSdkNavigation': badResponseStatusCode(401)
failed downloading 'https://api.mapbox.com/downloads/v2/navsdk-cpp-map-components/snapshots/ios/0.34.0-SNAPSHOT-10-07--01-49.git-9b0b11d/MapboxNavSdkMapComponents.xcframework.zip' which is required by binary target 'MapboxNavSdkMapComponents': badResponseStatusCode(401)
failed downloading 'https://api.mapbox.com/downloads/v2/mobile-maps-core/snapshots/ios/packages/11.34.0-SNAPSHOT-10-07--01-49.git-9b0b11d/MapboxCoreMaps.xcframework-dynamic.zip' which is required by binary target 'MapboxCoreMaps': badResponseStatusCode(401)
failed downloading 'https://api.mapbox.com/downloads/v2/mobile-maps-ios-binary/snapshots/ios/11.34.0-SNAPSHOT-10-07--01-49.git-9b0b11d/MapboxMaps.xcframework.zip' which is required by binary target 'MapboxMaps': badResponseStatusCode(401)
failed downloading 'https://api.mapbox.com/downloads/v2/dash-native/snapshots/ios/packages/324.34.0-SNAPSHOT-10-07--01-49.git-9b0b11d/MapboxNavigationNative.xcframework.zip' which is required by binary target 'MapboxNavigationNative': badResponseStatusCode(401)
failed downloading 'https://api.mapbox.com/downloads/v2/mapbox-common/snapshots/ios/packages/24.34.0-SNAPSHOT-10-07--01-49.git-9b0b11d/MapboxCommon.zip' which is required by binary target 'MapboxCommon': badResponseStatusCode(401)
failed downloading 'https://api.mapbox.com/downloads/v2/navsdk-cpp-roadcam/snapshots/ios/0.34.0-SNAPSHOT-10-07--01-49.git-9b0b11d/MapboxNavSdkRoadCameras.xcframework.zip' which is required by binary target 'MapboxNavSdkRoadCameras': badResponseStatusCode(401)
failed downloading 'https://api.mapbox.com/downloads/v2/mobile-maps-components/snapshots/ios/0.34.0-SNAPSHOT-10-07--01-49.git-9b0b11d/MapboxMapsComponents.xcframework.zip' which is required by binary target 'MapboxMapsComponents': badResponseStatusCode(401)
fatalError
Command line invocation:
/Applications/Xcode-26.5.0.app/Contents/Developer/usr/bin/xcodebuild -IDEClonedSourcePackagesDirPathOverride=/Users/admin/builder/spi-builder-workspace/.dependencies -resolvePackageDependencies
Resolve Package Graph
failed downloading 'https://api.mapbox.com/downloads/v2/navsdk-cpp-map-components/snapshots/ios/0.34.0-SNAPSHOT-10-07--01-49.git-9b0b11d/MapboxNavSdkMapComponents.xcframework.zip' which is required by binary target 'MapboxNavSdkMapComponents': badResponseStatusCode(401)failed downloading 'https://api.mapbox.com/downloads/v2/navsdk-cpp-base/snapshots/ios/0.34.0-SNAPSHOT-10-07--01-49.git-9b0b11d/MapboxNavSdkBase.xcframework.zip' which is required by binary target 'MapboxNavSdkBase': badResponseStatusCode(401)failed downloading 'https://api.mapbox.com/downloads/v2/navsdk-cpp-navigation/snapshots/ios/0.34.0-SNAPSHOT-10-07--01-49.git-9b0b11d/MapboxNavSdkNavigation.xcframework.zip' which is required by binary target 'MapboxNavSdkNavigation': badResponseStatusCode(401)failed downloading 'https://api.mapbox.com/downloads/v2/mobile-maps-core/snapshots/ios/packages/11.34.0-SNAPSHOT-10-07--01-49.git-9b0b11d/MapboxCoreMaps.xcframework-dynamic.zip' which is required by binary target 'MapboxCoreMaps': badResponseStatusCode(401)failed downloading 'https://api.mapbox.com/downloads/v2/mapbox-common/snapshots/ios/packages/24.34.0-SNAPSHOT-10-07--01-49.git-9b0b11d/MapboxCommon.zip' which is required by binary target 'MapboxCommon': badResponseStatusCode(401)failed downloading 'https://api.mapbox.com/downloads/v2/mobile-maps-ios-binary/snapshots/ios/11.34.0-SNAPSHOT-10-07--01-49.git-9b0b11d/MapboxMaps.xcframework.zip' which is required by binary target 'MapboxMaps': badResponseStatusCode(401)failed downloading 'https://api.mapbox.com/downloads/v2/dash-native/snapshots/ios/packages/324.34.0-SNAPSHOT-10-07--01-49.git-9b0b11d/MapboxNavigationNative.xcframework.zip' which is required by binary target 'MapboxNavigationNative': badResponseStatusCode(401)failed downloading 'https://api.mapbox.com/downloads/v2/mobile-maps-components/snapshots/ios/0.34.0-SNAPSHOT-10-07--01-49.git-9b0b11d/MapboxMapsComponents.xcframework.zip' which is required by binary target 'MapboxMapsComponents': badResponseStatusCode(401)failed downloading 'https://api.mapbox.com/downloads/v2/navsdk-cpp-roadcam/snapshots/ios/0.34.0-SNAPSHOT-10-07--01-49.git-9b0b11d/MapboxNavSdkRoadCameras.xcframework.zip' which is required by binary target 'MapboxNavSdkRoadCameras': badResponseStatusCode(401)fatalError
Resolved source packages:
spi-builder-workspace: (null)
2026-10-09 08:20:45.618 xcodebuild[1236:6843] Writing error result bundle to /var/folders/xq/y_g06wb113726d38xsyx71_h0000gn/T/ResultBundle_2026-09-10_08-20-0045.xcresult
xcodebuild: error: Could not resolve package dependencies:
failed downloading 'https://api.mapbox.com/downloads/v2/navsdk-cpp-map-components/snapshots/ios/0.34.0-SNAPSHOT-10-07--01-49.git-9b0b11d/MapboxNavSdkMapComponents.xcframework.zip' which is required by binary target 'MapboxNavSdkMapComponents': badResponseStatusCode(401)
failed downloading 'https://api.mapbox.com/downloads/v2/navsdk-cpp-base/snapshots/ios/0.34.0-SNAPSHOT-10-07--01-49.git-9b0b11d/MapboxNavSdkBase.xcframework.zip' which is required by binary target 'MapboxNavSdkBase': badResponseStatusCode(401)
failed downloading 'https://api.mapbox.com/downloads/v2/navsdk-cpp-navigation/snapshots/ios/0.34.0-SNAPSHOT-10-07--01-49.git-9b0b11d/MapboxNavSdkNavigation.xcframework.zip' which is required by binary target 'MapboxNavSdkNavigation': badResponseStatusCode(401)
failed downloading 'https://api.mapbox.com/downloads/v2/mobile-maps-core/snapshots/ios/packages/11.34.0-SNAPSHOT-10-07--01-49.git-9b0b11d/MapboxCoreMaps.xcframework-dynamic.zip' which is required by binary target 'MapboxCoreMaps': badResponseStatusCode(401)
failed downloading 'https://api.mapbox.com/downloads/v2/mapbox-common/snapshots/ios/packages/24.34.0-SNAPSHOT-10-07--01-49.git-9b0b11d/MapboxCommon.zip' which is required by binary target 'MapboxCommon': badResponseStatusCode(401)
failed downloading 'https://api.mapbox.com/downloads/v2/mobile-maps-ios-binary/snapshots/ios/11.34.0-SNAPSHOT-10-07--01-49.git-9b0b11d/MapboxMaps.xcframework.zip' which is required by binary target 'MapboxMaps': badResponseStatusCode(401)
failed downloading 'https://api.mapbox.com/downloads/v2/dash-native/snapshots/ios/packages/324.34.0-SNAPSHOT-10-07--01-49.git-9b0b11d/MapboxNavigationNative.xcframework.zip' which is required by binary target 'MapboxNavigationNative': badResponseStatusCode(401)
failed downloading 'https://api.mapbox.com/downloads/v2/mobile-maps-components/snapshots/ios/0.34.0-SNAPSHOT-10-07--01-49.git-9b0b11d/MapboxMapsComponents.xcframework.zip' which is required by binary target 'MapboxMapsComponents': badResponseStatusCode(401)
failed downloading 'https://api.mapbox.com/downloads/v2/navsdk-cpp-roadcam/snapshots/ios/0.34.0-SNAPSHOT-10-07--01-49.git-9b0b11d/MapboxNavSdkRoadCameras.xcframework.zip' which is required by binary target 'MapboxNavSdkRoadCameras': badResponseStatusCode(401)
fatalError
BUILD FAILURE 6.3 tvOS