Build Information
Failed to build FFmpegBuild, reference main (74dbf5), with Swift 6.1 for tvOS using Xcode 16.3 on 30 Sep 2026 05:33:45 UTC.
Build Command
env DEVELOPER_DIR=/Applications/Xcode-16.3.0.app xcrun xcodebuild -IDEClonedSourcePackagesDirPathOverride=$PWD/.dependencies -skipMacroValidation -skipPackagePluginValidation -derivedDataPath $PWD/.derivedData build -scheme FFmpegBuild -destination generic/platform=tvOSBuild Log
========================================
RunAll
========================================
Builder version: 5.1.1
Interrupt handler set up.
========================================
Checkout
========================================
Clone URL: https://github.com/superuser404notfound/FFmpegBuild.git
Reference: main
Initialized empty Git repository in /Users/admin/builder/spi-builder-workspace/.git/
From https://github.com/superuser404notfound/FFmpegBuild
* branch main -> FETCH_HEAD
* [new branch] main -> origin/main
HEAD is now at 74dbf54 docs(build): the MPEG-1 audio probe patch is proposed upstream as PR 24697
Cloned https://github.com/superuser404notfound/FFmpegBuild.git
Revision (git rev-parse @):
74dbf547aba9779b5d0361e6bf1a0e36664b72f4
SPI manifest file found: $PWD/.spi.yml
SUCCESS checkout https://github.com/superuser404notfound/FFmpegBuild.git at main
========================================
Build
========================================
Selected platform: tvOS
Swift version: 6.1
Building package at path: $PWD
https://github.com/superuser404notfound/FFmpegBuild.git
https://github.com/superuser404notfound/FFmpegBuild.git
{
"dependencies" : [
],
"manifest_display_name" : "FFmpegBuild",
"name" : "FFmpegBuild",
"path" : "/Users/admin/builder/spi-builder-workspace",
"platforms" : [
{
"name" : "ios",
"version" : "16.0"
},
{
"name" : "tvos",
"version" : "16.0"
},
{
"name" : "macos",
"version" : "14.0"
},
{
"name" : "visionos",
"version" : "1.0"
}
],
"products" : [
{
"name" : "AetherFFmpegBuild",
"targets" : [
"AetherFFmpegBuild"
],
"type" : {
"library" : [
"automatic"
]
}
},
{
"name" : "AetherLibavcodec",
"targets" : [
"AetherLibavcodec"
],
"type" : {
"library" : [
"automatic"
]
}
},
{
"name" : "AetherLibavformat",
"targets" : [
"AetherLibavformat"
],
"type" : {
"library" : [
"automatic"
]
}
},
{
"name" : "AetherLibavutil",
"targets" : [
"AetherLibavutil"
],
"type" : {
"library" : [
"automatic"
]
}
},
{
"name" : "AetherLibswresample",
"targets" : [
"AetherLibswresample"
],
"type" : {
"library" : [
"automatic"
]
}
},
{
"name" : "AetherLibswscale",
"targets" : [
"AetherLibswscale"
],
"type" : {
"library" : [
"automatic"
]
}
},
{
"name" : "AetherLibdav1d",
"targets" : [
"AetherLibdav1d"
],
"type" : {
"library" : [
"automatic"
]
}
},
{
"name" : "AetherLibavfilter",
"targets" : [
"AetherLibavfilter"
],
"type" : {
"library" : [
"automatic"
]
}
},
{
"name" : "AetherLibzimg",
"targets" : [
"AetherLibzimg"
],
"type" : {
"library" : [
"automatic"
]
}
},
{
"name" : "AetherLibzvbi",
"targets" : [
"AetherLibzvbi"
],
"type" : {
"library" : [
"automatic"
]
}
}
],
"targets" : [
{
"c99name" : "FFmpegBuildTests",
"module_type" : "SwiftTarget",
"name" : "FFmpegBuildTests",
"path" : "Tests/FFmpegBuildTests",
"sources" : [
"Dav1CodecTagTests.swift",
"DebugSymbolsTests.swift",
"DecoderAvailabilityTests.swift",
"FilterAvailabilityTests.swift",
"LicenseCoverageTests.swift",
"MPEGTSAudioProbeTests.swift",
"PGSMissingPaletteTests.swift",
"VC1ParserExtradataTests.swift"
],
"target_dependencies" : [
"AetherFFmpegBuild",
"AetherLibavfilter",
"AetherLibavutil"
],
"type" : "test"
},
{
"c99name" : "AetherLibzvbi",
"module_type" : "BinaryTarget",
"name" : "AetherLibzvbi",
"path" : "Sources/AetherLibzvbi.xcframework",
"product_memberships" : [
"AetherFFmpegBuild",
"AetherLibzvbi"
],
"sources" : [
],
"type" : "binary"
},
{
"c99name" : "AetherLibzimg",
"module_type" : "BinaryTarget",
"name" : "AetherLibzimg",
"path" : "Sources/AetherLibzimg.xcframework",
"product_memberships" : [
"AetherFFmpegBuild",
"AetherLibzimg"
],
"sources" : [
],
"type" : "binary"
},
{
"c99name" : "AetherLibswscale",
"module_type" : "BinaryTarget",
"name" : "AetherLibswscale",
"path" : "Sources/AetherLibswscale.xcframework",
"product_memberships" : [
"AetherFFmpegBuild",
"AetherLibswscale"
],
"sources" : [
],
"type" : "binary"
},
{
"c99name" : "AetherLibswresample",
"module_type" : "BinaryTarget",
"name" : "AetherLibswresample",
"path" : "Sources/AetherLibswresample.xcframework",
"product_memberships" : [
"AetherFFmpegBuild",
"AetherLibswresample"
],
"sources" : [
],
"type" : "binary"
},
{
"c99name" : "AetherLibdav1d",
"module_type" : "BinaryTarget",
"name" : "AetherLibdav1d",
"path" : "Sources/AetherLibdav1d.xcframework",
"product_memberships" : [
"AetherFFmpegBuild",
"AetherLibdav1d"
],
"sources" : [
],
"type" : "binary"
},
{
"c99name" : "AetherLibavutil",
"module_type" : "BinaryTarget",
"name" : "AetherLibavutil",
"path" : "Sources/AetherLibavutil.xcframework",
"product_memberships" : [
"AetherFFmpegBuild",
"AetherLibavutil"
],
"sources" : [
],
"type" : "binary"
},
{
"c99name" : "AetherLibavformat",
"module_type" : "BinaryTarget",
"name" : "AetherLibavformat",
"path" : "Sources/AetherLibavformat.xcframework",
"product_memberships" : [
"AetherFFmpegBuild",
"AetherLibavformat"
],
"sources" : [
],
"type" : "binary"
},
{
"c99name" : "AetherLibavfilter",
"module_type" : "BinaryTarget",
"name" : "AetherLibavfilter",
"path" : "Sources/AetherLibavfilter.xcframework",
"product_memberships" : [
"AetherFFmpegBuild",
"AetherLibavfilter"
],
"sources" : [
],
"type" : "binary"
},
{
"c99name" : "AetherLibavcodec",
"module_type" : "BinaryTarget",
"name" : "AetherLibavcodec",
"path" : "Sources/AetherLibavcodec.xcframework",
"product_memberships" : [
"AetherFFmpegBuild",
"AetherLibavcodec"
],
"sources" : [
],
"type" : "binary"
},
{
"c99name" : "AetherFFmpegBuild",
"module_type" : "SwiftTarget",
"name" : "AetherFFmpegBuild",
"path" : "Sources/AetherFFmpegBuild",
"product_memberships" : [
"AetherFFmpegBuild"
],
"sources" : [
"AetherFFmpegBuild.swift"
],
"target_dependencies" : [
"AetherLibavcodec",
"AetherLibavformat",
"AetherLibavutil",
"AetherLibswresample",
"AetherLibswscale",
"AetherLibavfilter",
"AetherLibdav1d",
"AetherLibzimg",
"AetherLibzvbi"
],
"type" : "library"
}
],
"tools_version" : "6.0"
}
Command line invocation:
/Applications/Xcode-16.3.0.app/Contents/Developer/usr/bin/xcodebuild -IDEClonedSourcePackagesDirPathOverride=/Users/admin/builder/spi-builder-workspace/.dependencies -resolvePackageDependencies
Resolve Package Graph
Resolve Package Graph
Resolved source packages:
FFmpegBuild: /Users/admin/builder/spi-builder-workspace
resolved source packages: FFmpegBuild
2026-09-29 22:33:41.722 xcodebuild[529:3002] [MT] DVTAssertions: Warning in IDEFrameworks/IDEFoundation/Execution/RunContextManager/IDERunContextManager.m:851
Details: Error deleting scheme: Cannot modify data because the process disallows saving.
Object: <IDERunContextManager: 0x60000268ee10>
Method: -deleteRunContexts:completionQueue:completionBlock:
Thread: <_NSMainThread: 0x600000494200>{number = 1, name = main}
Please file a bug at https://feedbackassistant.apple.com with this warning message and any useful information you can provide.
2026-09-29 22:33:41.723 xcodebuild[529:3002] could not delete old scheme: Error Domain=DVTCustomDataStoringErrors Code=0 "Cannot modify data because the process disallows saving." UserInfo={NSLocalizedDescription=Cannot modify data because the process disallows saving.}
2026-09-29 22:33:41.723 xcodebuild[529:3002] [MT] DVTAssertions: Warning in IDEFrameworks/IDEFoundation/Execution/RunContextManager/IDERunContextManager.m:851
Details: Error deleting scheme: Cannot modify data because the process disallows saving.
Object: <IDERunContextManager: 0x60000268ee10>
Method: -deleteRunContexts:completionQueue:completionBlock:
Thread: <_NSMainThread: 0x600000494200>{number = 1, name = main}
Please file a bug at https://feedbackassistant.apple.com with this warning message and any useful information you can provide.
2026-09-29 22:33:41.723 xcodebuild[529:3002] could not delete old scheme: Error Domain=DVTCustomDataStoringErrors Code=0 "Cannot modify data because the process disallows saving." UserInfo={NSLocalizedDescription=Cannot modify data because the process disallows saving.}
2026-09-29 22:33:41.723 xcodebuild[529:3002] [MT] DVTAssertions: Warning in IDEFrameworks/IDEFoundation/Execution/RunContextManager/IDERunContextManager.m:851
Details: Error deleting scheme: Cannot modify data because the process disallows saving.
Object: <IDERunContextManager: 0x60000268ee10>
Method: -deleteRunContexts:completionQueue:completionBlock:
Thread: <_NSMainThread: 0x600000494200>{number = 1, name = main}
Please file a bug at https://feedbackassistant.apple.com with this warning message and any useful information you can provide.
2026-09-29 22:33:41.723 xcodebuild[529:3002] could not delete old scheme: Error Domain=DVTCustomDataStoringErrors Code=0 "Cannot modify data because the process disallows saving." UserInfo={NSLocalizedDescription=Cannot modify data because the process disallows saving.}
2026-09-29 22:33:41.723 xcodebuild[529:3002] [MT] DVTAssertions: Warning in IDEFrameworks/IDEFoundation/Execution/RunContextManager/IDERunContextManager.m:851
Details: Error deleting scheme: Cannot modify data because the process disallows saving.
Object: <IDERunContextManager: 0x60000268ee10>
Method: -deleteRunContexts:completionQueue:completionBlock:
Thread: <_NSMainThread: 0x600000494200>{number = 1, name = main}
Please file a bug at https://feedbackassistant.apple.com with this warning message and any useful information you can provide.
2026-09-29 22:33:41.723 xcodebuild[529:3002] could not delete old scheme: Error Domain=DVTCustomDataStoringErrors Code=0 "Cannot modify data because the process disallows saving." UserInfo={NSLocalizedDescription=Cannot modify data because the process disallows saving.}
2026-09-29 22:33:41.723 xcodebuild[529:3002] [MT] DVTAssertions: Warning in IDEFrameworks/IDEFoundation/Execution/RunContextManager/IDERunContextManager.m:851
Details: Error deleting scheme: Cannot modify data because the process disallows saving.
Object: <IDERunContextManager: 0x60000268ee10>
Method: -deleteRunContexts:completionQueue:completionBlock:
Thread: <_NSMainThread: 0x600000494200>{number = 1, name = main}
Please file a bug at https://feedbackassistant.apple.com with this warning message and any useful information you can provide.
2026-09-29 22:33:41.723 xcodebuild[529:3002] could not delete old scheme: Error Domain=DVTCustomDataStoringErrors Code=0 "Cannot modify data because the process disallows saving." UserInfo={NSLocalizedDescription=Cannot modify data because the process disallows saving.}
2026-09-29 22:33:41.724 xcodebuild[529:3002] [MT] DVTAssertions: Warning in IDEFrameworks/IDEFoundation/Execution/RunContextManager/IDERunContextManager.m:851
Details: Error deleting scheme: Cannot modify data because the process disallows saving.
Object: <IDERunContextManager: 0x60000268ee10>
Method: -deleteRunContexts:completionQueue:completionBlock:
Thread: <_NSMainThread: 0x600000494200>{number = 1, name = main}
Please file a bug at https://feedbackassistant.apple.com with this warning message and any useful information you can provide.
2026-09-29 22:33:41.724 xcodebuild[529:3002] could not delete old scheme: Error Domain=DVTCustomDataStoringErrors Code=0 "Cannot modify data because the process disallows saving." UserInfo={NSLocalizedDescription=Cannot modify data because the process disallows saving.}
2026-09-29 22:33:41.724 xcodebuild[529:3002] [MT] DVTAssertions: Warning in IDEFrameworks/IDEFoundation/Execution/RunContextManager/IDERunContextManager.m:851
Details: Error deleting scheme: Cannot modify data because the process disallows saving.
Object: <IDERunContextManager: 0x60000268ee10>
Method: -deleteRunContexts:completionQueue:completionBlock:
Thread: <_NSMainThread: 0x600000494200>{number = 1, name = main}
Please file a bug at https://feedbackassistant.apple.com with this warning message and any useful information you can provide.
2026-09-29 22:33:41.724 xcodebuild[529:3002] could not delete old scheme: Error Domain=DVTCustomDataStoringErrors Code=0 "Cannot modify data because the process disallows saving." UserInfo={NSLocalizedDescription=Cannot modify data because the process disallows saving.}
2026-09-29 22:33:41.724 xcodebuild[529:3002] [MT] DVTAssertions: Warning in IDEFrameworks/IDEFoundation/Execution/RunContextManager/IDERunContextManager.m:851
Details: Error deleting scheme: Cannot modify data because the process disallows saving.
Object: <IDERunContextManager: 0x60000268ee10>
Method: -deleteRunContexts:completionQueue:completionBlock:
Thread: <_NSMainThread: 0x600000494200>{number = 1, name = main}
Please file a bug at https://feedbackassistant.apple.com with this warning message and any useful information you can provide.
2026-09-29 22:33:41.724 xcodebuild[529:3002] could not delete old scheme: Error Domain=DVTCustomDataStoringErrors Code=0 "Cannot modify data because the process disallows saving." UserInfo={NSLocalizedDescription=Cannot modify data because the process disallows saving.}
2026-09-29 22:33:41.724 xcodebuild[529:3002] [MT] DVTAssertions: Warning in IDEFrameworks/IDEFoundation/Execution/RunContextManager/IDERunContextManager.m:851
Details: Error deleting scheme: Cannot modify data because the process disallows saving.
Object: <IDERunContextManager: 0x60000268ee10>
Method: -deleteRunContexts:completionQueue:completionBlock:
Thread: <_NSMainThread: 0x600000494200>{number = 1, name = main}
Please file a bug at https://feedbackassistant.apple.com with this warning message and any useful information you can provide.
2026-09-29 22:33:41.724 xcodebuild[529:3002] could not delete old scheme: Error Domain=DVTCustomDataStoringErrors Code=0 "Cannot modify data because the process disallows saving." UserInfo={NSLocalizedDescription=Cannot modify data because the process disallows saving.}
2026-09-29 22:33:41.724 xcodebuild[529:3002] [MT] DVTAssertions: Warning in IDEFrameworks/IDEFoundation/Execution/RunContextManager/IDERunContextManager.m:851
Details: Error deleting scheme: Cannot modify data because the process disallows saving.
Object: <IDERunContextManager: 0x60000268ee10>
Method: -deleteRunContexts:completionQueue:completionBlock:
Thread: <_NSMainThread: 0x600000494200>{number = 1, name = main}
Please file a bug at https://feedbackassistant.apple.com with this warning message and any useful information you can provide.
2026-09-29 22:33:41.724 xcodebuild[529:3002] could not delete old scheme: Error Domain=DVTCustomDataStoringErrors Code=0 "Cannot modify data because the process disallows saving." UserInfo={NSLocalizedDescription=Cannot modify data because the process disallows saving.}
2026-09-29 22:33:41.724 xcodebuild[529:3002] [MT] DVTAssertions: Warning in IDEFrameworks/IDEFoundation/Execution/RunContextManager/IDERunContextManager.m:851
Details: Error deleting scheme: Cannot modify data because the process disallows saving.
Object: <IDERunContextManager: 0x60000268ee10>
Method: -deleteRunContexts:completionQueue:completionBlock:
Thread: <_NSMainThread: 0x600000494200>{number = 1, name = main}
Please file a bug at https://feedbackassistant.apple.com with this warning message and any useful information you can provide.
2026-09-29 22:33:41.724 xcodebuild[529:3002] could not delete old scheme: Error Domain=DVTCustomDataStoringErrors Code=0 "Cannot modify data because the process disallows saving." UserInfo={NSLocalizedDescription=Cannot modify data because the process disallows saving.}
Running build ...
env DEVELOPER_DIR=/Applications/Xcode-16.3.0.app xcrun xcodebuild -IDEClonedSourcePackagesDirPathOverride=$PWD/.dependencies -skipMacroValidation -skipPackagePluginValidation -derivedDataPath $PWD/.derivedData build -scheme FFmpegBuild -destination generic/platform=tvOS OTHER_SWIFT_FLAGS=-stats-output-dir .stats
Command line invocation:
/Applications/Xcode-16.3.0.app/Contents/Developer/usr/bin/xcodebuild -IDEClonedSourcePackagesDirPathOverride=/Users/admin/builder/spi-builder-workspace/.dependencies -skipMacroValidation -skipPackagePluginValidation -derivedDataPath /Users/admin/builder/spi-builder-workspace/.derivedData build -scheme FFmpegBuild -destination generic/platform=tvOS "OTHER_SWIFT_FLAGS=-stats-output-dir .stats"
Build settings from command line:
OTHER_SWIFT_FLAGS = -stats-output-dir .stats
Resolve Package Graph
Resolved source packages:
FFmpegBuild: /Users/admin/builder/spi-builder-workspace
2026-09-29 22:33:43.130 xcodebuild[685:3876] Writing error result bundle to /var/folders/5k/5yc19ymj0jqd5v0zvgfqz0xw0000gn/T/ResultBundle_2026-29-09_22-33-0043.xcresult
xcodebuild: error: The workspace named "spi-builder-workspace" does not contain a scheme named "FFmpegBuild". The "-list" option can be used to find the names of the schemes in the workspace.
Command line invocation:
/Applications/Xcode-16.3.0.app/Contents/Developer/usr/bin/xcodebuild -IDEClonedSourcePackagesDirPathOverride=/Users/admin/builder/spi-builder-workspace/.dependencies -resolvePackageDependencies
Resolve Package Graph
Resolved source packages:
FFmpegBuild: /Users/admin/builder/spi-builder-workspace
resolved source packages: FFmpegBuild
Running build ...
env DEVELOPER_DIR=/Applications/Xcode-16.3.0.app xcrun xcodebuild -IDEClonedSourcePackagesDirPathOverride=$PWD/.dependencies -skipMacroValidation -skipPackagePluginValidation -derivedDataPath $PWD/.derivedData build -scheme FFmpegBuild -destination generic/platform=tvOS
Command line invocation:
/Applications/Xcode-16.3.0.app/Contents/Developer/usr/bin/xcodebuild -IDEClonedSourcePackagesDirPathOverride=/Users/admin/builder/spi-builder-workspace/.dependencies -skipMacroValidation -skipPackagePluginValidation -derivedDataPath /Users/admin/builder/spi-builder-workspace/.derivedData build -scheme FFmpegBuild -destination generic/platform=tvOS
Resolve Package Graph
Resolved source packages:
FFmpegBuild: /Users/admin/builder/spi-builder-workspace
2026-09-29 22:33:45.025 xcodebuild[701:4010] Writing error result bundle to /var/folders/5k/5yc19ymj0jqd5v0zvgfqz0xw0000gn/T/ResultBundle_2026-29-09_22-33-0045.xcresult
xcodebuild: error: The workspace named "spi-builder-workspace" does not contain a scheme named "FFmpegBuild". The "-list" option can be used to find the names of the schemes in the workspace.
BUILD FAILURE 6.1 tvOS