Build Information
Failed to build LeaflektMap, reference 1.1.1 (665909), with Swift 6.1 for Android on 18 Oct 2026 20:46:07 UTC.
Build Command
bash -c docker run --pull=always --rm -v "checkouts-54344846-0":/host -w "$PWD" -e JAVA_HOME="/root/.sdkman/candidates/java/current" -e SPI_BUILD="1" -e SPI_PROCESSING="1" registry.gitlab.com/saguaro1/spi-images:android-6.1-latest swift build --swift-sdk aarch64-unknown-linux-android24 2>&1Build Log
========================================
RunAll
========================================
Builder version: 5.1.3
Interrupt handler set up.
========================================
Checkout
========================================
Clone URL: https://github.com/binayshaw7777/Leaflekt-Maps.git
Reference: 1.1.1
Initialized empty Git repository in /host/spi-builder-workspace/.git/
hint: Using 'master' as the name for the initial branch. This default branch name
hint: is subject to change. To configure the initial branch name to use in all
hint: of your new repositories, which will suppress this warning, call:
hint:
hint: git config --global init.defaultBranch <name>
hint:
hint: Names commonly chosen instead of 'master' are 'main', 'trunk' and
hint: 'development'. The just-created branch can be renamed via this command:
hint:
hint: git branch -m <name>
From https://github.com/binayshaw7777/Leaflekt-Maps
* tag 1.1.1 -> FETCH_HEAD
HEAD is now at 665909d docs: Update README version to 1.1.1 [skip ci]
Cloned https://github.com/binayshaw7777/Leaflekt-Maps.git
Revision (git rev-parse @):
665909de979a47ab0d64aeb45bcc7c5737951899
SUCCESS checkout https://github.com/binayshaw7777/Leaflekt-Maps.git at 1.1.1
========================================
Build
========================================
Selected platform: android
Swift version: 6.1
Building package at path: $PWD
https://github.com/binayshaw7777/Leaflekt-Maps.git
https://github.com/binayshaw7777/Leaflekt-Maps.git
WARNING: environment variable SUPPRESS_SWIFT_6_FLAGS is not set
Running build ...
bash -c docker run --pull=always --rm -v "checkouts-54344846-0":/host -w "$PWD" -e JAVA_HOME="/root/.sdkman/candidates/java/current" -e SPI_BUILD="1" -e SPI_PROCESSING="1" registry.gitlab.com/saguaro1/spi-images:android-6.1-latest swift build --swift-sdk aarch64-unknown-linux-android24 -Xswiftc -Xfrontend -Xswiftc -stats-output-dir -Xswiftc -Xfrontend -Xswiftc .stats -Xswiftc -strict-concurrency=complete -Xswiftc -enable-upcoming-feature -Xswiftc StrictConcurrency -Xswiftc -enable-upcoming-feature -Xswiftc DisableOutwardActorInference -Xswiftc -enable-upcoming-feature -Xswiftc GlobalActorIsolatedTypesUsability -Xswiftc -enable-upcoming-feature -Xswiftc InferSendableFromCaptures 2>&1
android-6.1-latest: Pulling from saguaro1/spi-images
Digest: sha256:639806e3270a7d76362a869fc7a464db4368085eea7ecdf63d02ce60a0298950
Status: Image is up to date for registry.gitlab.com/saguaro1/spi-images:android-6.1-latest
Building for debugging...
[0/18] Copying marker-shadow.png
[0/18] Copying marker-icon.png
[0/18] Copying marker-icon-2x.png
[3/18] Copying map.html
[4/18] Copying leaflet.markercluster.js
[5/18] Copying maplibre-gl.css
[6/18] Copying leaflet.css
[6/18] Copying leaflet-maplibre-gl.js
[6/18] Copying layers-2x.png
[9/18] Copying india-boundaries.js
[10/18] Copying MarkerCluster.css
[10/18] Copying MarkerCluster.Default.css
[12/18] Write sources
[13/18] Copying layers.png
[14/18] Copying leaflet.js
[15/18] Copying india-country-outline.min.geojson
[16/18] Copying maplibre-gl.js
[17/18] Write swift-version-24593BA9C3E375BF.txt
error: emit-module command failed with exit code 1 (use -v to see invocation)
[19/36] Emitting module LeaflektMap
/host/spi-builder-workspace/LeaflektMap/Sources/LeaflektMap/LeaflektBridge.swift:1:8: error: no such module 'WebKit'
1 | import WebKit
| `- error: no such module 'WebKit'
2 | import Foundation
3 |
[20/38] Compiling LeaflektMap LeaflektPolyline.swift
/host/spi-builder-workspace/LeaflektMap/Sources/LeaflektMap/LeaflektBridge.swift:1:8: error: no such module 'WebKit'
1 | import WebKit
| `- error: no such module 'WebKit'
2 | import Foundation
3 |
[21/38] Compiling LeaflektMap UIColorExtensions.swift
/host/spi-builder-workspace/LeaflektMap/Sources/LeaflektMap/LeaflektBridge.swift:1:8: error: no such module 'WebKit'
1 | import WebKit
| `- error: no such module 'WebKit'
2 | import Foundation
3 |
[22/38] Compiling LeaflektMap WeakScriptMessageHandler.swift
/host/spi-builder-workspace/LeaflektMap/Sources/LeaflektMap/LeaflektBridge.swift:1:8: error: no such module 'WebKit'
1 | import WebKit
| `- error: no such module 'WebKit'
2 | import Foundation
3 |
[23/38] Compiling LeaflektMap resource_bundle_accessor.swift
/host/spi-builder-workspace/LeaflektMap/Sources/LeaflektMap/LeaflektBridge.swift:1:8: error: no such module 'WebKit'
1 | import WebKit
| `- error: no such module 'WebKit'
2 | import Foundation
3 |
[24/38] Compiling LeaflektMap LeaflektBridge.swift
/host/spi-builder-workspace/LeaflektMap/Sources/LeaflektMap/LeaflektBridge.swift:1:8: error: no such module 'WebKit'
1 | import WebKit
| `- error: no such module 'WebKit'
2 | import Foundation
3 |
[25/38] Compiling LeaflektMap LeaflektMapController.swift
/host/spi-builder-workspace/LeaflektMap/Sources/LeaflektMap/LeaflektBridge.swift:1:8: error: no such module 'WebKit'
1 | import WebKit
| `- error: no such module 'WebKit'
2 | import Foundation
3 |
[26/38] Compiling LeaflektMap LeaflektMapRepresentable.swift
/host/spi-builder-workspace/LeaflektMap/Sources/LeaflektMap/LeaflektBridge.swift:1:8: error: no such module 'WebKit'
1 | import WebKit
| `- error: no such module 'WebKit'
2 | import Foundation
3 |
[27/38] Compiling LeaflektMap LeaflektMapView.swift
/host/spi-builder-workspace/LeaflektMap/Sources/LeaflektMap/LeaflektBridge.swift:1:8: error: no such module 'WebKit'
1 | import WebKit
| `- error: no such module 'WebKit'
2 | import Foundation
3 |
[28/38] Compiling LeaflektMap LeaflektSchemeHandler.swift
/host/spi-builder-workspace/LeaflektMap/Sources/LeaflektMap/LeaflektBridge.swift:1:8: error: no such module 'WebKit'
1 | import WebKit
| `- error: no such module 'WebKit'
2 | import Foundation
3 |
[29/38] Compiling LeaflektMap LeaflektCameraPosition.swift
/host/spi-builder-workspace/LeaflektMap/Sources/LeaflektMap/LeaflektBridge.swift:1:8: error: no such module 'WebKit'
1 | import WebKit
| `- error: no such module 'WebKit'
2 | import Foundation
3 |
[30/38] Compiling LeaflektMap LeaflektMarkerIcon.swift
/host/spi-builder-workspace/LeaflektMap/Sources/LeaflektMap/LeaflektBridge.swift:1:8: error: no such module 'WebKit'
1 | import WebKit
| `- error: no such module 'WebKit'
2 | import Foundation
3 |
[31/38] Compiling LeaflektMap LeaflektPolygon.swift
/host/spi-builder-workspace/LeaflektMap/Sources/LeaflektMap/LeaflektBridge.swift:1:8: error: no such module 'WebKit'
1 | import WebKit
| `- error: no such module 'WebKit'
2 | import Foundation
3 |
[32/38] Compiling LeaflektMap LeaflektMapProperties.swift
/host/spi-builder-workspace/LeaflektMap/Sources/LeaflektMap/LeaflektBridge.swift:1:8: error: no such module 'WebKit'
1 | import WebKit
| `- error: no such module 'WebKit'
2 | import Foundation
3 |
[33/38] Compiling LeaflektMap LeaflektMapStyle.swift
/host/spi-builder-workspace/LeaflektMap/Sources/LeaflektMap/LeaflektBridge.swift:1:8: error: no such module 'WebKit'
1 | import WebKit
| `- error: no such module 'WebKit'
2 | import Foundation
3 |
[34/38] Compiling LeaflektMap LeaflektMapUiSettings.swift
/host/spi-builder-workspace/LeaflektMap/Sources/LeaflektMap/LeaflektBridge.swift:1:8: error: no such module 'WebKit'
1 | import WebKit
| `- error: no such module 'WebKit'
2 | import Foundation
3 |
[35/38] Compiling LeaflektMap LeaflektMarker.swift
/host/spi-builder-workspace/LeaflektMap/Sources/LeaflektMap/LeaflektBridge.swift:1:8: error: no such module 'WebKit'
1 | import WebKit
| `- error: no such module 'WebKit'
2 | import Foundation
3 |
[36/38] Compiling LeaflektMap LeaflektCircle.swift
/host/spi-builder-workspace/LeaflektMap/Sources/LeaflektMap/LeaflektBridge.swift:1:8: error: no such module 'WebKit'
1 | import WebKit
| `- error: no such module 'WebKit'
2 | import Foundation
3 |
[37/38] Compiling LeaflektMap LeaflektGeoJsonOverlay.swift
/host/spi-builder-workspace/LeaflektMap/Sources/LeaflektMap/LeaflektBridge.swift:1:8: error: no such module 'WebKit'
1 | import WebKit
| `- error: no such module 'WebKit'
2 | import Foundation
3 |
[38/38] Compiling LeaflektMap LeaflektLatLng.swift
/host/spi-builder-workspace/LeaflektMap/Sources/LeaflektMap/LeaflektBridge.swift:1:8: error: no such module 'WebKit'
1 | import WebKit
| `- error: no such module 'WebKit'
2 | import Foundation
3 |
Running build ...
bash -c docker run --pull=always --rm -v "checkouts-54344846-0":/host -w "$PWD" -e JAVA_HOME="/root/.sdkman/candidates/java/current" -e SPI_BUILD="1" -e SPI_PROCESSING="1" registry.gitlab.com/saguaro1/spi-images:android-6.1-latest swift build --swift-sdk aarch64-unknown-linux-android24 2>&1
android-6.1-latest: Pulling from saguaro1/spi-images
Digest: sha256:639806e3270a7d76362a869fc7a464db4368085eea7ecdf63d02ce60a0298950
Status: Image is up to date for registry.gitlab.com/saguaro1/spi-images:android-6.1-latest
[0/1] Planning build
Building for debugging...
[0/1] Write swift-version-24593BA9C3E375BF.txt
[2/19] Compiling LeaflektMap LeaflektMapUiSettings.swift
/host/spi-builder-workspace/LeaflektMap/Sources/LeaflektMap/LeaflektBridge.swift:1:8: error: no such module 'WebKit'
1 | import WebKit
| `- error: no such module 'WebKit'
2 | import Foundation
3 |
[3/19] Compiling LeaflektMap LeaflektMarker.swift
/host/spi-builder-workspace/LeaflektMap/Sources/LeaflektMap/LeaflektBridge.swift:1:8: error: no such module 'WebKit'
1 | import WebKit
| `- error: no such module 'WebKit'
2 | import Foundation
3 |
[4/19] Compiling LeaflektMap LeaflektPolyline.swift
/host/spi-builder-workspace/LeaflektMap/Sources/LeaflektMap/LeaflektBridge.swift:1:8: error: no such module 'WebKit'
1 | import WebKit
| `- error: no such module 'WebKit'
2 | import Foundation
3 |
[5/19] Compiling LeaflektMap UIColorExtensions.swift
/host/spi-builder-workspace/LeaflektMap/Sources/LeaflektMap/LeaflektBridge.swift:1:8: error: no such module 'WebKit'
1 | import WebKit
| `- error: no such module 'WebKit'
2 | import Foundation
3 |
[6/21] Compiling LeaflektMap LeaflektCircle.swift
/host/spi-builder-workspace/LeaflektMap/Sources/LeaflektMap/LeaflektBridge.swift:1:8: error: no such module 'WebKit'
1 | import WebKit
| `- error: no such module 'WebKit'
2 | import Foundation
3 |
[7/21] Compiling LeaflektMap LeaflektGeoJsonOverlay.swift
/host/spi-builder-workspace/LeaflektMap/Sources/LeaflektMap/LeaflektBridge.swift:1:8: error: no such module 'WebKit'
1 | import WebKit
| `- error: no such module 'WebKit'
2 | import Foundation
3 |
[8/21] Compiling LeaflektMap LeaflektLatLng.swift
/host/spi-builder-workspace/LeaflektMap/Sources/LeaflektMap/LeaflektBridge.swift:1:8: error: no such module 'WebKit'
1 | import WebKit
| `- error: no such module 'WebKit'
2 | import Foundation
3 |
[9/21] Compiling LeaflektMap WeakScriptMessageHandler.swift
/host/spi-builder-workspace/LeaflektMap/Sources/LeaflektMap/LeaflektBridge.swift:1:8: error: no such module 'WebKit'
1 | import WebKit
| `- error: no such module 'WebKit'
2 | import Foundation
3 |
[10/21] Compiling LeaflektMap resource_bundle_accessor.swift
/host/spi-builder-workspace/LeaflektMap/Sources/LeaflektMap/LeaflektBridge.swift:1:8: error: no such module 'WebKit'
1 | import WebKit
| `- error: no such module 'WebKit'
2 | import Foundation
3 |
error: emit-module command failed with exit code 1 (use -v to see invocation)
[11/21] Emitting module LeaflektMap
/host/spi-builder-workspace/LeaflektMap/Sources/LeaflektMap/LeaflektBridge.swift:1:8: error: no such module 'WebKit'
1 | import WebKit
| `- error: no such module 'WebKit'
2 | import Foundation
3 |
[12/21] Compiling LeaflektMap LeaflektMapProperties.swift
/host/spi-builder-workspace/LeaflektMap/Sources/LeaflektMap/LeaflektBridge.swift:1:8: error: no such module 'WebKit'
1 | import WebKit
| `- error: no such module 'WebKit'
2 | import Foundation
3 |
[13/21] Compiling LeaflektMap LeaflektMapStyle.swift
/host/spi-builder-workspace/LeaflektMap/Sources/LeaflektMap/LeaflektBridge.swift:1:8: error: no such module 'WebKit'
1 | import WebKit
| `- error: no such module 'WebKit'
2 | import Foundation
3 |
[14/21] Compiling LeaflektMap LeaflektMarkerIcon.swift
/host/spi-builder-workspace/LeaflektMap/Sources/LeaflektMap/LeaflektBridge.swift:1:8: error: no such module 'WebKit'
1 | import WebKit
| `- error: no such module 'WebKit'
2 | import Foundation
3 |
[15/21] Compiling LeaflektMap LeaflektPolygon.swift
/host/spi-builder-workspace/LeaflektMap/Sources/LeaflektMap/LeaflektBridge.swift:1:8: error: no such module 'WebKit'
1 | import WebKit
| `- error: no such module 'WebKit'
2 | import Foundation
3 |
[16/21] Compiling LeaflektMap LeaflektMapView.swift
/host/spi-builder-workspace/LeaflektMap/Sources/LeaflektMap/LeaflektBridge.swift:1:8: error: no such module 'WebKit'
1 | import WebKit
| `- error: no such module 'WebKit'
2 | import Foundation
3 |
[17/21] Compiling LeaflektMap LeaflektSchemeHandler.swift
/host/spi-builder-workspace/LeaflektMap/Sources/LeaflektMap/LeaflektBridge.swift:1:8: error: no such module 'WebKit'
1 | import WebKit
| `- error: no such module 'WebKit'
2 | import Foundation
3 |
[18/21] Compiling LeaflektMap LeaflektCameraPosition.swift
/host/spi-builder-workspace/LeaflektMap/Sources/LeaflektMap/LeaflektBridge.swift:1:8: error: no such module 'WebKit'
1 | import WebKit
| `- error: no such module 'WebKit'
2 | import Foundation
3 |
[19/21] Compiling LeaflektMap LeaflektBridge.swift
/host/spi-builder-workspace/LeaflektMap/Sources/LeaflektMap/LeaflektBridge.swift:1:8: error: no such module 'WebKit'
1 | import WebKit
| `- error: no such module 'WebKit'
2 | import Foundation
3 |
[20/21] Compiling LeaflektMap LeaflektMapController.swift
/host/spi-builder-workspace/LeaflektMap/Sources/LeaflektMap/LeaflektBridge.swift:1:8: error: no such module 'WebKit'
1 | import WebKit
| `- error: no such module 'WebKit'
2 | import Foundation
3 |
[21/21] Compiling LeaflektMap LeaflektMapRepresentable.swift
/host/spi-builder-workspace/LeaflektMap/Sources/LeaflektMap/LeaflektBridge.swift:1:8: error: no such module 'WebKit'
1 | import WebKit
| `- error: no such module 'WebKit'
2 | import Foundation
3 |
BUILD FAILURE 6.1 android