Build Information
Failed to build SwiftWebBridge, reference 0.2.0 (0b5b0f), with Swift 6.2 for watchOS using Xcode 26.3 on 11 Jul 2026 19:10:25 UTC.
Build Command
env DEVELOPER_DIR=/Applications/Xcode-26.3.0.app xcrun xcodebuild -IDEClonedSourcePackagesDirPathOverride=$PWD/.dependencies -skipMacroValidation -skipPackagePluginValidation -derivedDataPath $PWD/.derivedData build -scheme SwiftWebBridge -destination generic/platform=watchOSBuild Log
========================================
RunAll
========================================
Builder version: undefined version: run 'make version' to update
Interrupt handler set up.
========================================
Checkout
========================================
Clone URL: https://github.com/AndrewPrifer/swift-web-bridge.git
Reference: 0.2.0
Initialized empty Git repository in /Users/admin/builder/spi-builder-workspace/.git/
From https://github.com/AndrewPrifer/swift-web-bridge
* tag 0.2.0 -> FETCH_HEAD
HEAD is now at 0b5b0f2 Release 0.2.0
Cloned https://github.com/AndrewPrifer/swift-web-bridge.git
Revision (git rev-parse @):
0b5b0f28917335b04b5a33a10ce0e9d5d25abba0
SUCCESS checkout https://github.com/AndrewPrifer/swift-web-bridge.git at 0.2.0
========================================
Build
========================================
Selected platform: watchOS
Swift version: 6.2
Building package at path: $PWD
https://github.com/AndrewPrifer/swift-web-bridge.git
Command line invocation:
/Applications/Xcode-26.3.0.app/Contents/Developer/usr/bin/xcodebuild -IDEClonedSourcePackagesDirPathOverride=/Users/admin/builder/spi-builder-workspace/.dependencies -resolvePackageDependencies
Resolve Package Graph
Resolve Package Graph
Resolved source packages:
SwiftWebBridge: /Users/admin/builder/spi-builder-workspace
resolved source packages: SwiftWebBridge
2026-07-11 15:09:59.088 xcodebuild[572:3131] [MT] IDERunDestination: Supported platforms for the buildables in the current scheme is empty.
{
"dependencies" : [
],
"manifest_display_name" : "SwiftWebBridge",
"name" : "SwiftWebBridge",
"path" : "/Users/admin/builder/spi-builder-workspace",
"platforms" : [
{
"name" : "ios",
"version" : "14.0"
},
{
"name" : "macos",
"version" : "11.0"
}
],
"products" : [
{
"name" : "SwiftWebBridge",
"targets" : [
"SwiftWebBridge"
],
"type" : {
"library" : [
"automatic"
]
}
}
],
"targets" : [
{
"c99name" : "SwiftWebBridgeTests",
"module_type" : "SwiftTarget",
"name" : "SwiftWebBridgeTests",
"path" : "Tests/SwiftWebBridgeTests",
"resources" : [
{
"path" : "/Users/admin/builder/spi-builder-workspace/Tests/SwiftWebBridgeTests/Fixtures",
"rule" : {
"copy" : {
}
}
}
],
"sources" : [
"WebViewBridgeTests.swift"
],
"target_dependencies" : [
"SwiftWebBridge"
],
"type" : "test"
},
{
"c99name" : "SwiftWebBridge",
"module_type" : "SwiftTarget",
"name" : "SwiftWebBridge",
"path" : "Sources/SwiftWebBridge",
"product_memberships" : [
"SwiftWebBridge"
],
"sources" : [
"BridgeEventPayload.swift",
"BridgeSubscribeModifier.swift",
"BridgeSubscription.swift",
"SyncedReactState.swift",
"WebViewBridge.swift",
"WebViewBridgeConfiguration.swift",
"WebViewSource.swift"
],
"type" : "library"
}
],
"tools_version" : "5.9"
}
{
"workspace" : {
"name" : "spi-builder-workspace",
"schemes" : [
"SwiftWebBridge"
]
}
}
2026-07-11 15:10:16.966 xcodebuild[713:4255] [MT] IDERunDestination: Supported platforms for the buildables in the current scheme is empty.
Running build ...
env DEVELOPER_DIR=/Applications/Xcode-26.3.0.app xcrun xcodebuild -IDEClonedSourcePackagesDirPathOverride=$PWD/.dependencies -skipMacroValidation -skipPackagePluginValidation -derivedDataPath $PWD/.derivedData build -scheme SwiftWebBridge -destination generic/platform=watchOS
Command line invocation:
/Applications/Xcode-26.3.0.app/Contents/Developer/usr/bin/xcodebuild -IDEClonedSourcePackagesDirPathOverride=/Users/admin/builder/spi-builder-workspace/.dependencies -skipMacroValidation -skipPackagePluginValidation -derivedDataPath /Users/admin/builder/spi-builder-workspace/.derivedData build -scheme SwiftWebBridge -destination generic/platform=watchOS
Resolve Package Graph
Resolved source packages:
SwiftWebBridge: /Users/admin/builder/spi-builder-workspace
ComputePackagePrebuildTargetDependencyGraph
Prepare packages
CreateBuildRequest
SendProjectDescription
CreateBuildOperation
ComputeTargetDependencyGraph
note: Building targets in dependency order
note: Target dependency graph (2 targets)
Target 'SwiftWebBridge' in project 'SwiftWebBridge'
➜ Explicit dependency on target 'SwiftWebBridge' in project 'SwiftWebBridge'
Target 'SwiftWebBridge' in project 'SwiftWebBridge' (no dependencies)
GatherProvisioningInputs
CreateBuildDescription
ExecuteExternalTool /Applications/Xcode-26.3.0.app/Contents/Developer/Toolchains/XcodeDefault.xctoolchain/usr/bin/clang -v -E -dM -isysroot /Applications/Xcode-26.3.0.app/Contents/Developer/Platforms/WatchOS.platform/Developer/SDKs/WatchOS26.2.sdk -x c -c /dev/null
ExecuteExternalTool /Applications/Xcode-26.3.0.app/Contents/Developer/Toolchains/XcodeDefault.xctoolchain/usr/bin/swiftc --version
ExecuteExternalTool /Applications/Xcode-26.3.0.app/Contents/Developer/Toolchains/XcodeDefault.xctoolchain/usr/bin/ld -version_details
Build description signature: 7d3d8fc9932f4e35d6f7ce2c13a17638
Build description path: /Users/admin/builder/spi-builder-workspace/.derivedData/Build/Intermediates.noindex/XCBuildData/7d3d8fc9932f4e35d6f7ce2c13a17638.xcbuilddata
ClangStatCache /Applications/Xcode-26.3.0.app/Contents/Developer/Toolchains/XcodeDefault.xctoolchain/usr/bin/clang-stat-cache /Applications/Xcode-26.3.0.app/Contents/Developer/Platforms/WatchOS.platform/Developer/SDKs/WatchOS26.2.sdk /Users/admin/builder/spi-builder-workspace/.derivedData/SDKStatCaches.noindex/watchos26.2-23S303-dc75598d0054f22ec865fa860f139d721753b489057de6bda919edfa1c59a62b.sdkstatcache
cd /Users/admin/builder/spi-builder-workspace/.swiftpm/xcode
/Applications/Xcode-26.3.0.app/Contents/Developer/Toolchains/XcodeDefault.xctoolchain/usr/bin/clang-stat-cache /Applications/Xcode-26.3.0.app/Contents/Developer/Platforms/WatchOS.platform/Developer/SDKs/WatchOS26.2.sdk -o /Users/admin/builder/spi-builder-workspace/.derivedData/SDKStatCaches.noindex/watchos26.2-23S303-dc75598d0054f22ec865fa860f139d721753b489057de6bda919edfa1c59a62b.sdkstatcache
CreateBuildDirectory /Users/admin/builder/spi-builder-workspace/.derivedData/Build/Intermediates.noindex
cd /Users/admin/builder/spi-builder-workspace/.swiftpm/xcode
builtin-create-build-directory /Users/admin/builder/spi-builder-workspace/.derivedData/Build/Intermediates.noindex
CreateBuildDirectory /Users/admin/builder/spi-builder-workspace/.derivedData/Build/Products
cd /Users/admin/builder/spi-builder-workspace/.swiftpm/xcode
builtin-create-build-directory /Users/admin/builder/spi-builder-workspace/.derivedData/Build/Products
CreateBuildDirectory /Users/admin/builder/spi-builder-workspace/.derivedData/Build/Intermediates.noindex/ExplicitPrecompiledModules
cd /Users/admin/builder/spi-builder-workspace/.swiftpm/xcode
builtin-create-build-directory /Users/admin/builder/spi-builder-workspace/.derivedData/Build/Intermediates.noindex/ExplicitPrecompiledModules
CreateBuildDirectory /Users/admin/builder/spi-builder-workspace/.derivedData/Build/Intermediates.noindex/SwiftExplicitPrecompiledModules
cd /Users/admin/builder/spi-builder-workspace/.swiftpm/xcode
builtin-create-build-directory /Users/admin/builder/spi-builder-workspace/.derivedData/Build/Intermediates.noindex/SwiftExplicitPrecompiledModules
CreateBuildDirectory /Users/admin/builder/spi-builder-workspace/.derivedData/Build/Intermediates.noindex/EagerLinkingTBDs/Debug-watchos
cd /Users/admin/builder/spi-builder-workspace/.swiftpm/xcode
builtin-create-build-directory /Users/admin/builder/spi-builder-workspace/.derivedData/Build/Intermediates.noindex/EagerLinkingTBDs/Debug-watchos
CreateBuildDirectory /Users/admin/builder/spi-builder-workspace/.derivedData/Build/Products/Debug-watchos
cd /Users/admin/builder/spi-builder-workspace/.swiftpm/xcode
builtin-create-build-directory /Users/admin/builder/spi-builder-workspace/.derivedData/Build/Products/Debug-watchos
CreateBuildDirectory /Users/admin/builder/spi-builder-workspace/.derivedData/Build/Products/Debug-watchos/PackageFrameworks
cd /Users/admin/builder/spi-builder-workspace/.swiftpm/xcode
builtin-create-build-directory /Users/admin/builder/spi-builder-workspace/.derivedData/Build/Products/Debug-watchos/PackageFrameworks
WriteAuxiliaryFile /Users/admin/builder/spi-builder-workspace/.derivedData/Build/Intermediates.noindex/SwiftWebBridge.build/Debug-watchos/SwiftWebBridge.build/SwiftWebBridge.modulemap (in target 'SwiftWebBridge' from project 'SwiftWebBridge')
cd /Users/admin/builder/spi-builder-workspace
write-file /Users/admin/builder/spi-builder-workspace/.derivedData/Build/Intermediates.noindex/SwiftWebBridge.build/Debug-watchos/SwiftWebBridge.build/SwiftWebBridge.modulemap
WriteAuxiliaryFile /Users/admin/builder/spi-builder-workspace/.derivedData/Build/Intermediates.noindex/SwiftWebBridge.build/Debug-watchos/SwiftWebBridge.build/SwiftWebBridge.DependencyStaticMetadataFileList (in target 'SwiftWebBridge' from project 'SwiftWebBridge')
cd /Users/admin/builder/spi-builder-workspace
write-file /Users/admin/builder/spi-builder-workspace/.derivedData/Build/Intermediates.noindex/SwiftWebBridge.build/Debug-watchos/SwiftWebBridge.build/SwiftWebBridge.DependencyStaticMetadataFileList
WriteAuxiliaryFile /Users/admin/builder/spi-builder-workspace/.derivedData/Build/Intermediates.noindex/SwiftWebBridge.build/Debug-watchos/SwiftWebBridge.build/SwiftWebBridge.DependencyMetadataFileList (in target 'SwiftWebBridge' from project 'SwiftWebBridge')
cd /Users/admin/builder/spi-builder-workspace
write-file /Users/admin/builder/spi-builder-workspace/.derivedData/Build/Intermediates.noindex/SwiftWebBridge.build/Debug-watchos/SwiftWebBridge.build/SwiftWebBridge.DependencyMetadataFileList
WriteAuxiliaryFile /Users/admin/builder/spi-builder-workspace/.derivedData/Build/Intermediates.noindex/SwiftWebBridge.build/Debug-watchos/SwiftWebBridge.build/Objects-normal/armv7k/SwiftWebBridge.SwiftConstValuesFileList (in target 'SwiftWebBridge' from project 'SwiftWebBridge')
cd /Users/admin/builder/spi-builder-workspace
write-file /Users/admin/builder/spi-builder-workspace/.derivedData/Build/Intermediates.noindex/SwiftWebBridge.build/Debug-watchos/SwiftWebBridge.build/Objects-normal/armv7k/SwiftWebBridge.SwiftConstValuesFileList
WriteAuxiliaryFile /Users/admin/builder/spi-builder-workspace/.derivedData/Build/Intermediates.noindex/SwiftWebBridge.build/Debug-watchos/SwiftWebBridge.build/Objects-normal/armv7k/SwiftWebBridge-OutputFileMap.json (in target 'SwiftWebBridge' from project 'SwiftWebBridge')
cd /Users/admin/builder/spi-builder-workspace
write-file /Users/admin/builder/spi-builder-workspace/.derivedData/Build/Intermediates.noindex/SwiftWebBridge.build/Debug-watchos/SwiftWebBridge.build/Objects-normal/armv7k/SwiftWebBridge-OutputFileMap.json
WriteAuxiliaryFile /Users/admin/builder/spi-builder-workspace/.derivedData/Build/Intermediates.noindex/SwiftWebBridge.build/Debug-watchos/SwiftWebBridge.build/Objects-normal/arm64_32/SwiftWebBridge_const_extract_protocols.json (in target 'SwiftWebBridge' from project 'SwiftWebBridge')
cd /Users/admin/builder/spi-builder-workspace
write-file /Users/admin/builder/spi-builder-workspace/.derivedData/Build/Intermediates.noindex/SwiftWebBridge.build/Debug-watchos/SwiftWebBridge.build/Objects-normal/arm64_32/SwiftWebBridge_const_extract_protocols.json
WriteAuxiliaryFile /Users/admin/builder/spi-builder-workspace/.derivedData/Build/Intermediates.noindex/SwiftWebBridge.build/Debug-watchos/SwiftWebBridge.build/Objects-normal/armv7k/SwiftWebBridge_const_extract_protocols.json (in target 'SwiftWebBridge' from project 'SwiftWebBridge')
cd /Users/admin/builder/spi-builder-workspace
write-file /Users/admin/builder/spi-builder-workspace/.derivedData/Build/Intermediates.noindex/SwiftWebBridge.build/Debug-watchos/SwiftWebBridge.build/Objects-normal/armv7k/SwiftWebBridge_const_extract_protocols.json
WriteAuxiliaryFile /Users/admin/builder/spi-builder-workspace/.derivedData/Build/Intermediates.noindex/SwiftWebBridge.build/Debug-watchos/SwiftWebBridge.build/Objects-normal/arm64_32/SwiftWebBridge-OutputFileMap.json (in target 'SwiftWebBridge' from project 'SwiftWebBridge')
cd /Users/admin/builder/spi-builder-workspace
write-file /Users/admin/builder/spi-builder-workspace/.derivedData/Build/Intermediates.noindex/SwiftWebBridge.build/Debug-watchos/SwiftWebBridge.build/Objects-normal/arm64_32/SwiftWebBridge-OutputFileMap.json
WriteAuxiliaryFile /Users/admin/builder/spi-builder-workspace/.derivedData/Build/Intermediates.noindex/SwiftWebBridge.build/Debug-watchos/SwiftWebBridge.build/Objects-normal/armv7k/SwiftWebBridge.SwiftFileList (in target 'SwiftWebBridge' from project 'SwiftWebBridge')
cd /Users/admin/builder/spi-builder-workspace
write-file /Users/admin/builder/spi-builder-workspace/.derivedData/Build/Intermediates.noindex/SwiftWebBridge.build/Debug-watchos/SwiftWebBridge.build/Objects-normal/armv7k/SwiftWebBridge.SwiftFileList
WriteAuxiliaryFile /Users/admin/builder/spi-builder-workspace/.derivedData/Build/Intermediates.noindex/SwiftWebBridge.build/Debug-watchos/SwiftWebBridge.build/Objects-normal/armv7k/SwiftWebBridge.LinkFileList (in target 'SwiftWebBridge' from project 'SwiftWebBridge')
cd /Users/admin/builder/spi-builder-workspace
write-file /Users/admin/builder/spi-builder-workspace/.derivedData/Build/Intermediates.noindex/SwiftWebBridge.build/Debug-watchos/SwiftWebBridge.build/Objects-normal/armv7k/SwiftWebBridge.LinkFileList
WriteAuxiliaryFile /Users/admin/builder/spi-builder-workspace/.derivedData/Build/Intermediates.noindex/SwiftWebBridge.build/Debug-watchos/SwiftWebBridge.build/Objects-normal/arm64_32/SwiftWebBridge.SwiftFileList (in target 'SwiftWebBridge' from project 'SwiftWebBridge')
cd /Users/admin/builder/spi-builder-workspace
write-file /Users/admin/builder/spi-builder-workspace/.derivedData/Build/Intermediates.noindex/SwiftWebBridge.build/Debug-watchos/SwiftWebBridge.build/Objects-normal/arm64_32/SwiftWebBridge.SwiftFileList
WriteAuxiliaryFile /Users/admin/builder/spi-builder-workspace/.derivedData/Build/Intermediates.noindex/SwiftWebBridge.build/Debug-watchos/SwiftWebBridge.build/Objects-normal/arm64_32/SwiftWebBridge.SwiftConstValuesFileList (in target 'SwiftWebBridge' from project 'SwiftWebBridge')
cd /Users/admin/builder/spi-builder-workspace
write-file /Users/admin/builder/spi-builder-workspace/.derivedData/Build/Intermediates.noindex/SwiftWebBridge.build/Debug-watchos/SwiftWebBridge.build/Objects-normal/arm64_32/SwiftWebBridge.SwiftConstValuesFileList
WriteAuxiliaryFile /Users/admin/builder/spi-builder-workspace/.derivedData/Build/Intermediates.noindex/SwiftWebBridge.build/Debug-watchos/SwiftWebBridge.build/Objects-normal/arm64_32/SwiftWebBridge.LinkFileList (in target 'SwiftWebBridge' from project 'SwiftWebBridge')
cd /Users/admin/builder/spi-builder-workspace
write-file /Users/admin/builder/spi-builder-workspace/.derivedData/Build/Intermediates.noindex/SwiftWebBridge.build/Debug-watchos/SwiftWebBridge.build/Objects-normal/arm64_32/SwiftWebBridge.LinkFileList
WriteAuxiliaryFile /Users/admin/builder/spi-builder-workspace/.derivedData/Build/Intermediates.noindex/SwiftWebBridge.build/Debug-watchos/SwiftWebBridge.build/Objects-normal/arm64/SwiftWebBridge_const_extract_protocols.json (in target 'SwiftWebBridge' from project 'SwiftWebBridge')
cd /Users/admin/builder/spi-builder-workspace
write-file /Users/admin/builder/spi-builder-workspace/.derivedData/Build/Intermediates.noindex/SwiftWebBridge.build/Debug-watchos/SwiftWebBridge.build/Objects-normal/arm64/SwiftWebBridge_const_extract_protocols.json
WriteAuxiliaryFile /Users/admin/builder/spi-builder-workspace/.derivedData/Build/Intermediates.noindex/SwiftWebBridge.build/Debug-watchos/SwiftWebBridge.build/Objects-normal/arm64/SwiftWebBridge.SwiftConstValuesFileList (in target 'SwiftWebBridge' from project 'SwiftWebBridge')
cd /Users/admin/builder/spi-builder-workspace
write-file /Users/admin/builder/spi-builder-workspace/.derivedData/Build/Intermediates.noindex/SwiftWebBridge.build/Debug-watchos/SwiftWebBridge.build/Objects-normal/arm64/SwiftWebBridge.SwiftConstValuesFileList
WriteAuxiliaryFile /Users/admin/builder/spi-builder-workspace/.derivedData/Build/Intermediates.noindex/SwiftWebBridge.build/Debug-watchos/SwiftWebBridge.build/Objects-normal/arm64/SwiftWebBridge.SwiftFileList (in target 'SwiftWebBridge' from project 'SwiftWebBridge')
cd /Users/admin/builder/spi-builder-workspace
write-file /Users/admin/builder/spi-builder-workspace/.derivedData/Build/Intermediates.noindex/SwiftWebBridge.build/Debug-watchos/SwiftWebBridge.build/Objects-normal/arm64/SwiftWebBridge.SwiftFileList
WriteAuxiliaryFile /Users/admin/builder/spi-builder-workspace/.derivedData/Build/Intermediates.noindex/SwiftWebBridge.build/Debug-watchos/SwiftWebBridge.build/Objects-normal/arm64/SwiftWebBridge.LinkFileList (in target 'SwiftWebBridge' from project 'SwiftWebBridge')
cd /Users/admin/builder/spi-builder-workspace
write-file /Users/admin/builder/spi-builder-workspace/.derivedData/Build/Intermediates.noindex/SwiftWebBridge.build/Debug-watchos/SwiftWebBridge.build/Objects-normal/arm64/SwiftWebBridge.LinkFileList
WriteAuxiliaryFile /Users/admin/builder/spi-builder-workspace/.derivedData/Build/Intermediates.noindex/SwiftWebBridge.build/Debug-watchos/SwiftWebBridge.build/Objects-normal/arm64/SwiftWebBridge-OutputFileMap.json (in target 'SwiftWebBridge' from project 'SwiftWebBridge')
cd /Users/admin/builder/spi-builder-workspace
write-file /Users/admin/builder/spi-builder-workspace/.derivedData/Build/Intermediates.noindex/SwiftWebBridge.build/Debug-watchos/SwiftWebBridge.build/Objects-normal/arm64/SwiftWebBridge-OutputFileMap.json
Copy /Users/admin/builder/spi-builder-workspace/.derivedData/Build/Intermediates.noindex/GeneratedModuleMaps-watchos/SwiftWebBridge.modulemap /Users/admin/builder/spi-builder-workspace/.derivedData/Build/Intermediates.noindex/SwiftWebBridge.build/Debug-watchos/SwiftWebBridge.build/SwiftWebBridge.modulemap (in target 'SwiftWebBridge' from project 'SwiftWebBridge')
cd /Users/admin/builder/spi-builder-workspace
builtin-copy -exclude .DS_Store -exclude CVS -exclude .svn -exclude .git -exclude .hg -resolve-src-symlinks /Users/admin/builder/spi-builder-workspace/.derivedData/Build/Intermediates.noindex/SwiftWebBridge.build/Debug-watchos/SwiftWebBridge.build/SwiftWebBridge.modulemap /Users/admin/builder/spi-builder-workspace/.derivedData/Build/Intermediates.noindex/GeneratedModuleMaps-watchos
SwiftDriver SwiftWebBridge normal armv7k com.apple.xcode.tools.swift.compiler (in target 'SwiftWebBridge' from project 'SwiftWebBridge')
cd /Users/admin/builder/spi-builder-workspace/.swiftpm/xcode
builtin-SwiftDriver -- /Applications/Xcode-26.3.0.app/Contents/Developer/Toolchains/XcodeDefault.xctoolchain/usr/bin/swiftc -module-name SwiftWebBridge -Onone -enforce-exclusivity\=checked @/Users/admin/builder/spi-builder-workspace/.derivedData/Build/Intermediates.noindex/SwiftWebBridge.build/Debug-watchos/SwiftWebBridge.build/Objects-normal/armv7k/SwiftWebBridge.SwiftFileList -DSWIFT_PACKAGE -DDEBUG -DSWIFT_MODULE_RESOURCE_BUNDLE_UNAVAILABLE -DXcode -plugin-path /Applications/Xcode-26.3.0.app/Contents/Developer/Toolchains/XcodeDefault.xctoolchain/usr/lib/swift/host/plugins/testing -enable-experimental-feature DebugDescriptionMacro -sdk /Applications/Xcode-26.3.0.app/Contents/Developer/Platforms/WatchOS.platform/Developer/SDKs/WatchOS26.2.sdk -target armv7k-apple-watchos7.0 -g -module-cache-path /Users/admin/builder/spi-builder-workspace/.derivedData/ModuleCache.noindex -Xfrontend -serialize-debugging-options -profile-coverage-mapping -profile-generate -enable-testing -index-store-path /Users/admin/builder/spi-builder-workspace/.derivedData/Index.noindex/DataStore -Xcc -D_LIBCPP_HARDENING_MODE\=_LIBCPP_HARDENING_MODE_DEBUG -swift-version 5 -I /Users/admin/builder/spi-builder-workspace/.derivedData/Build/Products/Debug-watchos -Isystem /Applications/Xcode-26.3.0.app/Contents/Developer/Platforms/WatchOS.platform/Developer/usr/lib -F /Users/admin/builder/spi-builder-workspace/.derivedData/Build/Products/Debug-watchos -F /Applications/Xcode-26.3.0.app/Contents/Developer/Platforms/WatchOS.platform/Developer/Library/Frameworks -F /Applications/Xcode-26.3.0.app/Contents/Developer/Platforms/WatchOS.platform/Developer/SDKs/WatchOS26.2.sdk/Developer/Library/Frameworks -c -j10 -enable-batch-mode -incremental -Xcc -ivfsstatcache -Xcc /Users/admin/builder/spi-builder-workspace/.derivedData/SDKStatCaches.noindex/watchos26.2-23S303-dc75598d0054f22ec865fa860f139d721753b489057de6bda919edfa1c59a62b.sdkstatcache -output-file-map /Users/admin/builder/spi-builder-workspace/.derivedData/Build/Intermediates.noindex/SwiftWebBridge.build/Debug-watchos/SwiftWebBridge.build/Objects-normal/armv7k/SwiftWebBridge-OutputFileMap.json -use-frontend-parseable-output -save-temps -no-color-diagnostics -explicit-module-build -module-cache-path /Users/admin/builder/spi-builder-workspace/.derivedData/Build/Intermediates.noindex/SwiftExplicitPrecompiledModules -clang-scanner-module-cache-path /Users/admin/builder/spi-builder-workspace/.derivedData/ModuleCache.noindex -sdk-module-cache-path /Users/admin/builder/spi-builder-workspace/.derivedData/ModuleCache.noindex -serialize-diagnostics -emit-dependencies -emit-module -emit-module-path /Users/admin/builder/spi-builder-workspace/.derivedData/Build/Intermediates.noindex/SwiftWebBridge.build/Debug-watchos/SwiftWebBridge.build/Objects-normal/armv7k/SwiftWebBridge.swiftmodule -validate-clang-modules-once -clang-build-session-file /Users/admin/builder/spi-builder-workspace/.derivedData/ModuleCache.noindex/Session.modulevalidation -package-name spi_builder_workspace -Xcc -I/Users/admin/builder/spi-builder-workspace/.derivedData/Build/Intermediates.noindex/SwiftWebBridge.build/Debug-watchos/SwiftWebBridge.build/swift-overrides.hmap -emit-const-values -Xfrontend -const-gather-protocols-file -Xfrontend /Users/admin/builder/spi-builder-workspace/.derivedData/Build/Intermediates.noindex/SwiftWebBridge.build/Debug-watchos/SwiftWebBridge.build/Objects-normal/armv7k/SwiftWebBridge_const_extract_protocols.json -Xcc -I/Users/admin/builder/spi-builder-workspace/.derivedData/Build/Products/Debug-watchos/include -Xcc -I/Users/admin/builder/spi-builder-workspace/.derivedData/Build/Intermediates.noindex/SwiftWebBridge.build/Debug-watchos/SwiftWebBridge.build/DerivedSources-normal/armv7k -Xcc -I/Users/admin/builder/spi-builder-workspace/.derivedData/Build/Intermediates.noindex/SwiftWebBridge.build/Debug-watchos/SwiftWebBridge.build/DerivedSources/armv7k -Xcc -I/Users/admin/builder/spi-builder-workspace/.derivedData/Build/Intermediates.noindex/SwiftWebBridge.build/Debug-watchos/SwiftWebBridge.build/DerivedSources -Xcc -DSWIFT_PACKAGE -Xcc -DDEBUG\=1 -emit-objc-header -emit-objc-header-path /Users/admin/builder/spi-builder-workspace/.derivedData/Build/Intermediates.noindex/SwiftWebBridge.build/Debug-watchos/SwiftWebBridge.build/Objects-normal/armv7k/SwiftWebBridge-Swift.h -working-directory /Users/admin/builder/spi-builder-workspace/.swiftpm/xcode -experimental-emit-module-separately -disable-cmo
/Users/admin/builder/spi-builder-workspace/Sources/SwiftWebBridge/WebViewBridge.swift:2:8: error: Unable to find module dependency: 'WebKit'
import WebKit
^ (in target 'SwiftWebBridge' from project 'SwiftWebBridge')
/Users/admin/builder/spi-builder-workspace/Sources/SwiftWebBridge/WebViewBridge.swift:2:8: note: A dependency of main module 'SwiftWebBridge'
import WebKit
^ (in target 'SwiftWebBridge' from project 'SwiftWebBridge')
/Users/admin/builder/spi-builder-workspace/Sources/SwiftWebBridge/WebViewSource.swift:2:8: note: Also imported here
import WebKit
^ (in target 'SwiftWebBridge' from project 'SwiftWebBridge')
SwiftDriver SwiftWebBridge normal arm64 com.apple.xcode.tools.swift.compiler (in target 'SwiftWebBridge' from project 'SwiftWebBridge')
cd /Users/admin/builder/spi-builder-workspace/.swiftpm/xcode
builtin-SwiftDriver -- /Applications/Xcode-26.3.0.app/Contents/Developer/Toolchains/XcodeDefault.xctoolchain/usr/bin/swiftc -module-name SwiftWebBridge -Onone -enforce-exclusivity\=checked @/Users/admin/builder/spi-builder-workspace/.derivedData/Build/Intermediates.noindex/SwiftWebBridge.build/Debug-watchos/SwiftWebBridge.build/Objects-normal/arm64/SwiftWebBridge.SwiftFileList -DSWIFT_PACKAGE -DDEBUG -DSWIFT_MODULE_RESOURCE_BUNDLE_UNAVAILABLE -DXcode -plugin-path /Applications/Xcode-26.3.0.app/Contents/Developer/Toolchains/XcodeDefault.xctoolchain/usr/lib/swift/host/plugins/testing -enable-experimental-feature DebugDescriptionMacro -sdk /Applications/Xcode-26.3.0.app/Contents/Developer/Platforms/WatchOS.platform/Developer/SDKs/WatchOS26.2.sdk -target arm64-apple-watchos7.0 -g -module-cache-path /Users/admin/builder/spi-builder-workspace/.derivedData/ModuleCache.noindex -Xfrontend -serialize-debugging-options -profile-coverage-mapping -profile-generate -enable-testing -index-store-path /Users/admin/builder/spi-builder-workspace/.derivedData/Index.noindex/DataStore -Xcc -D_LIBCPP_HARDENING_MODE\=_LIBCPP_HARDENING_MODE_DEBUG -swift-version 5 -I /Users/admin/builder/spi-builder-workspace/.derivedData/Build/Products/Debug-watchos -Isystem /Applications/Xcode-26.3.0.app/Contents/Developer/Platforms/WatchOS.platform/Developer/usr/lib -F /Users/admin/builder/spi-builder-workspace/.derivedData/Build/Products/Debug-watchos -F /Applications/Xcode-26.3.0.app/Contents/Developer/Platforms/WatchOS.platform/Developer/Library/Frameworks -F /Applications/Xcode-26.3.0.app/Contents/Developer/Platforms/WatchOS.platform/Developer/SDKs/WatchOS26.2.sdk/Developer/Library/Frameworks -c -j10 -enable-batch-mode -incremental -Xcc -ivfsstatcache -Xcc /Users/admin/builder/spi-builder-workspace/.derivedData/SDKStatCaches.noindex/watchos26.2-23S303-dc75598d0054f22ec865fa860f139d721753b489057de6bda919edfa1c59a62b.sdkstatcache -output-file-map /Users/admin/builder/spi-builder-workspace/.derivedData/Build/Intermediates.noindex/SwiftWebBridge.build/Debug-watchos/SwiftWebBridge.build/Objects-normal/arm64/SwiftWebBridge-OutputFileMap.json -use-frontend-parseable-output -save-temps -no-color-diagnostics -explicit-module-build -module-cache-path /Users/admin/builder/spi-builder-workspace/.derivedData/Build/Intermediates.noindex/SwiftExplicitPrecompiledModules -clang-scanner-module-cache-path /Users/admin/builder/spi-builder-workspace/.derivedData/ModuleCache.noindex -sdk-module-cache-path /Users/admin/builder/spi-builder-workspace/.derivedData/ModuleCache.noindex -serialize-diagnostics -emit-dependencies -emit-module -emit-module-path /Users/admin/builder/spi-builder-workspace/.derivedData/Build/Intermediates.noindex/SwiftWebBridge.build/Debug-watchos/SwiftWebBridge.build/Objects-normal/arm64/SwiftWebBridge.swiftmodule -validate-clang-modules-once -clang-build-session-file /Users/admin/builder/spi-builder-workspace/.derivedData/ModuleCache.noindex/Session.modulevalidation -package-name spi_builder_workspace -Xcc -I/Users/admin/builder/spi-builder-workspace/.derivedData/Build/Intermediates.noindex/SwiftWebBridge.build/Debug-watchos/SwiftWebBridge.build/swift-overrides.hmap -emit-const-values -Xfrontend -const-gather-protocols-file -Xfrontend /Users/admin/builder/spi-builder-workspace/.derivedData/Build/Intermediates.noindex/SwiftWebBridge.build/Debug-watchos/SwiftWebBridge.build/Objects-normal/arm64/SwiftWebBridge_const_extract_protocols.json -Xcc -I/Users/admin/builder/spi-builder-workspace/.derivedData/Build/Products/Debug-watchos/include -Xcc -I/Users/admin/builder/spi-builder-workspace/.derivedData/Build/Intermediates.noindex/SwiftWebBridge.build/Debug-watchos/SwiftWebBridge.build/DerivedSources-normal/arm64 -Xcc -I/Users/admin/builder/spi-builder-workspace/.derivedData/Build/Intermediates.noindex/SwiftWebBridge.build/Debug-watchos/SwiftWebBridge.build/DerivedSources/arm64 -Xcc -I/Users/admin/builder/spi-builder-workspace/.derivedData/Build/Intermediates.noindex/SwiftWebBridge.build/Debug-watchos/SwiftWebBridge.build/DerivedSources -Xcc -DSWIFT_PACKAGE -Xcc -DDEBUG\=1 -emit-objc-header -emit-objc-header-path /Users/admin/builder/spi-builder-workspace/.derivedData/Build/Intermediates.noindex/SwiftWebBridge.build/Debug-watchos/SwiftWebBridge.build/Objects-normal/arm64/SwiftWebBridge-Swift.h -working-directory /Users/admin/builder/spi-builder-workspace/.swiftpm/xcode -experimental-emit-module-separately -disable-cmo
/Users/admin/builder/spi-builder-workspace/Sources/SwiftWebBridge/WebViewBridge.swift:2:8: error: Unable to find module dependency: 'WebKit'
import WebKit
^ (in target 'SwiftWebBridge' from project 'SwiftWebBridge')
/Users/admin/builder/spi-builder-workspace/Sources/SwiftWebBridge/WebViewBridge.swift:2:8: note: A dependency of main module 'SwiftWebBridge'
import WebKit
^ (in target 'SwiftWebBridge' from project 'SwiftWebBridge')
/Users/admin/builder/spi-builder-workspace/Sources/SwiftWebBridge/WebViewSource.swift:2:8: note: Also imported here
import WebKit
^ (in target 'SwiftWebBridge' from project 'SwiftWebBridge')
SwiftDriver SwiftWebBridge normal arm64_32 com.apple.xcode.tools.swift.compiler (in target 'SwiftWebBridge' from project 'SwiftWebBridge')
cd /Users/admin/builder/spi-builder-workspace/.swiftpm/xcode
builtin-SwiftDriver -- /Applications/Xcode-26.3.0.app/Contents/Developer/Toolchains/XcodeDefault.xctoolchain/usr/bin/swiftc -module-name SwiftWebBridge -Onone -enforce-exclusivity\=checked @/Users/admin/builder/spi-builder-workspace/.derivedData/Build/Intermediates.noindex/SwiftWebBridge.build/Debug-watchos/SwiftWebBridge.build/Objects-normal/arm64_32/SwiftWebBridge.SwiftFileList -DSWIFT_PACKAGE -DDEBUG -DSWIFT_MODULE_RESOURCE_BUNDLE_UNAVAILABLE -DXcode -plugin-path /Applications/Xcode-26.3.0.app/Contents/Developer/Toolchains/XcodeDefault.xctoolchain/usr/lib/swift/host/plugins/testing -enable-experimental-feature DebugDescriptionMacro -sdk /Applications/Xcode-26.3.0.app/Contents/Developer/Platforms/WatchOS.platform/Developer/SDKs/WatchOS26.2.sdk -target arm64_32-apple-watchos7.0 -g -module-cache-path /Users/admin/builder/spi-builder-workspace/.derivedData/ModuleCache.noindex -Xfrontend -serialize-debugging-options -profile-coverage-mapping -profile-generate -enable-testing -index-store-path /Users/admin/builder/spi-builder-workspace/.derivedData/Index.noindex/DataStore -Xcc -D_LIBCPP_HARDENING_MODE\=_LIBCPP_HARDENING_MODE_DEBUG -swift-version 5 -I /Users/admin/builder/spi-builder-workspace/.derivedData/Build/Products/Debug-watchos -Isystem /Applications/Xcode-26.3.0.app/Contents/Developer/Platforms/WatchOS.platform/Developer/usr/lib -F /Users/admin/builder/spi-builder-workspace/.derivedData/Build/Products/Debug-watchos -F /Applications/Xcode-26.3.0.app/Contents/Developer/Platforms/WatchOS.platform/Developer/Library/Frameworks -F /Applications/Xcode-26.3.0.app/Contents/Developer/Platforms/WatchOS.platform/Developer/SDKs/WatchOS26.2.sdk/Developer/Library/Frameworks -c -j10 -enable-batch-mode -incremental -Xcc -ivfsstatcache -Xcc /Users/admin/builder/spi-builder-workspace/.derivedData/SDKStatCaches.noindex/watchos26.2-23S303-dc75598d0054f22ec865fa860f139d721753b489057de6bda919edfa1c59a62b.sdkstatcache -output-file-map /Users/admin/builder/spi-builder-workspace/.derivedData/Build/Intermediates.noindex/SwiftWebBridge.build/Debug-watchos/SwiftWebBridge.build/Objects-normal/arm64_32/SwiftWebBridge-OutputFileMap.json -use-frontend-parseable-output -save-temps -no-color-diagnostics -explicit-module-build -module-cache-path /Users/admin/builder/spi-builder-workspace/.derivedData/Build/Intermediates.noindex/SwiftExplicitPrecompiledModules -clang-scanner-module-cache-path /Users/admin/builder/spi-builder-workspace/.derivedData/ModuleCache.noindex -sdk-module-cache-path /Users/admin/builder/spi-builder-workspace/.derivedData/ModuleCache.noindex -serialize-diagnostics -emit-dependencies -emit-module -emit-module-path /Users/admin/builder/spi-builder-workspace/.derivedData/Build/Intermediates.noindex/SwiftWebBridge.build/Debug-watchos/SwiftWebBridge.build/Objects-normal/arm64_32/SwiftWebBridge.swiftmodule -validate-clang-modules-once -clang-build-session-file /Users/admin/builder/spi-builder-workspace/.derivedData/ModuleCache.noindex/Session.modulevalidation -package-name spi_builder_workspace -Xcc -I/Users/admin/builder/spi-builder-workspace/.derivedData/Build/Intermediates.noindex/SwiftWebBridge.build/Debug-watchos/SwiftWebBridge.build/swift-overrides.hmap -emit-const-values -Xfrontend -const-gather-protocols-file -Xfrontend /Users/admin/builder/spi-builder-workspace/.derivedData/Build/Intermediates.noindex/SwiftWebBridge.build/Debug-watchos/SwiftWebBridge.build/Objects-normal/arm64_32/SwiftWebBridge_const_extract_protocols.json -Xcc -I/Users/admin/builder/spi-builder-workspace/.derivedData/Build/Products/Debug-watchos/include -Xcc -I/Users/admin/builder/spi-builder-workspace/.derivedData/Build/Intermediates.noindex/SwiftWebBridge.build/Debug-watchos/SwiftWebBridge.build/DerivedSources-normal/arm64_32 -Xcc -I/Users/admin/builder/spi-builder-workspace/.derivedData/Build/Intermediates.noindex/SwiftWebBridge.build/Debug-watchos/SwiftWebBridge.build/DerivedSources/arm64_32 -Xcc -I/Users/admin/builder/spi-builder-workspace/.derivedData/Build/Intermediates.noindex/SwiftWebBridge.build/Debug-watchos/SwiftWebBridge.build/DerivedSources -Xcc -DSWIFT_PACKAGE -Xcc -DDEBUG\=1 -emit-objc-header -emit-objc-header-path /Users/admin/builder/spi-builder-workspace/.derivedData/Build/Intermediates.noindex/SwiftWebBridge.build/Debug-watchos/SwiftWebBridge.build/Objects-normal/arm64_32/SwiftWebBridge-Swift.h -working-directory /Users/admin/builder/spi-builder-workspace/.swiftpm/xcode -experimental-emit-module-separately -disable-cmo
/Users/admin/builder/spi-builder-workspace/Sources/SwiftWebBridge/WebViewBridge.swift:2:8: error: Unable to find module dependency: 'WebKit'
import WebKit
^ (in target 'SwiftWebBridge' from project 'SwiftWebBridge')
/Users/admin/builder/spi-builder-workspace/Sources/SwiftWebBridge/WebViewBridge.swift:2:8: note: A dependency of main module 'SwiftWebBridge'
import WebKit
^ (in target 'SwiftWebBridge' from project 'SwiftWebBridge')
/Users/admin/builder/spi-builder-workspace/Sources/SwiftWebBridge/WebViewSource.swift:2:8: note: Also imported here
import WebKit
^ (in target 'SwiftWebBridge' from project 'SwiftWebBridge')
2026-07-11 15:10:18.287 xcodebuild[715:4295] [MT] IDERunDestination: Supported platforms for the buildables in the current scheme is empty.
/Users/admin/builder/spi-builder-workspace/Sources/SwiftWebBridge/WebViewBridge.swift:2:8: error: Unable to find module dependency: 'WebKit'
import WebKit
^
/Users/admin/builder/spi-builder-workspace/Sources/SwiftWebBridge/WebViewBridge.swift:2:8: error: Unable to find module dependency: 'WebKit'
import WebKit
^
/Users/admin/builder/spi-builder-workspace/Sources/SwiftWebBridge/WebViewBridge.swift:2:8: note: a dependency of main module 'SwiftWebBridge'
import WebKit
^
/Users/admin/builder/spi-builder-workspace/Sources/SwiftWebBridge/WebViewBridge.swift:2:8: note: a dependency of main module 'SwiftWebBridge'
import WebKit
^
/Users/admin/builder/spi-builder-workspace/Sources/SwiftWebBridge/WebViewSource.swift:2:8: note: also imported here
import WebKit
^
/Users/admin/builder/spi-builder-workspace/Sources/SwiftWebBridge/WebViewSource.swift:2:8: note: also imported here
import WebKit
^
/Users/admin/builder/spi-builder-workspace/Sources/SwiftWebBridge/WebViewBridge.swift:2:8: error: Unable to find module dependency: 'WebKit'
import WebKit
^
/Users/admin/builder/spi-builder-workspace/Sources/SwiftWebBridge/WebViewBridge.swift:2:8: note: a dependency of main module 'SwiftWebBridge'
import WebKit
^
/Users/admin/builder/spi-builder-workspace/Sources/SwiftWebBridge/WebViewSource.swift:2:8: note: also imported here
import WebKit
^
** BUILD FAILED **
The following build commands failed:
SwiftDriver SwiftWebBridge normal armv7k com.apple.xcode.tools.swift.compiler (in target 'SwiftWebBridge' from project 'SwiftWebBridge')
SwiftDriver SwiftWebBridge normal arm64 com.apple.xcode.tools.swift.compiler (in target 'SwiftWebBridge' from project 'SwiftWebBridge')
SwiftDriver SwiftWebBridge normal arm64_32 com.apple.xcode.tools.swift.compiler (in target 'SwiftWebBridge' from project 'SwiftWebBridge')
Building workspace spi-builder-workspace with scheme SwiftWebBridge
(4 failures)
Command line invocation:
/Applications/Xcode-26.3.0.app/Contents/Developer/usr/bin/xcodebuild -IDEClonedSourcePackagesDirPathOverride=/Users/admin/builder/spi-builder-workspace/.dependencies -resolvePackageDependencies
Resolve Package Graph
Resolved source packages:
SwiftWebBridge: /Users/admin/builder/spi-builder-workspace
resolved source packages: SwiftWebBridge
2026-07-11 15:10:22.823 xcodebuild[731:4612] [MT] IDERunDestination: Supported platforms for the buildables in the current scheme is empty.
{
"dependencies" : [
],
"manifest_display_name" : "SwiftWebBridge",
"name" : "SwiftWebBridge",
"path" : "/Users/admin/builder/spi-builder-workspace",
"platforms" : [
{
"name" : "ios",
"version" : "14.0"
},
{
"name" : "macos",
"version" : "11.0"
}
],
"products" : [
{
"name" : "SwiftWebBridge",
"targets" : [
"SwiftWebBridge"
],
"type" : {
"library" : [
"automatic"
]
}
}
],
"targets" : [
{
"c99name" : "SwiftWebBridgeTests",
"module_type" : "SwiftTarget",
"name" : "SwiftWebBridgeTests",
"path" : "Tests/SwiftWebBridgeTests",
"resources" : [
{
"path" : "/Users/admin/builder/spi-builder-workspace/Tests/SwiftWebBridgeTests/Fixtures",
"rule" : {
"copy" : {
}
}
}
],
"sources" : [
"WebViewBridgeTests.swift"
],
"target_dependencies" : [
"SwiftWebBridge"
],
"type" : "test"
},
{
"c99name" : "SwiftWebBridge",
"module_type" : "SwiftTarget",
"name" : "SwiftWebBridge",
"path" : "Sources/SwiftWebBridge",
"product_memberships" : [
"SwiftWebBridge"
],
"sources" : [
"BridgeEventPayload.swift",
"BridgeSubscribeModifier.swift",
"BridgeSubscription.swift",
"SyncedReactState.swift",
"WebViewBridge.swift",
"WebViewBridgeConfiguration.swift",
"WebViewSource.swift"
],
"type" : "library"
}
],
"tools_version" : "5.9"
}
{
"workspace" : {
"name" : "spi-builder-workspace",
"schemes" : [
"SwiftWebBridge"
]
}
}
2026-07-11 15:10:23.874 xcodebuild[739:4676] [MT] IDERunDestination: Supported platforms for the buildables in the current scheme is empty.
Running build ...
env DEVELOPER_DIR=/Applications/Xcode-26.3.0.app xcrun xcodebuild -IDEClonedSourcePackagesDirPathOverride=$PWD/.dependencies -skipMacroValidation -skipPackagePluginValidation -derivedDataPath $PWD/.derivedData build -scheme SwiftWebBridge -destination generic/platform=watchOS
Command line invocation:
/Applications/Xcode-26.3.0.app/Contents/Developer/usr/bin/xcodebuild -IDEClonedSourcePackagesDirPathOverride=/Users/admin/builder/spi-builder-workspace/.dependencies -skipMacroValidation -skipPackagePluginValidation -derivedDataPath /Users/admin/builder/spi-builder-workspace/.derivedData build -scheme SwiftWebBridge -destination generic/platform=watchOS
Resolve Package Graph
Resolved source packages:
SwiftWebBridge: /Users/admin/builder/spi-builder-workspace
ComputePackagePrebuildTargetDependencyGraph
Prepare packages
CreateBuildRequest
SendProjectDescription
CreateBuildOperation
ComputeTargetDependencyGraph
note: Building targets in dependency order
note: Target dependency graph (2 targets)
Target 'SwiftWebBridge' in project 'SwiftWebBridge'
➜ Explicit dependency on target 'SwiftWebBridge' in project 'SwiftWebBridge'
Target 'SwiftWebBridge' in project 'SwiftWebBridge' (no dependencies)
GatherProvisioningInputs
CreateBuildDescription
ClangStatCache /Applications/Xcode-26.3.0.app/Contents/Developer/Toolchains/XcodeDefault.xctoolchain/usr/bin/clang-stat-cache /Applications/Xcode-26.3.0.app/Contents/Developer/Platforms/WatchOS.platform/Developer/SDKs/WatchOS26.2.sdk /Users/admin/builder/spi-builder-workspace/.derivedData/SDKStatCaches.noindex/watchos26.2-23S303-dc75598d0054f22ec865fa860f139d721753b489057de6bda919edfa1c59a62b.sdkstatcache
cd /Users/admin/builder/spi-builder-workspace/.swiftpm/xcode
/Applications/Xcode-26.3.0.app/Contents/Developer/Toolchains/XcodeDefault.xctoolchain/usr/bin/clang-stat-cache /Applications/Xcode-26.3.0.app/Contents/Developer/Platforms/WatchOS.platform/Developer/SDKs/WatchOS26.2.sdk -o /Users/admin/builder/spi-builder-workspace/.derivedData/SDKStatCaches.noindex/watchos26.2-23S303-dc75598d0054f22ec865fa860f139d721753b489057de6bda919edfa1c59a62b.sdkstatcache
SwiftDriver SwiftWebBridge normal armv7k com.apple.xcode.tools.swift.compiler (in target 'SwiftWebBridge' from project 'SwiftWebBridge')
cd /Users/admin/builder/spi-builder-workspace/.swiftpm/xcode
builtin-SwiftDriver -- /Applications/Xcode-26.3.0.app/Contents/Developer/Toolchains/XcodeDefault.xctoolchain/usr/bin/swiftc -module-name SwiftWebBridge -Onone -enforce-exclusivity\=checked @/Users/admin/builder/spi-builder-workspace/.derivedData/Build/Intermediates.noindex/SwiftWebBridge.build/Debug-watchos/SwiftWebBridge.build/Objects-normal/armv7k/SwiftWebBridge.SwiftFileList -DSWIFT_PACKAGE -DDEBUG -DSWIFT_MODULE_RESOURCE_BUNDLE_UNAVAILABLE -DXcode -plugin-path /Applications/Xcode-26.3.0.app/Contents/Developer/Toolchains/XcodeDefault.xctoolchain/usr/lib/swift/host/plugins/testing -enable-experimental-feature DebugDescriptionMacro -sdk /Applications/Xcode-26.3.0.app/Contents/Developer/Platforms/WatchOS.platform/Developer/SDKs/WatchOS26.2.sdk -target armv7k-apple-watchos7.0 -g -module-cache-path /Users/admin/builder/spi-builder-workspace/.derivedData/ModuleCache.noindex -Xfrontend -serialize-debugging-options -profile-coverage-mapping -profile-generate -enable-testing -index-store-path /Users/admin/builder/spi-builder-workspace/.derivedData/Index.noindex/DataStore -Xcc -D_LIBCPP_HARDENING_MODE\=_LIBCPP_HARDENING_MODE_DEBUG -swift-version 5 -I /Users/admin/builder/spi-builder-workspace/.derivedData/Build/Products/Debug-watchos -Isystem /Applications/Xcode-26.3.0.app/Contents/Developer/Platforms/WatchOS.platform/Developer/usr/lib -F /Users/admin/builder/spi-builder-workspace/.derivedData/Build/Products/Debug-watchos -F /Applications/Xcode-26.3.0.app/Contents/Developer/Platforms/WatchOS.platform/Developer/Library/Frameworks -F /Applications/Xcode-26.3.0.app/Contents/Developer/Platforms/WatchOS.platform/Developer/SDKs/WatchOS26.2.sdk/Developer/Library/Frameworks -c -j10 -enable-batch-mode -incremental -Xcc -ivfsstatcache -Xcc /Users/admin/builder/spi-builder-workspace/.derivedData/SDKStatCaches.noindex/watchos26.2-23S303-dc75598d0054f22ec865fa860f139d721753b489057de6bda919edfa1c59a62b.sdkstatcache -output-file-map /Users/admin/builder/spi-builder-workspace/.derivedData/Build/Intermediates.noindex/SwiftWebBridge.build/Debug-watchos/SwiftWebBridge.build/Objects-normal/armv7k/SwiftWebBridge-OutputFileMap.json -use-frontend-parseable-output -save-temps -no-color-diagnostics -explicit-module-build -module-cache-path /Users/admin/builder/spi-builder-workspace/.derivedData/Build/Intermediates.noindex/SwiftExplicitPrecompiledModules -clang-scanner-module-cache-path /Users/admin/builder/spi-builder-workspace/.derivedData/ModuleCache.noindex -sdk-module-cache-path /Users/admin/builder/spi-builder-workspace/.derivedData/ModuleCache.noindex -serialize-diagnostics -emit-dependencies -emit-module -emit-module-path /Users/admin/builder/spi-builder-workspace/.derivedData/Build/Intermediates.noindex/SwiftWebBridge.build/Debug-watchos/SwiftWebBridge.build/Objects-normal/armv7k/SwiftWebBridge.swiftmodule -validate-clang-modules-once -clang-build-session-file /Users/admin/builder/spi-builder-workspace/.derivedData/ModuleCache.noindex/Session.modulevalidation -package-name spi_builder_workspace -Xcc -I/Users/admin/builder/spi-builder-workspace/.derivedData/Build/Intermediates.noindex/SwiftWebBridge.build/Debug-watchos/SwiftWebBridge.build/swift-overrides.hmap -emit-const-values -Xfrontend -const-gather-protocols-file -Xfrontend /Users/admin/builder/spi-builder-workspace/.derivedData/Build/Intermediates.noindex/SwiftWebBridge.build/Debug-watchos/SwiftWebBridge.build/Objects-normal/armv7k/SwiftWebBridge_const_extract_protocols.json -Xcc -I/Users/admin/builder/spi-builder-workspace/.derivedData/Build/Products/Debug-watchos/include -Xcc -I/Users/admin/builder/spi-builder-workspace/.derivedData/Build/Intermediates.noindex/SwiftWebBridge.build/Debug-watchos/SwiftWebBridge.build/DerivedSources-normal/armv7k -Xcc -I/Users/admin/builder/spi-builder-workspace/.derivedData/Build/Intermediates.noindex/SwiftWebBridge.build/Debug-watchos/SwiftWebBridge.build/DerivedSources/armv7k -Xcc -I/Users/admin/builder/spi-builder-workspace/.derivedData/Build/Intermediates.noindex/SwiftWebBridge.build/Debug-watchos/SwiftWebBridge.build/DerivedSources -Xcc -DSWIFT_PACKAGE -Xcc -DDEBUG\=1 -emit-objc-header -emit-objc-header-path /Users/admin/builder/spi-builder-workspace/.derivedData/Build/Intermediates.noindex/SwiftWebBridge.build/Debug-watchos/SwiftWebBridge.build/Objects-normal/armv7k/SwiftWebBridge-Swift.h -working-directory /Users/admin/builder/spi-builder-workspace/.swiftpm/xcode -experimental-emit-module-separately -disable-cmo
/Users/admin/builder/spi-builder-workspace/Sources/SwiftWebBridge/WebViewBridge.swift:2:8: error: Unable to find module dependency: 'WebKit'
import WebKit
^ (in target 'SwiftWebBridge' from project 'SwiftWebBridge')
/Users/admin/builder/spi-builder-workspace/Sources/SwiftWebBridge/WebViewBridge.swift:2:8: note: A dependency of main module 'SwiftWebBridge'
import WebKit
^ (in target 'SwiftWebBridge' from project 'SwiftWebBridge')
/Users/admin/builder/spi-builder-workspace/Sources/SwiftWebBridge/WebViewSource.swift:2:8: note: Also imported here
import WebKit
^ (in target 'SwiftWebBridge' from project 'SwiftWebBridge')
SwiftDriver SwiftWebBridge normal arm64_32 com.apple.xcode.tools.swift.compiler (in target 'SwiftWebBridge' from project 'SwiftWebBridge')
cd /Users/admin/builder/spi-builder-workspace/.swiftpm/xcode
builtin-SwiftDriver -- /Applications/Xcode-26.3.0.app/Contents/Developer/Toolchains/XcodeDefault.xctoolchain/usr/bin/swiftc -module-name SwiftWebBridge -Onone -enforce-exclusivity\=checked @/Users/admin/builder/spi-builder-workspace/.derivedData/Build/Intermediates.noindex/SwiftWebBridge.build/Debug-watchos/SwiftWebBridge.build/Objects-normal/arm64_32/SwiftWebBridge.SwiftFileList -DSWIFT_PACKAGE -DDEBUG -DSWIFT_MODULE_RESOURCE_BUNDLE_UNAVAILABLE -DXcode -plugin-path /Applications/Xcode-26.3.0.app/Contents/Developer/Toolchains/XcodeDefault.xctoolchain/usr/lib/swift/host/plugins/testing -enable-experimental-feature DebugDescriptionMacro -sdk /Applications/Xcode-26.3.0.app/Contents/Developer/Platforms/WatchOS.platform/Developer/SDKs/WatchOS26.2.sdk -target arm64_32-apple-watchos7.0 -g -module-cache-path /Users/admin/builder/spi-builder-workspace/.derivedData/ModuleCache.noindex -Xfrontend -serialize-debugging-options -profile-coverage-mapping -profile-generate -enable-testing -index-store-path /Users/admin/builder/spi-builder-workspace/.derivedData/Index.noindex/DataStore -Xcc -D_LIBCPP_HARDENING_MODE\=_LIBCPP_HARDENING_MODE_DEBUG -swift-version 5 -I /Users/admin/builder/spi-builder-workspace/.derivedData/Build/Products/Debug-watchos -Isystem /Applications/Xcode-26.3.0.app/Contents/Developer/Platforms/WatchOS.platform/Developer/usr/lib -F /Users/admin/builder/spi-builder-workspace/.derivedData/Build/Products/Debug-watchos -F /Applications/Xcode-26.3.0.app/Contents/Developer/Platforms/WatchOS.platform/Developer/Library/Frameworks -F /Applications/Xcode-26.3.0.app/Contents/Developer/Platforms/WatchOS.platform/Developer/SDKs/WatchOS26.2.sdk/Developer/Library/Frameworks -c -j10 -enable-batch-mode -incremental -Xcc -ivfsstatcache -Xcc /Users/admin/builder/spi-builder-workspace/.derivedData/SDKStatCaches.noindex/watchos26.2-23S303-dc75598d0054f22ec865fa860f139d721753b489057de6bda919edfa1c59a62b.sdkstatcache -output-file-map /Users/admin/builder/spi-builder-workspace/.derivedData/Build/Intermediates.noindex/SwiftWebBridge.build/Debug-watchos/SwiftWebBridge.build/Objects-normal/arm64_32/SwiftWebBridge-OutputFileMap.json -use-frontend-parseable-output -save-temps -no-color-diagnostics -explicit-module-build -module-cache-path /Users/admin/builder/spi-builder-workspace/.derivedData/Build/Intermediates.noindex/SwiftExplicitPrecompiledModules -clang-scanner-module-cache-path /Users/admin/builder/spi-builder-workspace/.derivedData/ModuleCache.noindex -sdk-module-cache-path /Users/admin/builder/spi-builder-workspace/.derivedData/ModuleCache.noindex -serialize-diagnostics -emit-dependencies -emit-module -emit-module-path /Users/admin/builder/spi-builder-workspace/.derivedData/Build/Intermediates.noindex/SwiftWebBridge.build/Debug-watchos/SwiftWebBridge.build/Objects-normal/arm64_32/SwiftWebBridge.swiftmodule -validate-clang-modules-once -clang-build-session-file /Users/admin/builder/spi-builder-workspace/.derivedData/ModuleCache.noindex/Session.modulevalidation -package-name spi_builder_workspace -Xcc -I/Users/admin/builder/spi-builder-workspace/.derivedData/Build/Intermediates.noindex/SwiftWebBridge.build/Debug-watchos/SwiftWebBridge.build/swift-overrides.hmap -emit-const-values -Xfrontend -const-gather-protocols-file -Xfrontend /Users/admin/builder/spi-builder-workspace/.derivedData/Build/Intermediates.noindex/SwiftWebBridge.build/Debug-watchos/SwiftWebBridge.build/Objects-normal/arm64_32/SwiftWebBridge_const_extract_protocols.json -Xcc -I/Users/admin/builder/spi-builder-workspace/.derivedData/Build/Products/Debug-watchos/include -Xcc -I/Users/admin/builder/spi-builder-workspace/.derivedData/Build/Intermediates.noindex/SwiftWebBridge.build/Debug-watchos/SwiftWebBridge.build/DerivedSources-normal/arm64_32 -Xcc -I/Users/admin/builder/spi-builder-workspace/.derivedData/Build/Intermediates.noindex/SwiftWebBridge.build/Debug-watchos/SwiftWebBridge.build/DerivedSources/arm64_32 -Xcc -I/Users/admin/builder/spi-builder-workspace/.derivedData/Build/Intermediates.noindex/SwiftWebBridge.build/Debug-watchos/SwiftWebBridge.build/DerivedSources -Xcc -DSWIFT_PACKAGE -Xcc -DDEBUG\=1 -emit-objc-header -emit-objc-header-path /Users/admin/builder/spi-builder-workspace/.derivedData/Build/Intermediates.noindex/SwiftWebBridge.build/Debug-watchos/SwiftWebBridge.build/Objects-normal/arm64_32/SwiftWebBridge-Swift.h -working-directory /Users/admin/builder/spi-builder-workspace/.swiftpm/xcode -experimental-emit-module-separately -disable-cmo
/Users/admin/builder/spi-builder-workspace/Sources/SwiftWebBridge/WebViewBridge.swift:2:8: error: Unable to find module dependency: 'WebKit'
import WebKit
^ (in target 'SwiftWebBridge' from project 'SwiftWebBridge')
/Users/admin/builder/spi-builder-workspace/Sources/SwiftWebBridge/WebViewBridge.swift:2:8: note: A dependency of main module 'SwiftWebBridge'
import WebKit
^ (in target 'SwiftWebBridge' from project 'SwiftWebBridge')
/Users/admin/builder/spi-builder-workspace/Sources/SwiftWebBridge/WebViewSource.swift:2:8: note: Also imported here
import WebKit
^ (in target 'SwiftWebBridge' from project 'SwiftWebBridge')
SwiftDriver SwiftWebBridge normal arm64 com.apple.xcode.tools.swift.compiler (in target 'SwiftWebBridge' from project 'SwiftWebBridge')
cd /Users/admin/builder/spi-builder-workspace/.swiftpm/xcode
builtin-SwiftDriver -- /Applications/Xcode-26.3.0.app/Contents/Developer/Toolchains/XcodeDefault.xctoolchain/usr/bin/swiftc -module-name SwiftWebBridge -Onone -enforce-exclusivity\=checked @/Users/admin/builder/spi-builder-workspace/.derivedData/Build/Intermediates.noindex/SwiftWebBridge.build/Debug-watchos/SwiftWebBridge.build/Objects-normal/arm64/SwiftWebBridge.SwiftFileList -DSWIFT_PACKAGE -DDEBUG -DSWIFT_MODULE_RESOURCE_BUNDLE_UNAVAILABLE -DXcode -plugin-path /Applications/Xcode-26.3.0.app/Contents/Developer/Toolchains/XcodeDefault.xctoolchain/usr/lib/swift/host/plugins/testing -enable-experimental-feature DebugDescriptionMacro -sdk /Applications/Xcode-26.3.0.app/Contents/Developer/Platforms/WatchOS.platform/Developer/SDKs/WatchOS26.2.sdk -target arm64-apple-watchos7.0 -g -module-cache-path /Users/admin/builder/spi-builder-workspace/.derivedData/ModuleCache.noindex -Xfrontend -serialize-debugging-options -profile-coverage-mapping -profile-generate -enable-testing -index-store-path /Users/admin/builder/spi-builder-workspace/.derivedData/Index.noindex/DataStore -Xcc -D_LIBCPP_HARDENING_MODE\=_LIBCPP_HARDENING_MODE_DEBUG -swift-version 5 -I /Users/admin/builder/spi-builder-workspace/.derivedData/Build/Products/Debug-watchos -Isystem /Applications/Xcode-26.3.0.app/Contents/Developer/Platforms/WatchOS.platform/Developer/usr/lib -F /Users/admin/builder/spi-builder-workspace/.derivedData/Build/Products/Debug-watchos -F /Applications/Xcode-26.3.0.app/Contents/Developer/Platforms/WatchOS.platform/Developer/Library/Frameworks -F /Applications/Xcode-26.3.0.app/Contents/Developer/Platforms/WatchOS.platform/Developer/SDKs/WatchOS26.2.sdk/Developer/Library/Frameworks -c -j10 -enable-batch-mode -incremental -Xcc -ivfsstatcache -Xcc /Users/admin/builder/spi-builder-workspace/.derivedData/SDKStatCaches.noindex/watchos26.2-23S303-dc75598d0054f22ec865fa860f139d721753b489057de6bda919edfa1c59a62b.sdkstatcache -output-file-map /Users/admin/builder/spi-builder-workspace/.derivedData/Build/Intermediates.noindex/SwiftWebBridge.build/Debug-watchos/SwiftWebBridge.build/Objects-normal/arm64/SwiftWebBridge-OutputFileMap.json -use-frontend-parseable-output -save-temps -no-color-diagnostics -explicit-module-build -module-cache-path /Users/admin/builder/spi-builder-workspace/.derivedData/Build/Intermediates.noindex/SwiftExplicitPrecompiledModules -clang-scanner-module-cache-path /Users/admin/builder/spi-builder-workspace/.derivedData/ModuleCache.noindex -sdk-module-cache-path /Users/admin/builder/spi-builder-workspace/.derivedData/ModuleCache.noindex -serialize-diagnostics -emit-dependencies -emit-module -emit-module-path /Users/admin/builder/spi-builder-workspace/.derivedData/Build/Intermediates.noindex/SwiftWebBridge.build/Debug-watchos/SwiftWebBridge.build/Objects-normal/arm64/SwiftWebBridge.swiftmodule -validate-clang-modules-once -clang-build-session-file /Users/admin/builder/spi-builder-workspace/.derivedData/ModuleCache.noindex/Session.modulevalidation -package-name spi_builder_workspace -Xcc -I/Users/admin/builder/spi-builder-workspace/.derivedData/Build/Intermediates.noindex/SwiftWebBridge.build/Debug-watchos/SwiftWebBridge.build/swift-overrides.hmap -emit-const-values -Xfrontend -const-gather-protocols-file -Xfrontend /Users/admin/builder/spi-builder-workspace/.derivedData/Build/Intermediates.noindex/SwiftWebBridge.build/Debug-watchos/SwiftWebBridge.build/Objects-normal/arm64/SwiftWebBridge_const_extract_protocols.json -Xcc -I/Users/admin/builder/spi-builder-workspace/.derivedData/Build/Products/Debug-watchos/include -Xcc -I/Users/admin/builder/spi-builder-workspace/.derivedData/Build/Intermediates.noindex/SwiftWebBridge.build/Debug-watchos/SwiftWebBridge.build/DerivedSources-normal/arm64 -Xcc -I/Users/admin/builder/spi-builder-workspace/.derivedData/Build/Intermediates.noindex/SwiftWebBridge.build/Debug-watchos/SwiftWebBridge.build/DerivedSources/arm64 -Xcc -I/Users/admin/builder/spi-builder-workspace/.derivedData/Build/Intermediates.noindex/SwiftWebBridge.build/Debug-watchos/SwiftWebBridge.build/DerivedSources -Xcc -DSWIFT_PACKAGE -Xcc -DDEBUG\=1 -emit-objc-header -emit-objc-header-path /Users/admin/builder/spi-builder-workspace/.derivedData/Build/Intermediates.noindex/SwiftWebBridge.build/Debug-watchos/SwiftWebBridge.build/Objects-normal/arm64/SwiftWebBridge-Swift.h -working-directory /Users/admin/builder/spi-builder-workspace/.swiftpm/xcode -experimental-emit-module-separately -disable-cmo
/Users/admin/builder/spi-builder-workspace/Sources/SwiftWebBridge/WebViewBridge.swift:2:8: error: Unable to find module dependency: 'WebKit'
import WebKit
^ (in target 'SwiftWebBridge' from project 'SwiftWebBridge')
/Users/admin/builder/spi-builder-workspace/Sources/SwiftWebBridge/WebViewBridge.swift:2:8: note: A dependency of main module 'SwiftWebBridge'
import WebKit
^ (in target 'SwiftWebBridge' from project 'SwiftWebBridge')
/Users/admin/builder/spi-builder-workspace/Sources/SwiftWebBridge/WebViewSource.swift:2:8: note: Also imported here
import WebKit
^ (in target 'SwiftWebBridge' from project 'SwiftWebBridge')
2026-07-11 15:10:24.707 xcodebuild[741:4705] [MT] IDERunDestination: Supported platforms for the buildables in the current scheme is empty.
/Users/admin/builder/spi-builder-workspace/Sources/SwiftWebBridge/WebViewBridge.swift:2:8: error: Unable to find module dependency: 'WebKit'
import WebKit
^
/Users/admin/builder/spi-builder-workspace/Sources/SwiftWebBridge/WebViewBridge.swift:2:8: note: a dependency of main module 'SwiftWebBridge'
import WebKit
^
/Users/admin/builder/spi-builder-workspace/Sources/SwiftWebBridge/WebViewSource.swift:2:8: note: also imported here
import WebKit
^
/Users/admin/builder/spi-builder-workspace/Sources/SwiftWebBridge/WebViewBridge.swift:2:8: error: Unable to find module dependency: 'WebKit'
import WebKit
^
/Users/admin/builder/spi-builder-workspace/Sources/SwiftWebBridge/WebViewBridge.swift:2:8: note: a dependency of main module 'SwiftWebBridge'
import WebKit
^
/Users/admin/builder/spi-builder-workspace/Sources/SwiftWebBridge/WebViewSource.swift:2:8: note: also imported here
import WebKit
^
/Users/admin/builder/spi-builder-workspace/Sources/SwiftWebBridge/WebViewBridge.swift:2:8: error: Unable to find module dependency: 'WebKit'
import WebKit
^
/Users/admin/builder/spi-builder-workspace/Sources/SwiftWebBridge/WebViewBridge.swift:2:8: note: a dependency of main module 'SwiftWebBridge'
import WebKit
^
/Users/admin/builder/spi-builder-workspace/Sources/SwiftWebBridge/WebViewSource.swift:2:8: note: also imported here
import WebKit
^
** BUILD FAILED **
The following build commands failed:
SwiftDriver SwiftWebBridge normal armv7k com.apple.xcode.tools.swift.compiler (in target 'SwiftWebBridge' from project 'SwiftWebBridge')
SwiftDriver SwiftWebBridge normal arm64_32 com.apple.xcode.tools.swift.compiler (in target 'SwiftWebBridge' from project 'SwiftWebBridge')
SwiftDriver SwiftWebBridge normal arm64 com.apple.xcode.tools.swift.compiler (in target 'SwiftWebBridge' from project 'SwiftWebBridge')
Building workspace spi-builder-workspace with scheme SwiftWebBridge
(4 failures)
BUILD FAILURE 6.2 watchOS