Build Information
Failed to build BibTeXKit, reference main (9d86ae), with Swift 6.2 for watchOS using Xcode 26.3 on 28 Aug 2026 14:01:03 UTC.
Build Command
No build command. This typically means the build failed at an early stage where we determine the build command.Build Log
========================================
RunAll
========================================
Builder version: 5.0.2
Interrupt handler set up.
========================================
Checkout
========================================
Clone URL: https://github.com/ezefranca/BibTeXKit.git
Reference: main
Initialized empty Git repository in /Users/admin/builder/spi-builder-workspace/.git/
From https://github.com/ezefranca/BibTeXKit
* branch main -> FETCH_HEAD
* [new branch] main -> origin/main
HEAD is now at 9d86aef Stop scheduled mutation testing
Cloned https://github.com/ezefranca/BibTeXKit.git
Revision (git rev-parse @):
9d86aef9934451f57f18bd1c053889b147edcdab
SUCCESS checkout https://github.com/ezefranca/BibTeXKit.git at main
========================================
Build
========================================
Selected platform: watchOS
Swift version: 6.2
Building package at path: $PWD
https://github.com/ezefranca/BibTeXKit.git
Command line invocation:
/Applications/Xcode-26.3.0.app/Contents/Developer/usr/bin/xcodebuild -IDEClonedSourcePackagesDirPathOverride=/Users/admin/builder/spi-builder-workspace/.dependencies -resolvePackageDependencies
Resolve Package Graph
package 'spi-builder-workspace' is using Swift tools version 6.3.0 but the installed version is 6.2.4
Resolved source packages:
spi-builder-workspace: (null)
2026-08-28 10:00:54.924 xcodebuild[538:3111] [MT] IDERunDestination: Supported platforms for the buildables in the current scheme is empty.
2026-08-28 10:01:02.539 xcodebuild[538:3111] [MT] IDERunDestination: Supported platforms for the buildables in the current scheme is empty.
2026-08-28 10:01:02.590 xcodebuild[538:3111] Writing error result bundle to /var/folders/xq/y_g06wb113726d38xsyx71_h0000gn/T/ResultBundle_2026-28-08_10-01-0002.xcresult
xcodebuild: error: Could not resolve package dependencies:
package 'spi-builder-workspace' is using Swift tools version 6.3.0 but the installed version is 6.2.4
Command line invocation:
/Applications/Xcode-26.3.0.app/Contents/Developer/usr/bin/xcodebuild -IDEClonedSourcePackagesDirPathOverride=/Users/admin/builder/spi-builder-workspace/.dependencies -resolvePackageDependencies
Resolve Package Graph
package 'spi-builder-workspace' is using Swift tools version 6.3.0 but the installed version is 6.2.4
Resolved source packages:
spi-builder-workspace: (null)
2026-08-28 10:01:03.280 xcodebuild[600:3648] [MT] IDERunDestination: Supported platforms for the buildables in the current scheme is empty.
2026-08-28 10:01:03.447 xcodebuild[600:3648] [MT] IDERunDestination: Supported platforms for the buildables in the current scheme is empty.
2026-08-28 10:01:03.497 xcodebuild[600:3648] Writing error result bundle to /var/folders/xq/y_g06wb113726d38xsyx71_h0000gn/T/ResultBundle_2026-28-08_10-01-0003.xcresult
xcodebuild: error: Could not resolve package dependencies:
package 'spi-builder-workspace' is using Swift tools version 6.3.0 but the installed version is 6.2.4
BUILD FAILURE 6.2 watchOS