The Swift Package Index logo.Swift Package Index

Build Information

Failed to build Kitura-CredentialsGitHub, reference 2.1.200 (d9756f), with Swift 6.4 for watchOS using Xcode 27.0 on 17 Sep 2026 08:20:38 UTC.

Build Command

env DEVELOPER_DIR=/Applications/Xcode-27.0.0-Release.Candidate.app xcrun xcodebuild -IDEClonedSourcePackagesDirPathOverride=$PWD/.dependencies -skipMacroValidation -skipPackagePluginValidation -derivedDataPath $PWD/.derivedData build -scheme Kitura-CredentialsGitHub -destination generic/platform=watchOS

Build Log

CreateUniversalBinary /Users/admin/builder/spi-builder-workspace/.derivedData/Build/Products/Debug-watchos/TypeDecoder.o normal arm64\ arm64_32 (in target 'TypeDecoder' from project 'TypeDecoder')
    cd /Users/admin/builder/spi-builder-workspace/.dependencies/checkouts/TypeDecoder
    /Applications/Xcode-27.0.0-Release.Candidate.app/Contents/Developer/Toolchains/XcodeDefault.xctoolchain/usr/bin/lipo -create /Users/admin/builder/spi-builder-workspace/.derivedData/Build/Intermediates.noindex/TypeDecoder.build/Debug-watchos/TypeDecoder-t.build/Objects-normal/arm64/Binary/TypeDecoder.o /Users/admin/builder/spi-builder-workspace/.derivedData/Build/Intermediates.noindex/TypeDecoder.build/Debug-watchos/TypeDecoder-t.build/Objects-normal/arm64_32/Binary/TypeDecoder.o -output /Users/admin/builder/spi-builder-workspace/.derivedData/Build/Products/Debug-watchos/TypeDecoder.o
SwiftDriverJobDiscovery normal arm64 Compiling Crypto.swift, Cryptor.swift (in target 'Cryptor' from project 'Cryptor')
SwiftDriver SSLService normal arm64 com.apple.xcode.tools.swift.compiler (in target 'SSLService' from project 'SSLService')
    cd /Users/admin/builder/spi-builder-workspace/.swiftpm/xcode
    builtin-SwiftDriver -- /Applications/Xcode-27.0.0-Release.Candidate.app/Contents/Developer/Toolchains/XcodeDefault.xctoolchain/usr/bin/swiftc -parse-as-library -module-name SSLService -Onone @/Users/admin/builder/spi-builder-workspace/.derivedData/Build/Intermediates.noindex/SSLService.build/Debug-watchos/SSLService-t.build/Objects-normal/arm64/SSLService.SwiftFileList -DSWIFT_PACKAGE -DDEBUG -DSWIFT_MODULE_RESOURCE_BUNDLE_UNAVAILABLE -DXcode -plugin-path /Applications/Xcode-27.0.0-Release.Candidate.app/Contents/Developer/Toolchains/XcodeDefault.xctoolchain/usr/lib/swift/host/plugins/testing -enable-experimental-feature DebugDescriptionMacro -sdk /Applications/Xcode-27.0.0-Release.Candidate.app/Contents/Developer/Platforms/WatchOS.platform/Developer/SDKs/WatchOS27.0.sdk -target arm64-apple-watchos9.0 -g -module-cache-path /Users/admin/builder/spi-builder-workspace/.derivedData/ModuleCache.noindex -Xfrontend -serialize-debugging-options -enable-testing -suppress-warnings -index-store-path /Users/admin/builder/spi-builder-workspace/.derivedData/Index.noindex/DataStore -Xcc -D_LIBCPP_HARDENING_MODE\=_LIBCPP_HARDENING_MODE_DEBUG -swift-version 5 -I /Users/admin/builder/spi-builder-workspace/.derivedData/Build/Products/Debug-watchos -Isystem /Applications/Xcode-27.0.0-Release.Candidate.app/Contents/Developer/Platforms/WatchOS.platform/Developer/usr/lib -F /Users/admin/builder/spi-builder-workspace/.derivedData/Build/Products/Debug-watchos/PackageFrameworks -F /Users/admin/builder/spi-builder-workspace/.derivedData/Build/Products/Debug-watchos -F /Applications/Xcode-27.0.0-Release.Candidate.app/Contents/Developer/Platforms/WatchOS.platform/Developer/Library/Frameworks -F /Applications/Xcode-27.0.0-Release.Candidate.app/Contents/Developer/Platforms/WatchOS.platform/Developer/SDKs/WatchOS27.0.sdk/Developer/Library/Frameworks -c -j10 -enable-batch-mode -incremental -Xcc -ivfsstatcache -Xcc /Users/admin/builder/spi-builder-workspace/.derivedData/SDKStatCaches.noindex/watchos27.0-24R360-e829b21a6f8c9b70876ba0858053c04477534ef55a1706bf4c1112bbb242f0a2.sdkstatcache -output-file-map /Users/admin/builder/spi-builder-workspace/.derivedData/Build/Intermediates.noindex/SSLService.build/Debug-watchos/SSLService-t.build/Objects-normal/arm64/SSLService-OutputFileMap.json -save-temps -no-color-diagnostics -explicit-module-build -module-cache-path /Users/admin/builder/spi-builder-workspace/.derivedData/Build/Intermediates.noindex/SwiftExplicitPrecompiledModules -clang-scanner-module-cache-path /Users/admin/builder/spi-builder-workspace/.derivedData/ModuleCache.noindex -sdk-module-cache-path /Users/admin/builder/spi-builder-workspace/.derivedData/SDKExplicitPrecompiledModules -emit-dependencies -emit-module -emit-module-path /Users/admin/builder/spi-builder-workspace/.derivedData/Build/Intermediates.noindex/SSLService.build/Debug-watchos/SSLService-t.build/Objects-normal/arm64/SSLService.swiftmodule -serialize-diagnostics -dependency-scan-serialize-diagnostics-path /Users/admin/builder/spi-builder-workspace/.derivedData/Build/Intermediates.noindex/SSLService.build/Debug-watchos/SSLService-t.build/Objects-normal/arm64/SSLService-dependency-scan.dia -validate-clang-modules-once -clang-build-session-file /Users/admin/builder/spi-builder-workspace/.derivedData/ModuleCache.noindex/Session.modulevalidation -Xcc -fmodules-prune-interval\=86400 -Xcc -fmodules-prune-after\=345600 -emit-const-values -const-gather-protocols-list /Users/admin/builder/spi-builder-workspace/.derivedData/Build/Intermediates.noindex/SSLService.build/Debug-watchos/SSLService-t.build/Objects-normal/arm64/SSLService_const_extract_protocols.json -Xcc -I/Users/admin/builder/spi-builder-workspace/.derivedData/Build/Products/Debug-watchos/include -Xcc -I/Users/admin/builder/spi-builder-workspace/.derivedData/Build/Intermediates.noindex/SSLService.build/Debug-watchos/SSLService-t.build/DerivedSources-normal/arm64 -Xcc -I/Users/admin/builder/spi-builder-workspace/.derivedData/Build/Intermediates.noindex/SSLService.build/Debug-watchos/SSLService-t.build/DerivedSources/arm64 -Xcc -I/Users/admin/builder/spi-builder-workspace/.derivedData/Build/Intermediates.noindex/SSLService.build/Debug-watchos/SSLService-t.build/DerivedSources -Xcc -DSWIFT_PACKAGE -Xcc -DDEBUG\=1 -emit-objc-header -emit-objc-header-path /Users/admin/builder/spi-builder-workspace/.derivedData/Build/Intermediates.noindex/SSLService.build/Debug-watchos/SSLService-t.build/Objects-normal/arm64/SSLService-Swift.h -working-directory /Users/admin/builder/spi-builder-workspace/.swiftpm/xcode -experimental-emit-module-separately -disable-cmo
SwiftDriver SSLService normal arm64_32 com.apple.xcode.tools.swift.compiler (in target 'SSLService' from project 'SSLService')
    cd /Users/admin/builder/spi-builder-workspace/.swiftpm/xcode
    builtin-SwiftDriver -- /Applications/Xcode-27.0.0-Release.Candidate.app/Contents/Developer/Toolchains/XcodeDefault.xctoolchain/usr/bin/swiftc -parse-as-library -module-name SSLService -Onone @/Users/admin/builder/spi-builder-workspace/.derivedData/Build/Intermediates.noindex/SSLService.build/Debug-watchos/SSLService-t.build/Objects-normal/arm64_32/SSLService.SwiftFileList -DSWIFT_PACKAGE -DDEBUG -DSWIFT_MODULE_RESOURCE_BUNDLE_UNAVAILABLE -DXcode -plugin-path /Applications/Xcode-27.0.0-Release.Candidate.app/Contents/Developer/Toolchains/XcodeDefault.xctoolchain/usr/lib/swift/host/plugins/testing -enable-experimental-feature DebugDescriptionMacro -sdk /Applications/Xcode-27.0.0-Release.Candidate.app/Contents/Developer/Platforms/WatchOS.platform/Developer/SDKs/WatchOS27.0.sdk -target arm64_32-apple-watchos9.0 -g -module-cache-path /Users/admin/builder/spi-builder-workspace/.derivedData/ModuleCache.noindex -Xfrontend -serialize-debugging-options -enable-testing -suppress-warnings -index-store-path /Users/admin/builder/spi-builder-workspace/.derivedData/Index.noindex/DataStore -Xcc -D_LIBCPP_HARDENING_MODE\=_LIBCPP_HARDENING_MODE_DEBUG -swift-version 5 -I /Users/admin/builder/spi-builder-workspace/.derivedData/Build/Products/Debug-watchos -Isystem /Applications/Xcode-27.0.0-Release.Candidate.app/Contents/Developer/Platforms/WatchOS.platform/Developer/usr/lib -F /Users/admin/builder/spi-builder-workspace/.derivedData/Build/Products/Debug-watchos/PackageFrameworks -F /Users/admin/builder/spi-builder-workspace/.derivedData/Build/Products/Debug-watchos -F /Applications/Xcode-27.0.0-Release.Candidate.app/Contents/Developer/Platforms/WatchOS.platform/Developer/Library/Frameworks -F /Applications/Xcode-27.0.0-Release.Candidate.app/Contents/Developer/Platforms/WatchOS.platform/Developer/SDKs/WatchOS27.0.sdk/Developer/Library/Frameworks -c -j10 -enable-batch-mode -incremental -Xcc -ivfsstatcache -Xcc /Users/admin/builder/spi-builder-workspace/.derivedData/SDKStatCaches.noindex/watchos27.0-24R360-e829b21a6f8c9b70876ba0858053c04477534ef55a1706bf4c1112bbb242f0a2.sdkstatcache -output-file-map /Users/admin/builder/spi-builder-workspace/.derivedData/Build/Intermediates.noindex/SSLService.build/Debug-watchos/SSLService-t.build/Objects-normal/arm64_32/SSLService-OutputFileMap.json -save-temps -no-color-diagnostics -explicit-module-build -module-cache-path /Users/admin/builder/spi-builder-workspace/.derivedData/Build/Intermediates.noindex/SwiftExplicitPrecompiledModules -clang-scanner-module-cache-path /Users/admin/builder/spi-builder-workspace/.derivedData/ModuleCache.noindex -sdk-module-cache-path /Users/admin/builder/spi-builder-workspace/.derivedData/SDKExplicitPrecompiledModules -emit-dependencies -emit-module -emit-module-path /Users/admin/builder/spi-builder-workspace/.derivedData/Build/Intermediates.noindex/SSLService.build/Debug-watchos/SSLService-t.build/Objects-normal/arm64_32/SSLService.swiftmodule -serialize-diagnostics -dependency-scan-serialize-diagnostics-path /Users/admin/builder/spi-builder-workspace/.derivedData/Build/Intermediates.noindex/SSLService.build/Debug-watchos/SSLService-t.build/Objects-normal/arm64_32/SSLService-dependency-scan.dia -validate-clang-modules-once -clang-build-session-file /Users/admin/builder/spi-builder-workspace/.derivedData/ModuleCache.noindex/Session.modulevalidation -Xcc -fmodules-prune-interval\=86400 -Xcc -fmodules-prune-after\=345600 -emit-const-values -const-gather-protocols-list /Users/admin/builder/spi-builder-workspace/.derivedData/Build/Intermediates.noindex/SSLService.build/Debug-watchos/SSLService-t.build/Objects-normal/arm64_32/SSLService_const_extract_protocols.json -Xcc -I/Users/admin/builder/spi-builder-workspace/.derivedData/Build/Products/Debug-watchos/include -Xcc -I/Users/admin/builder/spi-builder-workspace/.derivedData/Build/Intermediates.noindex/SSLService.build/Debug-watchos/SSLService-t.build/DerivedSources-normal/arm64_32 -Xcc -I/Users/admin/builder/spi-builder-workspace/.derivedData/Build/Intermediates.noindex/SSLService.build/Debug-watchos/SSLService-t.build/DerivedSources/arm64_32 -Xcc -I/Users/admin/builder/spi-builder-workspace/.derivedData/Build/Intermediates.noindex/SSLService.build/Debug-watchos/SSLService-t.build/DerivedSources -Xcc -DSWIFT_PACKAGE -Xcc -DDEBUG\=1 -emit-objc-header -emit-objc-header-path /Users/admin/builder/spi-builder-workspace/.derivedData/Build/Intermediates.noindex/SSLService.build/Debug-watchos/SSLService-t.build/Objects-normal/arm64_32/SSLService-Swift.h -working-directory /Users/admin/builder/spi-builder-workspace/.swiftpm/xcode -experimental-emit-module-separately -disable-cmo
SwiftDriver KituraContracts normal arm64 com.apple.xcode.tools.swift.compiler (in target 'KituraContracts' from project 'KituraContracts')
    cd /Users/admin/builder/spi-builder-workspace/.swiftpm/xcode
    builtin-SwiftDriver -- /Applications/Xcode-27.0.0-Release.Candidate.app/Contents/Developer/Toolchains/XcodeDefault.xctoolchain/usr/bin/swiftc -parse-as-library -module-name KituraContracts -Onone @/Users/admin/builder/spi-builder-workspace/.derivedData/Build/Intermediates.noindex/KituraContracts.build/Debug-watchos/KituraContracts-t.build/Objects-normal/arm64/KituraContracts.SwiftFileList -DSWIFT_PACKAGE -DDEBUG -DSWIFT_MODULE_RESOURCE_BUNDLE_UNAVAILABLE -DXcode -plugin-path /Applications/Xcode-27.0.0-Release.Candidate.app/Contents/Developer/Toolchains/XcodeDefault.xctoolchain/usr/lib/swift/host/plugins/testing -enable-experimental-feature DebugDescriptionMacro -sdk /Applications/Xcode-27.0.0-Release.Candidate.app/Contents/Developer/Platforms/WatchOS.platform/Developer/SDKs/WatchOS27.0.sdk -target arm64-apple-watchos9.0 -g -module-cache-path /Users/admin/builder/spi-builder-workspace/.derivedData/ModuleCache.noindex -Xfrontend -serialize-debugging-options -enable-testing -suppress-warnings -index-store-path /Users/admin/builder/spi-builder-workspace/.derivedData/Index.noindex/DataStore -Xcc -D_LIBCPP_HARDENING_MODE\=_LIBCPP_HARDENING_MODE_DEBUG -swift-version 5 -I /Users/admin/builder/spi-builder-workspace/.derivedData/Build/Products/Debug-watchos -Isystem /Applications/Xcode-27.0.0-Release.Candidate.app/Contents/Developer/Platforms/WatchOS.platform/Developer/usr/lib -F /Users/admin/builder/spi-builder-workspace/.derivedData/Build/Products/Debug-watchos/PackageFrameworks -F /Users/admin/builder/spi-builder-workspace/.derivedData/Build/Products/Debug-watchos -F /Applications/Xcode-27.0.0-Release.Candidate.app/Contents/Developer/Platforms/WatchOS.platform/Developer/Library/Frameworks -F /Applications/Xcode-27.0.0-Release.Candidate.app/Contents/Developer/Platforms/WatchOS.platform/Developer/SDKs/WatchOS27.0.sdk/Developer/Library/Frameworks -c -j10 -enable-batch-mode -incremental -Xcc -ivfsstatcache -Xcc /Users/admin/builder/spi-builder-workspace/.derivedData/SDKStatCaches.noindex/watchos27.0-24R360-e829b21a6f8c9b70876ba0858053c04477534ef55a1706bf4c1112bbb242f0a2.sdkstatcache -output-file-map /Users/admin/builder/spi-builder-workspace/.derivedData/Build/Intermediates.noindex/KituraContracts.build/Debug-watchos/KituraContracts-t.build/Objects-normal/arm64/KituraContracts-OutputFileMap.json -save-temps -no-color-diagnostics -explicit-module-build -module-cache-path /Users/admin/builder/spi-builder-workspace/.derivedData/Build/Intermediates.noindex/SwiftExplicitPrecompiledModules -clang-scanner-module-cache-path /Users/admin/builder/spi-builder-workspace/.derivedData/ModuleCache.noindex -sdk-module-cache-path /Users/admin/builder/spi-builder-workspace/.derivedData/SDKExplicitPrecompiledModules -emit-dependencies -emit-module -emit-module-path /Users/admin/builder/spi-builder-workspace/.derivedData/Build/Intermediates.noindex/KituraContracts.build/Debug-watchos/KituraContracts-t.build/Objects-normal/arm64/KituraContracts.swiftmodule -serialize-diagnostics -dependency-scan-serialize-diagnostics-path /Users/admin/builder/spi-builder-workspace/.derivedData/Build/Intermediates.noindex/KituraContracts.build/Debug-watchos/KituraContracts-t.build/Objects-normal/arm64/KituraContracts-dependency-scan.dia -validate-clang-modules-once -clang-build-session-file /Users/admin/builder/spi-builder-workspace/.derivedData/ModuleCache.noindex/Session.modulevalidation -Xcc -fmodules-prune-interval\=86400 -Xcc -fmodules-prune-after\=345600 -emit-const-values -const-gather-protocols-list /Users/admin/builder/spi-builder-workspace/.derivedData/Build/Intermediates.noindex/KituraContracts.build/Debug-watchos/KituraContracts-t.build/Objects-normal/arm64/KituraContracts_const_extract_protocols.json -Xcc -I/Users/admin/builder/spi-builder-workspace/.derivedData/Build/Products/Debug-watchos/include -Xcc -I/Users/admin/builder/spi-builder-workspace/.derivedData/Build/Intermediates.noindex/KituraContracts.build/Debug-watchos/KituraContracts-t.build/DerivedSources-normal/arm64 -Xcc -I/Users/admin/builder/spi-builder-workspace/.derivedData/Build/Intermediates.noindex/KituraContracts.build/Debug-watchos/KituraContracts-t.build/DerivedSources/arm64 -Xcc -I/Users/admin/builder/spi-builder-workspace/.derivedData/Build/Intermediates.noindex/KituraContracts.build/Debug-watchos/KituraContracts-t.build/DerivedSources -Xcc -DSWIFT_PACKAGE -Xcc -DDEBUG\=1 -emit-objc-header -emit-objc-header-path /Users/admin/builder/spi-builder-workspace/.derivedData/Build/Intermediates.noindex/KituraContracts.build/Debug-watchos/KituraContracts-t.build/Objects-normal/arm64/KituraContracts-Swift.h -working-directory /Users/admin/builder/spi-builder-workspace/.swiftpm/xcode -experimental-emit-module-separately -disable-cmo
SwiftDriver KituraContracts normal arm64_32 com.apple.xcode.tools.swift.compiler (in target 'KituraContracts' from project 'KituraContracts')
    cd /Users/admin/builder/spi-builder-workspace/.swiftpm/xcode
    builtin-SwiftDriver -- /Applications/Xcode-27.0.0-Release.Candidate.app/Contents/Developer/Toolchains/XcodeDefault.xctoolchain/usr/bin/swiftc -parse-as-library -module-name KituraContracts -Onone @/Users/admin/builder/spi-builder-workspace/.derivedData/Build/Intermediates.noindex/KituraContracts.build/Debug-watchos/KituraContracts-t.build/Objects-normal/arm64_32/KituraContracts.SwiftFileList -DSWIFT_PACKAGE -DDEBUG -DSWIFT_MODULE_RESOURCE_BUNDLE_UNAVAILABLE -DXcode -plugin-path /Applications/Xcode-27.0.0-Release.Candidate.app/Contents/Developer/Toolchains/XcodeDefault.xctoolchain/usr/lib/swift/host/plugins/testing -enable-experimental-feature DebugDescriptionMacro -sdk /Applications/Xcode-27.0.0-Release.Candidate.app/Contents/Developer/Platforms/WatchOS.platform/Developer/SDKs/WatchOS27.0.sdk -target arm64_32-apple-watchos9.0 -g -module-cache-path /Users/admin/builder/spi-builder-workspace/.derivedData/ModuleCache.noindex -Xfrontend -serialize-debugging-options -enable-testing -suppress-warnings -index-store-path /Users/admin/builder/spi-builder-workspace/.derivedData/Index.noindex/DataStore -Xcc -D_LIBCPP_HARDENING_MODE\=_LIBCPP_HARDENING_MODE_DEBUG -swift-version 5 -I /Users/admin/builder/spi-builder-workspace/.derivedData/Build/Products/Debug-watchos -Isystem /Applications/Xcode-27.0.0-Release.Candidate.app/Contents/Developer/Platforms/WatchOS.platform/Developer/usr/lib -F /Users/admin/builder/spi-builder-workspace/.derivedData/Build/Products/Debug-watchos/PackageFrameworks -F /Users/admin/builder/spi-builder-workspace/.derivedData/Build/Products/Debug-watchos -F /Applications/Xcode-27.0.0-Release.Candidate.app/Contents/Developer/Platforms/WatchOS.platform/Developer/Library/Frameworks -F /Applications/Xcode-27.0.0-Release.Candidate.app/Contents/Developer/Platforms/WatchOS.platform/Developer/SDKs/WatchOS27.0.sdk/Developer/Library/Frameworks -c -j10 -enable-batch-mode -incremental -Xcc -ivfsstatcache -Xcc /Users/admin/builder/spi-builder-workspace/.derivedData/SDKStatCaches.noindex/watchos27.0-24R360-e829b21a6f8c9b70876ba0858053c04477534ef55a1706bf4c1112bbb242f0a2.sdkstatcache -output-file-map /Users/admin/builder/spi-builder-workspace/.derivedData/Build/Intermediates.noindex/KituraContracts.build/Debug-watchos/KituraContracts-t.build/Objects-normal/arm64_32/KituraContracts-OutputFileMap.json -save-temps -no-color-diagnostics -explicit-module-build -module-cache-path /Users/admin/builder/spi-builder-workspace/.derivedData/Build/Intermediates.noindex/SwiftExplicitPrecompiledModules -clang-scanner-module-cache-path /Users/admin/builder/spi-builder-workspace/.derivedData/ModuleCache.noindex -sdk-module-cache-path /Users/admin/builder/spi-builder-workspace/.derivedData/SDKExplicitPrecompiledModules -emit-dependencies -emit-module -emit-module-path /Users/admin/builder/spi-builder-workspace/.derivedData/Build/Intermediates.noindex/KituraContracts.build/Debug-watchos/KituraContracts-t.build/Objects-normal/arm64_32/KituraContracts.swiftmodule -serialize-diagnostics -dependency-scan-serialize-diagnostics-path /Users/admin/builder/spi-builder-workspace/.derivedData/Build/Intermediates.noindex/KituraContracts.build/Debug-watchos/KituraContracts-t.build/Objects-normal/arm64_32/KituraContracts-dependency-scan.dia -validate-clang-modules-once -clang-build-session-file /Users/admin/builder/spi-builder-workspace/.derivedData/ModuleCache.noindex/Session.modulevalidation -Xcc -fmodules-prune-interval\=86400 -Xcc -fmodules-prune-after\=345600 -emit-const-values -const-gather-protocols-list /Users/admin/builder/spi-builder-workspace/.derivedData/Build/Intermediates.noindex/KituraContracts.build/Debug-watchos/KituraContracts-t.build/Objects-normal/arm64_32/KituraContracts_const_extract_protocols.json -Xcc -I/Users/admin/builder/spi-builder-workspace/.derivedData/Build/Products/Debug-watchos/include -Xcc -I/Users/admin/builder/spi-builder-workspace/.derivedData/Build/Intermediates.noindex/KituraContracts.build/Debug-watchos/KituraContracts-t.build/DerivedSources-normal/arm64_32 -Xcc -I/Users/admin/builder/spi-builder-workspace/.derivedData/Build/Intermediates.noindex/KituraContracts.build/Debug-watchos/KituraContracts-t.build/DerivedSources/arm64_32 -Xcc -I/Users/admin/builder/spi-builder-workspace/.derivedData/Build/Intermediates.noindex/KituraContracts.build/Debug-watchos/KituraContracts-t.build/DerivedSources -Xcc -DSWIFT_PACKAGE -Xcc -DDEBUG\=1 -emit-objc-header -emit-objc-header-path /Users/admin/builder/spi-builder-workspace/.derivedData/Build/Intermediates.noindex/KituraContracts.build/Debug-watchos/KituraContracts-t.build/Objects-normal/arm64_32/KituraContracts-Swift.h -working-directory /Users/admin/builder/spi-builder-workspace/.swiftpm/xcode -experimental-emit-module-separately -disable-cmo
CreateUniversalBinary /Users/admin/builder/spi-builder-workspace/.derivedData/Build/Products/Debug-watchos/LoggerAPI.o normal arm64\ arm64_32 (in target 'LoggerAPI' from project 'LoggerAPI')
    cd /Users/admin/builder/spi-builder-workspace/.dependencies/checkouts/LoggerAPI
    /Applications/Xcode-27.0.0-Release.Candidate.app/Contents/Developer/Toolchains/XcodeDefault.xctoolchain/usr/bin/lipo -create /Users/admin/builder/spi-builder-workspace/.derivedData/Build/Intermediates.noindex/LoggerAPI.build/Debug-watchos/LoggerAPI-t.build/Objects-normal/arm64/Binary/LoggerAPI.o /Users/admin/builder/spi-builder-workspace/.derivedData/Build/Intermediates.noindex/LoggerAPI.build/Debug-watchos/LoggerAPI-t.build/Objects-normal/arm64_32/Binary/LoggerAPI.o -output /Users/admin/builder/spi-builder-workspace/.derivedData/Build/Products/Debug-watchos/LoggerAPI.o
SwiftDriverJobDiscovery normal arm64_32 Compiling Updatable.swift (in target 'Cryptor' from project 'Cryptor')
ExtractAppIntentsMetadata (in target 'TypeDecoder' from project 'TypeDecoder')
    cd /Users/admin/builder/spi-builder-workspace/.dependencies/checkouts/TypeDecoder
    /Applications/Xcode-27.0.0-Release.Candidate.app/Contents/Developer/Toolchains/XcodeDefault.xctoolchain/usr/bin/appintentsmetadataprocessor --toolchain-dir /var/run/com.apple.security.cryptexd/mnt/com.apple.MobileAsset.MetalToolchain-v27.1.266.1.VLyqh5/Metal.xctoolchain --module-name TypeDecoder --sdk-root /Applications/Xcode-27.0.0-Release.Candidate.app/Contents/Developer/Platforms/WatchOS.platform/Developer/SDKs/WatchOS27.0.sdk --xcode-version 27A266a --platform-family watchOS --deployment-target 9.0 --bundle-identifier typedecoder.TypeDecoder --output /Users/admin/builder/spi-builder-workspace/.derivedData/Build/Products/Debug-watchos/TypeDecoder.appintents --target-triple arm64-apple-watchos9.0 --target-triple arm64_32-apple-watchos9.0 --binary-file /Users/admin/builder/spi-builder-workspace/.derivedData/Build/Products/Debug-watchos/TypeDecoder.o --dependency-file /Users/admin/builder/spi-builder-workspace/.derivedData/Build/Intermediates.noindex/TypeDecoder.build/Debug-watchos/TypeDecoder-t.build/Objects-normal/arm64/TypeDecoder_dependency_info.dat --dependency-file /Users/admin/builder/spi-builder-workspace/.derivedData/Build/Intermediates.noindex/TypeDecoder.build/Debug-watchos/TypeDecoder-t.build/Objects-normal/arm64_32/TypeDecoder_dependency_info.dat --stringsdata-file /Users/admin/builder/spi-builder-workspace/.derivedData/Build/Intermediates.noindex/TypeDecoder.build/Debug-watchos/TypeDecoder-t.build/Objects-normal/arm64/ExtractedAppShortcutsMetadata.stringsdata --stringsdata-file /Users/admin/builder/spi-builder-workspace/.derivedData/Build/Intermediates.noindex/TypeDecoder.build/Debug-watchos/TypeDecoder-t.build/Objects-normal/arm64_32/ExtractedAppShortcutsMetadata.stringsdata --source-file-list /Users/admin/builder/spi-builder-workspace/.derivedData/Build/Intermediates.noindex/TypeDecoder.build/Debug-watchos/TypeDecoder-t.build/Objects-normal/arm64/TypeDecoder.SwiftFileList --source-file-list /Users/admin/builder/spi-builder-workspace/.derivedData/Build/Intermediates.noindex/TypeDecoder.build/Debug-watchos/TypeDecoder-t.build/Objects-normal/arm64_32/TypeDecoder.SwiftFileList --metadata-file-list /Users/admin/builder/spi-builder-workspace/.derivedData/Build/Intermediates.noindex/TypeDecoder.build/Debug-watchos/TypeDecoder-t.build/TypeDecoder.DependencyMetadataFileList --static-metadata-file-list /Users/admin/builder/spi-builder-workspace/.derivedData/Build/Intermediates.noindex/TypeDecoder.build/Debug-watchos/TypeDecoder-t.build/TypeDecoder.DependencyStaticMetadataFileList --swift-const-vals-list /Users/admin/builder/spi-builder-workspace/.derivedData/Build/Intermediates.noindex/TypeDecoder.build/Debug-watchos/TypeDecoder-t.build/Objects-normal/arm64/TypeDecoder.SwiftConstValuesFileList --swift-const-vals-list /Users/admin/builder/spi-builder-workspace/.derivedData/Build/Intermediates.noindex/TypeDecoder.build/Debug-watchos/TypeDecoder-t.build/Objects-normal/arm64_32/TypeDecoder.SwiftConstValuesFileList --force --compile-time-extraction --deployment-aware-processing --no-app-shortcuts-localization
2026-09-17 04:20:32.441 appintentsmetadataprocessor[1594:7948] Starting appintentsmetadataprocessor export
2026-09-17 04:20:32.527 appintentsmetadataprocessor[1594:7948] Extracted no relevant App Intents symbols, skipping writing output
SwiftDriverJobDiscovery normal arm64_32 Compiling Status.swift (in target 'Cryptor' from project 'Cryptor')
ExtractAppIntentsMetadata (in target 'LoggerAPI' from project 'LoggerAPI')
    cd /Users/admin/builder/spi-builder-workspace/.dependencies/checkouts/LoggerAPI
    /Applications/Xcode-27.0.0-Release.Candidate.app/Contents/Developer/Toolchains/XcodeDefault.xctoolchain/usr/bin/appintentsmetadataprocessor --toolchain-dir /var/run/com.apple.security.cryptexd/mnt/com.apple.MobileAsset.MetalToolchain-v27.1.266.1.VLyqh5/Metal.xctoolchain --module-name LoggerAPI --sdk-root /Applications/Xcode-27.0.0-Release.Candidate.app/Contents/Developer/Platforms/WatchOS.platform/Developer/SDKs/WatchOS27.0.sdk --xcode-version 27A266a --platform-family watchOS --deployment-target 9.0 --bundle-identifier loggerapi.LoggerAPI --output /Users/admin/builder/spi-builder-workspace/.derivedData/Build/Products/Debug-watchos/LoggerAPI.appintents --target-triple arm64-apple-watchos9.0 --target-triple arm64_32-apple-watchos9.0 --binary-file /Users/admin/builder/spi-builder-workspace/.derivedData/Build/Products/Debug-watchos/LoggerAPI.o --dependency-file /Users/admin/builder/spi-builder-workspace/.derivedData/Build/Intermediates.noindex/LoggerAPI.build/Debug-watchos/LoggerAPI-t.build/Objects-normal/arm64/LoggerAPI_dependency_info.dat --dependency-file /Users/admin/builder/spi-builder-workspace/.derivedData/Build/Intermediates.noindex/LoggerAPI.build/Debug-watchos/LoggerAPI-t.build/Objects-normal/arm64_32/LoggerAPI_dependency_info.dat --stringsdata-file /Users/admin/builder/spi-builder-workspace/.derivedData/Build/Intermediates.noindex/LoggerAPI.build/Debug-watchos/LoggerAPI-t.build/Objects-normal/arm64/ExtractedAppShortcutsMetadata.stringsdata --stringsdata-file /Users/admin/builder/spi-builder-workspace/.derivedData/Build/Intermediates.noindex/LoggerAPI.build/Debug-watchos/LoggerAPI-t.build/Objects-normal/arm64_32/ExtractedAppShortcutsMetadata.stringsdata --source-file-list /Users/admin/builder/spi-builder-workspace/.derivedData/Build/Intermediates.noindex/LoggerAPI.build/Debug-watchos/LoggerAPI-t.build/Objects-normal/arm64/LoggerAPI.SwiftFileList --source-file-list /Users/admin/builder/spi-builder-workspace/.derivedData/Build/Intermediates.noindex/LoggerAPI.build/Debug-watchos/LoggerAPI-t.build/Objects-normal/arm64_32/LoggerAPI.SwiftFileList --metadata-file-list /Users/admin/builder/spi-builder-workspace/.derivedData/Build/Intermediates.noindex/LoggerAPI.build/Debug-watchos/LoggerAPI-t.build/LoggerAPI.DependencyMetadataFileList --static-metadata-file-list /Users/admin/builder/spi-builder-workspace/.derivedData/Build/Intermediates.noindex/LoggerAPI.build/Debug-watchos/LoggerAPI-t.build/LoggerAPI.DependencyStaticMetadataFileList --swift-const-vals-list /Users/admin/builder/spi-builder-workspace/.derivedData/Build/Intermediates.noindex/LoggerAPI.build/Debug-watchos/LoggerAPI-t.build/Objects-normal/arm64/LoggerAPI.SwiftConstValuesFileList --swift-const-vals-list /Users/admin/builder/spi-builder-workspace/.derivedData/Build/Intermediates.noindex/LoggerAPI.build/Debug-watchos/LoggerAPI-t.build/Objects-normal/arm64_32/LoggerAPI.SwiftConstValuesFileList --force --compile-time-extraction --deployment-aware-processing --no-app-shortcuts-localization
2026-09-17 04:20:32.480 appintentsmetadataprocessor[1595:8026] Starting appintentsmetadataprocessor export
2026-09-17 04:20:32.549 appintentsmetadataprocessor[1595:8026] Extracted no relevant App Intents symbols, skipping writing output
SwiftDriverJobDiscovery normal arm64 Compiling Utilities.swift (in target 'Cryptor' from project 'Cryptor')
SwiftDriverJobDiscovery normal arm64 Compiling HMAC.swift (in target 'Cryptor' from project 'Cryptor')
SwiftDriver\ Compilation Cryptor normal arm64 com.apple.xcode.tools.swift.compiler (in target 'Cryptor' from project 'Cryptor')
    cd /Users/admin/builder/spi-builder-workspace/.swiftpm/xcode
    builtin-Swift-Compilation -- /Applications/Xcode-27.0.0-Release.Candidate.app/Contents/Developer/Toolchains/XcodeDefault.xctoolchain/usr/bin/swiftc -parse-as-library -module-name Cryptor -Onone @/Users/admin/builder/spi-builder-workspace/.derivedData/Build/Intermediates.noindex/Cryptor.build/Debug-watchos/Cryptor-t.build/Objects-normal/arm64/Cryptor.SwiftFileList -DSWIFT_PACKAGE -DDEBUG -DSWIFT_MODULE_RESOURCE_BUNDLE_UNAVAILABLE -DXcode -plugin-path /Applications/Xcode-27.0.0-Release.Candidate.app/Contents/Developer/Toolchains/XcodeDefault.xctoolchain/usr/lib/swift/host/plugins/testing -enable-experimental-feature DebugDescriptionMacro -sdk /Applications/Xcode-27.0.0-Release.Candidate.app/Contents/Developer/Platforms/WatchOS.platform/Developer/SDKs/WatchOS27.0.sdk -target arm64-apple-watchos9.0 -g -module-cache-path /Users/admin/builder/spi-builder-workspace/.derivedData/ModuleCache.noindex -Xfrontend -serialize-debugging-options -enable-testing -suppress-warnings -index-store-path /Users/admin/builder/spi-builder-workspace/.derivedData/Index.noindex/DataStore -Xcc -D_LIBCPP_HARDENING_MODE\=_LIBCPP_HARDENING_MODE_DEBUG -swift-version 5 -I /Users/admin/builder/spi-builder-workspace/.derivedData/Build/Products/Debug-watchos -Isystem /Applications/Xcode-27.0.0-Release.Candidate.app/Contents/Developer/Platforms/WatchOS.platform/Developer/usr/lib -F /Users/admin/builder/spi-builder-workspace/.derivedData/Build/Products/Debug-watchos -F /Applications/Xcode-27.0.0-Release.Candidate.app/Contents/Developer/Platforms/WatchOS.platform/Developer/Library/Frameworks -F /Applications/Xcode-27.0.0-Release.Candidate.app/Contents/Developer/Platforms/WatchOS.platform/Developer/SDKs/WatchOS27.0.sdk/Developer/Library/Frameworks -c -j10 -enable-batch-mode -incremental -Xcc -ivfsstatcache -Xcc /Users/admin/builder/spi-builder-workspace/.derivedData/SDKStatCaches.noindex/watchos27.0-24R360-e829b21a6f8c9b70876ba0858053c04477534ef55a1706bf4c1112bbb242f0a2.sdkstatcache -output-file-map /Users/admin/builder/spi-builder-workspace/.derivedData/Build/Intermediates.noindex/Cryptor.build/Debug-watchos/Cryptor-t.build/Objects-normal/arm64/Cryptor-OutputFileMap.json -save-temps -no-color-diagnostics -explicit-module-build -module-cache-path /Users/admin/builder/spi-builder-workspace/.derivedData/Build/Intermediates.noindex/SwiftExplicitPrecompiledModules -clang-scanner-module-cache-path /Users/admin/builder/spi-builder-workspace/.derivedData/ModuleCache.noindex -sdk-module-cache-path /Users/admin/builder/spi-builder-workspace/.derivedData/SDKExplicitPrecompiledModules -emit-dependencies -emit-module -emit-module-path /Users/admin/builder/spi-builder-workspace/.derivedData/Build/Intermediates.noindex/Cryptor.build/Debug-watchos/Cryptor-t.build/Objects-normal/arm64/Cryptor.swiftmodule -serialize-diagnostics -dependency-scan-serialize-diagnostics-path /Users/admin/builder/spi-builder-workspace/.derivedData/Build/Intermediates.noindex/Cryptor.build/Debug-watchos/Cryptor-t.build/Objects-normal/arm64/Cryptor-dependency-scan.dia -validate-clang-modules-once -clang-build-session-file /Users/admin/builder/spi-builder-workspace/.derivedData/ModuleCache.noindex/Session.modulevalidation -Xcc -fmodules-prune-interval\=86400 -Xcc -fmodules-prune-after\=345600 -emit-const-values -const-gather-protocols-list /Users/admin/builder/spi-builder-workspace/.derivedData/Build/Intermediates.noindex/Cryptor.build/Debug-watchos/Cryptor-t.build/Objects-normal/arm64/Cryptor_const_extract_protocols.json -Xcc -I/Users/admin/builder/spi-builder-workspace/.derivedData/Build/Products/Debug-watchos/include -Xcc -I/Users/admin/builder/spi-builder-workspace/.derivedData/Build/Intermediates.noindex/Cryptor.build/Debug-watchos/Cryptor-t.build/DerivedSources-normal/arm64 -Xcc -I/Users/admin/builder/spi-builder-workspace/.derivedData/Build/Intermediates.noindex/Cryptor.build/Debug-watchos/Cryptor-t.build/DerivedSources/arm64 -Xcc -I/Users/admin/builder/spi-builder-workspace/.derivedData/Build/Intermediates.noindex/Cryptor.build/Debug-watchos/Cryptor-t.build/DerivedSources -Xcc -DSWIFT_PACKAGE -Xcc -DDEBUG\=1 -emit-objc-header -emit-objc-header-path /Users/admin/builder/spi-builder-workspace/.derivedData/Build/Intermediates.noindex/Cryptor.build/Debug-watchos/Cryptor-t.build/Objects-normal/arm64/Cryptor-Swift.h -working-directory /Users/admin/builder/spi-builder-workspace/.swiftpm/xcode -experimental-emit-module-separately -disable-cmo
Ld /Users/admin/builder/spi-builder-workspace/.derivedData/Build/Intermediates.noindex/Cryptor.build/Debug-watchos/Cryptor-t.build/Objects-normal/arm64/Binary/Cryptor.o normal arm64 (in target 'Cryptor' from project 'Cryptor')
    cd /Users/admin/builder/spi-builder-workspace/.dependencies/checkouts/BlueCryptor
    /Applications/Xcode-27.0.0-Release.Candidate.app/Contents/Developer/Toolchains/XcodeDefault.xctoolchain/usr/bin/clang -Xlinker -reproducible -target arm64-apple-watchos9.0 -r -isysroot /Applications/Xcode-27.0.0-Release.Candidate.app/Contents/Developer/Platforms/WatchOS.platform/Developer/SDKs/WatchOS27.0.sdk -O0 -w -Xlinker -no_warn_duplicate_libraries -F/Users/admin/builder/spi-builder-workspace/.derivedData/Build/Intermediates.noindex/EagerLinkingTBDs/Debug-watchos -F/Users/admin/builder/spi-builder-workspace/.derivedData/Build/Products/Debug-watchos -iframework /Applications/Xcode-27.0.0-Release.Candidate.app/Contents/Developer/Platforms/WatchOS.platform/Developer/Library/Frameworks -iframework /Applications/Xcode-27.0.0-Release.Candidate.app/Contents/Developer/Platforms/WatchOS.platform/Developer/SDKs/WatchOS27.0.sdk/Developer/Library/Frameworks -filelist /Users/admin/builder/spi-builder-workspace/.derivedData/Build/Intermediates.noindex/Cryptor.build/Debug-watchos/Cryptor-t.build/Objects-normal/arm64/Cryptor.LinkFileList -nostdlib -Xlinker -object_path_lto -Xlinker /Users/admin/builder/spi-builder-workspace/.derivedData/Build/Intermediates.noindex/Cryptor.build/Debug-watchos/Cryptor-t.build/Objects-normal/arm64/Cryptor_lto.o -Xlinker -no_deduplicate -Xlinker -dependency_info -Xlinker /Users/admin/builder/spi-builder-workspace/.derivedData/Build/Intermediates.noindex/Cryptor.build/Debug-watchos/Cryptor-t.build/Objects-normal/arm64/Cryptor_dependency_info.dat -fobjc-link-runtime -L/Applications/Xcode-27.0.0-Release.Candidate.app/Contents/Developer/Toolchains/XcodeDefault.xctoolchain/usr/lib/swift/watchos -L/usr/lib/swift -Xlinker -add_ast_path -Xlinker /Users/admin/builder/spi-builder-workspace/.derivedData/Build/Intermediates.noindex/Cryptor.build/Debug-watchos/Cryptor-t.build/Objects-normal/arm64/Cryptor.swiftmodule -o /Users/admin/builder/spi-builder-workspace/.derivedData/Build/Intermediates.noindex/Cryptor.build/Debug-watchos/Cryptor-t.build/Objects-normal/arm64/Binary/Cryptor.o
SwiftDriverJobDiscovery normal arm64_32 Compiling Socket.swift (in target 'Socket' from project 'Socket')
SwiftDriver\ Compilation Socket normal arm64_32 com.apple.xcode.tools.swift.compiler (in target 'Socket' from project 'Socket')
    cd /Users/admin/builder/spi-builder-workspace/.swiftpm/xcode
    builtin-Swift-Compilation -- /Applications/Xcode-27.0.0-Release.Candidate.app/Contents/Developer/Toolchains/XcodeDefault.xctoolchain/usr/bin/swiftc -parse-as-library -module-name Socket -Onone @/Users/admin/builder/spi-builder-workspace/.derivedData/Build/Intermediates.noindex/Socket.build/Debug-watchos/Socket-t.build/Objects-normal/arm64_32/Socket.SwiftFileList -DSWIFT_PACKAGE -DDEBUG -DSWIFT_MODULE_RESOURCE_BUNDLE_UNAVAILABLE -DXcode -plugin-path /Applications/Xcode-27.0.0-Release.Candidate.app/Contents/Developer/Toolchains/XcodeDefault.xctoolchain/usr/lib/swift/host/plugins/testing -enable-experimental-feature DebugDescriptionMacro -sdk /Applications/Xcode-27.0.0-Release.Candidate.app/Contents/Developer/Platforms/WatchOS.platform/Developer/SDKs/WatchOS27.0.sdk -target arm64_32-apple-watchos9.0 -g -module-cache-path /Users/admin/builder/spi-builder-workspace/.derivedData/ModuleCache.noindex -Xfrontend -serialize-debugging-options -enable-testing -suppress-warnings -index-store-path /Users/admin/builder/spi-builder-workspace/.derivedData/Index.noindex/DataStore -Xcc -D_LIBCPP_HARDENING_MODE\=_LIBCPP_HARDENING_MODE_DEBUG -swift-version 5 -I /Users/admin/builder/spi-builder-workspace/.derivedData/Build/Products/Debug-watchos -Isystem /Applications/Xcode-27.0.0-Release.Candidate.app/Contents/Developer/Platforms/WatchOS.platform/Developer/usr/lib -F /Users/admin/builder/spi-builder-workspace/.derivedData/Build/Products/Debug-watchos -F /Applications/Xcode-27.0.0-Release.Candidate.app/Contents/Developer/Platforms/WatchOS.platform/Developer/Library/Frameworks -F /Applications/Xcode-27.0.0-Release.Candidate.app/Contents/Developer/Platforms/WatchOS.platform/Developer/SDKs/WatchOS27.0.sdk/Developer/Library/Frameworks -c -j10 -enable-batch-mode -incremental -Xcc -ivfsstatcache -Xcc /Users/admin/builder/spi-builder-workspace/.derivedData/SDKStatCaches.noindex/watchos27.0-24R360-e829b21a6f8c9b70876ba0858053c04477534ef55a1706bf4c1112bbb242f0a2.sdkstatcache -output-file-map /Users/admin/builder/spi-builder-workspace/.derivedData/Build/Intermediates.noindex/Socket.build/Debug-watchos/Socket-t.build/Objects-normal/arm64_32/Socket-OutputFileMap.json -save-temps -no-color-diagnostics -explicit-module-build -module-cache-path /Users/admin/builder/spi-builder-workspace/.derivedData/Build/Intermediates.noindex/SwiftExplicitPrecompiledModules -clang-scanner-module-cache-path /Users/admin/builder/spi-builder-workspace/.derivedData/ModuleCache.noindex -sdk-module-cache-path /Users/admin/builder/spi-builder-workspace/.derivedData/SDKExplicitPrecompiledModules -emit-dependencies -emit-module -emit-module-path /Users/admin/builder/spi-builder-workspace/.derivedData/Build/Intermediates.noindex/Socket.build/Debug-watchos/Socket-t.build/Objects-normal/arm64_32/Socket.swiftmodule -serialize-diagnostics -dependency-scan-serialize-diagnostics-path /Users/admin/builder/spi-builder-workspace/.derivedData/Build/Intermediates.noindex/Socket.build/Debug-watchos/Socket-t.build/Objects-normal/arm64_32/Socket-dependency-scan.dia -validate-clang-modules-once -clang-build-session-file /Users/admin/builder/spi-builder-workspace/.derivedData/ModuleCache.noindex/Session.modulevalidation -Xcc -fmodules-prune-interval\=86400 -Xcc -fmodules-prune-after\=345600 -emit-const-values -const-gather-protocols-list /Users/admin/builder/spi-builder-workspace/.derivedData/Build/Intermediates.noindex/Socket.build/Debug-watchos/Socket-t.build/Objects-normal/arm64_32/Socket_const_extract_protocols.json -Xcc -I/Users/admin/builder/spi-builder-workspace/.derivedData/Build/Products/Debug-watchos/include -Xcc -I/Users/admin/builder/spi-builder-workspace/.derivedData/Build/Intermediates.noindex/Socket.build/Debug-watchos/Socket-t.build/DerivedSources-normal/arm64_32 -Xcc -I/Users/admin/builder/spi-builder-workspace/.derivedData/Build/Intermediates.noindex/Socket.build/Debug-watchos/Socket-t.build/DerivedSources/arm64_32 -Xcc -I/Users/admin/builder/spi-builder-workspace/.derivedData/Build/Intermediates.noindex/Socket.build/Debug-watchos/Socket-t.build/DerivedSources -Xcc -DSWIFT_PACKAGE -Xcc -DDEBUG\=1 -emit-objc-header -emit-objc-header-path /Users/admin/builder/spi-builder-workspace/.derivedData/Build/Intermediates.noindex/Socket.build/Debug-watchos/Socket-t.build/Objects-normal/arm64_32/Socket-Swift.h -working-directory /Users/admin/builder/spi-builder-workspace/.swiftpm/xcode -experimental-emit-module-separately -disable-cmo
Ld /Users/admin/builder/spi-builder-workspace/.derivedData/Build/Intermediates.noindex/Socket.build/Debug-watchos/Socket-t.build/Objects-normal/arm64_32/Binary/Socket.o normal arm64_32 (in target 'Socket' from project 'Socket')
    cd /Users/admin/builder/spi-builder-workspace/.dependencies/checkouts/BlueSocket
    /Applications/Xcode-27.0.0-Release.Candidate.app/Contents/Developer/Toolchains/XcodeDefault.xctoolchain/usr/bin/clang -Xlinker -reproducible -target arm64_32-apple-watchos9.0 -r -isysroot /Applications/Xcode-27.0.0-Release.Candidate.app/Contents/Developer/Platforms/WatchOS.platform/Developer/SDKs/WatchOS27.0.sdk -O0 -w -Xlinker -no_warn_duplicate_libraries -F/Users/admin/builder/spi-builder-workspace/.derivedData/Build/Intermediates.noindex/EagerLinkingTBDs/Debug-watchos -F/Users/admin/builder/spi-builder-workspace/.derivedData/Build/Products/Debug-watchos -iframework /Applications/Xcode-27.0.0-Release.Candidate.app/Contents/Developer/Platforms/WatchOS.platform/Developer/Library/Frameworks -iframework /Applications/Xcode-27.0.0-Release.Candidate.app/Contents/Developer/Platforms/WatchOS.platform/Developer/SDKs/WatchOS27.0.sdk/Developer/Library/Frameworks -filelist /Users/admin/builder/spi-builder-workspace/.derivedData/Build/Intermediates.noindex/Socket.build/Debug-watchos/Socket-t.build/Objects-normal/arm64_32/Socket.LinkFileList -nostdlib -Xlinker -object_path_lto -Xlinker /Users/admin/builder/spi-builder-workspace/.derivedData/Build/Intermediates.noindex/Socket.build/Debug-watchos/Socket-t.build/Objects-normal/arm64_32/Socket_lto.o -Xlinker -no_deduplicate -Xlinker -dependency_info -Xlinker /Users/admin/builder/spi-builder-workspace/.derivedData/Build/Intermediates.noindex/Socket.build/Debug-watchos/Socket-t.build/Objects-normal/arm64_32/Socket_dependency_info.dat -fobjc-link-runtime -L/Applications/Xcode-27.0.0-Release.Candidate.app/Contents/Developer/Toolchains/XcodeDefault.xctoolchain/usr/lib/swift/watchos -L/usr/lib/swift -Xlinker -add_ast_path -Xlinker /Users/admin/builder/spi-builder-workspace/.derivedData/Build/Intermediates.noindex/Socket.build/Debug-watchos/Socket-t.build/Objects-normal/arm64_32/Socket.swiftmodule -o /Users/admin/builder/spi-builder-workspace/.derivedData/Build/Intermediates.noindex/Socket.build/Debug-watchos/Socket-t.build/Objects-normal/arm64_32/Binary/Socket.o
SwiftCompile normal arm64_32 Compiling\ SSLService.swift /Users/admin/builder/spi-builder-workspace/.dependencies/checkouts/BlueSSLService/Sources/SSLService/SSLService.swift (in target 'SSLService' from project 'SSLService')
SwiftCompile normal arm64_32 /Users/admin/builder/spi-builder-workspace/.dependencies/checkouts/BlueSSLService/Sources/SSLService/SSLService.swift (in target 'SSLService' from project 'SSLService')
    cd /Users/admin/builder/spi-builder-workspace/.swiftpm/xcode
    builtin-SwiftPerFileCompile SSLService.swift
SwiftEmitModule normal arm64_32 Emitting\ module\ for\ SSLService (in target 'SSLService' from project 'SSLService')
SwiftCompile normal arm64_32 (in target 'SSLService' from project 'SSLService')
    cd /Users/admin/builder/spi-builder-workspace/.swiftpm/xcode

SwiftCompile normal arm64_32 Compiling\ SSLPointerTricks.swift /Users/admin/builder/spi-builder-workspace/.dependencies/checkouts/BlueSSLService/Sources/SSLService/SSLPointerTricks.swift (in target 'SSLService' from project 'SSLService')
SwiftCompile normal arm64_32 /Users/admin/builder/spi-builder-workspace/.dependencies/checkouts/BlueSSLService/Sources/SSLService/SSLPointerTricks.swift (in target 'SSLService' from project 'SSLService')
    cd /Users/admin/builder/spi-builder-workspace/.swiftpm/xcode
    builtin-SwiftPerFileCompile SSLPointerTricks.swift
SwiftEmitModule normal arm64 Emitting\ module\ for\ SSLService (in target 'SSLService' from project 'SSLService')
SwiftCompile normal arm64 (in target 'SSLService' from project 'SSLService')
    cd /Users/admin/builder/spi-builder-workspace/.swiftpm/xcode

SwiftCompile normal arm64 Compiling\ SSLPointerTricks.swift /Users/admin/builder/spi-builder-workspace/.dependencies/checkouts/BlueSSLService/Sources/SSLService/SSLPointerTricks.swift (in target 'SSLService' from project 'SSLService')
SwiftCompile normal arm64 /Users/admin/builder/spi-builder-workspace/.dependencies/checkouts/BlueSSLService/Sources/SSLService/SSLPointerTricks.swift (in target 'SSLService' from project 'SSLService')
    cd /Users/admin/builder/spi-builder-workspace/.swiftpm/xcode
    builtin-SwiftPerFileCompile SSLPointerTricks.swift
SwiftCompile normal arm64 Compiling\ SSLService.swift /Users/admin/builder/spi-builder-workspace/.dependencies/checkouts/BlueSSLService/Sources/SSLService/SSLService.swift (in target 'SSLService' from project 'SSLService')
SwiftCompile normal arm64 /Users/admin/builder/spi-builder-workspace/.dependencies/checkouts/BlueSSLService/Sources/SSLService/SSLService.swift (in target 'SSLService' from project 'SSLService')
    cd /Users/admin/builder/spi-builder-workspace/.swiftpm/xcode
    builtin-SwiftPerFileCompile SSLService.swift
SwiftDriverJobDiscovery normal arm64_32 Compiling HMAC.swift (in target 'Cryptor' from project 'Cryptor')
SwiftDriver\ Compilation Cryptor normal arm64_32 com.apple.xcode.tools.swift.compiler (in target 'Cryptor' from project 'Cryptor')
    cd /Users/admin/builder/spi-builder-workspace/.swiftpm/xcode
    builtin-Swift-Compilation -- /Applications/Xcode-27.0.0-Release.Candidate.app/Contents/Developer/Toolchains/XcodeDefault.xctoolchain/usr/bin/swiftc -parse-as-library -module-name Cryptor -Onone @/Users/admin/builder/spi-builder-workspace/.derivedData/Build/Intermediates.noindex/Cryptor.build/Debug-watchos/Cryptor-t.build/Objects-normal/arm64_32/Cryptor.SwiftFileList -DSWIFT_PACKAGE -DDEBUG -DSWIFT_MODULE_RESOURCE_BUNDLE_UNAVAILABLE -DXcode -plugin-path /Applications/Xcode-27.0.0-Release.Candidate.app/Contents/Developer/Toolchains/XcodeDefault.xctoolchain/usr/lib/swift/host/plugins/testing -enable-experimental-feature DebugDescriptionMacro -sdk /Applications/Xcode-27.0.0-Release.Candidate.app/Contents/Developer/Platforms/WatchOS.platform/Developer/SDKs/WatchOS27.0.sdk -target arm64_32-apple-watchos9.0 -g -module-cache-path /Users/admin/builder/spi-builder-workspace/.derivedData/ModuleCache.noindex -Xfrontend -serialize-debugging-options -enable-testing -suppress-warnings -index-store-path /Users/admin/builder/spi-builder-workspace/.derivedData/Index.noindex/DataStore -Xcc -D_LIBCPP_HARDENING_MODE\=_LIBCPP_HARDENING_MODE_DEBUG -swift-version 5 -I /Users/admin/builder/spi-builder-workspace/.derivedData/Build/Products/Debug-watchos -Isystem /Applications/Xcode-27.0.0-Release.Candidate.app/Contents/Developer/Platforms/WatchOS.platform/Developer/usr/lib -F /Users/admin/builder/spi-builder-workspace/.derivedData/Build/Products/Debug-watchos -F /Applications/Xcode-27.0.0-Release.Candidate.app/Contents/Developer/Platforms/WatchOS.platform/Developer/Library/Frameworks -F /Applications/Xcode-27.0.0-Release.Candidate.app/Contents/Developer/Platforms/WatchOS.platform/Developer/SDKs/WatchOS27.0.sdk/Developer/Library/Frameworks -c -j10 -enable-batch-mode -incremental -Xcc -ivfsstatcache -Xcc /Users/admin/builder/spi-builder-workspace/.derivedData/SDKStatCaches.noindex/watchos27.0-24R360-e829b21a6f8c9b70876ba0858053c04477534ef55a1706bf4c1112bbb242f0a2.sdkstatcache -output-file-map /Users/admin/builder/spi-builder-workspace/.derivedData/Build/Intermediates.noindex/Cryptor.build/Debug-watchos/Cryptor-t.build/Objects-normal/arm64_32/Cryptor-OutputFileMap.json -save-temps -no-color-diagnostics -explicit-module-build -module-cache-path /Users/admin/builder/spi-builder-workspace/.derivedData/Build/Intermediates.noindex/SwiftExplicitPrecompiledModules -clang-scanner-module-cache-path /Users/admin/builder/spi-builder-workspace/.derivedData/ModuleCache.noindex -sdk-module-cache-path /Users/admin/builder/spi-builder-workspace/.derivedData/SDKExplicitPrecompiledModules -emit-dependencies -emit-module -emit-module-path /Users/admin/builder/spi-builder-workspace/.derivedData/Build/Intermediates.noindex/Cryptor.build/Debug-watchos/Cryptor-t.build/Objects-normal/arm64_32/Cryptor.swiftmodule -serialize-diagnostics -dependency-scan-serialize-diagnostics-path /Users/admin/builder/spi-builder-workspace/.derivedData/Build/Intermediates.noindex/Cryptor.build/Debug-watchos/Cryptor-t.build/Objects-normal/arm64_32/Cryptor-dependency-scan.dia -validate-clang-modules-once -clang-build-session-file /Users/admin/builder/spi-builder-workspace/.derivedData/ModuleCache.noindex/Session.modulevalidation -Xcc -fmodules-prune-interval\=86400 -Xcc -fmodules-prune-after\=345600 -emit-const-values -const-gather-protocols-list /Users/admin/builder/spi-builder-workspace/.derivedData/Build/Intermediates.noindex/Cryptor.build/Debug-watchos/Cryptor-t.build/Objects-normal/arm64_32/Cryptor_const_extract_protocols.json -Xcc -I/Users/admin/builder/spi-builder-workspace/.derivedData/Build/Products/Debug-watchos/include -Xcc -I/Users/admin/builder/spi-builder-workspace/.derivedData/Build/Intermediates.noindex/Cryptor.build/Debug-watchos/Cryptor-t.build/DerivedSources-normal/arm64_32 -Xcc -I/Users/admin/builder/spi-builder-workspace/.derivedData/Build/Intermediates.noindex/Cryptor.build/Debug-watchos/Cryptor-t.build/DerivedSources/arm64_32 -Xcc -I/Users/admin/builder/spi-builder-workspace/.derivedData/Build/Intermediates.noindex/Cryptor.build/Debug-watchos/Cryptor-t.build/DerivedSources -Xcc -DSWIFT_PACKAGE -Xcc -DDEBUG\=1 -emit-objc-header -emit-objc-header-path /Users/admin/builder/spi-builder-workspace/.derivedData/Build/Intermediates.noindex/Cryptor.build/Debug-watchos/Cryptor-t.build/Objects-normal/arm64_32/Cryptor-Swift.h -working-directory /Users/admin/builder/spi-builder-workspace/.swiftpm/xcode -experimental-emit-module-separately -disable-cmo
Ld /Users/admin/builder/spi-builder-workspace/.derivedData/Build/Intermediates.noindex/Cryptor.build/Debug-watchos/Cryptor-t.build/Objects-normal/arm64_32/Binary/Cryptor.o normal arm64_32 (in target 'Cryptor' from project 'Cryptor')
    cd /Users/admin/builder/spi-builder-workspace/.dependencies/checkouts/BlueCryptor
    /Applications/Xcode-27.0.0-Release.Candidate.app/Contents/Developer/Toolchains/XcodeDefault.xctoolchain/usr/bin/clang -Xlinker -reproducible -target arm64_32-apple-watchos9.0 -r -isysroot /Applications/Xcode-27.0.0-Release.Candidate.app/Contents/Developer/Platforms/WatchOS.platform/Developer/SDKs/WatchOS27.0.sdk -O0 -w -Xlinker -no_warn_duplicate_libraries -F/Users/admin/builder/spi-builder-workspace/.derivedData/Build/Intermediates.noindex/EagerLinkingTBDs/Debug-watchos -F/Users/admin/builder/spi-builder-workspace/.derivedData/Build/Products/Debug-watchos -iframework /Applications/Xcode-27.0.0-Release.Candidate.app/Contents/Developer/Platforms/WatchOS.platform/Developer/Library/Frameworks -iframework /Applications/Xcode-27.0.0-Release.Candidate.app/Contents/Developer/Platforms/WatchOS.platform/Developer/SDKs/WatchOS27.0.sdk/Developer/Library/Frameworks -filelist /Users/admin/builder/spi-builder-workspace/.derivedData/Build/Intermediates.noindex/Cryptor.build/Debug-watchos/Cryptor-t.build/Objects-normal/arm64_32/Cryptor.LinkFileList -nostdlib -Xlinker -object_path_lto -Xlinker /Users/admin/builder/spi-builder-workspace/.derivedData/Build/Intermediates.noindex/Cryptor.build/Debug-watchos/Cryptor-t.build/Objects-normal/arm64_32/Cryptor_lto.o -Xlinker -no_deduplicate -Xlinker -dependency_info -Xlinker /Users/admin/builder/spi-builder-workspace/.derivedData/Build/Intermediates.noindex/Cryptor.build/Debug-watchos/Cryptor-t.build/Objects-normal/arm64_32/Cryptor_dependency_info.dat -fobjc-link-runtime -L/Applications/Xcode-27.0.0-Release.Candidate.app/Contents/Developer/Toolchains/XcodeDefault.xctoolchain/usr/lib/swift/watchos -L/usr/lib/swift -Xlinker -add_ast_path -Xlinker /Users/admin/builder/spi-builder-workspace/.derivedData/Build/Intermediates.noindex/Cryptor.build/Debug-watchos/Cryptor-t.build/Objects-normal/arm64_32/Cryptor.swiftmodule -o /Users/admin/builder/spi-builder-workspace/.derivedData/Build/Intermediates.noindex/Cryptor.build/Debug-watchos/Cryptor-t.build/Objects-normal/arm64_32/Binary/Cryptor.o
SwiftEmitModule normal arm64 Emitting\ module\ for\ KituraContracts (in target 'KituraContracts' from project 'KituraContracts')
SwiftCompile normal arm64 (in target 'KituraContracts' from project 'KituraContracts')
    cd /Users/admin/builder/spi-builder-workspace/.swiftpm/xcode

SwiftCompile normal arm64 Compiling\ QueryDecoder.swift /Users/admin/builder/spi-builder-workspace/.dependencies/checkouts/KituraContracts/Sources/KituraContracts/CodableQuery/QueryDecoder.swift (in target 'KituraContracts' from project 'KituraContracts')
SwiftCompile normal arm64 /Users/admin/builder/spi-builder-workspace/.dependencies/checkouts/KituraContracts/Sources/KituraContracts/CodableQuery/QueryDecoder.swift (in target 'KituraContracts' from project 'KituraContracts')
    cd /Users/admin/builder/spi-builder-workspace/.swiftpm/xcode
    builtin-SwiftPerFileCompile QueryDecoder.swift
SwiftCompile normal arm64 Compiling\ Contracts.swift /Users/admin/builder/spi-builder-workspace/.dependencies/checkouts/KituraContracts/Sources/KituraContracts/Contracts.swift (in target 'KituraContracts' from project 'KituraContracts')
SwiftCompile normal arm64 /Users/admin/builder/spi-builder-workspace/.dependencies/checkouts/KituraContracts/Sources/KituraContracts/Contracts.swift (in target 'KituraContracts' from project 'KituraContracts')
    cd /Users/admin/builder/spi-builder-workspace/.swiftpm/xcode
    builtin-SwiftPerFileCompile Contracts.swift
CreateUniversalBinary /Users/admin/builder/spi-builder-workspace/.derivedData/Build/Products/Debug-watchos/Socket.o normal arm64\ arm64_32 (in target 'Socket' from project 'Socket')
    cd /Users/admin/builder/spi-builder-workspace/.dependencies/checkouts/BlueSocket
    /Applications/Xcode-27.0.0-Release.Candidate.app/Contents/Developer/Toolchains/XcodeDefault.xctoolchain/usr/bin/lipo -create /Users/admin/builder/spi-builder-workspace/.derivedData/Build/Intermediates.noindex/Socket.build/Debug-watchos/Socket-t.build/Objects-normal/arm64/Binary/Socket.o /Users/admin/builder/spi-builder-workspace/.derivedData/Build/Intermediates.noindex/Socket.build/Debug-watchos/Socket-t.build/Objects-normal/arm64_32/Binary/Socket.o -output /Users/admin/builder/spi-builder-workspace/.derivedData/Build/Products/Debug-watchos/Socket.o
SwiftEmitModule normal arm64_32 Emitting\ module\ for\ KituraContracts (in target 'KituraContracts' from project 'KituraContracts')
SwiftCompile normal arm64_32 (in target 'KituraContracts' from project 'KituraContracts')
    cd /Users/admin/builder/spi-builder-workspace/.swiftpm/xcode

CreateUniversalBinary /Users/admin/builder/spi-builder-workspace/.derivedData/Build/Products/Debug-watchos/Cryptor.o normal arm64\ arm64_32 (in target 'Cryptor' from project 'Cryptor')
    cd /Users/admin/builder/spi-builder-workspace/.dependencies/checkouts/BlueCryptor
    /Applications/Xcode-27.0.0-Release.Candidate.app/Contents/Developer/Toolchains/XcodeDefault.xctoolchain/usr/bin/lipo -create /Users/admin/builder/spi-builder-workspace/.derivedData/Build/Intermediates.noindex/Cryptor.build/Debug-watchos/Cryptor-t.build/Objects-normal/arm64/Binary/Cryptor.o /Users/admin/builder/spi-builder-workspace/.derivedData/Build/Intermediates.noindex/Cryptor.build/Debug-watchos/Cryptor-t.build/Objects-normal/arm64_32/Binary/Cryptor.o -output /Users/admin/builder/spi-builder-workspace/.derivedData/Build/Products/Debug-watchos/Cryptor.o
SwiftDriverJobDiscovery normal arm64_32 Emitting module for SSLService (in target 'SSLService' from project 'SSLService')
SwiftDriver\ Compilation\ Requirements SSLService normal arm64_32 com.apple.xcode.tools.swift.compiler (in target 'SSLService' from project 'SSLService')
    cd /Users/admin/builder/spi-builder-workspace/.swiftpm/xcode
    builtin-Swift-Compilation-Requirements -- /Applications/Xcode-27.0.0-Release.Candidate.app/Contents/Developer/Toolchains/XcodeDefault.xctoolchain/usr/bin/swiftc -parse-as-library -module-name SSLService -Onone @/Users/admin/builder/spi-builder-workspace/.derivedData/Build/Intermediates.noindex/SSLService.build/Debug-watchos/SSLService-t.build/Objects-normal/arm64_32/SSLService.SwiftFileList -DSWIFT_PACKAGE -DDEBUG -DSWIFT_MODULE_RESOURCE_BUNDLE_UNAVAILABLE -DXcode -plugin-path /Applications/Xcode-27.0.0-Release.Candidate.app/Contents/Developer/Toolchains/XcodeDefault.xctoolchain/usr/lib/swift/host/plugins/testing -enable-experimental-feature DebugDescriptionMacro -sdk /Applications/Xcode-27.0.0-Release.Candidate.app/Contents/Developer/Platforms/WatchOS.platform/Developer/SDKs/WatchOS27.0.sdk -target arm64_32-apple-watchos9.0 -g -module-cache-path /Users/admin/builder/spi-builder-workspace/.derivedData/ModuleCache.noindex -Xfrontend -serialize-debugging-options -enable-testing -suppress-warnings -index-store-path /Users/admin/builder/spi-builder-workspace/.derivedData/Index.noindex/DataStore -Xcc -D_LIBCPP_HARDENING_MODE\=_LIBCPP_HARDENING_MODE_DEBUG -swift-version 5 -I /Users/admin/builder/spi-builder-workspace/.derivedData/Build/Products/Debug-watchos -Isystem /Applications/Xcode-27.0.0-Release.Candidate.app/Contents/Developer/Platforms/WatchOS.platform/Developer/usr/lib -F /Users/admin/builder/spi-builder-workspace/.derivedData/Build/Products/Debug-watchos/PackageFrameworks -F /Users/admin/builder/spi-builder-workspace/.derivedData/Build/Products/Debug-watchos -F /Applications/Xcode-27.0.0-Release.Candidate.app/Contents/Developer/Platforms/WatchOS.platform/Developer/Library/Frameworks -F /Applications/Xcode-27.0.0-Release.Candidate.app/Contents/Developer/Platforms/WatchOS.platform/Developer/SDKs/WatchOS27.0.sdk/Developer/Library/Frameworks -c -j10 -enable-batch-mode -incremental -Xcc -ivfsstatcache -Xcc /Users/admin/builder/spi-builder-workspace/.derivedData/SDKStatCaches.noindex/watchos27.0-24R360-e829b21a6f8c9b70876ba0858053c04477534ef55a1706bf4c1112bbb242f0a2.sdkstatcache -output-file-map /Users/admin/builder/spi-builder-workspace/.derivedData/Build/Intermediates.noindex/SSLService.build/Debug-watchos/SSLService-t.build/Objects-normal/arm64_32/SSLService-OutputFileMap.json -save-temps -no-color-diagnostics -explicit-module-build -module-cache-path /Users/admin/builder/spi-builder-workspace/.derivedData/Build/Intermediates.noindex/SwiftExplicitPrecompiledModules -clang-scanner-module-cache-path /Users/admin/builder/spi-builder-workspace/.derivedData/ModuleCache.noindex -sdk-module-cache-path /Users/admin/builder/spi-builder-workspace/.derivedData/SDKExplicitPrecompiledModules -emit-dependencies -emit-module -emit-module-path /Users/admin/builder/spi-builder-workspace/.derivedData/Build/Intermediates.noindex/SSLService.build/Debug-watchos/SSLService-t.build/Objects-normal/arm64_32/SSLService.swiftmodule -serialize-diagnostics -dependency-scan-serialize-diagnostics-path /Users/admin/builder/spi-builder-workspace/.derivedData/Build/Intermediates.noindex/SSLService.build/Debug-watchos/SSLService-t.build/Objects-normal/arm64_32/SSLService-dependency-scan.dia -validate-clang-modules-once -clang-build-session-file /Users/admin/builder/spi-builder-workspace/.derivedData/ModuleCache.noindex/Session.modulevalidation -Xcc -fmodules-prune-interval\=86400 -Xcc -fmodules-prune-after\=345600 -emit-const-values -const-gather-protocols-list /Users/admin/builder/spi-builder-workspace/.derivedData/Build/Intermediates.noindex/SSLService.build/Debug-watchos/SSLService-t.build/Objects-normal/arm64_32/SSLService_const_extract_protocols.json -Xcc -I/Users/admin/builder/spi-builder-workspace/.derivedData/Build/Products/Debug-watchos/include -Xcc -I/Users/admin/builder/spi-builder-workspace/.derivedData/Build/Intermediates.noindex/SSLService.build/Debug-watchos/SSLService-t.build/DerivedSources-normal/arm64_32 -Xcc -I/Users/admin/builder/spi-builder-workspace/.derivedData/Build/Intermediates.noindex/SSLService.build/Debug-watchos/SSLService-t.build/DerivedSources/arm64_32 -Xcc -I/Users/admin/builder/spi-builder-workspace/.derivedData/Build/Intermediates.noindex/SSLService.build/Debug-watchos/SSLService-t.build/DerivedSources -Xcc -DSWIFT_PACKAGE -Xcc -DDEBUG\=1 -emit-objc-header -emit-objc-header-path /Users/admin/builder/spi-builder-workspace/.derivedData/Build/Intermediates.noindex/SSLService.build/Debug-watchos/SSLService-t.build/Objects-normal/arm64_32/SSLService-Swift.h -working-directory /Users/admin/builder/spi-builder-workspace/.swiftpm/xcode -experimental-emit-module-separately -disable-cmo
SwiftDriverJobDiscovery normal arm64_32 Compiling SSLPointerTricks.swift (in target 'SSLService' from project 'SSLService')
SwiftCompile normal arm64_32 Compiling\ BodyEncoder.swift /Users/admin/builder/spi-builder-workspace/.dependencies/checkouts/KituraContracts/Sources/KituraContracts/BodyEncoder.swift (in target 'KituraContracts' from project 'KituraContracts')
SwiftCompile normal arm64_32 /Users/admin/builder/spi-builder-workspace/.dependencies/checkouts/KituraContracts/Sources/KituraContracts/BodyEncoder.swift (in target 'KituraContracts' from project 'KituraContracts')
    cd /Users/admin/builder/spi-builder-workspace/.swiftpm/xcode
    builtin-SwiftPerFileCompile BodyEncoder.swift
SwiftCompile normal arm64_32 Compiling\ BodyFormat.swift /Users/admin/builder/spi-builder-workspace/.dependencies/checkouts/KituraContracts/Sources/KituraContracts/BodyFormat.swift (in target 'KituraContracts' from project 'KituraContracts')
SwiftCompile normal arm64_32 /Users/admin/builder/spi-builder-workspace/.dependencies/checkouts/KituraContracts/Sources/KituraContracts/BodyFormat.swift (in target 'KituraContracts' from project 'KituraContracts')
    cd /Users/admin/builder/spi-builder-workspace/.swiftpm/xcode
    builtin-SwiftPerFileCompile BodyFormat.swift
SwiftCompile normal arm64_32 Compiling\ Contracts.swift /Users/admin/builder/spi-builder-workspace/.dependencies/checkouts/KituraContracts/Sources/KituraContracts/Contracts.swift (in target 'KituraContracts' from project 'KituraContracts')
SwiftCompile normal arm64_32 /Users/admin/builder/spi-builder-workspace/.dependencies/checkouts/KituraContracts/Sources/KituraContracts/Contracts.swift (in target 'KituraContracts' from project 'KituraContracts')
    cd /Users/admin/builder/spi-builder-workspace/.swiftpm/xcode
    builtin-SwiftPerFileCompile Contracts.swift
SwiftCompile normal arm64 Compiling\ BodyDecoder.swift /Users/admin/builder/spi-builder-workspace/.dependencies/checkouts/KituraContracts/Sources/KituraContracts/BodyDecoder.swift (in target 'KituraContracts' from project 'KituraContracts')
SwiftCompile normal arm64 /Users/admin/builder/spi-builder-workspace/.dependencies/checkouts/KituraContracts/Sources/KituraContracts/BodyDecoder.swift (in target 'KituraContracts' from project 'KituraContracts')
    cd /Users/admin/builder/spi-builder-workspace/.swiftpm/xcode
    builtin-SwiftPerFileCompile BodyDecoder.swift
SwiftDriverJobDiscovery normal arm64 Compiling SSLPointerTricks.swift (in target 'SSLService' from project 'SSLService')
SwiftDriverJobDiscovery normal arm64 Emitting module for SSLService (in target 'SSLService' from project 'SSLService')
SwiftDriver\ Compilation\ Requirements SSLService normal arm64 com.apple.xcode.tools.swift.compiler (in target 'SSLService' from project 'SSLService')
    cd /Users/admin/builder/spi-builder-workspace/.swiftpm/xcode
    builtin-Swift-Compilation-Requirements -- /Applications/Xcode-27.0.0-Release.Candidate.app/Contents/Developer/Toolchains/XcodeDefault.xctoolchain/usr/bin/swiftc -parse-as-library -module-name SSLService -Onone @/Users/admin/builder/spi-builder-workspace/.derivedData/Build/Intermediates.noindex/SSLService.build/Debug-watchos/SSLService-t.build/Objects-normal/arm64/SSLService.SwiftFileList -DSWIFT_PACKAGE -DDEBUG -DSWIFT_MODULE_RESOURCE_BUNDLE_UNAVAILABLE -DXcode -plugin-path /Applications/Xcode-27.0.0-Release.Candidate.app/Contents/Developer/Toolchains/XcodeDefault.xctoolchain/usr/lib/swift/host/plugins/testing -enable-experimental-feature DebugDescriptionMacro -sdk /Applications/Xcode-27.0.0-Release.Candidate.app/Contents/Developer/Platforms/WatchOS.platform/Developer/SDKs/WatchOS27.0.sdk -target arm64-apple-watchos9.0 -g -module-cache-path /Users/admin/builder/spi-builder-workspace/.derivedData/ModuleCache.noindex -Xfrontend -serialize-debugging-options -enable-testing -suppress-warnings -index-store-path /Users/admin/builder/spi-builder-workspace/.derivedData/Index.noindex/DataStore -Xcc -D_LIBCPP_HARDENING_MODE\=_LIBCPP_HARDENING_MODE_DEBUG -swift-version 5 -I /Users/admin/builder/spi-builder-workspace/.derivedData/Build/Products/Debug-watchos -Isystem /Applications/Xcode-27.0.0-Release.Candidate.app/Contents/Developer/Platforms/WatchOS.platform/Developer/usr/lib -F /Users/admin/builder/spi-builder-workspace/.derivedData/Build/Products/Debug-watchos/PackageFrameworks -F /Users/admin/builder/spi-builder-workspace/.derivedData/Build/Products/Debug-watchos -F /Applications/Xcode-27.0.0-Release.Candidate.app/Contents/Developer/Platforms/WatchOS.platform/Developer/Library/Frameworks -F /Applications/Xcode-27.0.0-Release.Candidate.app/Contents/Developer/Platforms/WatchOS.platform/Developer/SDKs/WatchOS27.0.sdk/Developer/Library/Frameworks -c -j10 -enable-batch-mode -incremental -Xcc -ivfsstatcache -Xcc /Users/admin/builder/spi-builder-workspace/.derivedData/SDKStatCaches.noindex/watchos27.0-24R360-e829b21a6f8c9b70876ba0858053c04477534ef55a1706bf4c1112bbb242f0a2.sdkstatcache -output-file-map /Users/admin/builder/spi-builder-workspace/.derivedData/Build/Intermediates.noindex/SSLService.build/Debug-watchos/SSLService-t.build/Objects-normal/arm64/SSLService-OutputFileMap.json -save-temps -no-color-diagnostics -explicit-module-build -module-cache-path /Users/admin/builder/spi-builder-workspace/.derivedData/Build/Intermediates.noindex/SwiftExplicitPrecompiledModules -clang-scanner-module-cache-path /Users/admin/builder/spi-builder-workspace/.derivedData/ModuleCache.noindex -sdk-module-cache-path /Users/admin/builder/spi-builder-workspace/.derivedData/SDKExplicitPrecompiledModules -emit-dependencies -emit-module -emit-module-path /Users/admin/builder/spi-builder-workspace/.derivedData/Build/Intermediates.noindex/SSLService.build/Debug-watchos/SSLService-t.build/Objects-normal/arm64/SSLService.swiftmodule -serialize-diagnostics -dependency-scan-serialize-diagnostics-path /Users/admin/builder/spi-builder-workspace/.derivedData/Build/Intermediates.noindex/SSLService.build/Debug-watchos/SSLService-t.build/Objects-normal/arm64/SSLService-dependency-scan.dia -validate-clang-modules-once -clang-build-session-file /Users/admin/builder/spi-builder-workspace/.derivedData/ModuleCache.noindex/Session.modulevalidation -Xcc -fmodules-prune-interval\=86400 -Xcc -fmodules-prune-after\=345600 -emit-const-values -const-gather-protocols-list /Users/admin/builder/spi-builder-workspace/.derivedData/Build/Intermediates.noindex/SSLService.build/Debug-watchos/SSLService-t.build/Objects-normal/arm64/SSLService_const_extract_protocols.json -Xcc -I/Users/admin/builder/spi-builder-workspace/.derivedData/Build/Products/Debug-watchos/include -Xcc -I/Users/admin/builder/spi-builder-workspace/.derivedData/Build/Intermediates.noindex/SSLService.build/Debug-watchos/SSLService-t.build/DerivedSources-normal/arm64 -Xcc -I/Users/admin/builder/spi-builder-workspace/.derivedData/Build/Intermediates.noindex/SSLService.build/Debug-watchos/SSLService-t.build/DerivedSources/arm64 -Xcc -I/Users/admin/builder/spi-builder-workspace/.derivedData/Build/Intermediates.noindex/SSLService.build/Debug-watchos/SSLService-t.build/DerivedSources -Xcc -DSWIFT_PACKAGE -Xcc -DDEBUG\=1 -emit-objc-header -emit-objc-header-path /Users/admin/builder/spi-builder-workspace/.derivedData/Build/Intermediates.noindex/SSLService.build/Debug-watchos/SSLService-t.build/Objects-normal/arm64/SSLService-Swift.h -working-directory /Users/admin/builder/spi-builder-workspace/.swiftpm/xcode -experimental-emit-module-separately -disable-cmo
SwiftDriverJobDiscovery normal arm64_32 Compiling BodyEncoder.swift (in target 'KituraContracts' from project 'KituraContracts')
Copy /Users/admin/builder/spi-builder-workspace/.derivedData/Build/Products/Debug-watchos/SSLService.swiftmodule/arm64_32-apple-watchos.swiftmodule /Users/admin/builder/spi-builder-workspace/.derivedData/Build/Intermediates.noindex/SSLService.build/Debug-watchos/SSLService-t.build/Objects-normal/arm64_32/SSLService.swiftmodule (in target 'SSLService' from project 'SSLService')
    cd /Users/admin/builder/spi-builder-workspace/.dependencies/checkouts/BlueSSLService
    builtin-copy -exclude .DS_Store -exclude CVS -exclude .svn -exclude .git -exclude .hg -resolve-src-symlinks -rename /Users/admin/builder/spi-builder-workspace/.derivedData/Build/Intermediates.noindex/SSLService.build/Debug-watchos/SSLService-t.build/Objects-normal/arm64_32/SSLService.swiftmodule /Users/admin/builder/spi-builder-workspace/.derivedData/Build/Products/Debug-watchos/SSLService.swiftmodule/arm64_32-apple-watchos.swiftmodule
SwiftDriverJobDiscovery normal arm64 Compiling BodyDecoder.swift (in target 'KituraContracts' from project 'KituraContracts')
Copy /Users/admin/builder/spi-builder-workspace/.derivedData/Build/Products/Debug-watchos/SSLService.swiftmodule/arm64_32-apple-watchos.swiftdoc /Users/admin/builder/spi-builder-workspace/.derivedData/Build/Intermediates.noindex/SSLService.build/Debug-watchos/SSLService-t.build/Objects-normal/arm64_32/SSLService.swiftdoc (in target 'SSLService' from project 'SSLService')
    cd /Users/admin/builder/spi-builder-workspace/.dependencies/checkouts/BlueSSLService
    builtin-copy -exclude .DS_Store -exclude CVS -exclude .svn -exclude .git -exclude .hg -resolve-src-symlinks -rename /Users/admin/builder/spi-builder-workspace/.derivedData/Build/Intermediates.noindex/SSLService.build/Debug-watchos/SSLService-t.build/Objects-normal/arm64_32/SSLService.swiftdoc /Users/admin/builder/spi-builder-workspace/.derivedData/Build/Products/Debug-watchos/SSLService.swiftmodule/arm64_32-apple-watchos.swiftdoc
Copy /Users/admin/builder/spi-builder-workspace/.derivedData/Build/Products/Debug-watchos/SSLService.swiftmodule/arm64_32-apple-watchos.abi.json /Users/admin/builder/spi-builder-workspace/.derivedData/Build/Intermediates.noindex/SSLService.build/Debug-watchos/SSLService-t.build/Objects-normal/arm64_32/SSLService.abi.json (in target 'SSLService' from project 'SSLService')
    cd /Users/admin/builder/spi-builder-workspace/.dependencies/checkouts/BlueSSLService
    builtin-copy -exclude .DS_Store -exclude CVS -exclude .svn -exclude .git -exclude .hg -resolve-src-symlinks -rename /Users/admin/builder/spi-builder-workspace/.derivedData/Build/Intermediates.noindex/SSLService.build/Debug-watchos/SSLService-t.build/Objects-normal/arm64_32/SSLService.abi.json /Users/admin/builder/spi-builder-workspace/.derivedData/Build/Products/Debug-watchos/SSLService.swiftmodule/arm64_32-apple-watchos.abi.json
SwiftMergeGeneratedHeaders /Users/admin/builder/spi-builder-workspace/.derivedData/Build/Intermediates.noindex/GeneratedModuleMaps-watchos/SSLService-Swift.h /Users/admin/builder/spi-builder-workspace/.derivedData/Build/Intermediates.noindex/SSLService.build/Debug-watchos/SSLService-t.build/Objects-normal/arm64/SSLService-Swift.h /Users/admin/builder/spi-builder-workspace/.derivedData/Build/Intermediates.noindex/SSLService.build/Debug-watchos/SSLService-t.build/Objects-normal/arm64_32/SSLService-Swift.h (in target 'SSLService' from project 'SSLService')
    cd /Users/admin/builder/spi-builder-workspace/.dependencies/checkouts/BlueSSLService
    builtin-swiftHeaderTool -arch arm64 /Users/admin/builder/spi-builder-workspace/.derivedData/Build/Intermediates.noindex/SSLService.build/Debug-watchos/SSLService-t.build/Objects-normal/arm64/SSLService-Swift.h -arch arm64_32 /Users/admin/builder/spi-builder-workspace/.derivedData/Build/Intermediates.noindex/SSLService.build/Debug-watchos/SSLService-t.build/Objects-normal/arm64_32/SSLService-Swift.h -o /Users/admin/builder/spi-builder-workspace/.derivedData/Build/Intermediates.noindex/GeneratedModuleMaps-watchos/SSLService-Swift.h
Copy /Users/admin/builder/spi-builder-workspace/.derivedData/Build/Products/Debug-watchos/SSLService.swiftmodule/arm64-apple-watchos.swiftmodule /Users/admin/builder/spi-builder-workspace/.derivedData/Build/Intermediates.noindex/SSLService.build/Debug-watchos/SSLService-t.build/Objects-normal/arm64/SSLService.swiftmodule (in target 'SSLService' from project 'SSLService')
    cd /Users/admin/builder/spi-builder-workspace/.dependencies/checkouts/BlueSSLService
    builtin-copy -exclude .DS_Store -exclude CVS -exclude .svn -exclude .git -exclude .hg -resolve-src-symlinks -rename /Users/admin/builder/spi-builder-workspace/.derivedData/Build/Intermediates.noindex/SSLService.build/Debug-watchos/SSLService-t.build/Objects-normal/arm64/SSLService.swiftmodule /Users/admin/builder/spi-builder-workspace/.derivedData/Build/Products/Debug-watchos/SSLService.swiftmodule/arm64-apple-watchos.swiftmodule
Copy /Users/admin/builder/spi-builder-workspace/.derivedData/Build/Products/Debug-watchos/SSLService.swiftmodule/arm64-apple-watchos.swiftdoc /Users/admin/builder/spi-builder-workspace/.derivedData/Build/Intermediates.noindex/SSLService.build/Debug-watchos/SSLService-t.build/Objects-normal/arm64/SSLService.swiftdoc (in target 'SSLService' from project 'SSLService')
    cd /Users/admin/builder/spi-builder-workspace/.dependencies/checkouts/BlueSSLService
    builtin-copy -exclude .DS_Store -exclude CVS -exclude .svn -exclude .git -exclude .hg -resolve-src-symlinks -rename /Users/admin/builder/spi-builder-workspace/.derivedData/Build/Intermediates.noindex/SSLService.build/Debug-watchos/SSLService-t.build/Objects-normal/arm64/SSLService.swiftdoc /Users/admin/builder/spi-builder-workspace/.derivedData/Build/Products/Debug-watchos/SSLService.swiftmodule/arm64-apple-watchos.swiftdoc
Copy /Users/admin/builder/spi-builder-workspace/.derivedData/Build/Products/Debug-watchos/SSLService.swiftmodule/arm64-apple-watchos.abi.json /Users/admin/builder/spi-builder-workspace/.derivedData/Build/Intermediates.noindex/SSLService.build/Debug-watchos/SSLService-t.build/Objects-normal/arm64/SSLService.abi.json (in target 'SSLService' from project 'SSLService')
    cd /Users/admin/builder/spi-builder-workspace/.dependencies/checkouts/BlueSSLService
    builtin-copy -exclude .DS_Store -exclude CVS -exclude .svn -exclude .git -exclude .hg -resolve-src-symlinks -rename /Users/admin/builder/spi-builder-workspace/.derivedData/Build/Intermediates.noindex/SSLService.build/Debug-watchos/SSLService-t.build/Objects-normal/arm64/SSLService.abi.json /Users/admin/builder/spi-builder-workspace/.derivedData/Build/Products/Debug-watchos/SSLService.swiftmodule/arm64-apple-watchos.abi.json
Copy /Users/admin/builder/spi-builder-workspace/.derivedData/Build/Products/Debug-watchos/SSLService.swiftmodule/Project/arm64_32-apple-watchos.swiftsourceinfo /Users/admin/builder/spi-builder-workspace/.derivedData/Build/Intermediates.noindex/SSLService.build/Debug-watchos/SSLService-t.build/Objects-normal/arm64_32/SSLService.swiftsourceinfo (in target 'SSLService' from project 'SSLService')
    cd /Users/admin/builder/spi-builder-workspace/.dependencies/checkouts/BlueSSLService
    builtin-copy -exclude .DS_Store -exclude CVS -exclude .svn -exclude .git -exclude .hg -resolve-src-symlinks -rename /Users/admin/builder/spi-builder-workspace/.derivedData/Build/Intermediates.noindex/SSLService.build/Debug-watchos/SSLService-t.build/Objects-normal/arm64_32/SSLService.swiftsourceinfo /Users/admin/builder/spi-builder-workspace/.derivedData/Build/Products/Debug-watchos/SSLService.swiftmodule/Project/arm64_32-apple-watchos.swiftsourceinfo
Copy /Users/admin/builder/spi-builder-workspace/.derivedData/Build/Products/Debug-watchos/SSLService.swiftmodule/Project/arm64-apple-watchos.swiftsourceinfo /Users/admin/builder/spi-builder-workspace/.derivedData/Build/Intermediates.noindex/SSLService.build/Debug-watchos/SSLService-t.build/Objects-normal/arm64/SSLService.swiftsourceinfo (in target 'SSLService' from project 'SSLService')
    cd /Users/admin/builder/spi-builder-workspace/.dependencies/checkouts/BlueSSLService
    builtin-copy -exclude .DS_Store -exclude CVS -exclude .svn -exclude .git -exclude .hg -resolve-src-symlinks -rename /Users/admin/builder/spi-builder-workspace/.derivedData/Build/Intermediates.noindex/SSLService.build/Debug-watchos/SSLService-t.build/Objects-normal/arm64/SSLService.swiftsourceinfo /Users/admin/builder/spi-builder-workspace/.derivedData/Build/Products/Debug-watchos/SSLService.swiftmodule/Project/arm64-apple-watchos.swiftsourceinfo
SwiftCompile normal arm64 Compiling\ Extensions.swift /Users/admin/builder/spi-builder-workspace/.dependencies/checkouts/KituraContracts/Sources/KituraContracts/CodableQuery/Extensions.swift (in target 'KituraContracts' from project 'KituraContracts')
SwiftCompile normal arm64 /Users/admin/builder/spi-builder-workspace/.dependencies/checkouts/KituraContracts/Sources/KituraContracts/CodableQuery/Extensions.swift (in target 'KituraContracts' from project 'KituraContracts')
    cd /Users/admin/builder/spi-builder-workspace/.swiftpm/xcode
    builtin-SwiftPerFileCompile Extensions.swift
SwiftCompile normal arm64_32 Compiling\ QueryDecoder.swift /Users/admin/builder/spi-builder-workspace/.dependencies/checkouts/KituraContracts/Sources/KituraContracts/CodableQuery/QueryDecoder.swift (in target 'KituraContracts' from project 'KituraContracts')
SwiftCompile normal arm64_32 /Users/admin/builder/spi-builder-workspace/.dependencies/checkouts/KituraContracts/Sources/KituraContracts/CodableQuery/QueryDecoder.swift (in target 'KituraContracts' from project 'KituraContracts')
    cd /Users/admin/builder/spi-builder-workspace/.swiftpm/xcode
    builtin-SwiftPerFileCompile QueryDecoder.swift
SwiftDriverJobDiscovery normal arm64_32 Compiling BodyFormat.swift (in target 'KituraContracts' from project 'KituraContracts')
SwiftCompile normal arm64_32 Compiling\ Coder.swift /Users/admin/builder/spi-builder-workspace/.dependencies/checkouts/KituraContracts/Sources/KituraContracts/CodableQuery/Coder.swift (in target 'KituraContracts' from project 'KituraContracts')
SwiftCompile normal arm64_32 /Users/admin/builder/spi-builder-workspace/.dependencies/checkouts/KituraContracts/Sources/KituraContracts/CodableQuery/Coder.swift (in target 'KituraContracts' from project 'KituraContracts')
    cd /Users/admin/builder/spi-builder-workspace/.swiftpm/xcode
    builtin-SwiftPerFileCompile Coder.swift
SwiftDriverJobDiscovery normal arm64 Emitting module for KituraContracts (in target 'KituraContracts' from project 'KituraContracts')
SwiftCompile normal arm64_32 Compiling\ BodyDecoder.swift /Users/admin/builder/spi-builder-workspace/.dependencies/checkouts/KituraContracts/Sources/KituraContracts/BodyDecoder.swift (in target 'KituraContracts' from project 'KituraContracts')
SwiftCompile normal arm64_32 /Users/admin/builder/spi-builder-workspace/.dependencies/checkouts/KituraContracts/Sources/KituraContracts/BodyDecoder.swift (in target 'KituraContracts' from project 'KituraContracts')
    cd /Users/admin/builder/spi-builder-workspace/.swiftpm/xcode
    builtin-SwiftPerFileCompile BodyDecoder.swift
SwiftDriver\ Compilation\ Requirements KituraContracts normal arm64 com.apple.xcode.tools.swift.compiler (in target 'KituraContracts' from project 'KituraContracts')
    cd /Users/admin/builder/spi-builder-workspace/.swiftpm/xcode
    builtin-Swift-Compilation-Requirements -- /Applications/Xcode-27.0.0-Release.Candidate.app/Contents/Developer/Toolchains/XcodeDefault.xctoolchain/usr/bin/swiftc -parse-as-library -module-name KituraContracts -Onone @/Users/admin/builder/spi-builder-workspace/.derivedData/Build/Intermediates.noindex/KituraContracts.build/Debug-watchos/KituraContracts-t.build/Objects-normal/arm64/KituraContracts.SwiftFileList -DSWIFT_PACKAGE -DDEBUG -DSWIFT_MODULE_RESOURCE_BUNDLE_UNAVAILABLE -DXcode -plugin-path /Applications/Xcode-27.0.0-Release.Candidate.app/Contents/Developer/Toolchains/XcodeDefault.xctoolchain/usr/lib/swift/host/plugins/testing -enable-experimental-feature DebugDescriptionMacro -sdk /Applications/Xcode-27.0.0-Release.Candidate.app/Contents/Developer/Platforms/WatchOS.platform/Developer/SDKs/WatchOS27.0.sdk -target arm64-apple-watchos9.0 -g -module-cache-path /Users/admin/builder/spi-builder-workspace/.derivedData/ModuleCache.noindex -Xfrontend -serialize-debugging-options -enable-testing -suppress-warnings -index-store-path /Users/admin/builder/spi-builder-workspace/.derivedData/Index.noindex/DataStore -Xcc -D_LIBCPP_HARDENING_MODE\=_LIBCPP_HARDENING_MODE_DEBUG -swift-version 5 -I /Users/admin/builder/spi-builder-workspace/.derivedData/Build/Products/Debug-watchos -Isystem /Applications/Xcode-27.0.0-Release.Candidate.app/Contents/Developer/Platforms/WatchOS.platform/Developer/usr/lib -F /Users/admin/builder/spi-builder-workspace/.derivedData/Build/Products/Debug-watchos/PackageFrameworks -F /Users/admin/builder/spi-builder-workspace/.derivedData/Build/Products/Debug-watchos -F /Applications/Xcode-27.0.0-Release.Candidate.app/Contents/Developer/Platforms/WatchOS.platform/Developer/Library/Frameworks -F /Applications/Xcode-27.0.0-Release.Candidate.app/Contents/Developer/Platforms/WatchOS.platform/Developer/SDKs/WatchOS27.0.sdk/Developer/Library/Frameworks -c -j10 -enable-batch-mode -incremental -Xcc -ivfsstatcache -Xcc /Users/admin/builder/spi-builder-workspace/.derivedData/SDKStatCaches.noindex/watchos27.0-24R360-e829b21a6f8c9b70876ba0858053c04477534ef55a1706bf4c1112bbb242f0a2.sdkstatcache -output-file-map /Users/admin/builder/spi-builder-workspace/.derivedData/Build/Intermediates.noindex/KituraContracts.build/Debug-watchos/KituraContracts-t.build/Objects-normal/arm64/KituraContracts-OutputFileMap.json -save-temps -no-color-diagnostics -explicit-module-build -module-cache-path /Users/admin/builder/spi-builder-workspace/.derivedData/Build/Intermediates.noindex/SwiftExplicitPrecompiledModules -clang-scanner-module-cache-path /Users/admin/builder/spi-builder-workspace/.derivedData/ModuleCache.noindex -sdk-module-cache-path /Users/admin/builder/spi-builder-workspace/.derivedData/SDKExplicitPrecompiledModules -emit-dependencies -emit-module -emit-module-path /Users/admin/builder/spi-builder-workspace/.derivedData/Build/Intermediates.noindex/KituraContracts.build/Debug-watchos/KituraContracts-t.build/Objects-normal/arm64/KituraContracts.swiftmodule -serialize-diagnostics -dependency-scan-serialize-diagnostics-path /Users/admin/builder/spi-builder-workspace/.derivedData/Build/Intermediates.noindex/KituraContracts.build/Debug-watchos/KituraContracts-t.build/Objects-normal/arm64/KituraContracts-dependency-scan.dia -validate-clang-modules-once -clang-build-session-file /Users/admin/builder/spi-builder-workspace/.derivedData/ModuleCache.noindex/Session.modulevalidation -Xcc -fmodules-prune-interval\=86400 -Xcc -fmodules-prune-after\=345600 -emit-const-values -const-gather-protocols-list /Users/admin/builder/spi-builder-workspace/.derivedData/Build/Intermediates.noindex/KituraContracts.build/Debug-watchos/KituraContracts-t.build/Objects-normal/arm64/KituraContracts_const_extract_protocols.json -Xcc -I/Users/admin/builder/spi-builder-workspace/.derivedData/Build/Products/Debug-watchos/include -Xcc -I/Users/admin/builder/spi-builder-workspace/.derivedData/Build/Intermediates.noindex/KituraContracts.build/Debug-watchos/KituraContracts-t.build/DerivedSources-normal/arm64 -Xcc -I/Users/admin/builder/spi-builder-workspace/.derivedData/Build/Intermediates.noindex/KituraContracts.build/Debug-watchos/KituraContracts-t.build/DerivedSources/arm64 -Xcc -I/Users/admin/builder/spi-builder-workspace/.derivedData/Build/Intermediates.noindex/KituraContracts.build/Debug-watchos/KituraContracts-t.build/DerivedSources -Xcc -DSWIFT_PACKAGE -Xcc -DDEBUG\=1 -emit-objc-header -emit-objc-header-path /Users/admin/builder/spi-builder-workspace/.derivedData/Build/Intermediates.noindex/KituraContracts.build/Debug-watchos/KituraContracts-t.build/Objects-normal/arm64/KituraContracts-Swift.h -working-directory /Users/admin/builder/spi-builder-workspace/.swiftpm/xcode -experimental-emit-module-separately -disable-cmo
SwiftDriverJobDiscovery normal arm64_32 Emitting module for KituraContracts (in target 'KituraContracts' from project 'KituraContracts')
SwiftDriver\ Compilation\ Requirements KituraContracts normal arm64_32 com.apple.xcode.tools.swift.compiler (in target 'KituraContracts' from project 'KituraContracts')
    cd /Users/admin/builder/spi-builder-workspace/.swiftpm/xcode
    builtin-Swift-Compilation-Requirements -- /Applications/Xcode-27.0.0-Release.Candidate.app/Contents/Developer/Toolchains/XcodeDefault.xctoolchain/usr/bin/swiftc -parse-as-library -module-name KituraContracts -Onone @/Users/admin/builder/spi-builder-workspace/.derivedData/Build/Intermediates.noindex/KituraContracts.build/Debug-watchos/KituraContracts-t.build/Objects-normal/arm64_32/KituraContracts.SwiftFileList -DSWIFT_PACKAGE -DDEBUG -DSWIFT_MODULE_RESOURCE_BUNDLE_UNAVAILABLE -DXcode -plugin-path /Applications/Xcode-27.0.0-Release.Candidate.app/Contents/Developer/Toolchains/XcodeDefault.xctoolchain/usr/lib/swift/host/plugins/testing -enable-experimental-feature DebugDescriptionMacro -sdk /Applications/Xcode-27.0.0-Release.Candidate.app/Contents/Developer/Platforms/WatchOS.platform/Developer/SDKs/WatchOS27.0.sdk -target arm64_32-apple-watchos9.0 -g -module-cache-path /Users/admin/builder/spi-builder-workspace/.derivedData/ModuleCache.noindex -Xfrontend -serialize-debugging-options -enable-testing -suppress-warnings -index-store-path /Users/admin/builder/spi-builder-workspace/.derivedData/Index.noindex/DataStore -Xcc -D_LIBCPP_HARDENING_MODE\=_LIBCPP_HARDENING_MODE_DEBUG -swift-version 5 -I /Users/admin/builder/spi-builder-workspace/.derivedData/Build/Products/Debug-watchos -Isystem /Applications/Xcode-27.0.0-Release.Candidate.app/Contents/Developer/Platforms/WatchOS.platform/Developer/usr/lib -F /Users/admin/builder/spi-builder-workspace/.derivedData/Build/Products/Debug-watchos/PackageFrameworks -F /Users/admin/builder/spi-builder-workspace/.derivedData/Build/Products/Debug-watchos -F /Applications/Xcode-27.0.0-Release.Candidate.app/Contents/Developer/Platforms/WatchOS.platform/Developer/Library/Frameworks -F /Applications/Xcode-27.0.0-Release.Candidate.app/Contents/Developer/Platforms/WatchOS.platform/Developer/SDKs/WatchOS27.0.sdk/Developer/Library/Frameworks -c -j10 -enable-batch-mode -incremental -Xcc -ivfsstatcache -Xcc /Users/admin/builder/spi-builder-workspace/.derivedData/SDKStatCaches.noindex/watchos27.0-24R360-e829b21a6f8c9b70876ba0858053c04477534ef55a1706bf4c1112bbb242f0a2.sdkstatcache -output-file-map /Users/admin/builder/spi-builder-workspace/.derivedData/Build/Intermediates.noindex/KituraContracts.build/Debug-watchos/KituraContracts-t.build/Objects-normal/arm64_32/KituraContracts-OutputFileMap.json -save-temps -no-color-diagnostics -explicit-module-build -module-cache-path /Users/admin/builder/spi-builder-workspace/.derivedData/Build/Intermediates.noindex/SwiftExplicitPrecompiledModules -clang-scanner-module-cache-path /Users/admin/builder/spi-builder-workspace/.derivedData/ModuleCache.noindex -sdk-module-cache-path /Users/admin/builder/spi-builder-workspace/.derivedData/SDKExplicitPrecompiledModules -emit-dependencies -emit-module -emit-module-path /Users/admin/builder/spi-builder-workspace/.derivedData/Build/Intermediates.noindex/KituraContracts.build/Debug-watchos/KituraContracts-t.build/Objects-normal/arm64_32/KituraContracts.swiftmodule -serialize-diagnostics -dependency-scan-serialize-diagnostics-path /Users/admin/builder/spi-builder-workspace/.derivedData/Build/Intermediates.noindex/KituraContracts.build/Debug-watchos/KituraContracts-t.build/Objects-normal/arm64_32/KituraContracts-dependency-scan.dia -validate-clang-modules-once -clang-build-session-file /Users/admin/builder/spi-builder-workspace/.derivedData/ModuleCache.noindex/Session.modulevalidation -Xcc -fmodules-prune-interval\=86400 -Xcc -fmodules-prune-after\=345600 -emit-const-values -const-gather-protocols-list /Users/admin/builder/spi-builder-workspace/.derivedData/Build/Intermediates.noindex/KituraContracts.build/Debug-watchos/KituraContracts-t.build/Objects-normal/arm64_32/KituraContracts_const_extract_protocols.json -Xcc -I/Users/admin/builder/spi-builder-workspace/.derivedData/Build/Products/Debug-watchos/include -Xcc -I/Users/admin/builder/spi-builder-workspace/.derivedData/Build/Intermediates.noindex/KituraContracts.build/Debug-watchos/KituraContracts-t.build/DerivedSources-normal/arm64_32 -Xcc -I/Users/admin/builder/spi-builder-workspace/.derivedData/Build/Intermediates.noindex/KituraContracts.build/Debug-watchos/KituraContracts-t.build/DerivedSources/arm64_32 -Xcc -I/Users/admin/builder/spi-builder-workspace/.derivedData/Build/Intermediates.noindex/KituraContracts.build/Debug-watchos/KituraContracts-t.build/DerivedSources -Xcc -DSWIFT_PACKAGE -Xcc -DDEBUG\=1 -emit-objc-header -emit-objc-header-path /Users/admin/builder/spi-builder-workspace/.derivedData/Build/Intermediates.noindex/KituraContracts.build/Debug-watchos/KituraContracts-t.build/Objects-normal/arm64_32/KituraContracts-Swift.h -working-directory /Users/admin/builder/spi-builder-workspace/.swiftpm/xcode -experimental-emit-module-separately -disable-cmo
Copy /Users/admin/builder/spi-builder-workspace/.derivedData/Build/Products/Debug-watchos/KituraContracts.swiftmodule/arm64-apple-watchos.swiftmodule /Users/admin/builder/spi-builder-workspace/.derivedData/Build/Intermediates.noindex/KituraContracts.build/Debug-watchos/KituraContracts-t.build/Objects-normal/arm64/KituraContracts.swiftmodule (in target 'KituraContracts' from project 'KituraContracts')
    cd /Users/admin/builder/spi-builder-workspace/.dependencies/checkouts/KituraContracts
    builtin-copy -exclude .DS_Store -exclude CVS -exclude .svn -exclude .git -exclude .hg -resolve-src-symlinks -rename /Users/admin/builder/spi-builder-workspace/.derivedData/Build/Intermediates.noindex/KituraContracts.build/Debug-watchos/KituraContracts-t.build/Objects-normal/arm64/KituraContracts.swiftmodule /Users/admin/builder/spi-builder-workspace/.derivedData/Build/Products/Debug-watchos/KituraContracts.swiftmodule/arm64-apple-watchos.swiftmodule
SwiftMergeGeneratedHeaders /Users/admin/builder/spi-builder-workspace/.derivedData/Build/Intermediates.noindex/GeneratedModuleMaps-watchos/KituraContracts-Swift.h /Users/admin/builder/spi-builder-workspace/.derivedData/Build/Intermediates.noindex/KituraContracts.build/Debug-watchos/KituraContracts-t.build/Objects-normal/arm64/KituraContracts-Swift.h /Users/admin/builder/spi-builder-workspace/.derivedData/Build/Intermediates.noindex/KituraContracts.build/Debug-watchos/KituraContracts-t.build/Objects-normal/arm64_32/KituraContracts-Swift.h (in target 'KituraContracts' from project 'KituraContracts')
    cd /Users/admin/builder/spi-builder-workspace/.dependencies/checkouts/KituraContracts
    builtin-swiftHeaderTool -arch arm64 /Users/admin/builder/spi-builder-workspace/.derivedData/Build/Intermediates.noindex/KituraContracts.build/Debug-watchos/KituraContracts-t.build/Objects-normal/arm64/KituraContracts-Swift.h -arch arm64_32 /Users/admin/builder/spi-builder-workspace/.derivedData/Build/Intermediates.noindex/KituraContracts.build/Debug-watchos/KituraContracts-t.build/Objects-normal/arm64_32/KituraContracts-Swift.h -o /Users/admin/builder/spi-builder-workspace/.derivedData/Build/Intermediates.noindex/GeneratedModuleMaps-watchos/KituraContracts-Swift.h
Copy /Users/admin/builder/spi-builder-workspace/.derivedData/Build/Products/Debug-watchos/KituraContracts.swiftmodule/arm64_32-apple-watchos.swiftmodule /Users/admin/builder/spi-builder-workspace/.derivedData/Build/Intermediates.noindex/KituraContracts.build/Debug-watchos/KituraContracts-t.build/Objects-normal/arm64_32/KituraContracts.swiftmodule (in target 'KituraContracts' from project 'KituraContracts')
    cd /Users/admin/builder/spi-builder-workspace/.dependencies/checkouts/KituraContracts
    builtin-copy -exclude .DS_Store -exclude CVS -exclude .svn -exclude .git -exclude .hg -resolve-src-symlinks -rename /Users/admin/builder/spi-builder-workspace/.derivedData/Build/Intermediates.noindex/KituraContracts.build/Debug-watchos/KituraContracts-t.build/Objects-normal/arm64_32/KituraContracts.swiftmodule /Users/admin/builder/spi-builder-workspace/.derivedData/Build/Products/Debug-watchos/KituraContracts.swiftmodule/arm64_32-apple-watchos.swiftmodule
Copy /Users/admin/builder/spi-builder-workspace/.derivedData/Build/Products/Debug-watchos/KituraContracts.swiftmodule/arm64_32-apple-watchos.swiftdoc /Users/admin/builder/spi-builder-workspace/.derivedData/Build/Intermediates.noindex/KituraContracts.build/Debug-watchos/KituraContracts-t.build/Objects-normal/arm64_32/KituraContracts.swiftdoc (in target 'KituraContracts' from project 'KituraContracts')
    cd /Users/admin/builder/spi-builder-workspace/.dependencies/checkouts/KituraContracts
    builtin-copy -exclude .DS_Store -exclude CVS -exclude .svn -exclude .git -exclude .hg -resolve-src-symlinks -rename /Users/admin/builder/spi-builder-workspace/.derivedData/Build/Intermediates.noindex/KituraContracts.build/Debug-watchos/KituraContracts-t.build/Objects-normal/arm64_32/KituraContracts.swiftdoc /Users/admin/builder/spi-builder-workspace/.derivedData/Build/Products/Debug-watchos/KituraContracts.swiftmodule/arm64_32-apple-watchos.swiftdoc
Copy /Users/admin/builder/spi-builder-workspace/.derivedData/Build/Products/Debug-watchos/KituraContracts.swiftmodule/arm64_32-apple-watchos.abi.json /Users/admin/builder/spi-builder-workspace/.derivedData/Build/Intermediates.noindex/KituraContracts.build/Debug-watchos/KituraContracts-t.build/Objects-normal/arm64_32/KituraContracts.abi.json (in target 'KituraContracts' from project 'KituraContracts')
    cd /Users/admin/builder/spi-builder-workspace/.dependencies/checkouts/KituraContracts
    builtin-copy -exclude .DS_Store -exclude CVS -exclude .svn -exclude .git -exclude .hg -resolve-src-symlinks -rename /Users/admin/builder/spi-builder-workspace/.derivedData/Build/Intermediates.noindex/KituraContracts.build/Debug-watchos/KituraContracts-t.build/Objects-normal/arm64_32/KituraContracts.abi.json /Users/admin/builder/spi-builder-workspace/.derivedData/Build/Products/Debug-watchos/KituraContracts.swiftmodule/arm64_32-apple-watchos.abi.json
Copy /Users/admin/builder/spi-builder-workspace/.derivedData/Build/Products/Debug-watchos/KituraContracts.swiftmodule/arm64-apple-watchos.swiftdoc /Users/admin/builder/spi-builder-workspace/.derivedData/Build/Intermediates.noindex/KituraContracts.build/Debug-watchos/KituraContracts-t.build/Objects-normal/arm64/KituraContracts.swiftdoc (in target 'KituraContracts' from project 'KituraContracts')
    cd /Users/admin/builder/spi-builder-workspace/.dependencies/checkouts/KituraContracts
    builtin-copy -exclude .DS_Store -exclude CVS -exclude .svn -exclude .git -exclude .hg -resolve-src-symlinks -rename /Users/admin/builder/spi-builder-workspace/.derivedData/Build/Intermediates.noindex/KituraContracts.build/Debug-watchos/KituraContracts-t.build/Objects-normal/arm64/KituraContracts.swiftdoc /Users/admin/builder/spi-builder-workspace/.derivedData/Build/Products/Debug-watchos/KituraContracts.swiftmodule/arm64-apple-watchos.swiftdoc
Copy /Users/admin/builder/spi-builder-workspace/.derivedData/Build/Products/Debug-watchos/KituraContracts.swiftmodule/arm64-apple-watchos.abi.json /Users/admin/builder/spi-builder-workspace/.derivedData/Build/Intermediates.noindex/KituraContracts.build/Debug-watchos/KituraContracts-t.build/Objects-normal/arm64/KituraContracts.abi.json (in target 'KituraContracts' from project 'KituraContracts')
    cd /Users/admin/builder/spi-builder-workspace/.dependencies/checkouts/KituraContracts
    builtin-copy -exclude .DS_Store -exclude CVS -exclude .svn -exclude .git -exclude .hg -resolve-src-symlinks -rename /Users/admin/builder/spi-builder-workspace/.derivedData/Build/Intermediates.noindex/KituraContracts.build/Debug-watchos/KituraContracts-t.build/Objects-normal/arm64/KituraContracts.abi.json /Users/admin/builder/spi-builder-workspace/.derivedData/Build/Products/Debug-watchos/KituraContracts.swiftmodule/arm64-apple-watchos.abi.json
Copy /Users/admin/builder/spi-builder-workspace/.derivedData/Build/Products/Debug-watchos/KituraContracts.swiftmodule/Project/arm64_32-apple-watchos.swiftsourceinfo /Users/admin/builder/spi-builder-workspace/.derivedData/Build/Intermediates.noindex/KituraContracts.build/Debug-watchos/KituraContracts-t.build/Objects-normal/arm64_32/KituraContracts.swiftsourceinfo (in target 'KituraContracts' from project 'KituraContracts')
    cd /Users/admin/builder/spi-builder-workspace/.dependencies/checkouts/KituraContracts
    builtin-copy -exclude .DS_Store -exclude CVS -exclude .svn -exclude .git -exclude .hg -resolve-src-symlinks -rename /Users/admin/builder/spi-builder-workspace/.derivedData/Build/Intermediates.noindex/KituraContracts.build/Debug-watchos/KituraContracts-t.build/Objects-normal/arm64_32/KituraContracts.swiftsourceinfo /Users/admin/builder/spi-builder-workspace/.derivedData/Build/Products/Debug-watchos/KituraContracts.swiftmodule/Project/arm64_32-apple-watchos.swiftsourceinfo
Copy /Users/admin/builder/spi-builder-workspace/.derivedData/Build/Products/Debug-watchos/KituraContracts.swiftmodule/Project/arm64-apple-watchos.swiftsourceinfo /Users/admin/builder/spi-builder-workspace/.derivedData/Build/Intermediates.noindex/KituraContracts.build/Debug-watchos/KituraContracts-t.build/Objects-normal/arm64/KituraContracts.swiftsourceinfo (in target 'KituraContracts' from project 'KituraContracts')
    cd /Users/admin/builder/spi-builder-workspace/.dependencies/checkouts/KituraContracts
    builtin-copy -exclude .DS_Store -exclude CVS -exclude .svn -exclude .git -exclude .hg -resolve-src-symlinks -rename /Users/admin/builder/spi-builder-workspace/.derivedData/Build/Intermediates.noindex/KituraContracts.build/Debug-watchos/KituraContracts-t.build/Objects-normal/arm64/KituraContracts.swiftsourceinfo /Users/admin/builder/spi-builder-workspace/.derivedData/Build/Products/Debug-watchos/KituraContracts.swiftmodule/Project/arm64-apple-watchos.swiftsourceinfo
SwiftCompile normal arm64_32 Compiling\ QueryEncoder.swift /Users/admin/builder/spi-builder-workspace/.dependencies/checkouts/KituraContracts/Sources/KituraContracts/CodableQuery/QueryEncoder.swift (in target 'KituraContracts' from project 'KituraContracts')
SwiftCompile normal arm64_32 /Users/admin/builder/spi-builder-workspace/.dependencies/checkouts/KituraContracts/Sources/KituraContracts/CodableQuery/QueryEncoder.swift (in target 'KituraContracts' from project 'KituraContracts')
    cd /Users/admin/builder/spi-builder-workspace/.swiftpm/xcode
    builtin-SwiftPerFileCompile QueryEncoder.swift
SwiftDriverJobDiscovery normal arm64 Compiling QueryDecoder.swift (in target 'KituraContracts' from project 'KituraContracts')
SwiftCompile normal arm64 Compiling\ BodyFormat.swift /Users/admin/builder/spi-builder-workspace/.dependencies/checkouts/KituraContracts/Sources/KituraContracts/BodyFormat.swift (in target 'KituraContracts' from project 'KituraContracts')
SwiftCompile normal arm64 /Users/admin/builder/spi-builder-workspace/.dependencies/checkouts/KituraContracts/Sources/KituraContracts/BodyFormat.swift (in target 'KituraContracts' from project 'KituraContracts')
    cd /Users/admin/builder/spi-builder-workspace/.swiftpm/xcode
    builtin-SwiftPerFileCompile BodyFormat.swift
SwiftCompile normal arm64 Compiling\ ClosureAliases.swift /Users/admin/builder/spi-builder-workspace/.dependencies/checkouts/KituraContracts/Sources/KituraContracts/ClosureAliases.swift (in target 'KituraContracts' from project 'KituraContracts')
SwiftCompile normal arm64 /Users/admin/builder/spi-builder-workspace/.dependencies/checkouts/KituraContracts/Sources/KituraContracts/ClosureAliases.swift (in target 'KituraContracts' from project 'KituraContracts')
    cd /Users/admin/builder/spi-builder-workspace/.swiftpm/xcode
    builtin-SwiftPerFileCompile ClosureAliases.swift
SwiftDriverJobDiscovery normal arm64_32 Compiling Coder.swift (in target 'KituraContracts' from project 'KituraContracts')
SwiftDriverJobDiscovery normal arm64_32 Compiling BodyDecoder.swift (in target 'KituraContracts' from project 'KituraContracts')
SwiftCompile normal arm64 Compiling\ BodyEncoder.swift /Users/admin/builder/spi-builder-workspace/.dependencies/checkouts/KituraContracts/Sources/KituraContracts/BodyEncoder.swift (in target 'KituraContracts' from project 'KituraContracts')
SwiftCompile normal arm64 /Users/admin/builder/spi-builder-workspace/.dependencies/checkouts/KituraContracts/Sources/KituraContracts/BodyEncoder.swift (in target 'KituraContracts' from project 'KituraContracts')
    cd /Users/admin/builder/spi-builder-workspace/.swiftpm/xcode
    builtin-SwiftPerFileCompile BodyEncoder.swift
SwiftCompile normal arm64 Compiling\ QueryEncoder.swift /Users/admin/builder/spi-builder-workspace/.dependencies/checkouts/KituraContracts/Sources/KituraContracts/CodableQuery/QueryEncoder.swift (in target 'KituraContracts' from project 'KituraContracts')
SwiftCompile normal arm64 /Users/admin/builder/spi-builder-workspace/.dependencies/checkouts/KituraContracts/Sources/KituraContracts/CodableQuery/QueryEncoder.swift (in target 'KituraContracts' from project 'KituraContracts')
    cd /Users/admin/builder/spi-builder-workspace/.swiftpm/xcode
    builtin-SwiftPerFileCompile QueryEncoder.swift
SwiftDriverJobDiscovery normal arm64 Compiling ClosureAliases.swift (in target 'KituraContracts' from project 'KituraContracts')
SwiftCompile normal arm64_32 Compiling\ Extensions.swift /Users/admin/builder/spi-builder-workspace/.dependencies/checkouts/KituraContracts/Sources/KituraContracts/CodableQuery/Extensions.swift (in target 'KituraContracts' from project 'KituraContracts')
SwiftCompile normal arm64_32 /Users/admin/builder/spi-builder-workspace/.dependencies/checkouts/KituraContracts/Sources/KituraContracts/CodableQuery/Extensions.swift (in target 'KituraContracts' from project 'KituraContracts')
    cd /Users/admin/builder/spi-builder-workspace/.swiftpm/xcode
    builtin-SwiftPerFileCompile Extensions.swift
SwiftDriverJobDiscovery normal arm64 Compiling BodyEncoder.swift (in target 'KituraContracts' from project 'KituraContracts')
SwiftCompile normal arm64 Compiling\ Coder.swift /Users/admin/builder/spi-builder-workspace/.dependencies/checkouts/KituraContracts/Sources/KituraContracts/CodableQuery/Coder.swift (in target 'KituraContracts' from project 'KituraContracts')
SwiftCompile normal arm64 /Users/admin/builder/spi-builder-workspace/.dependencies/checkouts/KituraContracts/Sources/KituraContracts/CodableQuery/Coder.swift (in target 'KituraContracts' from project 'KituraContracts')
    cd /Users/admin/builder/spi-builder-workspace/.swiftpm/xcode
    builtin-SwiftPerFileCompile Coder.swift
SwiftDriverJobDiscovery normal arm64 Compiling BodyFormat.swift (in target 'KituraContracts' from project 'KituraContracts')
SwiftCompile normal arm64_32 Compiling\ ClosureAliases.swift /Users/admin/builder/spi-builder-workspace/.dependencies/checkouts/KituraContracts/Sources/KituraContracts/ClosureAliases.swift (in target 'KituraContracts' from project 'KituraContracts')
SwiftCompile normal arm64_32 /Users/admin/builder/spi-builder-workspace/.dependencies/checkouts/KituraContracts/Sources/KituraContracts/ClosureAliases.swift (in target 'KituraContracts' from project 'KituraContracts')
    cd /Users/admin/builder/spi-builder-workspace/.swiftpm/xcode
    builtin-SwiftPerFileCompile ClosureAliases.swift
SwiftDriverJobDiscovery normal arm64 Compiling Extensions.swift (in target 'KituraContracts' from project 'KituraContracts')
SwiftDriverJobDiscovery normal arm64 Compiling SSLService.swift (in target 'SSLService' from project 'SSLService')
SwiftDriver\ Compilation SSLService normal arm64 com.apple.xcode.tools.swift.compiler (in target 'SSLService' from project 'SSLService')
    cd /Users/admin/builder/spi-builder-workspace/.swiftpm/xcode
    builtin-Swift-Compilation -- /Applications/Xcode-27.0.0-Release.Candidate.app/Contents/Developer/Toolchains/XcodeDefault.xctoolchain/usr/bin/swiftc -parse-as-library -module-name SSLService -Onone @/Users/admin/builder/spi-builder-workspace/.derivedData/Build/Intermediates.noindex/SSLService.build/Debug-watchos/SSLService-t.build/Objects-normal/arm64/SSLService.SwiftFileList -DSWIFT_PACKAGE -DDEBUG -DSWIFT_MODULE_RESOURCE_BUNDLE_UNAVAILABLE -DXcode -plugin-path /Applications/Xcode-27.0.0-Release.Candidate.app/Contents/Developer/Toolchains/XcodeDefault.xctoolchain/usr/lib/swift/host/plugins/testing -enable-experimental-feature DebugDescriptionMacro -sdk /Applications/Xcode-27.0.0-Release.Candidate.app/Contents/Developer/Platforms/WatchOS.platform/Developer/SDKs/WatchOS27.0.sdk -target arm64-apple-watchos9.0 -g -module-cache-path /Users/admin/builder/spi-builder-workspace/.derivedData/ModuleCache.noindex -Xfrontend -serialize-debugging-options -enable-testing -suppress-warnings -index-store-path /Users/admin/builder/spi-builder-workspace/.derivedData/Index.noindex/DataStore -Xcc -D_LIBCPP_HARDENING_MODE\=_LIBCPP_HARDENING_MODE_DEBUG -swift-version 5 -I /Users/admin/builder/spi-builder-workspace/.derivedData/Build/Products/Debug-watchos -Isystem /Applications/Xcode-27.0.0-Release.Candidate.app/Contents/Developer/Platforms/WatchOS.platform/Developer/usr/lib -F /Users/admin/builder/spi-builder-workspace/.derivedData/Build/Products/Debug-watchos/PackageFrameworks -F /Users/admin/builder/spi-builder-workspace/.derivedData/Build/Products/Debug-watchos -F /Applications/Xcode-27.0.0-Release.Candidate.app/Contents/Developer/Platforms/WatchOS.platform/Developer/Library/Frameworks -F /Applications/Xcode-27.0.0-Release.Candidate.app/Contents/Developer/Platforms/WatchOS.platform/Developer/SDKs/WatchOS27.0.sdk/Developer/Library/Frameworks -c -j10 -enable-batch-mode -incremental -Xcc -ivfsstatcache -Xcc /Users/admin/builder/spi-builder-workspace/.derivedData/SDKStatCaches.noindex/watchos27.0-24R360-e829b21a6f8c9b70876ba0858053c04477534ef55a1706bf4c1112bbb242f0a2.sdkstatcache -output-file-map /Users/admin/builder/spi-builder-workspace/.derivedData/Build/Intermediates.noindex/SSLService.build/Debug-watchos/SSLService-t.build/Objects-normal/arm64/SSLService-OutputFileMap.json -save-temps -no-color-diagnostics -explicit-module-build -module-cache-path /Users/admin/builder/spi-builder-workspace/.derivedData/Build/Intermediates.noindex/SwiftExplicitPrecompiledModules -clang-scanner-module-cache-path /Users/admin/builder/spi-builder-workspace/.derivedData/ModuleCache.noindex -sdk-module-cache-path /Users/admin/builder/spi-builder-workspace/.derivedData/SDKExplicitPrecompiledModules -emit-dependencies -emit-module -emit-module-path /Users/admin/builder/spi-builder-workspace/.derivedData/Build/Intermediates.noindex/SSLService.build/Debug-watchos/SSLService-t.build/Objects-normal/arm64/SSLService.swiftmodule -serialize-diagnostics -dependency-scan-serialize-diagnostics-path /Users/admin/builder/spi-builder-workspace/.derivedData/Build/Intermediates.noindex/SSLService.build/Debug-watchos/SSLService-t.build/Objects-normal/arm64/SSLService-dependency-scan.dia -validate-clang-modules-once -clang-build-session-file /Users/admin/builder/spi-builder-workspace/.derivedData/ModuleCache.noindex/Session.modulevalidation -Xcc -fmodules-prune-interval\=86400 -Xcc -fmodules-prune-after\=345600 -emit-const-values -const-gather-protocols-list /Users/admin/builder/spi-builder-workspace/.derivedData/Build/Intermediates.noindex/SSLService.build/Debug-watchos/SSLService-t.build/Objects-normal/arm64/SSLService_const_extract_protocols.json -Xcc -I/Users/admin/builder/spi-builder-workspace/.derivedData/Build/Products/Debug-watchos/include -Xcc -I/Users/admin/builder/spi-builder-workspace/.derivedData/Build/Intermediates.noindex/SSLService.build/Debug-watchos/SSLService-t.build/DerivedSources-normal/arm64 -Xcc -I/Users/admin/builder/spi-builder-workspace/.derivedData/Build/Intermediates.noindex/SSLService.build/Debug-watchos/SSLService-t.build/DerivedSources/arm64 -Xcc -I/Users/admin/builder/spi-builder-workspace/.derivedData/Build/Intermediates.noindex/SSLService.build/Debug-watchos/SSLService-t.build/DerivedSources -Xcc -DSWIFT_PACKAGE -Xcc -DDEBUG\=1 -emit-objc-header -emit-objc-header-path /Users/admin/builder/spi-builder-workspace/.derivedData/Build/Intermediates.noindex/SSLService.build/Debug-watchos/SSLService-t.build/Objects-normal/arm64/SSLService-Swift.h -working-directory /Users/admin/builder/spi-builder-workspace/.swiftpm/xcode -experimental-emit-module-separately -disable-cmo
ExtractAppIntentsMetadata (in target 'Socket' from project 'Socket')
    cd /Users/admin/builder/spi-builder-workspace/.dependencies/checkouts/BlueSocket
    /Applications/Xcode-27.0.0-Release.Candidate.app/Contents/Developer/Toolchains/XcodeDefault.xctoolchain/usr/bin/appintentsmetadataprocessor --toolchain-dir /var/run/com.apple.security.cryptexd/mnt/com.apple.MobileAsset.MetalToolchain-v27.1.266.1.VLyqh5/Metal.xctoolchain --module-name Socket --sdk-root /Applications/Xcode-27.0.0-Release.Candidate.app/Contents/Developer/Platforms/WatchOS.platform/Developer/SDKs/WatchOS27.0.sdk --xcode-version 27A266a --platform-family watchOS --deployment-target 9.0 --bundle-identifier bluesocket.Socket --output /Users/admin/builder/spi-builder-workspace/.derivedData/Build/Products/Debug-watchos/Socket.appintents --target-triple arm64-apple-watchos9.0 --target-triple arm64_32-apple-watchos9.0 --binary-file /Users/admin/builder/spi-builder-workspace/.derivedData/Build/Products/Debug-watchos/Socket.o --dependency-file /Users/admin/builder/spi-builder-workspace/.derivedData/Build/Intermediates.noindex/Socket.build/Debug-watchos/Socket-t.build/Objects-normal/arm64/Socket_dependency_info.dat --dependency-file /Users/admin/builder/spi-builder-workspace/.derivedData/Build/Intermediates.noindex/Socket.build/Debug-watchos/Socket-t.build/Objects-normal/arm64_32/Socket_dependency_info.dat --stringsdata-file /Users/admin/builder/spi-builder-workspace/.derivedData/Build/Intermediates.noindex/Socket.build/Debug-watchos/Socket-t.build/Objects-normal/arm64/ExtractedAppShortcutsMetadata.stringsdata --stringsdata-file /Users/admin/builder/spi-builder-workspace/.derivedData/Build/Intermediates.noindex/Socket.build/Debug-watchos/Socket-t.build/Objects-normal/arm64_32/ExtractedAppShortcutsMetadata.stringsdata --source-file-list /Users/admin/builder/spi-builder-workspace/.derivedData/Build/Intermediates.noindex/Socket.build/Debug-watchos/Socket-t.build/Objects-normal/arm64/Socket.SwiftFileList --source-file-list /Users/admin/builder/spi-builder-workspace/.derivedData/Build/Intermediates.noindex/Socket.build/Debug-watchos/Socket-t.build/Objects-normal/arm64_32/Socket.SwiftFileList --metadata-file-list /Users/admin/builder/spi-builder-workspace/.derivedData/Build/Intermediates.noindex/Socket.build/Debug-watchos/Socket-t.build/Socket.DependencyMetadataFileList --static-metadata-file-list /Users/admin/builder/spi-builder-workspace/.derivedData/Build/Intermediates.noindex/Socket.build/Debug-watchos/Socket-t.build/Socket.DependencyStaticMetadataFileList --swift-const-vals-list /Users/admin/builder/spi-builder-workspace/.derivedData/Build/Intermediates.noindex/Socket.build/Debug-watchos/Socket-t.build/Objects-normal/arm64/Socket.SwiftConstValuesFileList --swift-const-vals-list /Users/admin/builder/spi-builder-workspace/.derivedData/Build/Intermediates.noindex/Socket.build/Debug-watchos/Socket-t.build/Objects-normal/arm64_32/Socket.SwiftConstValuesFileList --force --compile-time-extraction --deployment-aware-processing --no-app-shortcuts-localization
2026-09-17 04:20:33.274 appintentsmetadataprocessor[1630:8174] Starting appintentsmetadataprocessor export
2026-09-17 04:20:33.348 appintentsmetadataprocessor[1630:8174] Extracted no relevant App Intents symbols, skipping writing output
ExtractAppIntentsMetadata (in target 'Cryptor' from project 'Cryptor')
    cd /Users/admin/builder/spi-builder-workspace/.dependencies/checkouts/BlueCryptor
    /Applications/Xcode-27.0.0-Release.Candidate.app/Contents/Developer/Toolchains/XcodeDefault.xctoolchain/usr/bin/appintentsmetadataprocessor --toolchain-dir /var/run/com.apple.security.cryptexd/mnt/com.apple.MobileAsset.MetalToolchain-v27.1.266.1.VLyqh5/Metal.xctoolchain --module-name Cryptor --sdk-root /Applications/Xcode-27.0.0-Release.Candidate.app/Contents/Developer/Platforms/WatchOS.platform/Developer/SDKs/WatchOS27.0.sdk --xcode-version 27A266a --platform-family watchOS --deployment-target 9.0 --bundle-identifier bluecryptor.Cryptor --output /Users/admin/builder/spi-builder-workspace/.derivedData/Build/Products/Debug-watchos/Cryptor.appintents --target-triple arm64-apple-watchos9.0 --target-triple arm64_32-apple-watchos9.0 --binary-file /Users/admin/builder/spi-builder-workspace/.derivedData/Build/Products/Debug-watchos/Cryptor.o --dependency-file /Users/admin/builder/spi-builder-workspace/.derivedData/Build/Intermediates.noindex/Cryptor.build/Debug-watchos/Cryptor-t.build/Objects-normal/arm64/Cryptor_dependency_info.dat --dependency-file /Users/admin/builder/spi-builder-workspace/.derivedData/Build/Intermediates.noindex/Cryptor.build/Debug-watchos/Cryptor-t.build/Objects-normal/arm64_32/Cryptor_dependency_info.dat --stringsdata-file /Users/admin/builder/spi-builder-workspace/.derivedData/Build/Intermediates.noindex/Cryptor.build/Debug-watchos/Cryptor-t.build/Objects-normal/arm64/ExtractedAppShortcutsMetadata.stringsdata --stringsdata-file /Users/admin/builder/spi-builder-workspace/.derivedData/Build/Intermediates.noindex/Cryptor.build/Debug-watchos/Cryptor-t.build/Objects-normal/arm64_32/ExtractedAppShortcutsMetadata.stringsdata --source-file-list /Users/admin/builder/spi-builder-workspace/.derivedData/Build/Intermediates.noindex/Cryptor.build/Debug-watchos/Cryptor-t.build/Objects-normal/arm64/Cryptor.SwiftFileList --source-file-list /Users/admin/builder/spi-builder-workspace/.derivedData/Build/Intermediates.noindex/Cryptor.build/Debug-watchos/Cryptor-t.build/Objects-normal/arm64_32/Cryptor.SwiftFileList --metadata-file-list /Users/admin/builder/spi-builder-workspace/.derivedData/Build/Intermediates.noindex/Cryptor.build/Debug-watchos/Cryptor-t.build/Cryptor.DependencyMetadataFileList --static-metadata-file-list /Users/admin/builder/spi-builder-workspace/.derivedData/Build/Intermediates.noindex/Cryptor.build/Debug-watchos/Cryptor-t.build/Cryptor.DependencyStaticMetadataFileList --swift-const-vals-list /Users/admin/builder/spi-builder-workspace/.derivedData/Build/Intermediates.noindex/Cryptor.build/Debug-watchos/Cryptor-t.build/Objects-normal/arm64/Cryptor.SwiftConstValuesFileList --swift-const-vals-list /Users/admin/builder/spi-builder-workspace/.derivedData/Build/Intermediates.noindex/Cryptor.build/Debug-watchos/Cryptor-t.build/Objects-normal/arm64_32/Cryptor.SwiftConstValuesFileList --force --compile-time-extraction --deployment-aware-processing --no-app-shortcuts-localization
2026-09-17 04:20:33.307 appintentsmetadataprocessor[1631:8177] Starting appintentsmetadataprocessor export
2026-09-17 04:20:33.410 appintentsmetadataprocessor[1631:8177] Extracted no relevant App Intents symbols, skipping writing output
SwiftDriverJobDiscovery normal arm64_32 Compiling SSLService.swift (in target 'SSLService' from project 'SSLService')
SwiftDriver\ Compilation SSLService normal arm64_32 com.apple.xcode.tools.swift.compiler (in target 'SSLService' from project 'SSLService')
    cd /Users/admin/builder/spi-builder-workspace/.swiftpm/xcode
    builtin-Swift-Compilation -- /Applications/Xcode-27.0.0-Release.Candidate.app/Contents/Developer/Toolchains/XcodeDefault.xctoolchain/usr/bin/swiftc -parse-as-library -module-name SSLService -Onone @/Users/admin/builder/spi-builder-workspace/.derivedData/Build/Intermediates.noindex/SSLService.build/Debug-watchos/SSLService-t.build/Objects-normal/arm64_32/SSLService.SwiftFileList -DSWIFT_PACKAGE -DDEBUG -DSWIFT_MODULE_RESOURCE_BUNDLE_UNAVAILABLE -DXcode -plugin-path /Applications/Xcode-27.0.0-Release.Candidate.app/Contents/Developer/Toolchains/XcodeDefault.xctoolchain/usr/lib/swift/host/plugins/testing -enable-experimental-feature DebugDescriptionMacro -sdk /Applications/Xcode-27.0.0-Release.Candidate.app/Contents/Developer/Platforms/WatchOS.platform/Developer/SDKs/WatchOS27.0.sdk -target arm64_32-apple-watchos9.0 -g -module-cache-path /Users/admin/builder/spi-builder-workspace/.derivedData/ModuleCache.noindex -Xfrontend -serialize-debugging-options -enable-testing -suppress-warnings -index-store-path /Users/admin/builder/spi-builder-workspace/.derivedData/Index.noindex/DataStore -Xcc -D_LIBCPP_HARDENING_MODE\=_LIBCPP_HARDENING_MODE_DEBUG -swift-version 5 -I /Users/admin/builder/spi-builder-workspace/.derivedData/Build/Products/Debug-watchos -Isystem /Applications/Xcode-27.0.0-Release.Candidate.app/Contents/Developer/Platforms/WatchOS.platform/Developer/usr/lib -F /Users/admin/builder/spi-builder-workspace/.derivedData/Build/Products/Debug-watchos/PackageFrameworks -F /Users/admin/builder/spi-builder-workspace/.derivedData/Build/Products/Debug-watchos -F /Applications/Xcode-27.0.0-Release.Candidate.app/Contents/Developer/Platforms/WatchOS.platform/Developer/Library/Frameworks -F /Applications/Xcode-27.0.0-Release.Candidate.app/Contents/Developer/Platforms/WatchOS.platform/Developer/SDKs/WatchOS27.0.sdk/Developer/Library/Frameworks -c -j10 -enable-batch-mode -incremental -Xcc -ivfsstatcache -Xcc /Users/admin/builder/spi-builder-workspace/.derivedData/SDKStatCaches.noindex/watchos27.0-24R360-e829b21a6f8c9b70876ba0858053c04477534ef55a1706bf4c1112bbb242f0a2.sdkstatcache -output-file-map /Users/admin/builder/spi-builder-workspace/.derivedData/Build/Intermediates.noindex/SSLService.build/Debug-watchos/SSLService-t.build/Objects-normal/arm64_32/SSLService-OutputFileMap.json -save-temps -no-color-diagnostics -explicit-module-build -module-cache-path /Users/admin/builder/spi-builder-workspace/.derivedData/Build/Intermediates.noindex/SwiftExplicitPrecompiledModules -clang-scanner-module-cache-path /Users/admin/builder/spi-builder-workspace/.derivedData/ModuleCache.noindex -sdk-module-cache-path /Users/admin/builder/spi-builder-workspace/.derivedData/SDKExplicitPrecompiledModules -emit-dependencies -emit-module -emit-module-path /Users/admin/builder/spi-builder-workspace/.derivedData/Build/Intermediates.noindex/SSLService.build/Debug-watchos/SSLService-t.build/Objects-normal/arm64_32/SSLService.swiftmodule -serialize-diagnostics -dependency-scan-serialize-diagnostics-path /Users/admin/builder/spi-builder-workspace/.derivedData/Build/Intermediates.noindex/SSLService.build/Debug-watchos/SSLService-t.build/Objects-normal/arm64_32/SSLService-dependency-scan.dia -validate-clang-modules-once -clang-build-session-file /Users/admin/builder/spi-builder-workspace/.derivedData/ModuleCache.noindex/Session.modulevalidation -Xcc -fmodules-prune-interval\=86400 -Xcc -fmodules-prune-after\=345600 -emit-const-values -const-gather-protocols-list /Users/admin/builder/spi-builder-workspace/.derivedData/Build/Intermediates.noindex/SSLService.build/Debug-watchos/SSLService-t.build/Objects-normal/arm64_32/SSLService_const_extract_protocols.json -Xcc -I/Users/admin/builder/spi-builder-workspace/.derivedData/Build/Products/Debug-watchos/include -Xcc -I/Users/admin/builder/spi-builder-workspace/.derivedData/Build/Intermediates.noindex/SSLService.build/Debug-watchos/SSLService-t.build/DerivedSources-normal/arm64_32 -Xcc -I/Users/admin/builder/spi-builder-workspace/.derivedData/Build/Intermediates.noindex/SSLService.build/Debug-watchos/SSLService-t.build/DerivedSources/arm64_32 -Xcc -I/Users/admin/builder/spi-builder-workspace/.derivedData/Build/Intermediates.noindex/SSLService.build/Debug-watchos/SSLService-t.build/DerivedSources -Xcc -DSWIFT_PACKAGE -Xcc -DDEBUG\=1 -emit-objc-header -emit-objc-header-path /Users/admin/builder/spi-builder-workspace/.derivedData/Build/Intermediates.noindex/SSLService.build/Debug-watchos/SSLService-t.build/Objects-normal/arm64_32/SSLService-Swift.h -working-directory /Users/admin/builder/spi-builder-workspace/.swiftpm/xcode -experimental-emit-module-separately -disable-cmo
SwiftDriverJobDiscovery normal arm64_32 Compiling QueryDecoder.swift (in target 'KituraContracts' from project 'KituraContracts')
SwiftDriver KituraNet normal arm64_32 com.apple.xcode.tools.swift.compiler (in target 'KituraNet' from project 'Kitura-net')
    cd /Users/admin/builder/spi-builder-workspace/.swiftpm/xcode
    builtin-SwiftDriver -- /Applications/Xcode-27.0.0-Release.Candidate.app/Contents/Developer/Toolchains/XcodeDefault.xctoolchain/usr/bin/swiftc -parse-as-library -module-name KituraNet -Onone @/Users/admin/builder/spi-builder-workspace/.derivedData/Build/Intermediates.noindex/Kitura-net.build/Debug-watchos/KituraNet-t.build/Objects-normal/arm64_32/KituraNet.SwiftFileList -DSWIFT_PACKAGE -DDEBUG -DSWIFT_MODULE_RESOURCE_BUNDLE_UNAVAILABLE -Xcc -fmodule-map-file\=/Users/admin/builder/spi-builder-workspace/.dependencies/checkouts/Kitura-net/Sources/CCurl/module.modulemap -Xcc -fmodule-map-file\=/Users/admin/builder/spi-builder-workspace/.derivedData/Build/Intermediates.noindex/GeneratedModuleMaps-watchos/CHTTPParser.modulemap -DXcode -plugin-path /Applications/Xcode-27.0.0-Release.Candidate.app/Contents/Developer/Toolchains/XcodeDefault.xctoolchain/usr/lib/swift/host/plugins/testing -enable-experimental-feature DebugDescriptionMacro -sdk /Applications/Xcode-27.0.0-Release.Candidate.app/Contents/Developer/Platforms/WatchOS.platform/Developer/SDKs/WatchOS27.0.sdk -target arm64_32-apple-watchos9.0 -g -module-cache-path /Users/admin/builder/spi-builder-workspace/.derivedData/ModuleCache.noindex -Xfrontend -serialize-debugging-options -enable-testing -suppress-warnings -index-store-path /Users/admin/builder/spi-builder-workspace/.derivedData/Index.noindex/DataStore -Xcc -D_LIBCPP_HARDENING_MODE\=_LIBCPP_HARDENING_MODE_DEBUG -swift-version 5 -I /Users/admin/builder/spi-builder-workspace/.derivedData/Build/Products/Debug-watchos -Isystem /Applications/Xcode-27.0.0-Release.Candidate.app/Contents/Developer/Platforms/WatchOS.platform/Developer/usr/lib -F /Users/admin/builder/spi-builder-workspace/.derivedData/Build/Products/Debug-watchos/PackageFrameworks -F /Users/admin/builder/spi-builder-workspace/.derivedData/Build/Products/Debug-watchos -F /Applications/Xcode-27.0.0-Release.Candidate.app/Contents/Developer/Platforms/WatchOS.platform/Developer/Library/Frameworks -F /Applications/Xcode-27.0.0-Release.Candidate.app/Contents/Developer/Platforms/WatchOS.platform/Developer/SDKs/WatchOS27.0.sdk/Developer/Library/Frameworks -c -j10 -enable-batch-mode -incremental -Xcc -ivfsstatcache -Xcc /Users/admin/builder/spi-builder-workspace/.derivedData/SDKStatCaches.noindex/watchos27.0-24R360-e829b21a6f8c9b70876ba0858053c04477534ef55a1706bf4c1112bbb242f0a2.sdkstatcache -output-file-map /Users/admin/builder/spi-builder-workspace/.derivedData/Build/Intermediates.noindex/Kitura-net.build/Debug-watchos/KituraNet-t.build/Objects-normal/arm64_32/KituraNet-OutputFileMap.json -save-temps -no-color-diagnostics -explicit-module-build -module-cache-path /Users/admin/builder/spi-builder-workspace/.derivedData/Build/Intermediates.noindex/SwiftExplicitPrecompiledModules -clang-scanner-module-cache-path /Users/admin/builder/spi-builder-workspace/.derivedData/ModuleCache.noindex -sdk-module-cache-path /Users/admin/builder/spi-builder-workspace/.derivedData/SDKExplicitPrecompiledModules -emit-dependencies -emit-module -emit-module-path /Users/admin/builder/spi-builder-workspace/.derivedData/Build/Intermediates.noindex/Kitura-net.build/Debug-watchos/KituraNet-t.build/Objects-normal/arm64_32/KituraNet.swiftmodule -serialize-diagnostics -dependency-scan-serialize-diagnostics-path /Users/admin/builder/spi-builder-workspace/.derivedData/Build/Intermediates.noindex/Kitura-net.build/Debug-watchos/KituraNet-t.build/Objects-normal/arm64_32/KituraNet-dependency-scan.dia -validate-clang-modules-once -clang-build-session-file /Users/admin/builder/spi-builder-workspace/.derivedData/ModuleCache.noindex/Session.modulevalidation -Xcc -fmodules-prune-interval\=86400 -Xcc -fmodules-prune-after\=345600 -emit-const-values -const-gather-protocols-list /Users/admin/builder/spi-builder-workspace/.derivedData/Build/Intermediates.noindex/Kitura-net.build/Debug-watchos/KituraNet-t.build/Objects-normal/arm64_32/KituraNet_const_extract_protocols.json -Xcc -I/Users/admin/builder/spi-builder-workspace/.dependencies/checkouts/Kitura-net/Sources/CHTTPParser/include -Xcc -I/Users/admin/builder/spi-builder-workspace/.derivedData/Build/Products/Debug-watchos/include -Xcc -I/Users/admin/builder/spi-builder-workspace/.derivedData/Build/Intermediates.noindex/Kitura-net.build/Debug-watchos/KituraNet-t.build/DerivedSources-normal/arm64_32 -Xcc -I/Users/admin/builder/spi-builder-workspace/.derivedData/Build/Intermediates.noindex/Kitura-net.build/Debug-watchos/KituraNet-t.build/DerivedSources/arm64_32 -Xcc -I/Users/admin/builder/spi-builder-workspace/.derivedData/Build/Intermediates.noindex/Kitura-net.build/Debug-watchos/KituraNet-t.build/DerivedSources -Xcc -DSWIFT_PACKAGE -Xcc -DDEBUG\=1 -emit-objc-header -emit-objc-header-path /Users/admin/builder/spi-builder-workspace/.derivedData/Build/Intermediates.noindex/Kitura-net.build/Debug-watchos/KituraNet-t.build/Objects-normal/arm64_32/KituraNet-Swift.h -working-directory /Users/admin/builder/spi-builder-workspace/.swiftpm/xcode -experimental-emit-module-separately -disable-cmo
error: Clang dependency scanning failure: While building module 'CCurl' imported from module-include.input:1:
In file included from <module-includes>:1:
/Users/admin/builder/spi-builder-workspace/.dependencies/checkouts/Kitura-net/Sources/CCurl/shim.h:20:9: fatal error: 'curl/curl.h' file not found
module-include.input:1:2: fatal error: could not build module 'CCurl'
 (in target 'KituraNet' from project 'Kitura-net')
error: Clang dependency scanning failure: While building module 'CCurl' imported from module-include.input:1:
In file included from <module-includes>:1:
/Users/admin/builder/spi-builder-workspace/.dependencies/checkouts/Kitura-net/Sources/CCurl/shim.h:20:9: fatal error: 'curl/curl.h' file not found
module-include.input:1:3: fatal error: could not build module 'CCurl'
 (in target 'KituraNet' from project 'Kitura-net')
error: Clang dependency scanning failure: While building module 'CCurl' imported from module-include.input:1:
In file included from <module-includes>:1:
/Users/admin/builder/spi-builder-workspace/.dependencies/checkouts/Kitura-net/Sources/CCurl/shim.h:20:9: fatal error: 'curl/curl.h' file not found
module-include.input:1:3: fatal error: could not build module 'CCurl'
 (in target 'KituraNet' from project 'Kitura-net')
error: Clang dependency scanning failure: While building module 'CCurl' imported from module-include.input:1:
In file included from <module-includes>:1:
/Users/admin/builder/spi-builder-workspace/.dependencies/checkouts/Kitura-net/Sources/CCurl/shim.h:20:9: fatal error: 'curl/curl.h' file not found
module-include.input:1:2: fatal error: could not build module 'CCurl'
 (in target 'KituraNet' from project 'Kitura-net')
error: Clang dependency scanning failure:  (in target 'KituraNet' from project 'Kitura-net')
/Users/admin/builder/spi-builder-workspace/.dependencies/checkouts/Kitura-net/Sources/KituraNet/ClientRequest.swift:18:8: error: Unable to resolve module dependency: 'CCurl' (in target 'KituraNet' from project 'Kitura-net')
    note: A dependency of main module 'KituraNet'
error: Clang dependency scanning failure: While building module 'CCurl' imported from module-include.input:1:
In file included from <module-includes>:1:
/Users/admin/builder/spi-builder-workspace/.dependencies/checkouts/Kitura-net/Sources/CCurl/shim.h:20:9: fatal error: 'curl/curl.h' file not found
module-include.input:1:2: fatal error: could not build module 'CCurl'
 (in target 'KituraNet' from project 'Kitura-net')
error: Clang dependency scanning failure: While building module 'CCurl' imported from module-include.input:1:
In file included from <module-includes>:1:
/Users/admin/builder/spi-builder-workspace/.dependencies/checkouts/Kitura-net/Sources/CCurl/shim.h:20:9: fatal error: 'curl/curl.h' file not found
module-include.input:1:3: fatal error: could not build module 'CCurl'
 (in target 'KituraNet' from project 'Kitura-net')
error: Clang dependency scanning failure: While building module 'CCurl' imported from module-include.input:1:
In file included from <module-includes>:1:
/Users/admin/builder/spi-builder-workspace/.dependencies/checkouts/Kitura-net/Sources/CCurl/shim.h:20:9: fatal error: 'curl/curl.h' file not found
module-include.input:1:3: fatal error: could not build module 'CCurl'
 (in target 'KituraNet' from project 'Kitura-net')
error: Clang dependency scanning failure: While building module 'CCurl' imported from module-include.input:1:
In file included from <module-includes>:1:
/Users/admin/builder/spi-builder-workspace/.dependencies/checkouts/Kitura-net/Sources/CCurl/shim.h:20:9: fatal error: 'curl/curl.h' file not found
module-include.input:1:2: fatal error: could not build module 'CCurl'
 (in target 'KituraNet' from project 'Kitura-net')
/Users/admin/builder/spi-builder-workspace/.dependencies/checkouts/Kitura-net/Sources/KituraNet/ClientRequest.swift:18:8: note: A dependency of main module 'KituraNet'
import CCurl
       ^ (in target 'KituraNet' from project 'Kitura-net')
SwiftDriver KituraNet normal arm64 com.apple.xcode.tools.swift.compiler (in target 'KituraNet' from project 'Kitura-net')
    cd /Users/admin/builder/spi-builder-workspace/.swiftpm/xcode
    builtin-SwiftDriver -- /Applications/Xcode-27.0.0-Release.Candidate.app/Contents/Developer/Toolchains/XcodeDefault.xctoolchain/usr/bin/swiftc -parse-as-library -module-name KituraNet -Onone @/Users/admin/builder/spi-builder-workspace/.derivedData/Build/Intermediates.noindex/Kitura-net.build/Debug-watchos/KituraNet-t.build/Objects-normal/arm64/KituraNet.SwiftFileList -DSWIFT_PACKAGE -DDEBUG -DSWIFT_MODULE_RESOURCE_BUNDLE_UNAVAILABLE -Xcc -fmodule-map-file\=/Users/admin/builder/spi-builder-workspace/.dependencies/checkouts/Kitura-net/Sources/CCurl/module.modulemap -Xcc -fmodule-map-file\=/Users/admin/builder/spi-builder-workspace/.derivedData/Build/Intermediates.noindex/GeneratedModuleMaps-watchos/CHTTPParser.modulemap -DXcode -plugin-path /Applications/Xcode-27.0.0-Release.Candidate.app/Contents/Developer/Toolchains/XcodeDefault.xctoolchain/usr/lib/swift/host/plugins/testing -enable-experimental-feature DebugDescriptionMacro -sdk /Applications/Xcode-27.0.0-Release.Candidate.app/Contents/Developer/Platforms/WatchOS.platform/Developer/SDKs/WatchOS27.0.sdk -target arm64-apple-watchos9.0 -g -module-cache-path /Users/admin/builder/spi-builder-workspace/.derivedData/ModuleCache.noindex -Xfrontend -serialize-debugging-options -enable-testing -suppress-warnings -index-store-path /Users/admin/builder/spi-builder-workspace/.derivedData/Index.noindex/DataStore -Xcc -D_LIBCPP_HARDENING_MODE\=_LIBCPP_HARDENING_MODE_DEBUG -swift-version 5 -I /Users/admin/builder/spi-builder-workspace/.derivedData/Build/Products/Debug-watchos -Isystem /Applications/Xcode-27.0.0-Release.Candidate.app/Contents/Developer/Platforms/WatchOS.platform/Developer/usr/lib -F /Users/admin/builder/spi-builder-workspace/.derivedData/Build/Products/Debug-watchos/PackageFrameworks -F /Users/admin/builder/spi-builder-workspace/.derivedData/Build/Products/Debug-watchos -F /Applications/Xcode-27.0.0-Release.Candidate.app/Contents/Developer/Platforms/WatchOS.platform/Developer/Library/Frameworks -F /Applications/Xcode-27.0.0-Release.Candidate.app/Contents/Developer/Platforms/WatchOS.platform/Developer/SDKs/WatchOS27.0.sdk/Developer/Library/Frameworks -c -j10 -enable-batch-mode -incremental -Xcc -ivfsstatcache -Xcc /Users/admin/builder/spi-builder-workspace/.derivedData/SDKStatCaches.noindex/watchos27.0-24R360-e829b21a6f8c9b70876ba0858053c04477534ef55a1706bf4c1112bbb242f0a2.sdkstatcache -output-file-map /Users/admin/builder/spi-builder-workspace/.derivedData/Build/Intermediates.noindex/Kitura-net.build/Debug-watchos/KituraNet-t.build/Objects-normal/arm64/KituraNet-OutputFileMap.json -save-temps -no-color-diagnostics -explicit-module-build -module-cache-path /Users/admin/builder/spi-builder-workspace/.derivedData/Build/Intermediates.noindex/SwiftExplicitPrecompiledModules -clang-scanner-module-cache-path /Users/admin/builder/spi-builder-workspace/.derivedData/ModuleCache.noindex -sdk-module-cache-path /Users/admin/builder/spi-builder-workspace/.derivedData/SDKExplicitPrecompiledModules -emit-dependencies -emit-module -emit-module-path /Users/admin/builder/spi-builder-workspace/.derivedData/Build/Intermediates.noindex/Kitura-net.build/Debug-watchos/KituraNet-t.build/Objects-normal/arm64/KituraNet.swiftmodule -serialize-diagnostics -dependency-scan-serialize-diagnostics-path /Users/admin/builder/spi-builder-workspace/.derivedData/Build/Intermediates.noindex/Kitura-net.build/Debug-watchos/KituraNet-t.build/Objects-normal/arm64/KituraNet-dependency-scan.dia -validate-clang-modules-once -clang-build-session-file /Users/admin/builder/spi-builder-workspace/.derivedData/ModuleCache.noindex/Session.modulevalidation -Xcc -fmodules-prune-interval\=86400 -Xcc -fmodules-prune-after\=345600 -emit-const-values -const-gather-protocols-list /Users/admin/builder/spi-builder-workspace/.derivedData/Build/Intermediates.noindex/Kitura-net.build/Debug-watchos/KituraNet-t.build/Objects-normal/arm64/KituraNet_const_extract_protocols.json -Xcc -I/Users/admin/builder/spi-builder-workspace/.dependencies/checkouts/Kitura-net/Sources/CHTTPParser/include -Xcc -I/Users/admin/builder/spi-builder-workspace/.derivedData/Build/Products/Debug-watchos/include -Xcc -I/Users/admin/builder/spi-builder-workspace/.derivedData/Build/Intermediates.noindex/Kitura-net.build/Debug-watchos/KituraNet-t.build/DerivedSources-normal/arm64 -Xcc -I/Users/admin/builder/spi-builder-workspace/.derivedData/Build/Intermediates.noindex/Kitura-net.build/Debug-watchos/KituraNet-t.build/DerivedSources/arm64 -Xcc -I/Users/admin/builder/spi-builder-workspace/.derivedData/Build/Intermediates.noindex/Kitura-net.build/Debug-watchos/KituraNet-t.build/DerivedSources -Xcc -DSWIFT_PACKAGE -Xcc -DDEBUG\=1 -emit-objc-header -emit-objc-header-path /Users/admin/builder/spi-builder-workspace/.derivedData/Build/Intermediates.noindex/Kitura-net.build/Debug-watchos/KituraNet-t.build/Objects-normal/arm64/KituraNet-Swift.h -working-directory /Users/admin/builder/spi-builder-workspace/.swiftpm/xcode -experimental-emit-module-separately -disable-cmo
error: Clang dependency scanning failure: While building module 'CCurl' imported from module-include.input:1:
In file included from <module-includes>:1:
/Users/admin/builder/spi-builder-workspace/.dependencies/checkouts/Kitura-net/Sources/CCurl/shim.h:20:9: fatal error: 'curl/curl.h' file not found
module-include.input:1:2: fatal error: could not build module 'CCurl'
 (in target 'KituraNet' from project 'Kitura-net')
error: Clang dependency scanning failure: While building module 'CCurl' imported from module-include.input:1:
In file included from <module-includes>:1:
/Users/admin/builder/spi-builder-workspace/.dependencies/checkouts/Kitura-net/Sources/CCurl/shim.h:20:9: fatal error: 'curl/curl.h' file not found
module-include.input:1:3: fatal error: could not build module 'CCurl'
 (in target 'KituraNet' from project 'Kitura-net')
error: Clang dependency scanning failure: While building module 'CCurl' imported from module-include.input:1:
In file included from <module-includes>:1:
/Users/admin/builder/spi-builder-workspace/.dependencies/checkouts/Kitura-net/Sources/CCurl/shim.h:20:9: fatal error: 'curl/curl.h' file not found
module-include.input:1:3: fatal error: could not build module 'CCurl'
 (in target 'KituraNet' from project 'Kitura-net')
error: Clang dependency scanning failure: While building module 'CCurl' imported from module-include.input:1:
In file included from <module-includes>:1:
/Users/admin/builder/spi-builder-workspace/.dependencies/checkouts/Kitura-net/Sources/CCurl/shim.h:20:9: fatal error: 'curl/curl.h' file not found
module-include.input:1:2: fatal error: could not build module 'CCurl'
 (in target 'KituraNet' from project 'Kitura-net')
error: Clang dependency scanning failure:  (in target 'KituraNet' from project 'Kitura-net')
/Users/admin/builder/spi-builder-workspace/.dependencies/checkouts/Kitura-net/Sources/KituraNet/ClientRequest.swift:18:8: error: Unable to resolve module dependency: 'CCurl' (in target 'KituraNet' from project 'Kitura-net')
    note: A dependency of main module 'KituraNet'
error: Clang dependency scanning failure: While building module 'CCurl' imported from module-include.input:1:
In file included from <module-includes>:1:
/Users/admin/builder/spi-builder-workspace/.dependencies/checkouts/Kitura-net/Sources/CCurl/shim.h:20:9: fatal error: 'curl/curl.h' file not found
module-include.input:1:2: fatal error: could not build module 'CCurl'
 (in target 'KituraNet' from project 'Kitura-net')
error: Clang dependency scanning failure: While building module 'CCurl' imported from module-include.input:1:
In file included from <module-includes>:1:
/Users/admin/builder/spi-builder-workspace/.dependencies/checkouts/Kitura-net/Sources/CCurl/shim.h:20:9: fatal error: 'curl/curl.h' file not found
module-include.input:1:3: fatal error: could not build module 'CCurl'
 (in target 'KituraNet' from project 'Kitura-net')
error: Clang dependency scanning failure: While building module 'CCurl' imported from module-include.input:1:
In file included from <module-includes>:1:
/Users/admin/builder/spi-builder-workspace/.dependencies/checkouts/Kitura-net/Sources/CCurl/shim.h:20:9: fatal error: 'curl/curl.h' file not found
module-include.input:1:3: fatal error: could not build module 'CCurl'
 (in target 'KituraNet' from project 'Kitura-net')
error: Clang dependency scanning failure: While building module 'CCurl' imported from module-include.input:1:
In file included from <module-includes>:1:
/Users/admin/builder/spi-builder-workspace/.dependencies/checkouts/Kitura-net/Sources/CCurl/shim.h:20:9: fatal error: 'curl/curl.h' file not found
module-include.input:1:2: fatal error: could not build module 'CCurl'
 (in target 'KituraNet' from project 'Kitura-net')
/Users/admin/builder/spi-builder-workspace/.dependencies/checkouts/Kitura-net/Sources/KituraNet/ClientRequest.swift:18:8: note: A dependency of main module 'KituraNet'
import CCurl
       ^ (in target 'KituraNet' from project 'Kitura-net')
SwiftDriverJobDiscovery normal arm64 Compiling Coder.swift (in target 'KituraContracts' from project 'KituraContracts')
SwiftDriverJobDiscovery normal arm64_32 Compiling ClosureAliases.swift (in target 'KituraContracts' from project 'KituraContracts')
Ld /Users/admin/builder/spi-builder-workspace/.derivedData/Build/Intermediates.noindex/SSLService.build/Debug-watchos/SSLService-t.build/Objects-normal/arm64_32/Binary/SSLService.o normal arm64_32 (in target 'SSLService' from project 'SSLService')
    cd /Users/admin/builder/spi-builder-workspace/.dependencies/checkouts/BlueSSLService
    /Applications/Xcode-27.0.0-Release.Candidate.app/Contents/Developer/Toolchains/XcodeDefault.xctoolchain/usr/bin/clang -Xlinker -reproducible -target arm64_32-apple-watchos9.0 -r -isysroot /Applications/Xcode-27.0.0-Release.Candidate.app/Contents/Developer/Platforms/WatchOS.platform/Developer/SDKs/WatchOS27.0.sdk -O0 -w -Xlinker -no_warn_duplicate_libraries -F/Users/admin/builder/spi-builder-workspace/.derivedData/Build/Intermediates.noindex/EagerLinkingTBDs/Debug-watchos -F/Users/admin/builder/spi-builder-workspace/.derivedData/Build/Products/Debug-watchos/PackageFrameworks -F/Users/admin/builder/spi-builder-workspace/.derivedData/Build/Products/Debug-watchos -iframework /Applications/Xcode-27.0.0-Release.Candidate.app/Contents/Developer/Platforms/WatchOS.platform/Developer/Library/Frameworks -iframework /Applications/Xcode-27.0.0-Release.Candidate.app/Contents/Developer/Platforms/WatchOS.platform/Developer/SDKs/WatchOS27.0.sdk/Developer/Library/Frameworks -filelist /Users/admin/builder/spi-builder-workspace/.derivedData/Build/Intermediates.noindex/SSLService.build/Debug-watchos/SSLService-t.build/Objects-normal/arm64_32/SSLService.LinkFileList -nostdlib -Xlinker -object_path_lto -Xlinker /Users/admin/builder/spi-builder-workspace/.derivedData/Build/Intermediates.noindex/SSLService.build/Debug-watchos/SSLService-t.build/Objects-normal/arm64_32/SSLService_lto.o -Xlinker -no_deduplicate -Xlinker -dependency_info -Xlinker /Users/admin/builder/spi-builder-workspace/.derivedData/Build/Intermediates.noindex/SSLService.build/Debug-watchos/SSLService-t.build/Objects-normal/arm64_32/SSLService_dependency_info.dat -fobjc-link-runtime -L/Applications/Xcode-27.0.0-Release.Candidate.app/Contents/Developer/Toolchains/XcodeDefault.xctoolchain/usr/lib/swift/watchos -L/usr/lib/swift -Xlinker -add_ast_path -Xlinker /Users/admin/builder/spi-builder-workspace/.derivedData/Build/Intermediates.noindex/SSLService.build/Debug-watchos/SSLService-t.build/Objects-normal/arm64_32/SSLService.swiftmodule -o /Users/admin/builder/spi-builder-workspace/.derivedData/Build/Intermediates.noindex/SSLService.build/Debug-watchos/SSLService-t.build/Objects-normal/arm64_32/Binary/SSLService.o
Ld /Users/admin/builder/spi-builder-workspace/.derivedData/Build/Intermediates.noindex/SSLService.build/Debug-watchos/SSLService-t.build/Objects-normal/arm64/Binary/SSLService.o normal arm64 (in target 'SSLService' from project 'SSLService')
    cd /Users/admin/builder/spi-builder-workspace/.dependencies/checkouts/BlueSSLService
    /Applications/Xcode-27.0.0-Release.Candidate.app/Contents/Developer/Toolchains/XcodeDefault.xctoolchain/usr/bin/clang -Xlinker -reproducible -target arm64-apple-watchos9.0 -r -isysroot /Applications/Xcode-27.0.0-Release.Candidate.app/Contents/Developer/Platforms/WatchOS.platform/Developer/SDKs/WatchOS27.0.sdk -O0 -w -Xlinker -no_warn_duplicate_libraries -F/Users/admin/builder/spi-builder-workspace/.derivedData/Build/Intermediates.noindex/EagerLinkingTBDs/Debug-watchos -F/Users/admin/builder/spi-builder-workspace/.derivedData/Build/Products/Debug-watchos/PackageFrameworks -F/Users/admin/builder/spi-builder-workspace/.derivedData/Build/Products/Debug-watchos -iframework /Applications/Xcode-27.0.0-Release.Candidate.app/Contents/Developer/Platforms/WatchOS.platform/Developer/Library/Frameworks -iframework /Applications/Xcode-27.0.0-Release.Candidate.app/Contents/Developer/Platforms/WatchOS.platform/Developer/SDKs/WatchOS27.0.sdk/Developer/Library/Frameworks -filelist /Users/admin/builder/spi-builder-workspace/.derivedData/Build/Intermediates.noindex/SSLService.build/Debug-watchos/SSLService-t.build/Objects-normal/arm64/SSLService.LinkFileList -nostdlib -Xlinker -object_path_lto -Xlinker /Users/admin/builder/spi-builder-workspace/.derivedData/Build/Intermediates.noindex/SSLService.build/Debug-watchos/SSLService-t.build/Objects-normal/arm64/SSLService_lto.o -Xlinker -no_deduplicate -Xlinker -dependency_info -Xlinker /Users/admin/builder/spi-builder-workspace/.derivedData/Build/Intermediates.noindex/SSLService.build/Debug-watchos/SSLService-t.build/Objects-normal/arm64/SSLService_dependency_info.dat -fobjc-link-runtime -L/Applications/Xcode-27.0.0-Release.Candidate.app/Contents/Developer/Toolchains/XcodeDefault.xctoolchain/usr/lib/swift/watchos -L/usr/lib/swift -Xlinker -add_ast_path -Xlinker /Users/admin/builder/spi-builder-workspace/.derivedData/Build/Intermediates.noindex/SSLService.build/Debug-watchos/SSLService-t.build/Objects-normal/arm64/SSLService.swiftmodule -o /Users/admin/builder/spi-builder-workspace/.derivedData/Build/Intermediates.noindex/SSLService.build/Debug-watchos/SSLService-t.build/Objects-normal/arm64/Binary/SSLService.o
CreateUniversalBinary /Users/admin/builder/spi-builder-workspace/.derivedData/Build/Products/Debug-watchos/SSLService.o normal arm64\ arm64_32 (in target 'SSLService' from project 'SSLService')
    cd /Users/admin/builder/spi-builder-workspace/.dependencies/checkouts/BlueSSLService
    /Applications/Xcode-27.0.0-Release.Candidate.app/Contents/Developer/Toolchains/XcodeDefault.xctoolchain/usr/bin/lipo -create /Users/admin/builder/spi-builder-workspace/.derivedData/Build/Intermediates.noindex/SSLService.build/Debug-watchos/SSLService-t.build/Objects-normal/arm64/Binary/SSLService.o /Users/admin/builder/spi-builder-workspace/.derivedData/Build/Intermediates.noindex/SSLService.build/Debug-watchos/SSLService-t.build/Objects-normal/arm64_32/Binary/SSLService.o -output /Users/admin/builder/spi-builder-workspace/.derivedData/Build/Products/Debug-watchos/SSLService.o
ExtractAppIntentsMetadata (in target 'SSLService' from project 'SSLService')
    cd /Users/admin/builder/spi-builder-workspace/.dependencies/checkouts/BlueSSLService
    /Applications/Xcode-27.0.0-Release.Candidate.app/Contents/Developer/Toolchains/XcodeDefault.xctoolchain/usr/bin/appintentsmetadataprocessor --toolchain-dir /var/run/com.apple.security.cryptexd/mnt/com.apple.MobileAsset.MetalToolchain-v27.1.266.1.VLyqh5/Metal.xctoolchain --module-name SSLService --sdk-root /Applications/Xcode-27.0.0-Release.Candidate.app/Contents/Developer/Platforms/WatchOS.platform/Developer/SDKs/WatchOS27.0.sdk --xcode-version 27A266a --platform-family watchOS --deployment-target 9.0 --bundle-identifier bluesslservice.SSLService --output /Users/admin/builder/spi-builder-workspace/.derivedData/Build/Products/Debug-watchos/SSLService.appintents --target-triple arm64-apple-watchos9.0 --target-triple arm64_32-apple-watchos9.0 --binary-file /Users/admin/builder/spi-builder-workspace/.derivedData/Build/Products/Debug-watchos/SSLService.o --dependency-file /Users/admin/builder/spi-builder-workspace/.derivedData/Build/Intermediates.noindex/SSLService.build/Debug-watchos/SSLService-t.build/Objects-normal/arm64/SSLService_dependency_info.dat --dependency-file /Users/admin/builder/spi-builder-workspace/.derivedData/Build/Intermediates.noindex/SSLService.build/Debug-watchos/SSLService-t.build/Objects-normal/arm64_32/SSLService_dependency_info.dat --stringsdata-file /Users/admin/builder/spi-builder-workspace/.derivedData/Build/Intermediates.noindex/SSLService.build/Debug-watchos/SSLService-t.build/Objects-normal/arm64/ExtractedAppShortcutsMetadata.stringsdata --stringsdata-file /Users/admin/builder/spi-builder-workspace/.derivedData/Build/Intermediates.noindex/SSLService.build/Debug-watchos/SSLService-t.build/Objects-normal/arm64_32/ExtractedAppShortcutsMetadata.stringsdata --source-file-list /Users/admin/builder/spi-builder-workspace/.derivedData/Build/Intermediates.noindex/SSLService.build/Debug-watchos/SSLService-t.build/Objects-normal/arm64/SSLService.SwiftFileList --source-file-list /Users/admin/builder/spi-builder-workspace/.derivedData/Build/Intermediates.noindex/SSLService.build/Debug-watchos/SSLService-t.build/Objects-normal/arm64_32/SSLService.SwiftFileList --metadata-file-list /Users/admin/builder/spi-builder-workspace/.derivedData/Build/Intermediates.noindex/SSLService.build/Debug-watchos/SSLService-t.build/SSLService.DependencyMetadataFileList --static-metadata-file-list /Users/admin/builder/spi-builder-workspace/.derivedData/Build/Intermediates.noindex/SSLService.build/Debug-watchos/SSLService-t.build/SSLService.DependencyStaticMetadataFileList --swift-const-vals-list /Users/admin/builder/spi-builder-workspace/.derivedData/Build/Intermediates.noindex/SSLService.build/Debug-watchos/SSLService-t.build/Objects-normal/arm64/SSLService.SwiftConstValuesFileList --swift-const-vals-list /Users/admin/builder/spi-builder-workspace/.derivedData/Build/Intermediates.noindex/SSLService.build/Debug-watchos/SSLService-t.build/Objects-normal/arm64_32/SSLService.SwiftConstValuesFileList --force --compile-time-extraction --deployment-aware-processing --no-app-shortcuts-localization
2026-09-17 04:20:33.412 appintentsmetadataprocessor[1637:8252] Starting appintentsmetadataprocessor export
2026-09-17 04:20:33.475 appintentsmetadataprocessor[1637:8252] Extracted no relevant App Intents symbols, skipping writing output
SwiftDriverJobDiscovery normal arm64 Compiling Contracts.swift (in target 'KituraContracts' from project 'KituraContracts')
SwiftDriverJobDiscovery normal arm64_32 Compiling QueryEncoder.swift (in target 'KituraContracts' from project 'KituraContracts')
SwiftDriverJobDiscovery normal arm64_32 Compiling Contracts.swift (in target 'KituraContracts' from project 'KituraContracts')
SwiftDriverJobDiscovery normal arm64_32 Compiling Extensions.swift (in target 'KituraContracts' from project 'KituraContracts')
SwiftDriver\ Compilation KituraContracts normal arm64_32 com.apple.xcode.tools.swift.compiler (in target 'KituraContracts' from project 'KituraContracts')
    cd /Users/admin/builder/spi-builder-workspace/.swiftpm/xcode
    builtin-Swift-Compilation -- /Applications/Xcode-27.0.0-Release.Candidate.app/Contents/Developer/Toolchains/XcodeDefault.xctoolchain/usr/bin/swiftc -parse-as-library -module-name KituraContracts -Onone @/Users/admin/builder/spi-builder-workspace/.derivedData/Build/Intermediates.noindex/KituraContracts.build/Debug-watchos/KituraContracts-t.build/Objects-normal/arm64_32/KituraContracts.SwiftFileList -DSWIFT_PACKAGE -DDEBUG -DSWIFT_MODULE_RESOURCE_BUNDLE_UNAVAILABLE -DXcode -plugin-path /Applications/Xcode-27.0.0-Release.Candidate.app/Contents/Developer/Toolchains/XcodeDefault.xctoolchain/usr/lib/swift/host/plugins/testing -enable-experimental-feature DebugDescriptionMacro -sdk /Applications/Xcode-27.0.0-Release.Candidate.app/Contents/Developer/Platforms/WatchOS.platform/Developer/SDKs/WatchOS27.0.sdk -target arm64_32-apple-watchos9.0 -g -module-cache-path /Users/admin/builder/spi-builder-workspace/.derivedData/ModuleCache.noindex -Xfrontend -serialize-debugging-options -enable-testing -suppress-warnings -index-store-path /Users/admin/builder/spi-builder-workspace/.derivedData/Index.noindex/DataStore -Xcc -D_LIBCPP_HARDENING_MODE\=_LIBCPP_HARDENING_MODE_DEBUG -swift-version 5 -I /Users/admin/builder/spi-builder-workspace/.derivedData/Build/Products/Debug-watchos -Isystem /Applications/Xcode-27.0.0-Release.Candidate.app/Contents/Developer/Platforms/WatchOS.platform/Developer/usr/lib -F /Users/admin/builder/spi-builder-workspace/.derivedData/Build/Products/Debug-watchos/PackageFrameworks -F /Users/admin/builder/spi-builder-workspace/.derivedData/Build/Products/Debug-watchos -F /Applications/Xcode-27.0.0-Release.Candidate.app/Contents/Developer/Platforms/WatchOS.platform/Developer/Library/Frameworks -F /Applications/Xcode-27.0.0-Release.Candidate.app/Contents/Developer/Platforms/WatchOS.platform/Developer/SDKs/WatchOS27.0.sdk/Developer/Library/Frameworks -c -j10 -enable-batch-mode -incremental -Xcc -ivfsstatcache -Xcc /Users/admin/builder/spi-builder-workspace/.derivedData/SDKStatCaches.noindex/watchos27.0-24R360-e829b21a6f8c9b70876ba0858053c04477534ef55a1706bf4c1112bbb242f0a2.sdkstatcache -output-file-map /Users/admin/builder/spi-builder-workspace/.derivedData/Build/Intermediates.noindex/KituraContracts.build/Debug-watchos/KituraContracts-t.build/Objects-normal/arm64_32/KituraContracts-OutputFileMap.json -save-temps -no-color-diagnostics -explicit-module-build -module-cache-path /Users/admin/builder/spi-builder-workspace/.derivedData/Build/Intermediates.noindex/SwiftExplicitPrecompiledModules -clang-scanner-module-cache-path /Users/admin/builder/spi-builder-workspace/.derivedData/ModuleCache.noindex -sdk-module-cache-path /Users/admin/builder/spi-builder-workspace/.derivedData/SDKExplicitPrecompiledModules -emit-dependencies -emit-module -emit-module-path /Users/admin/builder/spi-builder-workspace/.derivedData/Build/Intermediates.noindex/KituraContracts.build/Debug-watchos/KituraContracts-t.build/Objects-normal/arm64_32/KituraContracts.swiftmodule -serialize-diagnostics -dependency-scan-serialize-diagnostics-path /Users/admin/builder/spi-builder-workspace/.derivedData/Build/Intermediates.noindex/KituraContracts.build/Debug-watchos/KituraContracts-t.build/Objects-normal/arm64_32/KituraContracts-dependency-scan.dia -validate-clang-modules-once -clang-build-session-file /Users/admin/builder/spi-builder-workspace/.derivedData/ModuleCache.noindex/Session.modulevalidation -Xcc -fmodules-prune-interval\=86400 -Xcc -fmodules-prune-after\=345600 -emit-const-values -const-gather-protocols-list /Users/admin/builder/spi-builder-workspace/.derivedData/Build/Intermediates.noindex/KituraContracts.build/Debug-watchos/KituraContracts-t.build/Objects-normal/arm64_32/KituraContracts_const_extract_protocols.json -Xcc -I/Users/admin/builder/spi-builder-workspace/.derivedData/Build/Products/Debug-watchos/include -Xcc -I/Users/admin/builder/spi-builder-workspace/.derivedData/Build/Intermediates.noindex/KituraContracts.build/Debug-watchos/KituraContracts-t.build/DerivedSources-normal/arm64_32 -Xcc -I/Users/admin/builder/spi-builder-workspace/.derivedData/Build/Intermediates.noindex/KituraContracts.build/Debug-watchos/KituraContracts-t.build/DerivedSources/arm64_32 -Xcc -I/Users/admin/builder/spi-builder-workspace/.derivedData/Build/Intermediates.noindex/KituraContracts.build/Debug-watchos/KituraContracts-t.build/DerivedSources -Xcc -DSWIFT_PACKAGE -Xcc -DDEBUG\=1 -emit-objc-header -emit-objc-header-path /Users/admin/builder/spi-builder-workspace/.derivedData/Build/Intermediates.noindex/KituraContracts.build/Debug-watchos/KituraContracts-t.build/Objects-normal/arm64_32/KituraContracts-Swift.h -working-directory /Users/admin/builder/spi-builder-workspace/.swiftpm/xcode -experimental-emit-module-separately -disable-cmo
Ld /Users/admin/builder/spi-builder-workspace/.derivedData/Build/Intermediates.noindex/KituraContracts.build/Debug-watchos/KituraContracts-t.build/Objects-normal/arm64_32/Binary/KituraContracts.o normal arm64_32 (in target 'KituraContracts' from project 'KituraContracts')
    cd /Users/admin/builder/spi-builder-workspace/.dependencies/checkouts/KituraContracts
    /Applications/Xcode-27.0.0-Release.Candidate.app/Contents/Developer/Toolchains/XcodeDefault.xctoolchain/usr/bin/clang -Xlinker -reproducible -target arm64_32-apple-watchos9.0 -r -isysroot /Applications/Xcode-27.0.0-Release.Candidate.app/Contents/Developer/Platforms/WatchOS.platform/Developer/SDKs/WatchOS27.0.sdk -O0 -w -Xlinker -no_warn_duplicate_libraries -F/Users/admin/builder/spi-builder-workspace/.derivedData/Build/Intermediates.noindex/EagerLinkingTBDs/Debug-watchos -F/Users/admin/builder/spi-builder-workspace/.derivedData/Build/Products/Debug-watchos/PackageFrameworks -F/Users/admin/builder/spi-builder-workspace/.derivedData/Build/Products/Debug-watchos -iframework /Applications/Xcode-27.0.0-Release.Candidate.app/Contents/Developer/Platforms/WatchOS.platform/Developer/Library/Frameworks -iframework /Applications/Xcode-27.0.0-Release.Candidate.app/Contents/Developer/Platforms/WatchOS.platform/Developer/SDKs/WatchOS27.0.sdk/Developer/Library/Frameworks -filelist /Users/admin/builder/spi-builder-workspace/.derivedData/Build/Intermediates.noindex/KituraContracts.build/Debug-watchos/KituraContracts-t.build/Objects-normal/arm64_32/KituraContracts.LinkFileList -nostdlib -Xlinker -object_path_lto -Xlinker /Users/admin/builder/spi-builder-workspace/.derivedData/Build/Intermediates.noindex/KituraContracts.build/Debug-watchos/KituraContracts-t.build/Objects-normal/arm64_32/KituraContracts_lto.o -Xlinker -no_deduplicate -Xlinker -dependency_info -Xlinker /Users/admin/builder/spi-builder-workspace/.derivedData/Build/Intermediates.noindex/KituraContracts.build/Debug-watchos/KituraContracts-t.build/Objects-normal/arm64_32/KituraContracts_dependency_info.dat -fobjc-link-runtime -L/Applications/Xcode-27.0.0-Release.Candidate.app/Contents/Developer/Toolchains/XcodeDefault.xctoolchain/usr/lib/swift/watchos -L/usr/lib/swift -Xlinker -add_ast_path -Xlinker /Users/admin/builder/spi-builder-workspace/.derivedData/Build/Intermediates.noindex/KituraContracts.build/Debug-watchos/KituraContracts-t.build/Objects-normal/arm64_32/KituraContracts.swiftmodule -o /Users/admin/builder/spi-builder-workspace/.derivedData/Build/Intermediates.noindex/KituraContracts.build/Debug-watchos/KituraContracts-t.build/Objects-normal/arm64_32/Binary/KituraContracts.o
PruneExplicitPrecompiledModules /Users/admin/builder/spi-builder-workspace/.derivedData/Build/Intermediates.noindex/SwiftExplicitPrecompiledModules
PruneExplicitPrecompiledModules /Users/admin/builder/spi-builder-workspace/.derivedData/Build/Intermediates.noindex/ExplicitPrecompiledModules
PruneExplicitPrecompiledModules /Users/admin/builder/spi-builder-workspace/.derivedData/SDKExplicitPrecompiledModules
2026-09-17 04:20:25.442 xcodebuild[1276:6399] [MT] IDERunDestination: Supported platforms for the buildables in the current scheme is empty.
** BUILD FAILED **
The following build commands failed:
	SwiftDriver KituraNet normal arm64_32 com.apple.xcode.tools.swift.compiler (in target 'KituraNet' from project 'Kitura-net')
	SwiftDriver KituraNet normal arm64 com.apple.xcode.tools.swift.compiler (in target 'KituraNet' from project 'Kitura-net')
	Building workspace Kitura-CredentialsGitHub with scheme Kitura-CredentialsGitHub
(3 failures)
Command line invocation:
    /Applications/Xcode-27.0.0-Release.Candidate.app/Contents/Developer/usr/bin/xcodebuild -IDEClonedSourcePackagesDirPathOverride=/Users/admin/builder/spi-builder-workspace/.dependencies -resolvePackageDependencies
Resolve Package Graph
Resolved source packages:
  Kitura: https://github.com/Kitura/Kitura.git @ 2.9.200
  Socket: https://github.com/Kitura/BlueSocket.git @ 1.0.200
  TypeDecoder: https://github.com/Kitura/TypeDecoder.git @ 1.3.201
  KituraContracts: https://github.com/Kitura/KituraContracts.git @ 1.2.201
  Kitura-CredentialsGitHub: /Users/admin/builder/spi-builder-workspace
  LoggerAPI: https://github.com/Kitura/LoggerAPI.git @ 1.9.200
  Kitura-net: https://github.com/Kitura/Kitura-net.git @ 2.4.200
  SSLService: https://github.com/Kitura/BlueSSLService.git @ 1.0.200
  Kitura-TemplateEngine: https://github.com/Kitura/Kitura-TemplateEngine.git @ 2.0.200
  Kitura-Session: https://github.com/Kitura/Kitura-Session.git @ 3.3.201
  Cryptor: https://github.com/Kitura/BlueCryptor.git @ 1.0.200
  Kitura-Credentials: https://github.com/Kitura/Kitura-Credentials.git @ 2.5.200
  swift-log: https://github.com/apple/swift-log.git @ 1.15.1
resolved source packages: Kitura, Socket, TypeDecoder, KituraContracts, Kitura-CredentialsGitHub, LoggerAPI, Kitura-net, SSLService, Kitura-TemplateEngine, Kitura-Session, Cryptor, Kitura-Credentials, swift-log
2026-09-17 04:20:34.812 xcodebuild[1640:8335] [MT] IDERunDestination: Supported platforms for the buildables in the current scheme is empty.
{
  "dependencies" : [
    {
      "identity" : "kitura-credentials",
      "requirement" : {
        "range" : [
          {
            "lower_bound" : "2.5.200",
            "upper_bound" : "3.0.0"
          }
        ]
      },
      "type" : "sourceControl",
      "url" : "https://github.com/Kitura/Kitura-Credentials.git"
    }
  ],
  "manifest_display_name" : "Kitura-CredentialsGitHub",
  "name" : "Kitura-CredentialsGitHub",
  "path" : "/Users/admin/builder/spi-builder-workspace",
  "platforms" : [
  ],
  "products" : [
    {
      "name" : "CredentialsGitHub",
      "targets" : [
        "CredentialsGitHub"
      ],
      "type" : {
        "library" : [
          "automatic"
        ]
      }
    }
  ],
  "targets" : [
    {
      "c99name" : "CredentialsGitHub",
      "module_type" : "SwiftTarget",
      "name" : "CredentialsGitHub",
      "path" : "Sources/CredentialsGitHub",
      "product_dependencies" : [
        "Credentials"
      ],
      "product_memberships" : [
        "CredentialsGitHub"
      ],
      "sources" : [
        "CredentialsGitHub.swift",
        "CredentialsGitHubOptions.swift"
      ],
      "type" : "library"
    }
  ],
  "tools_version" : "5.0"
}
{
  "workspace" : {
    "name" : "Kitura-CredentialsGitHub",
    "schemes" : [
      "Kitura-CredentialsGitHub"
    ]
  }
}
2026-09-17 04:20:36.210 xcodebuild[1648:8401] [MT] IDERunDestination: Supported platforms for the buildables in the current scheme is empty.
Running build ...
env DEVELOPER_DIR=/Applications/Xcode-27.0.0-Release.Candidate.app xcrun xcodebuild -IDEClonedSourcePackagesDirPathOverride=$PWD/.dependencies -skipMacroValidation -skipPackagePluginValidation -derivedDataPath $PWD/.derivedData build -scheme Kitura-CredentialsGitHub -destination generic/platform=watchOS
Command line invocation:
    /Applications/Xcode-27.0.0-Release.Candidate.app/Contents/Developer/usr/bin/xcodebuild -IDEClonedSourcePackagesDirPathOverride=/Users/admin/builder/spi-builder-workspace/.dependencies -skipMacroValidation -skipPackagePluginValidation -derivedDataPath /Users/admin/builder/spi-builder-workspace/.derivedData build -scheme Kitura-CredentialsGitHub -destination generic/platform=watchOS
Resolve Package Graph
Resolved source packages:
  KituraContracts: https://github.com/Kitura/KituraContracts.git @ 1.2.201
  TypeDecoder: https://github.com/Kitura/TypeDecoder.git @ 1.3.201
  Kitura-Session: https://github.com/Kitura/Kitura-Session.git @ 3.3.201
  Cryptor: https://github.com/Kitura/BlueCryptor.git @ 1.0.200
  LoggerAPI: https://github.com/Kitura/LoggerAPI.git @ 1.9.200
  Kitura-Credentials: https://github.com/Kitura/Kitura-Credentials.git @ 2.5.200
  Socket: https://github.com/Kitura/BlueSocket.git @ 1.0.200
  Kitura-TemplateEngine: https://github.com/Kitura/Kitura-TemplateEngine.git @ 2.0.200
  SSLService: https://github.com/Kitura/BlueSSLService.git @ 1.0.200
  Kitura-net: https://github.com/Kitura/Kitura-net.git @ 2.4.200
  Kitura: https://github.com/Kitura/Kitura.git @ 2.9.200
  Kitura-CredentialsGitHub: /Users/admin/builder/spi-builder-workspace
  swift-log: https://github.com/apple/swift-log.git @ 1.15.1
ComputePackagePrebuildTargetDependencyGraph
Prepare packages
CreateBuildRequest
SendProjectDescription
CreateBuildOperation
ComputeTargetDependencyGraph
note: Building targets in dependency order
note: Target dependency graph (28 targets)
    Target 'CredentialsGitHub-product' in project 'Kitura-CredentialsGitHub'
        ➜ Explicit dependency on target 'CredentialsGitHub' in project 'Kitura-CredentialsGitHub'
        ➜ Explicit dependency on target 'Credentials-product' in project 'Kitura-Credentials'
    Target 'CredentialsGitHub' in project 'Kitura-CredentialsGitHub'
        ➜ Explicit dependency on target 'Credentials-product' in project 'Kitura-Credentials'
    Target 'Credentials-product' in project 'Kitura-Credentials'
        ➜ Explicit dependency on target 'Credentials' in project 'Kitura-Credentials'
        ➜ Explicit dependency on target 'KituraSession-product' in project 'Kitura-Session'
    Target 'Credentials' in project 'Kitura-Credentials'
        ➜ Explicit dependency on target 'KituraSession-product' in project 'Kitura-Session'
    Target 'KituraSession-product' in project 'Kitura-Session'
        ➜ Explicit dependency on target 'KituraSession' in project 'Kitura-Session'
        ➜ Explicit dependency on target 'Kitura-product' in project 'Kitura'
        ➜ Explicit dependency on target 'Cryptor-product' in project 'Cryptor'
    Target 'KituraSession' in project 'Kitura-Session'
        ➜ Explicit dependency on target 'Kitura-product' in project 'Kitura'
        ➜ Explicit dependency on target 'Cryptor-product' in project 'Cryptor'
    Target 'Cryptor-product' in project 'Cryptor'
        ➜ Explicit dependency on target 'Cryptor' in project 'Cryptor'
    Target 'Cryptor' in project 'Cryptor' (no dependencies)
    Target 'Kitura-product' in project 'Kitura'
        ➜ Explicit dependency on target 'Kitura' in project 'Kitura'
        ➜ Explicit dependency on target 'KituraNet-product' in project 'Kitura-net'
        ➜ Explicit dependency on target 'KituraTemplateEngine-product' in project 'Kitura-TemplateEngine'
        ➜ Explicit dependency on target 'KituraContracts-product' in project 'KituraContracts'
        ➜ Explicit dependency on target 'TypeDecoder-product' in project 'TypeDecoder'
        ➜ Explicit dependency on target 'LoggerAPI-product' in project 'LoggerAPI'
        ➜ Explicit dependency on target 'Logging-product' in project 'swift-log'
    Target 'Kitura' in project 'Kitura'
        ➜ Explicit dependency on target 'KituraNet-product' in project 'Kitura-net'
        ➜ Explicit dependency on target 'KituraTemplateEngine-product' in project 'Kitura-TemplateEngine'
        ➜ Explicit dependency on target 'KituraContracts-product' in project 'KituraContracts'
        ➜ Explicit dependency on target 'TypeDecoder-product' in project 'TypeDecoder'
        ➜ Explicit dependency on target 'LoggerAPI-product' in project 'LoggerAPI'
        ➜ Explicit dependency on target 'Logging-product' in project 'swift-log'
    Target 'TypeDecoder-product' in project 'TypeDecoder'
        ➜ Explicit dependency on target 'TypeDecoder' in project 'TypeDecoder'
    Target 'TypeDecoder' in project 'TypeDecoder' (no dependencies)
    Target 'KituraContracts-product' in project 'KituraContracts'
        ➜ Explicit dependency on target 'KituraContracts' in project 'KituraContracts'
        ➜ Explicit dependency on target 'LoggerAPI-product' in project 'LoggerAPI'
    Target 'KituraContracts' in project 'KituraContracts'
        ➜ Explicit dependency on target 'LoggerAPI-product' in project 'LoggerAPI'
    Target 'KituraTemplateEngine-product' in project 'Kitura-TemplateEngine'
        ➜ Explicit dependency on target 'KituraTemplateEngine' in project 'Kitura-TemplateEngine'
    Target 'KituraTemplateEngine' in project 'Kitura-TemplateEngine' (no dependencies)
    Target 'KituraNet-product' in project 'Kitura-net'
        ➜ Explicit dependency on target 'KituraNet' in project 'Kitura-net'
        ➜ Explicit dependency on target 'CHTTPParser' in project 'Kitura-net'
        ➜ Explicit dependency on target 'LoggerAPI-product' in project 'LoggerAPI'
        ➜ Explicit dependency on target 'Socket-product' in project 'Socket'
        ➜ Explicit dependency on target 'SSLService-product' in project 'SSLService'
    Target 'KituraNet' in project 'Kitura-net'
        ➜ Explicit dependency on target 'CHTTPParser' in project 'Kitura-net'
        ➜ Explicit dependency on target 'CCurl' in project 'Kitura-net'
        ➜ Explicit dependency on target 'LoggerAPI-product' in project 'LoggerAPI'
        ➜ Explicit dependency on target 'Socket-product' in project 'Socket'
        ➜ Explicit dependency on target 'SSLService-product' in project 'SSLService'
    Target 'SSLService-product' in project 'SSLService'
        ➜ Explicit dependency on target 'SSLService' in project 'SSLService'
        ➜ Explicit dependency on target 'Socket-product' in project 'Socket'
    Target 'SSLService' in project 'SSLService'
        ➜ Explicit dependency on target 'Socket-product' in project 'Socket'
    Target 'Socket-product' in project 'Socket'
        ➜ Explicit dependency on target 'Socket' in project 'Socket'
    Target 'Socket' in project 'Socket' (no dependencies)
    Target 'LoggerAPI-product' in project 'LoggerAPI'
        ➜ Explicit dependency on target 'LoggerAPI' in project 'LoggerAPI'
        ➜ Explicit dependency on target 'Logging-product' in project 'swift-log'
    Target 'LoggerAPI' in project 'LoggerAPI'
        ➜ Explicit dependency on target 'Logging-product' in project 'swift-log'
    Target 'Logging-product' in project 'swift-log'
        ➜ Explicit dependency on target 'Logging' in project 'swift-log'
    Target 'Logging' in project 'swift-log' (no dependencies)
    Target 'CCurl' in project 'Kitura-net' (no dependencies)
    Target 'CHTTPParser' in project 'Kitura-net' (no dependencies)
GatherProvisioningInputs
CreateBuildDescription
ClangStatCache /Applications/Xcode-27.0.0-Release.Candidate.app/Contents/Developer/Toolchains/XcodeDefault.xctoolchain/usr/bin/clang-stat-cache /Applications/Xcode-27.0.0-Release.Candidate.app/Contents/Developer/Platforms/WatchOS.platform/Developer/SDKs/WatchOS27.0.sdk /Users/admin/builder/spi-builder-workspace/.derivedData/SDKStatCaches.noindex/watchos27.0-24R360-e829b21a6f8c9b70876ba0858053c04477534ef55a1706bf4c1112bbb242f0a2.sdkstatcache
    cd /Users/admin/builder/spi-builder-workspace/.swiftpm/xcode
    /Applications/Xcode-27.0.0-Release.Candidate.app/Contents/Developer/Toolchains/XcodeDefault.xctoolchain/usr/bin/clang-stat-cache /Applications/Xcode-27.0.0-Release.Candidate.app/Contents/Developer/Platforms/WatchOS.platform/Developer/SDKs/WatchOS27.0.sdk -o /Users/admin/builder/spi-builder-workspace/.derivedData/SDKStatCaches.noindex/watchos27.0-24R360-e829b21a6f8c9b70876ba0858053c04477534ef55a1706bf4c1112bbb242f0a2.sdkstatcache
Ld /Users/admin/builder/spi-builder-workspace/.derivedData/Build/Intermediates.noindex/KituraContracts.build/Debug-watchos/KituraContracts-t.build/Objects-normal/arm64_32/Binary/KituraContracts.o normal arm64_32 (in target 'KituraContracts' from project 'KituraContracts')
    cd /Users/admin/builder/spi-builder-workspace/.dependencies/checkouts/KituraContracts
    /Applications/Xcode-27.0.0-Release.Candidate.app/Contents/Developer/Toolchains/XcodeDefault.xctoolchain/usr/bin/clang -Xlinker -reproducible -target arm64_32-apple-watchos9.0 -r -isysroot /Applications/Xcode-27.0.0-Release.Candidate.app/Contents/Developer/Platforms/WatchOS.platform/Developer/SDKs/WatchOS27.0.sdk -O0 -w -Xlinker -no_warn_duplicate_libraries -F/Users/admin/builder/spi-builder-workspace/.derivedData/Build/Intermediates.noindex/EagerLinkingTBDs/Debug-watchos -F/Users/admin/builder/spi-builder-workspace/.derivedData/Build/Products/Debug-watchos/PackageFrameworks -F/Users/admin/builder/spi-builder-workspace/.derivedData/Build/Products/Debug-watchos -iframework /Applications/Xcode-27.0.0-Release.Candidate.app/Contents/Developer/Platforms/WatchOS.platform/Developer/Library/Frameworks -iframework /Applications/Xcode-27.0.0-Release.Candidate.app/Contents/Developer/Platforms/WatchOS.platform/Developer/SDKs/WatchOS27.0.sdk/Developer/Library/Frameworks -filelist /Users/admin/builder/spi-builder-workspace/.derivedData/Build/Intermediates.noindex/KituraContracts.build/Debug-watchos/KituraContracts-t.build/Objects-normal/arm64_32/KituraContracts.LinkFileList -nostdlib -Xlinker -object_path_lto -Xlinker /Users/admin/builder/spi-builder-workspace/.derivedData/Build/Intermediates.noindex/KituraContracts.build/Debug-watchos/KituraContracts-t.build/Objects-normal/arm64_32/KituraContracts_lto.o -Xlinker -no_deduplicate -Xlinker -dependency_info -Xlinker /Users/admin/builder/spi-builder-workspace/.derivedData/Build/Intermediates.noindex/KituraContracts.build/Debug-watchos/KituraContracts-t.build/Objects-normal/arm64_32/KituraContracts_dependency_info.dat -fobjc-link-runtime -L/Applications/Xcode-27.0.0-Release.Candidate.app/Contents/Developer/Toolchains/XcodeDefault.xctoolchain/usr/lib/swift/watchos -L/usr/lib/swift -Xlinker -add_ast_path -Xlinker /Users/admin/builder/spi-builder-workspace/.derivedData/Build/Intermediates.noindex/KituraContracts.build/Debug-watchos/KituraContracts-t.build/Objects-normal/arm64_32/KituraContracts.swiftmodule -o /Users/admin/builder/spi-builder-workspace/.derivedData/Build/Intermediates.noindex/KituraContracts.build/Debug-watchos/KituraContracts-t.build/Objects-normal/arm64_32/Binary/KituraContracts.o
SwiftDriver KituraNet normal arm64 com.apple.xcode.tools.swift.compiler (in target 'KituraNet' from project 'Kitura-net')
    cd /Users/admin/builder/spi-builder-workspace/.swiftpm/xcode
    builtin-SwiftDriver -- /Applications/Xcode-27.0.0-Release.Candidate.app/Contents/Developer/Toolchains/XcodeDefault.xctoolchain/usr/bin/swiftc -parse-as-library -module-name KituraNet -Onone @/Users/admin/builder/spi-builder-workspace/.derivedData/Build/Intermediates.noindex/Kitura-net.build/Debug-watchos/KituraNet-t.build/Objects-normal/arm64/KituraNet.SwiftFileList -DSWIFT_PACKAGE -DDEBUG -DSWIFT_MODULE_RESOURCE_BUNDLE_UNAVAILABLE -Xcc -fmodule-map-file\=/Users/admin/builder/spi-builder-workspace/.dependencies/checkouts/Kitura-net/Sources/CCurl/module.modulemap -Xcc -fmodule-map-file\=/Users/admin/builder/spi-builder-workspace/.derivedData/Build/Intermediates.noindex/GeneratedModuleMaps-watchos/CHTTPParser.modulemap -DXcode -plugin-path /Applications/Xcode-27.0.0-Release.Candidate.app/Contents/Developer/Toolchains/XcodeDefault.xctoolchain/usr/lib/swift/host/plugins/testing -enable-experimental-feature DebugDescriptionMacro -sdk /Applications/Xcode-27.0.0-Release.Candidate.app/Contents/Developer/Platforms/WatchOS.platform/Developer/SDKs/WatchOS27.0.sdk -target arm64-apple-watchos9.0 -g -module-cache-path /Users/admin/builder/spi-builder-workspace/.derivedData/ModuleCache.noindex -Xfrontend -serialize-debugging-options -enable-testing -suppress-warnings -index-store-path /Users/admin/builder/spi-builder-workspace/.derivedData/Index.noindex/DataStore -Xcc -D_LIBCPP_HARDENING_MODE\=_LIBCPP_HARDENING_MODE_DEBUG -swift-version 5 -I /Users/admin/builder/spi-builder-workspace/.derivedData/Build/Products/Debug-watchos -Isystem /Applications/Xcode-27.0.0-Release.Candidate.app/Contents/Developer/Platforms/WatchOS.platform/Developer/usr/lib -F /Users/admin/builder/spi-builder-workspace/.derivedData/Build/Products/Debug-watchos/PackageFrameworks -F /Users/admin/builder/spi-builder-workspace/.derivedData/Build/Products/Debug-watchos -F /Applications/Xcode-27.0.0-Release.Candidate.app/Contents/Developer/Platforms/WatchOS.platform/Developer/Library/Frameworks -F /Applications/Xcode-27.0.0-Release.Candidate.app/Contents/Developer/Platforms/WatchOS.platform/Developer/SDKs/WatchOS27.0.sdk/Developer/Library/Frameworks -c -j10 -enable-batch-mode -incremental -Xcc -ivfsstatcache -Xcc /Users/admin/builder/spi-builder-workspace/.derivedData/SDKStatCaches.noindex/watchos27.0-24R360-e829b21a6f8c9b70876ba0858053c04477534ef55a1706bf4c1112bbb242f0a2.sdkstatcache -output-file-map /Users/admin/builder/spi-builder-workspace/.derivedData/Build/Intermediates.noindex/Kitura-net.build/Debug-watchos/KituraNet-t.build/Objects-normal/arm64/KituraNet-OutputFileMap.json -save-temps -no-color-diagnostics -explicit-module-build -module-cache-path /Users/admin/builder/spi-builder-workspace/.derivedData/Build/Intermediates.noindex/SwiftExplicitPrecompiledModules -clang-scanner-module-cache-path /Users/admin/builder/spi-builder-workspace/.derivedData/ModuleCache.noindex -sdk-module-cache-path /Users/admin/builder/spi-builder-workspace/.derivedData/SDKExplicitPrecompiledModules -emit-dependencies -emit-module -emit-module-path /Users/admin/builder/spi-builder-workspace/.derivedData/Build/Intermediates.noindex/Kitura-net.build/Debug-watchos/KituraNet-t.build/Objects-normal/arm64/KituraNet.swiftmodule -serialize-diagnostics -dependency-scan-serialize-diagnostics-path /Users/admin/builder/spi-builder-workspace/.derivedData/Build/Intermediates.noindex/Kitura-net.build/Debug-watchos/KituraNet-t.build/Objects-normal/arm64/KituraNet-dependency-scan.dia -validate-clang-modules-once -clang-build-session-file /Users/admin/builder/spi-builder-workspace/.derivedData/ModuleCache.noindex/Session.modulevalidation -Xcc -fmodules-prune-interval\=86400 -Xcc -fmodules-prune-after\=345600 -emit-const-values -const-gather-protocols-list /Users/admin/builder/spi-builder-workspace/.derivedData/Build/Intermediates.noindex/Kitura-net.build/Debug-watchos/KituraNet-t.build/Objects-normal/arm64/KituraNet_const_extract_protocols.json -Xcc -I/Users/admin/builder/spi-builder-workspace/.dependencies/checkouts/Kitura-net/Sources/CHTTPParser/include -Xcc -I/Users/admin/builder/spi-builder-workspace/.derivedData/Build/Products/Debug-watchos/include -Xcc -I/Users/admin/builder/spi-builder-workspace/.derivedData/Build/Intermediates.noindex/Kitura-net.build/Debug-watchos/KituraNet-t.build/DerivedSources-normal/arm64 -Xcc -I/Users/admin/builder/spi-builder-workspace/.derivedData/Build/Intermediates.noindex/Kitura-net.build/Debug-watchos/KituraNet-t.build/DerivedSources/arm64 -Xcc -I/Users/admin/builder/spi-builder-workspace/.derivedData/Build/Intermediates.noindex/Kitura-net.build/Debug-watchos/KituraNet-t.build/DerivedSources -Xcc -DSWIFT_PACKAGE -Xcc -DDEBUG\=1 -emit-objc-header -emit-objc-header-path /Users/admin/builder/spi-builder-workspace/.derivedData/Build/Intermediates.noindex/Kitura-net.build/Debug-watchos/KituraNet-t.build/Objects-normal/arm64/KituraNet-Swift.h -working-directory /Users/admin/builder/spi-builder-workspace/.swiftpm/xcode -experimental-emit-module-separately -disable-cmo
error: Clang dependency scanning failure: While building module 'CCurl' imported from module-include.input:1:
In file included from <module-includes>:1:
/Users/admin/builder/spi-builder-workspace/.dependencies/checkouts/Kitura-net/Sources/CCurl/shim.h:20:9: fatal error: 'curl/curl.h' file not found
module-include.input:1:2: fatal error: could not build module 'CCurl'
 (in target 'KituraNet' from project 'Kitura-net')
error: Clang dependency scanning failure: While building module 'CCurl' imported from module-include.input:1:
In file included from <module-includes>:1:
/Users/admin/builder/spi-builder-workspace/.dependencies/checkouts/Kitura-net/Sources/CCurl/shim.h:20:9: fatal error: 'curl/curl.h' file not found
module-include.input:1:5: fatal error: could not build module 'CCurl'
 (in target 'KituraNet' from project 'Kitura-net')
error: Clang dependency scanning failure: While building module 'CCurl' imported from module-include.input:1:
In file included from <module-includes>:1:
/Users/admin/builder/spi-builder-workspace/.dependencies/checkouts/Kitura-net/Sources/CCurl/shim.h:20:9: fatal error: 'curl/curl.h' file not found
module-include.input:1:2: fatal error: could not build module 'CCurl'
 (in target 'KituraNet' from project 'Kitura-net')
error: Clang dependency scanning failure: While building module 'CCurl' imported from module-include.input:1:
In file included from <module-includes>:1:
/Users/admin/builder/spi-builder-workspace/.dependencies/checkouts/Kitura-net/Sources/CCurl/shim.h:20:9: fatal error: 'curl/curl.h' file not found
module-include.input:1:2: fatal error: could not build module 'CCurl'
 (in target 'KituraNet' from project 'Kitura-net')
error: Clang dependency scanning failure: While building module 'CCurl' imported from module-include.input:1:
In file included from <module-includes>:1:
/Users/admin/builder/spi-builder-workspace/.dependencies/checkouts/Kitura-net/Sources/CCurl/shim.h:20:9: fatal error: 'curl/curl.h' file not found
module-include.input:1:3: fatal error: could not build module 'CCurl'
 (in target 'KituraNet' from project 'Kitura-net')
/Users/admin/builder/spi-builder-workspace/.dependencies/checkouts/Kitura-net/Sources/KituraNet/ClientRequest.swift:18:8: error: Unable to resolve module dependency: 'CCurl' (in target 'KituraNet' from project 'Kitura-net')
    note: A dependency of main module 'KituraNet'
error: Clang dependency scanning failure: While building module 'CCurl' imported from module-include.input:1:
In file included from <module-includes>:1:
/Users/admin/builder/spi-builder-workspace/.dependencies/checkouts/Kitura-net/Sources/CCurl/shim.h:20:9: fatal error: 'curl/curl.h' file not found
module-include.input:1:2: fatal error: could not build module 'CCurl'
 (in target 'KituraNet' from project 'Kitura-net')
error: Clang dependency scanning failure: While building module 'CCurl' imported from module-include.input:1:
In file included from <module-includes>:1:
/Users/admin/builder/spi-builder-workspace/.dependencies/checkouts/Kitura-net/Sources/CCurl/shim.h:20:9: fatal error: 'curl/curl.h' file not found
module-include.input:1:5: fatal error: could not build module 'CCurl'
 (in target 'KituraNet' from project 'Kitura-net')
error: Clang dependency scanning failure: While building module 'CCurl' imported from module-include.input:1:
In file included from <module-includes>:1:
/Users/admin/builder/spi-builder-workspace/.dependencies/checkouts/Kitura-net/Sources/CCurl/shim.h:20:9: fatal error: 'curl/curl.h' file not found
module-include.input:1:2: fatal error: could not build module 'CCurl'
 (in target 'KituraNet' from project 'Kitura-net')
error: Clang dependency scanning failure: While building module 'CCurl' imported from module-include.input:1:
In file included from <module-includes>:1:
/Users/admin/builder/spi-builder-workspace/.dependencies/checkouts/Kitura-net/Sources/CCurl/shim.h:20:9: fatal error: 'curl/curl.h' file not found
module-include.input:1:2: fatal error: could not build module 'CCurl'
 (in target 'KituraNet' from project 'Kitura-net')
error: Clang dependency scanning failure: While building module 'CCurl' imported from module-include.input:1:
In file included from <module-includes>:1:
/Users/admin/builder/spi-builder-workspace/.dependencies/checkouts/Kitura-net/Sources/CCurl/shim.h:20:9: fatal error: 'curl/curl.h' file not found
module-include.input:1:3: fatal error: could not build module 'CCurl'
 (in target 'KituraNet' from project 'Kitura-net')
/Users/admin/builder/spi-builder-workspace/.dependencies/checkouts/Kitura-net/Sources/KituraNet/ClientRequest.swift:18:8: note: A dependency of main module 'KituraNet'
import CCurl
       ^ (in target 'KituraNet' from project 'Kitura-net')
SwiftDriver KituraNet normal arm64_32 com.apple.xcode.tools.swift.compiler (in target 'KituraNet' from project 'Kitura-net')
    cd /Users/admin/builder/spi-builder-workspace/.swiftpm/xcode
    builtin-SwiftDriver -- /Applications/Xcode-27.0.0-Release.Candidate.app/Contents/Developer/Toolchains/XcodeDefault.xctoolchain/usr/bin/swiftc -parse-as-library -module-name KituraNet -Onone @/Users/admin/builder/spi-builder-workspace/.derivedData/Build/Intermediates.noindex/Kitura-net.build/Debug-watchos/KituraNet-t.build/Objects-normal/arm64_32/KituraNet.SwiftFileList -DSWIFT_PACKAGE -DDEBUG -DSWIFT_MODULE_RESOURCE_BUNDLE_UNAVAILABLE -Xcc -fmodule-map-file\=/Users/admin/builder/spi-builder-workspace/.dependencies/checkouts/Kitura-net/Sources/CCurl/module.modulemap -Xcc -fmodule-map-file\=/Users/admin/builder/spi-builder-workspace/.derivedData/Build/Intermediates.noindex/GeneratedModuleMaps-watchos/CHTTPParser.modulemap -DXcode -plugin-path /Applications/Xcode-27.0.0-Release.Candidate.app/Contents/Developer/Toolchains/XcodeDefault.xctoolchain/usr/lib/swift/host/plugins/testing -enable-experimental-feature DebugDescriptionMacro -sdk /Applications/Xcode-27.0.0-Release.Candidate.app/Contents/Developer/Platforms/WatchOS.platform/Developer/SDKs/WatchOS27.0.sdk -target arm64_32-apple-watchos9.0 -g -module-cache-path /Users/admin/builder/spi-builder-workspace/.derivedData/ModuleCache.noindex -Xfrontend -serialize-debugging-options -enable-testing -suppress-warnings -index-store-path /Users/admin/builder/spi-builder-workspace/.derivedData/Index.noindex/DataStore -Xcc -D_LIBCPP_HARDENING_MODE\=_LIBCPP_HARDENING_MODE_DEBUG -swift-version 5 -I /Users/admin/builder/spi-builder-workspace/.derivedData/Build/Products/Debug-watchos -Isystem /Applications/Xcode-27.0.0-Release.Candidate.app/Contents/Developer/Platforms/WatchOS.platform/Developer/usr/lib -F /Users/admin/builder/spi-builder-workspace/.derivedData/Build/Products/Debug-watchos/PackageFrameworks -F /Users/admin/builder/spi-builder-workspace/.derivedData/Build/Products/Debug-watchos -F /Applications/Xcode-27.0.0-Release.Candidate.app/Contents/Developer/Platforms/WatchOS.platform/Developer/Library/Frameworks -F /Applications/Xcode-27.0.0-Release.Candidate.app/Contents/Developer/Platforms/WatchOS.platform/Developer/SDKs/WatchOS27.0.sdk/Developer/Library/Frameworks -c -j10 -enable-batch-mode -incremental -Xcc -ivfsstatcache -Xcc /Users/admin/builder/spi-builder-workspace/.derivedData/SDKStatCaches.noindex/watchos27.0-24R360-e829b21a6f8c9b70876ba0858053c04477534ef55a1706bf4c1112bbb242f0a2.sdkstatcache -output-file-map /Users/admin/builder/spi-builder-workspace/.derivedData/Build/Intermediates.noindex/Kitura-net.build/Debug-watchos/KituraNet-t.build/Objects-normal/arm64_32/KituraNet-OutputFileMap.json -save-temps -no-color-diagnostics -explicit-module-build -module-cache-path /Users/admin/builder/spi-builder-workspace/.derivedData/Build/Intermediates.noindex/SwiftExplicitPrecompiledModules -clang-scanner-module-cache-path /Users/admin/builder/spi-builder-workspace/.derivedData/ModuleCache.noindex -sdk-module-cache-path /Users/admin/builder/spi-builder-workspace/.derivedData/SDKExplicitPrecompiledModules -emit-dependencies -emit-module -emit-module-path /Users/admin/builder/spi-builder-workspace/.derivedData/Build/Intermediates.noindex/Kitura-net.build/Debug-watchos/KituraNet-t.build/Objects-normal/arm64_32/KituraNet.swiftmodule -serialize-diagnostics -dependency-scan-serialize-diagnostics-path /Users/admin/builder/spi-builder-workspace/.derivedData/Build/Intermediates.noindex/Kitura-net.build/Debug-watchos/KituraNet-t.build/Objects-normal/arm64_32/KituraNet-dependency-scan.dia -validate-clang-modules-once -clang-build-session-file /Users/admin/builder/spi-builder-workspace/.derivedData/ModuleCache.noindex/Session.modulevalidation -Xcc -fmodules-prune-interval\=86400 -Xcc -fmodules-prune-after\=345600 -emit-const-values -const-gather-protocols-list /Users/admin/builder/spi-builder-workspace/.derivedData/Build/Intermediates.noindex/Kitura-net.build/Debug-watchos/KituraNet-t.build/Objects-normal/arm64_32/KituraNet_const_extract_protocols.json -Xcc -I/Users/admin/builder/spi-builder-workspace/.dependencies/checkouts/Kitura-net/Sources/CHTTPParser/include -Xcc -I/Users/admin/builder/spi-builder-workspace/.derivedData/Build/Products/Debug-watchos/include -Xcc -I/Users/admin/builder/spi-builder-workspace/.derivedData/Build/Intermediates.noindex/Kitura-net.build/Debug-watchos/KituraNet-t.build/DerivedSources-normal/arm64_32 -Xcc -I/Users/admin/builder/spi-builder-workspace/.derivedData/Build/Intermediates.noindex/Kitura-net.build/Debug-watchos/KituraNet-t.build/DerivedSources/arm64_32 -Xcc -I/Users/admin/builder/spi-builder-workspace/.derivedData/Build/Intermediates.noindex/Kitura-net.build/Debug-watchos/KituraNet-t.build/DerivedSources -Xcc -DSWIFT_PACKAGE -Xcc -DDEBUG\=1 -emit-objc-header -emit-objc-header-path /Users/admin/builder/spi-builder-workspace/.derivedData/Build/Intermediates.noindex/Kitura-net.build/Debug-watchos/KituraNet-t.build/Objects-normal/arm64_32/KituraNet-Swift.h -working-directory /Users/admin/builder/spi-builder-workspace/.swiftpm/xcode -experimental-emit-module-separately -disable-cmo
error: Clang dependency scanning failure: While building module 'CCurl' imported from module-include.input:1:
In file included from <module-includes>:1:
/Users/admin/builder/spi-builder-workspace/.dependencies/checkouts/Kitura-net/Sources/CCurl/shim.h:20:9: fatal error: 'curl/curl.h' file not found
module-include.input:1:2: fatal error: could not build module 'CCurl'
 (in target 'KituraNet' from project 'Kitura-net')
error: Clang dependency scanning failure: While building module 'CCurl' imported from module-include.input:1:
In file included from <module-includes>:1:
/Users/admin/builder/spi-builder-workspace/.dependencies/checkouts/Kitura-net/Sources/CCurl/shim.h:20:9: fatal error: 'curl/curl.h' file not found
module-include.input:1:3: fatal error: could not build module 'CCurl'
 (in target 'KituraNet' from project 'Kitura-net')
error: Clang dependency scanning failure: While building module 'CCurl' imported from module-include.input:1:
In file included from <module-includes>:1:
/Users/admin/builder/spi-builder-workspace/.dependencies/checkouts/Kitura-net/Sources/CCurl/shim.h:20:9: fatal error: 'curl/curl.h' file not found
module-include.input:1:3: fatal error: could not build module 'CCurl'
 (in target 'KituraNet' from project 'Kitura-net')
error: Clang dependency scanning failure: While building module 'CCurl' imported from module-include.input:1:
In file included from <module-includes>:1:
/Users/admin/builder/spi-builder-workspace/.dependencies/checkouts/Kitura-net/Sources/CCurl/shim.h:20:9: fatal error: 'curl/curl.h' file not found
module-include.input:1:2: fatal error: could not build module 'CCurl'
 (in target 'KituraNet' from project 'Kitura-net')
error: Clang dependency scanning failure: While building module 'CCurl' imported from module-include.input:1:
In file included from <module-includes>:1:
/Users/admin/builder/spi-builder-workspace/.dependencies/checkouts/Kitura-net/Sources/CCurl/shim.h:20:9: fatal error: 'curl/curl.h' file not found
module-include.input:1:2: fatal error: could not build module 'CCurl'
 (in target 'KituraNet' from project 'Kitura-net')
/Users/admin/builder/spi-builder-workspace/.dependencies/checkouts/Kitura-net/Sources/KituraNet/ClientRequest.swift:18:8: error: Unable to resolve module dependency: 'CCurl' (in target 'KituraNet' from project 'Kitura-net')
    note: A dependency of main module 'KituraNet'
error: Clang dependency scanning failure: While building module 'CCurl' imported from module-include.input:1:
In file included from <module-includes>:1:
/Users/admin/builder/spi-builder-workspace/.dependencies/checkouts/Kitura-net/Sources/CCurl/shim.h:20:9: fatal error: 'curl/curl.h' file not found
module-include.input:1:2: fatal error: could not build module 'CCurl'
 (in target 'KituraNet' from project 'Kitura-net')
error: Clang dependency scanning failure: While building module 'CCurl' imported from module-include.input:1:
In file included from <module-includes>:1:
/Users/admin/builder/spi-builder-workspace/.dependencies/checkouts/Kitura-net/Sources/CCurl/shim.h:20:9: fatal error: 'curl/curl.h' file not found
module-include.input:1:3: fatal error: could not build module 'CCurl'
 (in target 'KituraNet' from project 'Kitura-net')
error: Clang dependency scanning failure: While building module 'CCurl' imported from module-include.input:1:
In file included from <module-includes>:1:
/Users/admin/builder/spi-builder-workspace/.dependencies/checkouts/Kitura-net/Sources/CCurl/shim.h:20:9: fatal error: 'curl/curl.h' file not found
module-include.input:1:3: fatal error: could not build module 'CCurl'
 (in target 'KituraNet' from project 'Kitura-net')
error: Clang dependency scanning failure: While building module 'CCurl' imported from module-include.input:1:
In file included from <module-includes>:1:
/Users/admin/builder/spi-builder-workspace/.dependencies/checkouts/Kitura-net/Sources/CCurl/shim.h:20:9: fatal error: 'curl/curl.h' file not found
module-include.input:1:2: fatal error: could not build module 'CCurl'
 (in target 'KituraNet' from project 'Kitura-net')
error: Clang dependency scanning failure: While building module 'CCurl' imported from module-include.input:1:
In file included from <module-includes>:1:
/Users/admin/builder/spi-builder-workspace/.dependencies/checkouts/Kitura-net/Sources/CCurl/shim.h:20:9: fatal error: 'curl/curl.h' file not found
module-include.input:1:2: fatal error: could not build module 'CCurl'
 (in target 'KituraNet' from project 'Kitura-net')
/Users/admin/builder/spi-builder-workspace/.dependencies/checkouts/Kitura-net/Sources/KituraNet/ClientRequest.swift:18:8: note: A dependency of main module 'KituraNet'
import CCurl
       ^ (in target 'KituraNet' from project 'Kitura-net')
SwiftDriver KituraContracts normal arm64 com.apple.xcode.tools.swift.compiler (in target 'KituraContracts' from project 'KituraContracts')
    cd /Users/admin/builder/spi-builder-workspace/.swiftpm/xcode
    builtin-SwiftDriver -- /Applications/Xcode-27.0.0-Release.Candidate.app/Contents/Developer/Toolchains/XcodeDefault.xctoolchain/usr/bin/swiftc -parse-as-library -module-name KituraContracts -Onone @/Users/admin/builder/spi-builder-workspace/.derivedData/Build/Intermediates.noindex/KituraContracts.build/Debug-watchos/KituraContracts-t.build/Objects-normal/arm64/KituraContracts.SwiftFileList -DSWIFT_PACKAGE -DDEBUG -DSWIFT_MODULE_RESOURCE_BUNDLE_UNAVAILABLE -DXcode -plugin-path /Applications/Xcode-27.0.0-Release.Candidate.app/Contents/Developer/Toolchains/XcodeDefault.xctoolchain/usr/lib/swift/host/plugins/testing -enable-experimental-feature DebugDescriptionMacro -sdk /Applications/Xcode-27.0.0-Release.Candidate.app/Contents/Developer/Platforms/WatchOS.platform/Developer/SDKs/WatchOS27.0.sdk -target arm64-apple-watchos9.0 -g -module-cache-path /Users/admin/builder/spi-builder-workspace/.derivedData/ModuleCache.noindex -Xfrontend -serialize-debugging-options -enable-testing -suppress-warnings -index-store-path /Users/admin/builder/spi-builder-workspace/.derivedData/Index.noindex/DataStore -Xcc -D_LIBCPP_HARDENING_MODE\=_LIBCPP_HARDENING_MODE_DEBUG -swift-version 5 -I /Users/admin/builder/spi-builder-workspace/.derivedData/Build/Products/Debug-watchos -Isystem /Applications/Xcode-27.0.0-Release.Candidate.app/Contents/Developer/Platforms/WatchOS.platform/Developer/usr/lib -F /Users/admin/builder/spi-builder-workspace/.derivedData/Build/Products/Debug-watchos/PackageFrameworks -F /Users/admin/builder/spi-builder-workspace/.derivedData/Build/Products/Debug-watchos -F /Applications/Xcode-27.0.0-Release.Candidate.app/Contents/Developer/Platforms/WatchOS.platform/Developer/Library/Frameworks -F /Applications/Xcode-27.0.0-Release.Candidate.app/Contents/Developer/Platforms/WatchOS.platform/Developer/SDKs/WatchOS27.0.sdk/Developer/Library/Frameworks -c -j10 -enable-batch-mode -incremental -Xcc -ivfsstatcache -Xcc /Users/admin/builder/spi-builder-workspace/.derivedData/SDKStatCaches.noindex/watchos27.0-24R360-e829b21a6f8c9b70876ba0858053c04477534ef55a1706bf4c1112bbb242f0a2.sdkstatcache -output-file-map /Users/admin/builder/spi-builder-workspace/.derivedData/Build/Intermediates.noindex/KituraContracts.build/Debug-watchos/KituraContracts-t.build/Objects-normal/arm64/KituraContracts-OutputFileMap.json -save-temps -no-color-diagnostics -explicit-module-build -module-cache-path /Users/admin/builder/spi-builder-workspace/.derivedData/Build/Intermediates.noindex/SwiftExplicitPrecompiledModules -clang-scanner-module-cache-path /Users/admin/builder/spi-builder-workspace/.derivedData/ModuleCache.noindex -sdk-module-cache-path /Users/admin/builder/spi-builder-workspace/.derivedData/SDKExplicitPrecompiledModules -emit-dependencies -emit-module -emit-module-path /Users/admin/builder/spi-builder-workspace/.derivedData/Build/Intermediates.noindex/KituraContracts.build/Debug-watchos/KituraContracts-t.build/Objects-normal/arm64/KituraContracts.swiftmodule -serialize-diagnostics -dependency-scan-serialize-diagnostics-path /Users/admin/builder/spi-builder-workspace/.derivedData/Build/Intermediates.noindex/KituraContracts.build/Debug-watchos/KituraContracts-t.build/Objects-normal/arm64/KituraContracts-dependency-scan.dia -validate-clang-modules-once -clang-build-session-file /Users/admin/builder/spi-builder-workspace/.derivedData/ModuleCache.noindex/Session.modulevalidation -Xcc -fmodules-prune-interval\=86400 -Xcc -fmodules-prune-after\=345600 -emit-const-values -const-gather-protocols-list /Users/admin/builder/spi-builder-workspace/.derivedData/Build/Intermediates.noindex/KituraContracts.build/Debug-watchos/KituraContracts-t.build/Objects-normal/arm64/KituraContracts_const_extract_protocols.json -Xcc -I/Users/admin/builder/spi-builder-workspace/.derivedData/Build/Products/Debug-watchos/include -Xcc -I/Users/admin/builder/spi-builder-workspace/.derivedData/Build/Intermediates.noindex/KituraContracts.build/Debug-watchos/KituraContracts-t.build/DerivedSources-normal/arm64 -Xcc -I/Users/admin/builder/spi-builder-workspace/.derivedData/Build/Intermediates.noindex/KituraContracts.build/Debug-watchos/KituraContracts-t.build/DerivedSources/arm64 -Xcc -I/Users/admin/builder/spi-builder-workspace/.derivedData/Build/Intermediates.noindex/KituraContracts.build/Debug-watchos/KituraContracts-t.build/DerivedSources -Xcc -DSWIFT_PACKAGE -Xcc -DDEBUG\=1 -emit-objc-header -emit-objc-header-path /Users/admin/builder/spi-builder-workspace/.derivedData/Build/Intermediates.noindex/KituraContracts.build/Debug-watchos/KituraContracts-t.build/Objects-normal/arm64/KituraContracts-Swift.h -working-directory /Users/admin/builder/spi-builder-workspace/.swiftpm/xcode -experimental-emit-module-separately -disable-cmo
SwiftEmitModule normal arm64 Emitting\ module\ for\ KituraContracts (in target 'KituraContracts' from project 'KituraContracts')
SwiftCompile normal arm64 (in target 'KituraContracts' from project 'KituraContracts')
    cd /Users/admin/builder/spi-builder-workspace/.swiftpm/xcode

SwiftCompile normal arm64 Compiling\ QueryEncoder.swift /Users/admin/builder/spi-builder-workspace/.dependencies/checkouts/KituraContracts/Sources/KituraContracts/CodableQuery/QueryEncoder.swift (in target 'KituraContracts' from project 'KituraContracts')
SwiftCompile normal arm64 /Users/admin/builder/spi-builder-workspace/.dependencies/checkouts/KituraContracts/Sources/KituraContracts/CodableQuery/QueryEncoder.swift (in target 'KituraContracts' from project 'KituraContracts')
    cd /Users/admin/builder/spi-builder-workspace/.swiftpm/xcode
    builtin-SwiftPerFileCompile QueryEncoder.swift
PruneExplicitPrecompiledModules /Users/admin/builder/spi-builder-workspace/.derivedData/Build/Intermediates.noindex/SwiftExplicitPrecompiledModules
PruneExplicitPrecompiledModules /Users/admin/builder/spi-builder-workspace/.derivedData/Build/Intermediates.noindex/ExplicitPrecompiledModules
PruneExplicitPrecompiledModules /Users/admin/builder/spi-builder-workspace/.derivedData/SDKExplicitPrecompiledModules
2026-09-17 04:20:37.346 xcodebuild[1649:8429] [MT] IDERunDestination: Supported platforms for the buildables in the current scheme is empty.
** BUILD FAILED **
The following build commands failed:
	SwiftDriver KituraNet normal arm64 com.apple.xcode.tools.swift.compiler (in target 'KituraNet' from project 'Kitura-net')
	SwiftDriver KituraNet normal arm64_32 com.apple.xcode.tools.swift.compiler (in target 'KituraNet' from project 'Kitura-net')
	Building workspace Kitura-CredentialsGitHub with scheme Kitura-CredentialsGitHub
(3 failures)
BUILD FAILURE 6.4 watchOS