The Swift Package Index logo.Swift Package Index

Track the adoption of Swift 6 strict concurrency checks for data race safety. How many packages are Ready for Swift 6?

Build Information

Failed to build AgoraUIKit_iOS with Swift 5.10 for watchOS using Xcode 15.3 at main.

Build Command

env DEVELOPER_DIR=/Applications/Xcode-15.3.0-Beta.2.app xcrun xcodebuild -IDEClonedSourcePackagesDirPathOverride=$workDir/.dependencies -skipMacroValidation -skipPackagePluginValidation -derivedDataPath $workDir/.derivedData build -scheme AgoraUIKit_iOS-Package -destination generic/platform=watchos

Build Log

========================================
RunAll
========================================
Builder version: 4.29.0
Interrupt handler set up.
========================================
Checkout
========================================
Clone URL: https://github.com/AgoraIO-Community/VideoUIKit-iOS.git
Reference: main
Initialized empty Git repository in /Users/builder/builds/UKfvDsi8u/2/finestructure/swiftpackageindex-builder/spi-builder-workspace/.git/
From https://github.com/AgoraIO-Community/VideoUIKit-iOS
 * branch            main       -> FETCH_HEAD
 * [new branch]      main       -> origin/main
HEAD is now at d2d2030 Merge pull request #92 from AgoraIO-Community/update-420
Cloned https://github.com/AgoraIO-Community/VideoUIKit-iOS.git
Revision (git rev-parse @):
d2d20302e3e328aa24008b00aad8e706b96381ff
SPI manifest file found: $workDir/.spi.yml
SUCCESS checkout https://github.com/AgoraIO-Community/VideoUIKit-iOS.git at main
========================================
Build
========================================
Selected platform:         watchOS
Swift version:             5.10
Building package at path:  $workDir
https://github.com/AgoraIO-Community/VideoUIKit-iOS.git
Command line invocation:
    /Applications/Xcode-15.3.0-Beta.2.app/Contents/Developer/usr/bin/xcodebuild -IDEClonedSourcePackagesDirPathOverride=/Users/builder/builds/UKfvDsi8u/2/finestructure/swiftpackageindex-builder/spi-builder-workspace/.dependencies -resolvePackageDependencies
User defaults from command line:
    IDEClonedSourcePackagesDirPathOverride = /Users/builder/builds/UKfvDsi8u/2/finestructure/swiftpackageindex-builder/spi-builder-workspace/.dependencies
    IDEPackageSupportUseBuiltinSCM = YES
Resolve Package Graph
Fetching from https://github.com/AgoraIO/AgoraRtm_iOS (cached)
Fetching from https://github.com/AgoraIO/AgoraRtcEngine_iOS (cached)
Creating working copy of package ‘AgoraRtcEngine_iOS’
Checking out 4.2.6 of package ‘AgoraRtcEngine_iOS’
Creating working copy of package ‘AgoraRtm_iOS’
Checking out 1.5.1 of package ‘AgoraRtm_iOS’
Resolved source packages:
  AgoraUIKit_iOS: /Users/builder/builds/UKfvDsi8u/2/finestructure/swiftpackageindex-builder/spi-builder-workspace
  AgoraRtcKit: https://github.com/AgoraIO/AgoraRtcEngine_iOS @ 4.2.6
  AgoraRtmKit: https://github.com/AgoraIO/AgoraRtm_iOS @ 1.5.1
resolved source packages: AgoraUIKit_iOS, AgoraRtcKit, AgoraRtmKit
2024-02-16 23:29:56.052 xcodebuild[9945:31170302] Requested but did not find extension point with identifier Xcode.DVTDeviceFoundation.Aspect for extension Xcode.IDEiOSSupportCore.Aspect.NBDD of plug-in com.apple.dt.IDE.IDEiOSSupportCore
2024-02-16 23:29:59.778 xcodebuild[9945:31170302] [MT] DVTPlugInQuery: Requested but did not find extension point with identifier 'Xcode.DVTDeviceFoundation.CompatibleDeviceFamilyPair'. This is programmer error; code should only request extension points that are defined by itself or its dependencies.
{
  "workspace" : {
    "name" : "spi-builder-workspace",
    "schemes" : [
      "AgoraAppGroupDataHelper",
      "AgoraBroadcastExtensionHelper",
      "AgoraUIKit",
      "AgoraUIKit_iOS-Package"
    ]
  }
}
2024-02-16 23:30:00.049 xcodebuild[10189:31170905] Requested but did not find extension point with identifier Xcode.DVTDeviceFoundation.Aspect for extension Xcode.IDEiOSSupportCore.Aspect.NBDD of plug-in com.apple.dt.IDE.IDEiOSSupportCore
2024-02-16 23:30:00.382 xcodebuild[10189:31170905] [MT] DVTPlugInQuery: Requested but did not find extension point with identifier 'Xcode.DVTDeviceFoundation.CompatibleDeviceFamilyPair'. This is programmer error; code should only request extension points that are defined by itself or its dependencies.
Running build ...
env DEVELOPER_DIR=/Applications/Xcode-15.3.0-Beta.2.app xcrun xcodebuild -IDEClonedSourcePackagesDirPathOverride=$workDir/.dependencies -skipMacroValidation -skipPackagePluginValidation -derivedDataPath $workDir/.derivedData build -scheme AgoraUIKit_iOS-Package -destination generic/platform=watchos
Command line invocation:
    /Applications/Xcode-15.3.0-Beta.2.app/Contents/Developer/usr/bin/xcodebuild -IDEClonedSourcePackagesDirPathOverride=/Users/builder/builds/UKfvDsi8u/2/finestructure/swiftpackageindex-builder/spi-builder-workspace/.dependencies -skipMacroValidation -skipPackagePluginValidation -derivedDataPath /Users/builder/builds/UKfvDsi8u/2/finestructure/swiftpackageindex-builder/spi-builder-workspace/.derivedData build -scheme AgoraUIKit_iOS-Package -destination generic/platform=watchos
User defaults from command line:
    IDEClonedSourcePackagesDirPathOverride = /Users/builder/builds/UKfvDsi8u/2/finestructure/swiftpackageindex-builder/spi-builder-workspace/.dependencies
    IDEDerivedDataPathOverride = /Users/builder/builds/UKfvDsi8u/2/finestructure/swiftpackageindex-builder/spi-builder-workspace/.derivedData
    IDEPackageSupportUseBuiltinSCM = YES
Resolve Package Graph
Resolved source packages:
  AgoraRtmKit: https://github.com/AgoraIO/AgoraRtm_iOS @ 1.5.1
  AgoraUIKit_iOS: /Users/builder/builds/UKfvDsi8u/2/finestructure/swiftpackageindex-builder/spi-builder-workspace
  AgoraRtcKit: https://github.com/AgoraIO/AgoraRtcEngine_iOS @ 4.2.6
Prepare packages
ComputeTargetDependencyGraph
note: Building targets in dependency order
note: Target dependency graph (9 targets)
    Target 'AgoraUIKit' in project 'AgoraUIKit_iOS'
        ➜ Explicit dependency on target 'AgoraUIKit' in project 'AgoraUIKit_iOS'
        ➜ Explicit dependency on target 'AgoraRtmControl' in project 'AgoraUIKit_iOS'
        ➜ Explicit dependency on target 'AgoraRtmKit' in project 'AgoraRtmKit'
        ➜ Explicit dependency on target 'RtcBasic' in project 'AgoraRtcKit'
    Target 'AgoraUIKit' in project 'AgoraUIKit_iOS'
        ➜ Explicit dependency on target 'AgoraRtmControl' in project 'AgoraUIKit_iOS'
        ➜ Explicit dependency on target 'AgoraRtmKit' in project 'AgoraRtmKit'
        ➜ Explicit dependency on target 'RtcBasic' in project 'AgoraRtcKit'
    Target 'AgoraRtmControl' in project 'AgoraUIKit_iOS'
        ➜ Explicit dependency on target 'AgoraRtmKit' in project 'AgoraRtmKit'
    Target 'AgoraRtmKit' in project 'AgoraRtmKit' (no dependencies)
    Target 'AgoraBroadcastExtensionHelper' in project 'AgoraUIKit_iOS'
        ➜ Explicit dependency on target 'AgoraBroadcastExtensionHelper' in project 'AgoraUIKit_iOS'
        ➜ Explicit dependency on target 'AgoraAppGroupDataHelper' in project 'AgoraUIKit_iOS'
        ➜ Explicit dependency on target 'RtcBasic' in project 'AgoraRtcKit'
    Target 'AgoraBroadcastExtensionHelper' in project 'AgoraUIKit_iOS'
        ➜ Explicit dependency on target 'AgoraAppGroupDataHelper' in project 'AgoraUIKit_iOS'
        ➜ Explicit dependency on target 'RtcBasic' in project 'AgoraRtcKit'
    Target 'RtcBasic' in project 'AgoraRtcKit' (no dependencies)
    Target 'AgoraAppGroupDataHelper' in project 'AgoraUIKit_iOS'
        ➜ Explicit dependency on target 'AgoraAppGroupDataHelper' in project 'AgoraUIKit_iOS'
    Target 'AgoraAppGroupDataHelper' in project 'AgoraUIKit_iOS' (no dependencies)
GatherProvisioningInputs
CreateBuildDescription
ExecuteExternalTool /Applications/Xcode-15.3.0-Beta.2.app/Contents/Developer/Toolchains/XcodeDefault.xctoolchain/usr/bin/swiftc -v
ExecuteExternalTool /Applications/Xcode-15.3.0-Beta.2.app/Contents/Developer/Toolchains/XcodeDefault.xctoolchain/usr/bin/clang -v -E -dM -isysroot /Applications/Xcode-15.3.0-Beta.2.app/Contents/Developer/Platforms/WatchOS.platform/Developer/SDKs/WatchOS10.4.sdk -x c -c /dev/null
ExecuteExternalTool /bin/cat /Applications/Xcode-15.3.0-Beta.2.app/Contents/Developer/Toolchains/XcodeDefault.xctoolchain/usr/share/docc/features.json
ExecuteExternalTool /Applications/Xcode-15.3.0-Beta.2.app/Contents/Developer/Toolchains/XcodeDefault.xctoolchain/usr/bin/ld -version_details
Build description signature: a2e61ad4bea7a8fa77c7d9c19ceb8d45
Build description path: /Users/builder/builds/UKfvDsi8u/2/finestructure/swiftpackageindex-builder/spi-builder-workspace/.derivedData/Build/Intermediates.noindex/XCBuildData/a2e61ad4bea7a8fa77c7d9c19ceb8d45.xcbuilddata
/Users/builder/builds/UKfvDsi8u/2/finestructure/swiftpackageindex-builder/spi-builder-workspace/.dependencies/artifacts/agorartm_ios/AgoraRtmKit/AgoraRtmKit.xcframework:1:1: error: While building for watchOS, no library for this platform was found in '/Users/builder/builds/UKfvDsi8u/2/finestructure/swiftpackageindex-builder/spi-builder-workspace/.dependencies/artifacts/agorartm_ios/AgoraRtmKit/AgoraRtmKit.xcframework'. (in target 'AgoraRtmKit' from project 'AgoraRtmKit')
/Users/builder/builds/UKfvDsi8u/2/finestructure/swiftpackageindex-builder/spi-builder-workspace/.dependencies/artifacts/agorartm_ios/AgoraRtmKit/AgoraRtmKit.xcframework:1:1: error: While building for watchOS, no library for this platform was found in '/Users/builder/builds/UKfvDsi8u/2/finestructure/swiftpackageindex-builder/spi-builder-workspace/.dependencies/artifacts/agorartm_ios/AgoraRtmKit/AgoraRtmKit.xcframework'. (in target 'AgoraUIKit' from project 'AgoraUIKit_iOS')
/Users/builder/builds/UKfvDsi8u/2/finestructure/swiftpackageindex-builder/spi-builder-workspace/.dependencies/artifacts/agorartcengine_ios/AgoraRtcKit/AgoraRtcKit.xcframework:1:1: error: While building for watchOS, no library for this platform was found in '/Users/builder/builds/UKfvDsi8u/2/finestructure/swiftpackageindex-builder/spi-builder-workspace/.dependencies/artifacts/agorartcengine_ios/AgoraRtcKit/AgoraRtcKit.xcframework'. (in target 'AgoraUIKit' from project 'AgoraUIKit_iOS')
/Users/builder/builds/UKfvDsi8u/2/finestructure/swiftpackageindex-builder/spi-builder-workspace/.dependencies/artifacts/agorartcengine_ios/AgoraCore/AgoraCore.xcframework:1:1: error: While building for watchOS, no library for this platform was found in '/Users/builder/builds/UKfvDsi8u/2/finestructure/swiftpackageindex-builder/spi-builder-workspace/.dependencies/artifacts/agorartcengine_ios/AgoraCore/AgoraCore.xcframework'. (in target 'AgoraUIKit' from project 'AgoraUIKit_iOS')
/Users/builder/builds/UKfvDsi8u/2/finestructure/swiftpackageindex-builder/spi-builder-workspace/.dependencies/artifacts/agorartcengine_ios/Agorafdkaac/Agorafdkaac.xcframework:1:1: error: While building for watchOS, no library for this platform was found in '/Users/builder/builds/UKfvDsi8u/2/finestructure/swiftpackageindex-builder/spi-builder-workspace/.dependencies/artifacts/agorartcengine_ios/Agorafdkaac/Agorafdkaac.xcframework'. (in target 'AgoraUIKit' from project 'AgoraUIKit_iOS')
/Users/builder/builds/UKfvDsi8u/2/finestructure/swiftpackageindex-builder/spi-builder-workspace/.dependencies/artifacts/agorartcengine_ios/Agoraffmpeg/Agoraffmpeg.xcframework:1:1: error: While building for watchOS, no library for this platform was found in '/Users/builder/builds/UKfvDsi8u/2/finestructure/swiftpackageindex-builder/spi-builder-workspace/.dependencies/artifacts/agorartcengine_ios/Agoraffmpeg/Agoraffmpeg.xcframework'. (in target 'AgoraUIKit' from project 'AgoraUIKit_iOS')
/Users/builder/builds/UKfvDsi8u/2/finestructure/swiftpackageindex-builder/spi-builder-workspace/.dependencies/artifacts/agorartcengine_ios/AgoraSoundTouch/AgoraSoundTouch.xcframework:1:1: error: While building for watchOS, no library for this platform was found in '/Users/builder/builds/UKfvDsi8u/2/finestructure/swiftpackageindex-builder/spi-builder-workspace/.dependencies/artifacts/agorartcengine_ios/AgoraSoundTouch/AgoraSoundTouch.xcframework'. (in target 'AgoraUIKit' from project 'AgoraUIKit_iOS')
/Users/builder/builds/UKfvDsi8u/2/finestructure/swiftpackageindex-builder/spi-builder-workspace/.dependencies/artifacts/agorartm_ios/AgoraRtmKit/AgoraRtmKit.xcframework:1:1: error: While building for watchOS, no library for this platform was found in '/Users/builder/builds/UKfvDsi8u/2/finestructure/swiftpackageindex-builder/spi-builder-workspace/.dependencies/artifacts/agorartm_ios/AgoraRtmKit/AgoraRtmKit.xcframework'. (in target 'AgoraRtmControl' from project 'AgoraUIKit_iOS')
/Users/builder/builds/UKfvDsi8u/2/finestructure/swiftpackageindex-builder/spi-builder-workspace/.dependencies/artifacts/agorartcengine_ios/AgoraRtcKit/AgoraRtcKit.xcframework:1:1: error: While building for watchOS, no library for this platform was found in '/Users/builder/builds/UKfvDsi8u/2/finestructure/swiftpackageindex-builder/spi-builder-workspace/.dependencies/artifacts/agorartcengine_ios/AgoraRtcKit/AgoraRtcKit.xcframework'. (in target 'RtcBasic' from project 'AgoraRtcKit')
/Users/builder/builds/UKfvDsi8u/2/finestructure/swiftpackageindex-builder/spi-builder-workspace/.dependencies/artifacts/agorartcengine_ios/AgoraCore/AgoraCore.xcframework:1:1: error: While building for watchOS, no library for this platform was found in '/Users/builder/builds/UKfvDsi8u/2/finestructure/swiftpackageindex-builder/spi-builder-workspace/.dependencies/artifacts/agorartcengine_ios/AgoraCore/AgoraCore.xcframework'. (in target 'RtcBasic' from project 'AgoraRtcKit')
/Users/builder/builds/UKfvDsi8u/2/finestructure/swiftpackageindex-builder/spi-builder-workspace/.dependencies/artifacts/agorartcengine_ios/Agorafdkaac/Agorafdkaac.xcframework:1:1: error: While building for watchOS, no library for this platform was found in '/Users/builder/builds/UKfvDsi8u/2/finestructure/swiftpackageindex-builder/spi-builder-workspace/.dependencies/artifacts/agorartcengine_ios/Agorafdkaac/Agorafdkaac.xcframework'. (in target 'RtcBasic' from project 'AgoraRtcKit')
/Users/builder/builds/UKfvDsi8u/2/finestructure/swiftpackageindex-builder/spi-builder-workspace/.dependencies/artifacts/agorartcengine_ios/Agoraffmpeg/Agoraffmpeg.xcframework:1:1: error: While building for watchOS, no library for this platform was found in '/Users/builder/builds/UKfvDsi8u/2/finestructure/swiftpackageindex-builder/spi-builder-workspace/.dependencies/artifacts/agorartcengine_ios/Agoraffmpeg/Agoraffmpeg.xcframework'. (in target 'RtcBasic' from project 'AgoraRtcKit')
/Users/builder/builds/UKfvDsi8u/2/finestructure/swiftpackageindex-builder/spi-builder-workspace/.dependencies/artifacts/agorartcengine_ios/AgoraSoundTouch/AgoraSoundTouch.xcframework:1:1: error: While building for watchOS, no library for this platform was found in '/Users/builder/builds/UKfvDsi8u/2/finestructure/swiftpackageindex-builder/spi-builder-workspace/.dependencies/artifacts/agorartcengine_ios/AgoraSoundTouch/AgoraSoundTouch.xcframework'. (in target 'RtcBasic' from project 'AgoraRtcKit')
/Users/builder/builds/UKfvDsi8u/2/finestructure/swiftpackageindex-builder/spi-builder-workspace/.dependencies/artifacts/agorartcengine_ios/AgoraRtcKit/AgoraRtcKit.xcframework:1:1: error: While building for watchOS, no library for this platform was found in '/Users/builder/builds/UKfvDsi8u/2/finestructure/swiftpackageindex-builder/spi-builder-workspace/.dependencies/artifacts/agorartcengine_ios/AgoraRtcKit/AgoraRtcKit.xcframework'. (in target 'AgoraBroadcastExtensionHelper' from project 'AgoraUIKit_iOS')
/Users/builder/builds/UKfvDsi8u/2/finestructure/swiftpackageindex-builder/spi-builder-workspace/.dependencies/artifacts/agorartcengine_ios/AgoraCore/AgoraCore.xcframework:1:1: error: While building for watchOS, no library for this platform was found in '/Users/builder/builds/UKfvDsi8u/2/finestructure/swiftpackageindex-builder/spi-builder-workspace/.dependencies/artifacts/agorartcengine_ios/AgoraCore/AgoraCore.xcframework'. (in target 'AgoraBroadcastExtensionHelper' from project 'AgoraUIKit_iOS')
/Users/builder/builds/UKfvDsi8u/2/finestructure/swiftpackageindex-builder/spi-builder-workspace/.dependencies/artifacts/agorartcengine_ios/Agorafdkaac/Agorafdkaac.xcframework:1:1: error: While building for watchOS, no library for this platform was found in '/Users/builder/builds/UKfvDsi8u/2/finestructure/swiftpackageindex-builder/spi-builder-workspace/.dependencies/artifacts/agorartcengine_ios/Agorafdkaac/Agorafdkaac.xcframework'. (in target 'AgoraBroadcastExtensionHelper' from project 'AgoraUIKit_iOS')
/Users/builder/builds/UKfvDsi8u/2/finestructure/swiftpackageindex-builder/spi-builder-workspace/.dependencies/artifacts/agorartcengine_ios/Agoraffmpeg/Agoraffmpeg.xcframework:1:1: error: While building for watchOS, no library for this platform was found in '/Users/builder/builds/UKfvDsi8u/2/finestructure/swiftpackageindex-builder/spi-builder-workspace/.dependencies/artifacts/agorartcengine_ios/Agoraffmpeg/Agoraffmpeg.xcframework'. (in target 'AgoraBroadcastExtensionHelper' from project 'AgoraUIKit_iOS')
/Users/builder/builds/UKfvDsi8u/2/finestructure/swiftpackageindex-builder/spi-builder-workspace/.dependencies/artifacts/agorartcengine_ios/AgoraSoundTouch/AgoraSoundTouch.xcframework:1:1: error: While building for watchOS, no library for this platform was found in '/Users/builder/builds/UKfvDsi8u/2/finestructure/swiftpackageindex-builder/spi-builder-workspace/.dependencies/artifacts/agorartcengine_ios/AgoraSoundTouch/AgoraSoundTouch.xcframework'. (in target 'AgoraBroadcastExtensionHelper' from project 'AgoraUIKit_iOS')
/Users/builder/builds/UKfvDsi8u/2/finestructure/swiftpackageindex-builder/spi-builder-workspace/.dependencies/artifacts/agorartcengine_ios/AgoraRtcKit/AgoraRtcKit.xcframework:1:1: error: While building for watchOS, no library for this platform was found in '/Users/builder/builds/UKfvDsi8u/2/finestructure/swiftpackageindex-builder/spi-builder-workspace/.dependencies/artifacts/agorartcengine_ios/AgoraRtcKit/AgoraRtcKit.xcframework'. (in target 'AgoraBroadcastExtensionHelper' from project 'AgoraUIKit_iOS')
/Users/builder/builds/UKfvDsi8u/2/finestructure/swiftpackageindex-builder/spi-builder-workspace/.dependencies/artifacts/agorartcengine_ios/AgoraCore/AgoraCore.xcframework:1:1: error: While building for watchOS, no library for this platform was found in '/Users/builder/builds/UKfvDsi8u/2/finestructure/swiftpackageindex-builder/spi-builder-workspace/.dependencies/artifacts/agorartcengine_ios/AgoraCore/AgoraCore.xcframework'. (in target 'AgoraBroadcastExtensionHelper' from project 'AgoraUIKit_iOS')
/Users/builder/builds/UKfvDsi8u/2/finestructure/swiftpackageindex-builder/spi-builder-workspace/.dependencies/artifacts/agorartcengine_ios/Agorafdkaac/Agorafdkaac.xcframework:1:1: error: While building for watchOS, no library for this platform was found in '/Users/builder/builds/UKfvDsi8u/2/finestructure/swiftpackageindex-builder/spi-builder-workspace/.dependencies/artifacts/agorartcengine_ios/Agorafdkaac/Agorafdkaac.xcframework'. (in target 'AgoraBroadcastExtensionHelper' from project 'AgoraUIKit_iOS')
/Users/builder/builds/UKfvDsi8u/2/finestructure/swiftpackageindex-builder/spi-builder-workspace/.dependencies/artifacts/agorartcengine_ios/Agoraffmpeg/Agoraffmpeg.xcframework:1:1: error: While building for watchOS, no library for this platform was found in '/Users/builder/builds/UKfvDsi8u/2/finestructure/swiftpackageindex-builder/spi-builder-workspace/.dependencies/artifacts/agorartcengine_ios/Agoraffmpeg/Agoraffmpeg.xcframework'. (in target 'AgoraBroadcastExtensionHelper' from project 'AgoraUIKit_iOS')
/Users/builder/builds/UKfvDsi8u/2/finestructure/swiftpackageindex-builder/spi-builder-workspace/.dependencies/artifacts/agorartcengine_ios/AgoraSoundTouch/AgoraSoundTouch.xcframework:1:1: error: While building for watchOS, no library for this platform was found in '/Users/builder/builds/UKfvDsi8u/2/finestructure/swiftpackageindex-builder/spi-builder-workspace/.dependencies/artifacts/agorartcengine_ios/AgoraSoundTouch/AgoraSoundTouch.xcframework'. (in target 'AgoraBroadcastExtensionHelper' from project 'AgoraUIKit_iOS')
/Users/builder/builds/UKfvDsi8u/2/finestructure/swiftpackageindex-builder/spi-builder-workspace/.dependencies/artifacts/agorartcengine_ios/AgoraRtcKit/AgoraRtcKit.xcframework:1:1: error: While building for watchOS, no library for this platform was found in '/Users/builder/builds/UKfvDsi8u/2/finestructure/swiftpackageindex-builder/spi-builder-workspace/.dependencies/artifacts/agorartcengine_ios/AgoraRtcKit/AgoraRtcKit.xcframework'. (in target 'AgoraBroadcastExtensionHelper' from project 'AgoraUIKit_iOS')
/Users/builder/builds/UKfvDsi8u/2/finestructure/swiftpackageindex-builder/spi-builder-workspace/.dependencies/artifacts/agorartcengine_ios/AgoraCore/AgoraCore.xcframework:1:1: error: While building for watchOS, no library for this platform was found in '/Users/builder/builds/UKfvDsi8u/2/finestructure/swiftpackageindex-builder/spi-builder-workspace/.dependencies/artifacts/agorartcengine_ios/AgoraCore/AgoraCore.xcframework'. (in target 'AgoraBroadcastExtensionHelper' from project 'AgoraUIKit_iOS')
/Users/builder/builds/UKfvDsi8u/2/finestructure/swiftpackageindex-builder/spi-builder-workspace/.dependencies/artifacts/agorartcengine_ios/Agorafdkaac/Agorafdkaac.xcframework:1:1: error: While building for watchOS, no library for this platform was found in '/Users/builder/builds/UKfvDsi8u/2/finestructure/swiftpackageindex-builder/spi-builder-workspace/.dependencies/artifacts/agorartcengine_ios/Agorafdkaac/Agorafdkaac.xcframework'. (in target 'AgoraBroadcastExtensionHelper' from project 'AgoraUIKit_iOS')
/Users/builder/builds/UKfvDsi8u/2/finestructure/swiftpackageindex-builder/spi-builder-workspace/.dependencies/artifacts/agorartcengine_ios/Agoraffmpeg/Agoraffmpeg.xcframework:1:1: error: While building for watchOS, no library for this platform was found in '/Users/builder/builds/UKfvDsi8u/2/finestructure/swiftpackageindex-builder/spi-builder-workspace/.dependencies/artifacts/agorartcengine_ios/Agoraffmpeg/Agoraffmpeg.xcframework'. (in target 'AgoraBroadcastExtensionHelper' from project 'AgoraUIKit_iOS')
/Users/builder/builds/UKfvDsi8u/2/finestructure/swiftpackageindex-builder/spi-builder-workspace/.dependencies/artifacts/agorartcengine_ios/AgoraSoundTouch/AgoraSoundTouch.xcframework:1:1: error: While building for watchOS, no library for this platform was found in '/Users/builder/builds/UKfvDsi8u/2/finestructure/swiftpackageindex-builder/spi-builder-workspace/.dependencies/artifacts/agorartcengine_ios/AgoraSoundTouch/AgoraSoundTouch.xcframework'. (in target 'AgoraBroadcastExtensionHelper' from project 'AgoraUIKit_iOS')
/Users/builder/builds/UKfvDsi8u/2/finestructure/swiftpackageindex-builder/spi-builder-workspace/.dependencies/artifacts/agorartm_ios/AgoraRtmKit/AgoraRtmKit.xcframework:1:1: error: While building for watchOS, no library for this platform was found in '/Users/builder/builds/UKfvDsi8u/2/finestructure/swiftpackageindex-builder/spi-builder-workspace/.dependencies/artifacts/agorartm_ios/AgoraRtmKit/AgoraRtmKit.xcframework'. (in target 'AgoraUIKit' from project 'AgoraUIKit_iOS')
/Users/builder/builds/UKfvDsi8u/2/finestructure/swiftpackageindex-builder/spi-builder-workspace/.dependencies/artifacts/agorartcengine_ios/AgoraRtcKit/AgoraRtcKit.xcframework:1:1: error: While building for watchOS, no library for this platform was found in '/Users/builder/builds/UKfvDsi8u/2/finestructure/swiftpackageindex-builder/spi-builder-workspace/.dependencies/artifacts/agorartcengine_ios/AgoraRtcKit/AgoraRtcKit.xcframework'. (in target 'AgoraUIKit' from project 'AgoraUIKit_iOS')
/Users/builder/builds/UKfvDsi8u/2/finestructure/swiftpackageindex-builder/spi-builder-workspace/.dependencies/artifacts/agorartcengine_ios/AgoraCore/AgoraCore.xcframework:1:1: error: While building for watchOS, no library for this platform was found in '/Users/builder/builds/UKfvDsi8u/2/finestructure/swiftpackageindex-builder/spi-builder-workspace/.dependencies/artifacts/agorartcengine_ios/AgoraCore/AgoraCore.xcframework'. (in target 'AgoraUIKit' from project 'AgoraUIKit_iOS')
/Users/builder/builds/UKfvDsi8u/2/finestructure/swiftpackageindex-builder/spi-builder-workspace/.dependencies/artifacts/agorartcengine_ios/Agorafdkaac/Agorafdkaac.xcframework:1:1: error: While building for watchOS, no library for this platform was found in '/Users/builder/builds/UKfvDsi8u/2/finestructure/swiftpackageindex-builder/spi-builder-workspace/.dependencies/artifacts/agorartcengine_ios/Agorafdkaac/Agorafdkaac.xcframework'. (in target 'AgoraUIKit' from project 'AgoraUIKit_iOS')
/Users/builder/builds/UKfvDsi8u/2/finestructure/swiftpackageindex-builder/spi-builder-workspace/.dependencies/artifacts/agorartcengine_ios/Agoraffmpeg/Agoraffmpeg.xcframework:1:1: error: While building for watchOS, no library for this platform was found in '/Users/builder/builds/UKfvDsi8u/2/finestructure/swiftpackageindex-builder/spi-builder-workspace/.dependencies/artifacts/agorartcengine_ios/Agoraffmpeg/Agoraffmpeg.xcframework'. (in target 'AgoraUIKit' from project 'AgoraUIKit_iOS')
/Users/builder/builds/UKfvDsi8u/2/finestructure/swiftpackageindex-builder/spi-builder-workspace/.dependencies/artifacts/agorartcengine_ios/AgoraSoundTouch/AgoraSoundTouch.xcframework:1:1: error: While building for watchOS, no library for this platform was found in '/Users/builder/builds/UKfvDsi8u/2/finestructure/swiftpackageindex-builder/spi-builder-workspace/.dependencies/artifacts/agorartcengine_ios/AgoraSoundTouch/AgoraSoundTouch.xcframework'. (in target 'AgoraUIKit' from project 'AgoraUIKit_iOS')
/Users/builder/builds/UKfvDsi8u/2/finestructure/swiftpackageindex-builder/spi-builder-workspace/.dependencies/artifacts/agorartm_ios/AgoraRtmKit/AgoraRtmKit.xcframework:1:1: error: While building for watchOS, no library for this platform was found in '/Users/builder/builds/UKfvDsi8u/2/finestructure/swiftpackageindex-builder/spi-builder-workspace/.dependencies/artifacts/agorartm_ios/AgoraRtmKit/AgoraRtmKit.xcframework'. (in target 'AgoraUIKit' from project 'AgoraUIKit_iOS')
/Users/builder/builds/UKfvDsi8u/2/finestructure/swiftpackageindex-builder/spi-builder-workspace/.dependencies/artifacts/agorartcengine_ios/AgoraRtcKit/AgoraRtcKit.xcframework:1:1: error: While building for watchOS, no library for this platform was found in '/Users/builder/builds/UKfvDsi8u/2/finestructure/swiftpackageindex-builder/spi-builder-workspace/.dependencies/artifacts/agorartcengine_ios/AgoraRtcKit/AgoraRtcKit.xcframework'. (in target 'AgoraUIKit' from project 'AgoraUIKit_iOS')
/Users/builder/builds/UKfvDsi8u/2/finestructure/swiftpackageindex-builder/spi-builder-workspace/.dependencies/artifacts/agorartcengine_ios/AgoraCore/AgoraCore.xcframework:1:1: error: While building for watchOS, no library for this platform was found in '/Users/builder/builds/UKfvDsi8u/2/finestructure/swiftpackageindex-builder/spi-builder-workspace/.dependencies/artifacts/agorartcengine_ios/AgoraCore/AgoraCore.xcframework'. (in target 'AgoraUIKit' from project 'AgoraUIKit_iOS')
/Users/builder/builds/UKfvDsi8u/2/finestructure/swiftpackageindex-builder/spi-builder-workspace/.dependencies/artifacts/agorartcengine_ios/Agorafdkaac/Agorafdkaac.xcframework:1:1: error: While building for watchOS, no library for this platform was found in '/Users/builder/builds/UKfvDsi8u/2/finestructure/swiftpackageindex-builder/spi-builder-workspace/.dependencies/artifacts/agorartcengine_ios/Agorafdkaac/Agorafdkaac.xcframework'. (in target 'AgoraUIKit' from project 'AgoraUIKit_iOS')
/Users/builder/builds/UKfvDsi8u/2/finestructure/swiftpackageindex-builder/spi-builder-workspace/.dependencies/artifacts/agorartcengine_ios/Agoraffmpeg/Agoraffmpeg.xcframework:1:1: error: While building for watchOS, no library for this platform was found in '/Users/builder/builds/UKfvDsi8u/2/finestructure/swiftpackageindex-builder/spi-builder-workspace/.dependencies/artifacts/agorartcengine_ios/Agoraffmpeg/Agoraffmpeg.xcframework'. (in target 'AgoraUIKit' from project 'AgoraUIKit_iOS')
/Users/builder/builds/UKfvDsi8u/2/finestructure/swiftpackageindex-builder/spi-builder-workspace/.dependencies/artifacts/agorartcengine_ios/AgoraSoundTouch/AgoraSoundTouch.xcframework:1:1: error: While building for watchOS, no library for this platform was found in '/Users/builder/builds/UKfvDsi8u/2/finestructure/swiftpackageindex-builder/spi-builder-workspace/.dependencies/artifacts/agorartcengine_ios/AgoraSoundTouch/AgoraSoundTouch.xcframework'. (in target 'AgoraUIKit' from project 'AgoraUIKit_iOS')
2024-02-16 23:30:00.650 xcodebuild[10190:31170926] Requested but did not find extension point with identifier Xcode.DVTDeviceFoundation.Aspect for extension Xcode.IDEiOSSupportCore.Aspect.NBDD of plug-in com.apple.dt.IDE.IDEiOSSupportCore
2024-02-16 23:30:00.978 xcodebuild[10190:31170926] [MT] DVTPlugInQuery: Requested but did not find extension point with identifier 'Xcode.DVTDeviceFoundation.CompatibleDeviceFamilyPair'. This is programmer error; code should only request extension points that are defined by itself or its dependencies.
** BUILD FAILED **
Command line invocation:
    /Applications/Xcode-15.3.0-Beta.2.app/Contents/Developer/usr/bin/xcodebuild -IDEClonedSourcePackagesDirPathOverride=/Users/builder/builds/UKfvDsi8u/2/finestructure/swiftpackageindex-builder/spi-builder-workspace/.dependencies -skipMacroValidation -skipPackagePluginValidation -derivedDataPath /Users/builder/builds/UKfvDsi8u/2/finestructure/swiftpackageindex-builder/spi-builder-workspace/.derivedData build -scheme AgoraUIKit_iOS-Package -destination generic/platform=watchos
User defaults from command line:
    IDEClonedSourcePackagesDirPathOverride = /Users/builder/builds/UKfvDsi8u/2/finestructure/swiftpackageindex-builder/spi-builder-workspace/.dependencies
    IDEDerivedDataPathOverride = /Users/builder/builds/UKfvDsi8u/2/finestructure/swiftpackageindex-builder/spi-builder-workspace/.derivedData
    IDEPackageSupportUseBuiltinSCM = YES
Resolve Package Graph
Resolved source packages:
  AgoraRtmKit: https://github.com/AgoraIO/AgoraRtm_iOS @ 1.5.1
  AgoraUIKit_iOS: /Users/builder/builds/UKfvDsi8u/2/finestructure/swiftpackageindex-builder/spi-builder-workspace
  AgoraRtcKit: https://github.com/AgoraIO/AgoraRtcEngine_iOS @ 4.2.6
Prepare packages
ComputeTargetDependencyGraph
note: Building targets in dependency order
note: Target dependency graph (9 targets)
    Target 'AgoraUIKit' in project 'AgoraUIKit_iOS'
        ➜ Explicit dependency on target 'AgoraUIKit' in project 'AgoraUIKit_iOS'
        ➜ Explicit dependency on target 'AgoraRtmControl' in project 'AgoraUIKit_iOS'
        ➜ Explicit dependency on target 'AgoraRtmKit' in project 'AgoraRtmKit'
        ➜ Explicit dependency on target 'RtcBasic' in project 'AgoraRtcKit'
    Target 'AgoraUIKit' in project 'AgoraUIKit_iOS'
        ➜ Explicit dependency on target 'AgoraRtmControl' in project 'AgoraUIKit_iOS'
        ➜ Explicit dependency on target 'AgoraRtmKit' in project 'AgoraRtmKit'
        ➜ Explicit dependency on target 'RtcBasic' in project 'AgoraRtcKit'
    Target 'AgoraRtmControl' in project 'AgoraUIKit_iOS'
        ➜ Explicit dependency on target 'AgoraRtmKit' in project 'AgoraRtmKit'
    Target 'AgoraRtmKit' in project 'AgoraRtmKit' (no dependencies)
    Target 'AgoraBroadcastExtensionHelper' in project 'AgoraUIKit_iOS'
        ➜ Explicit dependency on target 'AgoraBroadcastExtensionHelper' in project 'AgoraUIKit_iOS'
        ➜ Explicit dependency on target 'AgoraAppGroupDataHelper' in project 'AgoraUIKit_iOS'
        ➜ Explicit dependency on target 'RtcBasic' in project 'AgoraRtcKit'
    Target 'AgoraBroadcastExtensionHelper' in project 'AgoraUIKit_iOS'
        ➜ Explicit dependency on target 'AgoraAppGroupDataHelper' in project 'AgoraUIKit_iOS'
        ➜ Explicit dependency on target 'RtcBasic' in project 'AgoraRtcKit'
    Target 'RtcBasic' in project 'AgoraRtcKit' (no dependencies)
    Target 'AgoraAppGroupDataHelper' in project 'AgoraUIKit_iOS'
        ➜ Explicit dependency on target 'AgoraAppGroupDataHelper' in project 'AgoraUIKit_iOS'
    Target 'AgoraAppGroupDataHelper' in project 'AgoraUIKit_iOS' (no dependencies)
GatherProvisioningInputs
CreateBuildDescription
/Users/builder/builds/UKfvDsi8u/2/finestructure/swiftpackageindex-builder/spi-builder-workspace/.dependencies/artifacts/agorartm_ios/AgoraRtmKit/AgoraRtmKit.xcframework:1:1: error: While building for watchOS, no library for this platform was found in '/Users/builder/builds/UKfvDsi8u/2/finestructure/swiftpackageindex-builder/spi-builder-workspace/.dependencies/artifacts/agorartm_ios/AgoraRtmKit/AgoraRtmKit.xcframework'. (in target 'AgoraRtmControl' from project 'AgoraUIKit_iOS')
/Users/builder/builds/UKfvDsi8u/2/finestructure/swiftpackageindex-builder/spi-builder-workspace/.dependencies/artifacts/agorartm_ios/AgoraRtmKit/AgoraRtmKit.xcframework:1:1: error: While building for watchOS, no library for this platform was found in '/Users/builder/builds/UKfvDsi8u/2/finestructure/swiftpackageindex-builder/spi-builder-workspace/.dependencies/artifacts/agorartm_ios/AgoraRtmKit/AgoraRtmKit.xcframework'. (in target 'AgoraRtmKit' from project 'AgoraRtmKit')
/Users/builder/builds/UKfvDsi8u/2/finestructure/swiftpackageindex-builder/spi-builder-workspace/.dependencies/artifacts/agorartcengine_ios/AgoraCore/AgoraCore.xcframework:1:1: error: While building for watchOS, no library for this platform was found in '/Users/builder/builds/UKfvDsi8u/2/finestructure/swiftpackageindex-builder/spi-builder-workspace/.dependencies/artifacts/agorartcengine_ios/AgoraCore/AgoraCore.xcframework'. (in target 'AgoraBroadcastExtensionHelper' from project 'AgoraUIKit_iOS')
/Users/builder/builds/UKfvDsi8u/2/finestructure/swiftpackageindex-builder/spi-builder-workspace/.dependencies/artifacts/agorartcengine_ios/AgoraRtcKit/AgoraRtcKit.xcframework:1:1: error: While building for watchOS, no library for this platform was found in '/Users/builder/builds/UKfvDsi8u/2/finestructure/swiftpackageindex-builder/spi-builder-workspace/.dependencies/artifacts/agorartcengine_ios/AgoraRtcKit/AgoraRtcKit.xcframework'. (in target 'AgoraBroadcastExtensionHelper' from project 'AgoraUIKit_iOS')
/Users/builder/builds/UKfvDsi8u/2/finestructure/swiftpackageindex-builder/spi-builder-workspace/.dependencies/artifacts/agorartcengine_ios/AgoraSoundTouch/AgoraSoundTouch.xcframework:1:1: error: While building for watchOS, no library for this platform was found in '/Users/builder/builds/UKfvDsi8u/2/finestructure/swiftpackageindex-builder/spi-builder-workspace/.dependencies/artifacts/agorartcengine_ios/AgoraSoundTouch/AgoraSoundTouch.xcframework'. (in target 'AgoraBroadcastExtensionHelper' from project 'AgoraUIKit_iOS')
/Users/builder/builds/UKfvDsi8u/2/finestructure/swiftpackageindex-builder/spi-builder-workspace/.dependencies/artifacts/agorartcengine_ios/Agorafdkaac/Agorafdkaac.xcframework:1:1: error: While building for watchOS, no library for this platform was found in '/Users/builder/builds/UKfvDsi8u/2/finestructure/swiftpackageindex-builder/spi-builder-workspace/.dependencies/artifacts/agorartcengine_ios/Agorafdkaac/Agorafdkaac.xcframework'. (in target 'AgoraBroadcastExtensionHelper' from project 'AgoraUIKit_iOS')
/Users/builder/builds/UKfvDsi8u/2/finestructure/swiftpackageindex-builder/spi-builder-workspace/.dependencies/artifacts/agorartcengine_ios/Agoraffmpeg/Agoraffmpeg.xcframework:1:1: error: While building for watchOS, no library for this platform was found in '/Users/builder/builds/UKfvDsi8u/2/finestructure/swiftpackageindex-builder/spi-builder-workspace/.dependencies/artifacts/agorartcengine_ios/Agoraffmpeg/Agoraffmpeg.xcframework'. (in target 'AgoraBroadcastExtensionHelper' from project 'AgoraUIKit_iOS')
/Users/builder/builds/UKfvDsi8u/2/finestructure/swiftpackageindex-builder/spi-builder-workspace/.dependencies/artifacts/agorartcengine_ios/AgoraCore/AgoraCore.xcframework:1:1: error: While building for watchOS, no library for this platform was found in '/Users/builder/builds/UKfvDsi8u/2/finestructure/swiftpackageindex-builder/spi-builder-workspace/.dependencies/artifacts/agorartcengine_ios/AgoraCore/AgoraCore.xcframework'. (in target 'RtcBasic' from project 'AgoraRtcKit')
/Users/builder/builds/UKfvDsi8u/2/finestructure/swiftpackageindex-builder/spi-builder-workspace/.dependencies/artifacts/agorartcengine_ios/AgoraRtcKit/AgoraRtcKit.xcframework:1:1: error: While building for watchOS, no library for this platform was found in '/Users/builder/builds/UKfvDsi8u/2/finestructure/swiftpackageindex-builder/spi-builder-workspace/.dependencies/artifacts/agorartcengine_ios/AgoraRtcKit/AgoraRtcKit.xcframework'. (in target 'RtcBasic' from project 'AgoraRtcKit')
/Users/builder/builds/UKfvDsi8u/2/finestructure/swiftpackageindex-builder/spi-builder-workspace/.dependencies/artifacts/agorartcengine_ios/AgoraSoundTouch/AgoraSoundTouch.xcframework:1:1: error: While building for watchOS, no library for this platform was found in '/Users/builder/builds/UKfvDsi8u/2/finestructure/swiftpackageindex-builder/spi-builder-workspace/.dependencies/artifacts/agorartcengine_ios/AgoraSoundTouch/AgoraSoundTouch.xcframework'. (in target 'RtcBasic' from project 'AgoraRtcKit')
/Users/builder/builds/UKfvDsi8u/2/finestructure/swiftpackageindex-builder/spi-builder-workspace/.dependencies/artifacts/agorartcengine_ios/Agorafdkaac/Agorafdkaac.xcframework:1:1: error: While building for watchOS, no library for this platform was found in '/Users/builder/builds/UKfvDsi8u/2/finestructure/swiftpackageindex-builder/spi-builder-workspace/.dependencies/artifacts/agorartcengine_ios/Agorafdkaac/Agorafdkaac.xcframework'. (in target 'RtcBasic' from project 'AgoraRtcKit')
/Users/builder/builds/UKfvDsi8u/2/finestructure/swiftpackageindex-builder/spi-builder-workspace/.dependencies/artifacts/agorartcengine_ios/Agoraffmpeg/Agoraffmpeg.xcframework:1:1: error: While building for watchOS, no library for this platform was found in '/Users/builder/builds/UKfvDsi8u/2/finestructure/swiftpackageindex-builder/spi-builder-workspace/.dependencies/artifacts/agorartcengine_ios/Agoraffmpeg/Agoraffmpeg.xcframework'. (in target 'RtcBasic' from project 'AgoraRtcKit')
/Users/builder/builds/UKfvDsi8u/2/finestructure/swiftpackageindex-builder/spi-builder-workspace/.dependencies/artifacts/agorartcengine_ios/AgoraCore/AgoraCore.xcframework:1:1: error: While building for watchOS, no library for this platform was found in '/Users/builder/builds/UKfvDsi8u/2/finestructure/swiftpackageindex-builder/spi-builder-workspace/.dependencies/artifacts/agorartcengine_ios/AgoraCore/AgoraCore.xcframework'. (in target 'AgoraUIKit' from project 'AgoraUIKit_iOS')
/Users/builder/builds/UKfvDsi8u/2/finestructure/swiftpackageindex-builder/spi-builder-workspace/.dependencies/artifacts/agorartcengine_ios/AgoraRtcKit/AgoraRtcKit.xcframework:1:1: error: While building for watchOS, no library for this platform was found in '/Users/builder/builds/UKfvDsi8u/2/finestructure/swiftpackageindex-builder/spi-builder-workspace/.dependencies/artifacts/agorartcengine_ios/AgoraRtcKit/AgoraRtcKit.xcframework'. (in target 'AgoraUIKit' from project 'AgoraUIKit_iOS')
/Users/builder/builds/UKfvDsi8u/2/finestructure/swiftpackageindex-builder/spi-builder-workspace/.dependencies/artifacts/agorartcengine_ios/AgoraSoundTouch/AgoraSoundTouch.xcframework:1:1: error: While building for watchOS, no library for this platform was found in '/Users/builder/builds/UKfvDsi8u/2/finestructure/swiftpackageindex-builder/spi-builder-workspace/.dependencies/artifacts/agorartcengine_ios/AgoraSoundTouch/AgoraSoundTouch.xcframework'. (in target 'AgoraUIKit' from project 'AgoraUIKit_iOS')
/Users/builder/builds/UKfvDsi8u/2/finestructure/swiftpackageindex-builder/spi-builder-workspace/.dependencies/artifacts/agorartcengine_ios/Agorafdkaac/Agorafdkaac.xcframework:1:1: error: While building for watchOS, no library for this platform was found in '/Users/builder/builds/UKfvDsi8u/2/finestructure/swiftpackageindex-builder/spi-builder-workspace/.dependencies/artifacts/agorartcengine_ios/Agorafdkaac/Agorafdkaac.xcframework'. (in target 'AgoraUIKit' from project 'AgoraUIKit_iOS')
/Users/builder/builds/UKfvDsi8u/2/finestructure/swiftpackageindex-builder/spi-builder-workspace/.dependencies/artifacts/agorartcengine_ios/Agoraffmpeg/Agoraffmpeg.xcframework:1:1: error: While building for watchOS, no library for this platform was found in '/Users/builder/builds/UKfvDsi8u/2/finestructure/swiftpackageindex-builder/spi-builder-workspace/.dependencies/artifacts/agorartcengine_ios/Agoraffmpeg/Agoraffmpeg.xcframework'. (in target 'AgoraUIKit' from project 'AgoraUIKit_iOS')
/Users/builder/builds/UKfvDsi8u/2/finestructure/swiftpackageindex-builder/spi-builder-workspace/.dependencies/artifacts/agorartm_ios/AgoraRtmKit/AgoraRtmKit.xcframework:1:1: error: While building for watchOS, no library for this platform was found in '/Users/builder/builds/UKfvDsi8u/2/finestructure/swiftpackageindex-builder/spi-builder-workspace/.dependencies/artifacts/agorartm_ios/AgoraRtmKit/AgoraRtmKit.xcframework'. (in target 'AgoraUIKit' from project 'AgoraUIKit_iOS')
/Users/builder/builds/UKfvDsi8u/2/finestructure/swiftpackageindex-builder/spi-builder-workspace/.dependencies/artifacts/agorartcengine_ios/AgoraCore/AgoraCore.xcframework:1:1: error: While building for watchOS, no library for this platform was found in '/Users/builder/builds/UKfvDsi8u/2/finestructure/swiftpackageindex-builder/spi-builder-workspace/.dependencies/artifacts/agorartcengine_ios/AgoraCore/AgoraCore.xcframework'. (in target 'AgoraBroadcastExtensionHelper' from project 'AgoraUIKit_iOS')
/Users/builder/builds/UKfvDsi8u/2/finestructure/swiftpackageindex-builder/spi-builder-workspace/.dependencies/artifacts/agorartcengine_ios/AgoraCore/AgoraCore.xcframework:1:1: error: While building for watchOS, no library for this platform was found in '/Users/builder/builds/UKfvDsi8u/2/finestructure/swiftpackageindex-builder/spi-builder-workspace/.dependencies/artifacts/agorartcengine_ios/AgoraCore/AgoraCore.xcframework'. (in target 'AgoraBroadcastExtensionHelper' from project 'AgoraUIKit_iOS')
/Users/builder/builds/UKfvDsi8u/2/finestructure/swiftpackageindex-builder/spi-builder-workspace/.dependencies/artifacts/agorartcengine_ios/AgoraRtcKit/AgoraRtcKit.xcframework:1:1: error: While building for watchOS, no library for this platform was found in '/Users/builder/builds/UKfvDsi8u/2/finestructure/swiftpackageindex-builder/spi-builder-workspace/.dependencies/artifacts/agorartcengine_ios/AgoraRtcKit/AgoraRtcKit.xcframework'. (in target 'AgoraBroadcastExtensionHelper' from project 'AgoraUIKit_iOS')
/Users/builder/builds/UKfvDsi8u/2/finestructure/swiftpackageindex-builder/spi-builder-workspace/.dependencies/artifacts/agorartcengine_ios/AgoraRtcKit/AgoraRtcKit.xcframework:1:1: error: While building for watchOS, no library for this platform was found in '/Users/builder/builds/UKfvDsi8u/2/finestructure/swiftpackageindex-builder/spi-builder-workspace/.dependencies/artifacts/agorartcengine_ios/AgoraRtcKit/AgoraRtcKit.xcframework'. (in target 'AgoraBroadcastExtensionHelper' from project 'AgoraUIKit_iOS')
/Users/builder/builds/UKfvDsi8u/2/finestructure/swiftpackageindex-builder/spi-builder-workspace/.dependencies/artifacts/agorartcengine_ios/AgoraSoundTouch/AgoraSoundTouch.xcframework:1:1: error: While building for watchOS, no library for this platform was found in '/Users/builder/builds/UKfvDsi8u/2/finestructure/swiftpackageindex-builder/spi-builder-workspace/.dependencies/artifacts/agorartcengine_ios/AgoraSoundTouch/AgoraSoundTouch.xcframework'. (in target 'AgoraBroadcastExtensionHelper' from project 'AgoraUIKit_iOS')
/Users/builder/builds/UKfvDsi8u/2/finestructure/swiftpackageindex-builder/spi-builder-workspace/.dependencies/artifacts/agorartcengine_ios/AgoraSoundTouch/AgoraSoundTouch.xcframework:1:1: error: While building for watchOS, no library for this platform was found in '/Users/builder/builds/UKfvDsi8u/2/finestructure/swiftpackageindex-builder/spi-builder-workspace/.dependencies/artifacts/agorartcengine_ios/AgoraSoundTouch/AgoraSoundTouch.xcframework'. (in target 'AgoraBroadcastExtensionHelper' from project 'AgoraUIKit_iOS')
/Users/builder/builds/UKfvDsi8u/2/finestructure/swiftpackageindex-builder/spi-builder-workspace/.dependencies/artifacts/agorartcengine_ios/Agorafdkaac/Agorafdkaac.xcframework:1:1: error: While building for watchOS, no library for this platform was found in '/Users/builder/builds/UKfvDsi8u/2/finestructure/swiftpackageindex-builder/spi-builder-workspace/.dependencies/artifacts/agorartcengine_ios/Agorafdkaac/Agorafdkaac.xcframework'. (in target 'AgoraBroadcastExtensionHelper' from project 'AgoraUIKit_iOS')
/Users/builder/builds/UKfvDsi8u/2/finestructure/swiftpackageindex-builder/spi-builder-workspace/.dependencies/artifacts/agorartcengine_ios/Agorafdkaac/Agorafdkaac.xcframework:1:1: error: While building for watchOS, no library for this platform was found in '/Users/builder/builds/UKfvDsi8u/2/finestructure/swiftpackageindex-builder/spi-builder-workspace/.dependencies/artifacts/agorartcengine_ios/Agorafdkaac/Agorafdkaac.xcframework'. (in target 'AgoraBroadcastExtensionHelper' from project 'AgoraUIKit_iOS')
/Users/builder/builds/UKfvDsi8u/2/finestructure/swiftpackageindex-builder/spi-builder-workspace/.dependencies/artifacts/agorartcengine_ios/Agoraffmpeg/Agoraffmpeg.xcframework:1:1: error: While building for watchOS, no library for this platform was found in '/Users/builder/builds/UKfvDsi8u/2/finestructure/swiftpackageindex-builder/spi-builder-workspace/.dependencies/artifacts/agorartcengine_ios/Agoraffmpeg/Agoraffmpeg.xcframework'. (in target 'AgoraBroadcastExtensionHelper' from project 'AgoraUIKit_iOS')
/Users/builder/builds/UKfvDsi8u/2/finestructure/swiftpackageindex-builder/spi-builder-workspace/.dependencies/artifacts/agorartcengine_ios/Agoraffmpeg/Agoraffmpeg.xcframework:1:1: error: While building for watchOS, no library for this platform was found in '/Users/builder/builds/UKfvDsi8u/2/finestructure/swiftpackageindex-builder/spi-builder-workspace/.dependencies/artifacts/agorartcengine_ios/Agoraffmpeg/Agoraffmpeg.xcframework'. (in target 'AgoraBroadcastExtensionHelper' from project 'AgoraUIKit_iOS')
/Users/builder/builds/UKfvDsi8u/2/finestructure/swiftpackageindex-builder/spi-builder-workspace/.dependencies/artifacts/agorartcengine_ios/AgoraCore/AgoraCore.xcframework:1:1: error: While building for watchOS, no library for this platform was found in '/Users/builder/builds/UKfvDsi8u/2/finestructure/swiftpackageindex-builder/spi-builder-workspace/.dependencies/artifacts/agorartcengine_ios/AgoraCore/AgoraCore.xcframework'. (in target 'AgoraUIKit' from project 'AgoraUIKit_iOS')
/Users/builder/builds/UKfvDsi8u/2/finestructure/swiftpackageindex-builder/spi-builder-workspace/.dependencies/artifacts/agorartcengine_ios/AgoraCore/AgoraCore.xcframework:1:1: error: While building for watchOS, no library for this platform was found in '/Users/builder/builds/UKfvDsi8u/2/finestructure/swiftpackageindex-builder/spi-builder-workspace/.dependencies/artifacts/agorartcengine_ios/AgoraCore/AgoraCore.xcframework'. (in target 'AgoraUIKit' from project 'AgoraUIKit_iOS')
/Users/builder/builds/UKfvDsi8u/2/finestructure/swiftpackageindex-builder/spi-builder-workspace/.dependencies/artifacts/agorartcengine_ios/AgoraRtcKit/AgoraRtcKit.xcframework:1:1: error: While building for watchOS, no library for this platform was found in '/Users/builder/builds/UKfvDsi8u/2/finestructure/swiftpackageindex-builder/spi-builder-workspace/.dependencies/artifacts/agorartcengine_ios/AgoraRtcKit/AgoraRtcKit.xcframework'. (in target 'AgoraUIKit' from project 'AgoraUIKit_iOS')
/Users/builder/builds/UKfvDsi8u/2/finestructure/swiftpackageindex-builder/spi-builder-workspace/.dependencies/artifacts/agorartcengine_ios/AgoraRtcKit/AgoraRtcKit.xcframework:1:1: error: While building for watchOS, no library for this platform was found in '/Users/builder/builds/UKfvDsi8u/2/finestructure/swiftpackageindex-builder/spi-builder-workspace/.dependencies/artifacts/agorartcengine_ios/AgoraRtcKit/AgoraRtcKit.xcframework'. (in target 'AgoraUIKit' from project 'AgoraUIKit_iOS')
/Users/builder/builds/UKfvDsi8u/2/finestructure/swiftpackageindex-builder/spi-builder-workspace/.dependencies/artifacts/agorartcengine_ios/AgoraSoundTouch/AgoraSoundTouch.xcframework:1:1: error: While building for watchOS, no library for this platform was found in '/Users/builder/builds/UKfvDsi8u/2/finestructure/swiftpackageindex-builder/spi-builder-workspace/.dependencies/artifacts/agorartcengine_ios/AgoraSoundTouch/AgoraSoundTouch.xcframework'. (in target 'AgoraUIKit' from project 'AgoraUIKit_iOS')
/Users/builder/builds/UKfvDsi8u/2/finestructure/swiftpackageindex-builder/spi-builder-workspace/.dependencies/artifacts/agorartcengine_ios/AgoraSoundTouch/AgoraSoundTouch.xcframework:1:1: error: While building for watchOS, no library for this platform was found in '/Users/builder/builds/UKfvDsi8u/2/finestructure/swiftpackageindex-builder/spi-builder-workspace/.dependencies/artifacts/agorartcengine_ios/AgoraSoundTouch/AgoraSoundTouch.xcframework'. (in target 'AgoraUIKit' from project 'AgoraUIKit_iOS')
/Users/builder/builds/UKfvDsi8u/2/finestructure/swiftpackageindex-builder/spi-builder-workspace/.dependencies/artifacts/agorartcengine_ios/Agorafdkaac/Agorafdkaac.xcframework:1:1: error: While building for watchOS, no library for this platform was found in '/Users/builder/builds/UKfvDsi8u/2/finestructure/swiftpackageindex-builder/spi-builder-workspace/.dependencies/artifacts/agorartcengine_ios/Agorafdkaac/Agorafdkaac.xcframework'. (in target 'AgoraUIKit' from project 'AgoraUIKit_iOS')
/Users/builder/builds/UKfvDsi8u/2/finestructure/swiftpackageindex-builder/spi-builder-workspace/.dependencies/artifacts/agorartcengine_ios/Agorafdkaac/Agorafdkaac.xcframework:1:1: error: While building for watchOS, no library for this platform was found in '/Users/builder/builds/UKfvDsi8u/2/finestructure/swiftpackageindex-builder/spi-builder-workspace/.dependencies/artifacts/agorartcengine_ios/Agorafdkaac/Agorafdkaac.xcframework'. (in target 'AgoraUIKit' from project 'AgoraUIKit_iOS')
/Users/builder/builds/UKfvDsi8u/2/finestructure/swiftpackageindex-builder/spi-builder-workspace/.dependencies/artifacts/agorartcengine_ios/Agoraffmpeg/Agoraffmpeg.xcframework:1:1: error: While building for watchOS, no library for this platform was found in '/Users/builder/builds/UKfvDsi8u/2/finestructure/swiftpackageindex-builder/spi-builder-workspace/.dependencies/artifacts/agorartcengine_ios/Agoraffmpeg/Agoraffmpeg.xcframework'. (in target 'AgoraUIKit' from project 'AgoraUIKit_iOS')
/Users/builder/builds/UKfvDsi8u/2/finestructure/swiftpackageindex-builder/spi-builder-workspace/.dependencies/artifacts/agorartcengine_ios/Agoraffmpeg/Agoraffmpeg.xcframework:1:1: error: While building for watchOS, no library for this platform was found in '/Users/builder/builds/UKfvDsi8u/2/finestructure/swiftpackageindex-builder/spi-builder-workspace/.dependencies/artifacts/agorartcengine_ios/Agoraffmpeg/Agoraffmpeg.xcframework'. (in target 'AgoraUIKit' from project 'AgoraUIKit_iOS')
/Users/builder/builds/UKfvDsi8u/2/finestructure/swiftpackageindex-builder/spi-builder-workspace/.dependencies/artifacts/agorartm_ios/AgoraRtmKit/AgoraRtmKit.xcframework:1:1: error: While building for watchOS, no library for this platform was found in '/Users/builder/builds/UKfvDsi8u/2/finestructure/swiftpackageindex-builder/spi-builder-workspace/.dependencies/artifacts/agorartm_ios/AgoraRtmKit/AgoraRtmKit.xcframework'. (in target 'AgoraUIKit' from project 'AgoraUIKit_iOS')
/Users/builder/builds/UKfvDsi8u/2/finestructure/swiftpackageindex-builder/spi-builder-workspace/.dependencies/artifacts/agorartm_ios/AgoraRtmKit/AgoraRtmKit.xcframework:1:1: error: While building for watchOS, no library for this platform was found in '/Users/builder/builds/UKfvDsi8u/2/finestructure/swiftpackageindex-builder/spi-builder-workspace/.dependencies/artifacts/agorartm_ios/AgoraRtmKit/AgoraRtmKit.xcframework'. (in target 'AgoraUIKit' from project 'AgoraUIKit_iOS')
2024-02-16 23:30:01.849 xcodebuild[10197:31170970] Requested but did not find extension point with identifier Xcode.DVTDeviceFoundation.Aspect for extension Xcode.IDEiOSSupportCore.Aspect.NBDD of plug-in com.apple.dt.IDE.IDEiOSSupportCore
2024-02-16 23:30:02.179 xcodebuild[10197:31170970] [MT] DVTPlugInQuery: Requested but did not find extension point with identifier 'Xcode.DVTDeviceFoundation.CompatibleDeviceFamilyPair'. This is programmer error; code should only request extension points that are defined by itself or its dependencies.
** BUILD FAILED **
BUILD FAILURE 5.10 watchOS

Build Machine: Mac 7