The Swift Package Index logo.Swift Package Index

Build Information

Failed to build SwiftRegexDSL, reference master (4e4f7c), with Swift 6.4 for Linux on 17 Sep 2026 16:34:22 UTC.

Build Command

bash -c docker run --pull=always --rm -v "checkouts-54344847-0":/host -w "$PWD" -e JAVA_HOME="/root/.sdkman/candidates/java/current" -e SPI_BUILD="1" -e SPI_PROCESSING="1" registry.gitlab.com/saguaro1/spi-images:basic-6.4-latest swift build --triple x86_64-unknown-linux-gnu 2>&1

Build Log

========================================
RunAll
========================================
Builder version: 5.1.0
Interrupt handler set up.
========================================
Checkout
========================================
Clone URL: https://github.com/kodlian/SwiftRegexDSL.git
Reference: master
Initialized empty Git repository in /host/spi-builder-workspace/.git/
hint: Using 'master' as the name for the initial branch. This default branch name
hint: is subject to change. To configure the initial branch name to use in all
hint: of your new repositories, which will suppress this warning, call:
hint:
hint: 	git config --global init.defaultBranch <name>
hint:
hint: Names commonly chosen instead of 'master' are 'main', 'trunk' and
hint: 'development'. The just-created branch can be renamed via this command:
hint:
hint: 	git branch -m <name>
From https://github.com/kodlian/SwiftRegexDSL
 * branch            master     -> FETCH_HEAD
 * [new branch]      master     -> origin/master
HEAD is now at 4e4f7cd Add tvOS platform
Cloned https://github.com/kodlian/SwiftRegexDSL.git
Revision (git rev-parse @):
4e4f7cdb607e2256f01dab00957f61ee0479b2dd
SUCCESS checkout https://github.com/kodlian/SwiftRegexDSL.git at master
========================================
Build
========================================
Selected platform:         linux
Swift version:             6.4
Building package at path:  $PWD
https://github.com/kodlian/SwiftRegexDSL.git
Running build ...
bash -c docker run --pull=always --rm -v "checkouts-54344847-0":/host -w "$PWD" -e JAVA_HOME="/root/.sdkman/candidates/java/current" -e SPI_BUILD="1" -e SPI_PROCESSING="1" registry.gitlab.com/saguaro1/spi-images:basic-6.4-latest swift build --triple x86_64-unknown-linux-gnu 2>&1
basic-6.4-latest: Pulling from saguaro1/spi-images
Digest: sha256:c77fcce225e223ac0fafed844619173fc6de8d62dd560eeb28db3182af6a282b
Status: Image is up to date for registry.gitlab.com/saguaro1/spi-images:basic-6.4-latest
Building for debugging...
[Planning deferred tasks]
[28 / 36] SwiftRegexDSL
error: SwiftCompile normal x86_64 /host/spi-builder-workspace/Sources/SwiftRegexDSL/Engine/Regex+extensions.swift failed with a nonzero exit code. Command line:     cd /host
    builtin-SwiftPerFileCompile Regex+extensions.swift
/host/spi-builder-workspace/Sources/SwiftRegexDSL/Engine/Regex+extensions.swift:31:27: error: initializer 'init(_:in:)' requires that 'NSRange' (aka '_NSRange') conform to 'RangeExpression'
29 |         let ranges = expression
30 |             .matches(in: String(self), options: [], range: nsRange)
31 |             .compactMap { Swift.Range($0.range, in: self) }
   |                           `- error: initializer 'init(_:in:)' requires that 'NSRange' (aka '_NSRange') conform to 'RangeExpression'
32 |
33 |         return ranges
FoundationEssentials.Range.init:2:8: note: where 'R' = 'NSRange' (aka '_NSRange')
1 | generic struct Range {
2 | public init?<R, S>(_ region: R, in string: S) where R : RangeExpression, S : StringProtocol, R.Bound == AttributedString.Index}
  |        `- note: where 'R' = 'NSRange' (aka '_NSRange')
3 |
/host/spi-builder-workspace/Sources/SwiftRegexDSL/Engine/Regex+extensions.swift:53:39: error: initializer 'init(_:in:)' requires that 'NSRange' (aka '_NSRange') conform to 'RangeExpression'
51 |                 var ranges = [Swift.Range<String.Index>]()
52 |                 for i in 0..<result.numberOfRanges {
53 |                     guard let range = Swift.Range(result.range(at: i), in: self) else {
   |                                       `- error: initializer 'init(_:in:)' requires that 'NSRange' (aka '_NSRange') conform to 'RangeExpression'
54 |                         continue
55 |                     }
FoundationEssentials.Range.init:2:8: note: where 'R' = 'NSRange' (aka '_NSRange')
1 | generic struct Range {
2 | public init?<R, S>(_ region: R, in string: S) where R : RangeExpression, S : StringProtocol, R.Bound == AttributedString.Index}
  |        `- note: where 'R' = 'NSRange' (aka '_NSRange')
3 |
Failed frontend command:
/usr/bin/swift-frontend -frontend -c /host/spi-builder-workspace/Sources/SwiftRegexDSL/Anchor.swift /host/spi-builder-workspace/Sources/SwiftRegexDSL/Character\ Class.swift /host/spi-builder-workspace/Sources/SwiftRegexDSL/Engine/AlternativeRegexBuilder.swift -primary-file /host/spi-builder-workspace/Sources/SwiftRegexDSL/Engine/Regex+extensions.swift -primary-file /host/spi-builder-workspace/Sources/SwiftRegexDSL/Engine/Regex.swift -primary-file /host/spi-builder-workspace/Sources/SwiftRegexDSL/Engine/RegexBuilder.swift /host/spi-builder-workspace/Sources/SwiftRegexDSL/Engine/RegexModifier.swift /host/spi-builder-workspace/Sources/SwiftRegexDSL/Group/Alternarive.swift /host/spi-builder-workspace/Sources/SwiftRegexDSL/Group/Assertion.swift /host/spi-builder-workspace/Sources/SwiftRegexDSL/Group/Capture.swift /host/spi-builder-workspace/Sources/SwiftRegexDSL/Group/Comment.swift /host/spi-builder-workspace/Sources/SwiftRegexDSL/Group/Group.swift /host/spi-builder-workspace/Sources/SwiftRegexDSL/Group/PatternOptions.swift /host/spi-builder-workspace/Sources/SwiftRegexDSL/Quantifier.swift /host/spi-builder-workspace/Sources/SwiftRegexDSL/RegexSet.swift /host/spi-builder-workspace/Sources/SwiftRegexDSL/Special\ Characters.swift /host/spi-builder-workspace/Sources/SwiftRegexDSL/Text.swift /host/spi-builder-workspace/Sources/SwiftRegexDSL/UnsafeText.swift /host/spi-builder-workspace/Sources/SwiftRegexDSL/UnsafeUnicode.swift -supplementary-output-file-map /host/spi-builder-workspace/.build/out/Intermediates.noindex/SwiftRegexDSL.build/Debug-linux-x86_64/SwiftRegexDSL-t.build/Objects-normal/x86_64/supplementaryOutputs-2 -target x86_64-unknown-linux-gnu -disable-objc-interop -I /host/spi-builder-workspace/.build/out/Products/Debug-linux-x86_64 -module-cache-path /host/spi-builder-workspace/.build/out/ModuleCache.noindex -color-diagnostics -Xcc -fcolor-diagnostics -enable-testing -g -debug-info-format\=dwarf -dwarf-version\=4 -swift-version 5 -Onone -D SWIFT_PACKAGE -D DEBUG -D SWIFT_MODULE_RESOURCE_BUNDLE_UNAVAILABLE -D Xcode -serialize-debugging-options -enable-experimental-feature DebugDescriptionMacro -empty-abi-descriptor -external-plugin-path /usr/lib/swift/host/plugins/testing\#/usr/bin/swift-plugin-server -validate-clang-modules-once -clang-build-session-file /host/spi-builder-workspace/.build/out/ModuleCache.noindex/Session.modulevalidation -Xcc -working-directory -Xcc /host -enable-anonymous-context-mangled-names -file-compilation-dir /host -Xcc -fno-omit-frame-pointer -Xcc -D_LIBCPP_HARDENING_MODE\=_LIBCPP_HARDENING_MODE_DEBUG -Xcc -fmodules-prune-interval\=86400 -Xcc -fmodules-prune-after\=345600 -Xcc -I/host/spi-builder-workspace/.build/out/Products/Debug-linux-x86_64/include -Xcc -I/host/spi-builder-workspace/.build/out/Intermediates.noindex/SwiftRegexDSL.build/Debug-linux-x86_64/SwiftRegexDSL-t.build/DerivedSources-normal/x86_64 -Xcc -I/host/spi-builder-workspace/.build/out/Intermediates.noindex/SwiftRegexDSL.build/Debug-linux-x86_64/SwiftRegexDSL-t.build/DerivedSources/x86_64 -Xcc -I/host/spi-builder-workspace/.build/out/Intermediates.noindex/SwiftRegexDSL.build/Debug-linux-x86_64/SwiftRegexDSL-t.build/DerivedSources -Xcc -DSWIFT_PACKAGE -Xcc -DDEBUG\=1 -no-auto-bridging-header-chaining -module-name SwiftRegexDSL -const-gather-protocols-file /host/spi-builder-workspace/.build/out/Intermediates.noindex/SwiftRegexDSL.build/Debug-linux-x86_64/SwiftRegexDSL-t.build/Objects-normal/x86_64/SwiftRegexDSL_const_extract_protocols.json -in-process-plugin-server-path /usr/lib/swift/host/libSwiftInProcPluginServer.so -plugin-path /usr/lib/swift/host/plugins -plugin-path /usr/local/lib/swift/host/plugins -parse-as-library -o /host/spi-builder-workspace/.build/out/Intermediates.noindex/SwiftRegexDSL.build/Debug-linux-x86_64/SwiftRegexDSL-t.build/Objects-normal/x86_64/Regex+extensions.o -o /host/spi-builder-workspace/.build/out/Intermediates.noindex/SwiftRegexDSL.build/Debug-linux-x86_64/SwiftRegexDSL-t.build/Objects-normal/x86_64/Regex.o -o /host/spi-builder-workspace/.build/out/Intermediates.noindex/SwiftRegexDSL.build/Debug-linux-x86_64/SwiftRegexDSL-t.build/Objects-normal/x86_64/RegexBuilder.o -index-unit-output-path /SwiftRegexDSL.build/Debug-linux-x86_64/SwiftRegexDSL-t.build/Objects-normal/x86_64/Regex+extensions.o -index-unit-output-path /SwiftRegexDSL.build/Debug-linux-x86_64/SwiftRegexDSL-t.build/Objects-normal/x86_64/Regex.o -index-unit-output-path /SwiftRegexDSL.build/Debug-linux-x86_64/SwiftRegexDSL-t.build/Objects-normal/x86_64/RegexBuilder.o -index-store-path /host/spi-builder-workspace/.build/out -index-system-modules
error: Build failed
BUILD FAILURE 6.4 linux