The Swift Package Index logo.Swift Package Index

Build Information

Failed to build FlightLog, reference main (5f89e3), with Swift 6.4 for Wasm on 18 Sep 2026 22:18:37 UTC.

Build Command

bash -c docker run --pull=always --rm -v "checkouts-54344844-3":/host -w "$PWD" -e JAVA_HOME="/root/.sdkman/candidates/java/current" -e SPI_BUILD="1" -e SPI_PROCESSING="1" registry.gitlab.com/saguaro1/spi-images:wasm-6.4-latest swift build --swift-sdk swift-6.4.x-DEVELOPMENT-SNAPSHOT-2026-09-04-a_wasm 2>&1

Build Log

========================================
RunAll
========================================
Builder version: 5.1.0
Interrupt handler set up.
========================================
Checkout
========================================
Clone URL: https://github.com/453jerry/FlightLog.git
Reference: main
Initialized empty Git repository in /host/spi-builder-workspace/.git/
hint: Using 'master' as the name for the initial branch. This default branch name
hint: is subject to change. To configure the initial branch name to use in all
hint: of your new repositories, which will suppress this warning, call:
hint:
hint: 	git config --global init.defaultBranch <name>
hint:
hint: Names commonly chosen instead of 'master' are 'main', 'trunk' and
hint: 'development'. The just-created branch can be renamed via this command:
hint:
hint: 	git branch -m <name>
From https://github.com/453jerry/FlightLog
 * branch            main       -> FETCH_HEAD
 * [new branch]      main       -> origin/main
HEAD is now at 5f89e3b test(logrecordertest): fix test case to support old version of watchOS and tvOS
Cloned https://github.com/453jerry/FlightLog.git
Revision (git rev-parse @):
5f89e3b4efa7a6f55de5c80d34cc86063bdeeafc
SUCCESS checkout https://github.com/453jerry/FlightLog.git at main
========================================
Build
========================================
Selected platform:         wasm
Swift version:             6.4
Building package at path:  $PWD
https://github.com/453jerry/FlightLog.git
Running build ...
bash -c docker run --pull=always --rm -v "checkouts-54344844-3":/host -w "$PWD" -e JAVA_HOME="/root/.sdkman/candidates/java/current" -e SPI_BUILD="1" -e SPI_PROCESSING="1" registry.gitlab.com/saguaro1/spi-images:wasm-6.4-latest swift build --swift-sdk swift-6.4.x-DEVELOPMENT-SNAPSHOT-2026-09-04-a_wasm 2>&1
wasm-6.4-latest: Pulling from saguaro1/spi-images
Digest: sha256:4328fdb43c680d205c1d6761b1e3267aa38277eefdda9ddfb17b6a0f1a77857a
Status: Image is up to date for registry.gitlab.com/saguaro1/spi-images:wasm-6.4-latest
Building for debugging...
[Planning deferred tasks]
[24 / 32] FlightLog
[29 / 32] FlightLog
error: SwiftCompile normal wasm32 /host/spi-builder-workspace/Sources/FlightLog/Utility.swift failed with a nonzero exit code. Command line:     cd /host
    builtin-SwiftPerFileCompile Utility.swift
/host/spi-builder-workspace/Sources/FlightLog/Utility.swift:26:21: error: cannot find 'CTL_KERN' in scope
24 |     public static func getProcessStartDate() -> Date {
25 |         let pid = ProcessInfo.processInfo.processIdentifier
26 |         var mib = [ CTL_KERN, KERN_PROC, KERN_PROC_PID, pid ]
   |                     `- error: cannot find 'CTL_KERN' in scope
27 |         var proc = kinfo_proc.init()
28 |         var size = MemoryLayout<kinfo_proc>.size
/host/spi-builder-workspace/Sources/FlightLog/Utility.swift:26:31: error: cannot find 'KERN_PROC' in scope
24 |     public static func getProcessStartDate() -> Date {
25 |         let pid = ProcessInfo.processInfo.processIdentifier
26 |         var mib = [ CTL_KERN, KERN_PROC, KERN_PROC_PID, pid ]
   |                               `- error: cannot find 'KERN_PROC' in scope
27 |         var proc = kinfo_proc.init()
28 |         var size = MemoryLayout<kinfo_proc>.size
/host/spi-builder-workspace/Sources/FlightLog/Utility.swift:26:42: error: cannot find 'KERN_PROC_PID' in scope
24 |     public static func getProcessStartDate() -> Date {
25 |         let pid = ProcessInfo.processInfo.processIdentifier
26 |         var mib = [ CTL_KERN, KERN_PROC, KERN_PROC_PID, pid ]
   |                                          `- error: cannot find 'KERN_PROC_PID' in scope
27 |         var proc = kinfo_proc.init()
28 |         var size = MemoryLayout<kinfo_proc>.size
/host/spi-builder-workspace/Sources/FlightLog/Utility.swift:27:20: error: cannot find 'kinfo_proc' in scope
25 |         let pid = ProcessInfo.processInfo.processIdentifier
26 |         var mib = [ CTL_KERN, KERN_PROC, KERN_PROC_PID, pid ]
27 |         var proc = kinfo_proc.init()
   |                    `- error: cannot find 'kinfo_proc' in scope
28 |         var size = MemoryLayout<kinfo_proc>.size
29 |         sysctl(&mib, 4, &proc, &size, nil, 0)
/host/spi-builder-workspace/Sources/FlightLog/Utility.swift:28:33: error: cannot find type 'kinfo_proc' in scope
26 |         var mib = [ CTL_KERN, KERN_PROC, KERN_PROC_PID, pid ]
27 |         var proc = kinfo_proc.init()
28 |         var size = MemoryLayout<kinfo_proc>.size
   |                                 `- error: cannot find type 'kinfo_proc' in scope
29 |         sysctl(&mib, 4, &proc, &size, nil, 0)
30 |
/host/spi-builder-workspace/Sources/FlightLog/Utility.swift:29:9: error: cannot find 'sysctl' in scope
27 |         var proc = kinfo_proc.init()
28 |         var size = MemoryLayout<kinfo_proc>.size
29 |         sysctl(&mib, 4, &proc, &size, nil, 0)
   |         `- error: cannot find 'sysctl' in scope
30 |
31 |         return Date.init(
Failed frontend command:
/usr/bin/swift-frontend -frontend -c /host/spi-builder-workspace/Sources/FlightLog/Log.swift /host/spi-builder-workspace/Sources/FlightLog/LogReorder.swift /host/spi-builder-workspace/Sources/FlightLog/UnitTestSupport/FileHandleFactory.swift /host/spi-builder-workspace/Sources/FlightLog/UnitTestSupport/FileManagerProtocol.swift -primary-file /host/spi-builder-workspace/Sources/FlightLog/Utility.swift -emit-dependencies-path /host/spi-builder-workspace/.build/out/Intermediates.noindex/FlightLog.build/Debug-webassembly-wasm32/FlightLog-t.build/Objects-normal/wasm32/Utility.d -emit-const-values-path /host/spi-builder-workspace/.build/out/Intermediates.noindex/FlightLog.build/Debug-webassembly-wasm32/FlightLog-t.build/Objects-normal/wasm32/Utility.swiftconstvalues -emit-reference-dependencies-path /host/spi-builder-workspace/.build/out/Intermediates.noindex/FlightLog.build/Debug-webassembly-wasm32/FlightLog-t.build/Objects-normal/wasm32/Utility.swiftdeps -serialize-diagnostics-path /host/spi-builder-workspace/.build/out/Intermediates.noindex/FlightLog.build/Debug-webassembly-wasm32/FlightLog-t.build/Objects-normal/wasm32/Utility.dia -target wasm32-unknown-wasip1 -disable-objc-interop -sdk /root/.swiftpm/swift-sdks/swift-6.4.x-DEVELOPMENT-SNAPSHOT-2026-09-04-a_wasm.artifactbundle/swift-6.4.x-DEVELOPMENT-SNAPSHOT-2026-09-04-a_wasm/wasm32-unknown-wasip1/WASI.sdk -sysroot /root/.swiftpm/swift-sdks/swift-6.4.x-DEVELOPMENT-SNAPSHOT-2026-09-04-a_wasm.artifactbundle/swift-6.4.x-DEVELOPMENT-SNAPSHOT-2026-09-04-a_wasm/wasm32-unknown-wasip1/WASI.sdk -I /host/spi-builder-workspace/.build/out/Products/Debug-webassembly-wasm32 -module-cache-path /host/spi-builder-workspace/.build/out/ModuleCache.noindex -color-diagnostics -Xcc -fcolor-diagnostics -enable-testing -g -debug-info-format\=dwarf -dwarf-version\=4 -swift-version 5 -Onone -D SWIFT_PACKAGE -D DEBUG -D SWIFT_MODULE_RESOURCE_BUNDLE_UNAVAILABLE -D Xcode -serialize-debugging-options -enable-experimental-feature DebugDescriptionMacro -empty-abi-descriptor -external-plugin-path /usr/lib/swift/host/plugins/testing\#/usr/bin/swift-plugin-server -validate-clang-modules-once -clang-build-session-file /host/spi-builder-workspace/.build/out/ModuleCache.noindex/Session.modulevalidation -Xcc -working-directory -Xcc /host -resource-dir /root/.swiftpm/swift-sdks/swift-6.4.x-DEVELOPMENT-SNAPSHOT-2026-09-04-a_wasm.artifactbundle/swift-6.4.x-DEVELOPMENT-SNAPSHOT-2026-09-04-a_wasm/wasm32-unknown-wasip1/swift.xctoolchain/usr/lib/swift_static -use-static-resource-dir -enable-anonymous-context-mangled-names -file-compilation-dir /host -Xcc -resource-dir -Xcc /root/.swiftpm/swift-sdks/swift-6.4.x-DEVELOPMENT-SNAPSHOT-2026-09-04-a_wasm.artifactbundle/swift-6.4.x-DEVELOPMENT-SNAPSHOT-2026-09-04-a_wasm/wasm32-unknown-wasip1/swift.xctoolchain/usr/lib/swift_static/clang -Xcc -D_LIBCPP_HARDENING_MODE\=_LIBCPP_HARDENING_MODE_DEBUG -Xcc -fmodules-prune-interval\=86400 -Xcc -fmodules-prune-after\=345600 -Xcc -I/host/spi-builder-workspace/.build/out/Products/Debug-webassembly-wasm32/include -Xcc -I/host/spi-builder-workspace/.build/out/Intermediates.noindex/FlightLog.build/Debug-webassembly-wasm32/FlightLog-t.build/DerivedSources-normal/wasm32 -Xcc -I/host/spi-builder-workspace/.build/out/Intermediates.noindex/FlightLog.build/Debug-webassembly-wasm32/FlightLog-t.build/DerivedSources/wasm32 -Xcc -I/host/spi-builder-workspace/.build/out/Intermediates.noindex/FlightLog.build/Debug-webassembly-wasm32/FlightLog-t.build/DerivedSources -Xcc -DSWIFT_PACKAGE -Xcc -DDEBUG\=1 -no-auto-bridging-header-chaining -module-name FlightLog -const-gather-protocols-file /host/spi-builder-workspace/.build/out/Intermediates.noindex/FlightLog.build/Debug-webassembly-wasm32/FlightLog-t.build/Objects-normal/wasm32/FlightLog_const_extract_protocols.json -in-process-plugin-server-path /usr/lib/swift/host/libSwiftInProcPluginServer.so -plugin-path /usr/lib/swift/host/plugins -plugin-path /usr/local/lib/swift/host/plugins -parse-as-library -o /host/spi-builder-workspace/.build/out/Intermediates.noindex/FlightLog.build/Debug-webassembly-wasm32/FlightLog-t.build/Objects-normal/wasm32/Utility.o -index-unit-output-path /FlightLog.build/Debug-webassembly-wasm32/FlightLog-t.build/Objects-normal/wasm32/Utility.o -index-store-path /host/spi-builder-workspace/.build/out -index-system-modules
error: Build failed
BUILD FAILURE 6.4 wasm