Build Information
Failed to build SwiftGD, reference 2.6.0 (ed65cf), with Swift 6.4 for watchOS using Xcode 27.0 on 24 Sep 2026 18:40:30 UTC.
Build Command
env DEVELOPER_DIR=/Applications/Xcode-27.0.0-Release.Candidate.app xcrun xcodebuild -IDEClonedSourcePackagesDirPathOverride=$PWD/.dependencies -skipMacroValidation -skipPackagePluginValidation -derivedDataPath $PWD/.derivedData build -scheme SwiftGD -destination generic/platform=watchOSBuild Log
========================================
RunAll
========================================
Builder version: 5.1.0
Interrupt handler set up.
========================================
Checkout
========================================
Clone URL: https://github.com/twostraws/swiftgd.git
Reference: 2.6.0
Initialized empty Git repository in /Users/admin/builder/spi-builder-workspace/.git/
From https://github.com/twostraws/swiftgd
* tag 2.6.0 -> FETCH_HEAD
HEAD is now at ed65cf5 Small rename for clarity.
Cloned https://github.com/twostraws/swiftgd.git
Revision (git rev-parse @):
ed65cf513453c1a046289e4d127a9697c81e02f3
SUCCESS checkout https://github.com/twostraws/swiftgd.git at 2.6.0
========================================
Build
========================================
Selected platform: watchOS
Swift version: 6.4
Building package at path: $PWD
https://github.com/twostraws/swiftgd.git
Command line invocation:
/Applications/Xcode-27.0.0-Release.Candidate.app/Contents/Developer/usr/bin/xcodebuild -IDEClonedSourcePackagesDirPathOverride=/Users/admin/builder/spi-builder-workspace/.dependencies -resolvePackageDependencies
Resolve Package Graph
failed to retrieve search paths with pkg-config; maybe pkg-config is not installedyou may be able to install gdlib using your system-packager:
brew install gd
Resolve Package Graph
you may be able to install gdlib using your system-packager:
brew install gd
Resolved source packages:
SwiftGD: /Users/admin/builder/spi-builder-workspace
resolved source packages: SwiftGD
2026-09-24 14:39:41.581 xcodebuild[530:3042] [MT] IDERunDestination: Supported platforms for the buildables in the current scheme is empty.
{
"dependencies" : [
],
"manifest_display_name" : "SwiftGD",
"name" : "SwiftGD",
"path" : "/Users/admin/builder/spi-builder-workspace",
"platforms" : [
],
"products" : [
{
"name" : "SwiftGD",
"targets" : [
"SwiftGD"
],
"type" : {
"library" : [
"automatic"
]
}
}
],
"targets" : [
{
"c99name" : "gd",
"module_type" : "SystemLibraryTarget",
"name" : "gd",
"path" : "Sources/gd",
"product_memberships" : [
"SwiftGD"
],
"sources" : [
],
"type" : "system-target"
},
{
"c99name" : "SwiftGDTests",
"module_type" : "SwiftTarget",
"name" : "SwiftGDTests",
"path" : "Tests/SwiftGDTests",
"sources" : [
"ImageTests.swift",
"SwiftGDTests.swift"
],
"target_dependencies" : [
"SwiftGD"
],
"type" : "test"
},
{
"c99name" : "SwiftGD",
"module_type" : "SwiftTarget",
"name" : "SwiftGD",
"path" : "Sources/SwiftGD",
"product_memberships" : [
"SwiftGD"
],
"sources" : [
"Color.swift",
"Error.swift",
"Format.swift",
"Geometry/Angle.swift",
"Geometry/Point.swift",
"Geometry/Rectangle.swift",
"Geometry/Size.swift",
"Image.swift"
],
"target_dependencies" : [
"gd"
],
"type" : "library"
}
],
"tools_version" : "5.0"
}
{
"workspace" : {
"name" : "SwiftGD",
"schemes" : [
"SwiftGD"
]
}
}
2026-09-24 14:40:22.900 xcodebuild[655:4155] [MT] IDERunDestination: Supported platforms for the buildables in the current scheme is empty.
Running build ...
env DEVELOPER_DIR=/Applications/Xcode-27.0.0-Release.Candidate.app xcrun xcodebuild -IDEClonedSourcePackagesDirPathOverride=$PWD/.dependencies -skipMacroValidation -skipPackagePluginValidation -derivedDataPath $PWD/.derivedData build -scheme SwiftGD -destination generic/platform=watchOS
Command line invocation:
/Applications/Xcode-27.0.0-Release.Candidate.app/Contents/Developer/usr/bin/xcodebuild -IDEClonedSourcePackagesDirPathOverride=/Users/admin/builder/spi-builder-workspace/.dependencies -skipMacroValidation -skipPackagePluginValidation -derivedDataPath /Users/admin/builder/spi-builder-workspace/.derivedData build -scheme SwiftGD -destination generic/platform=watchOS
Resolve Package Graph
failed to retrieve search paths with pkg-config; maybe pkg-config is not installedyou may be able to install gdlib using your system-packager:
brew install gd
Resolved source packages:
SwiftGD: /Users/admin/builder/spi-builder-workspace
ComputePackagePrebuildTargetDependencyGraph
Prepare packages
CreateBuildRequest
SendProjectDescription
CreateBuildOperation
ComputeTargetDependencyGraph
note: Building targets in dependency order
note: Target dependency graph (3 targets)
Target 'SwiftGD-product' in project 'SwiftGD'
➜ Explicit dependency on target 'SwiftGD' in project 'SwiftGD'
Target 'SwiftGD' in project 'SwiftGD'
➜ Explicit dependency on target 'gd' in project 'SwiftGD'
Target 'gd' in project 'SwiftGD' (no dependencies)
GatherProvisioningInputs
CreateBuildDescription
ExecuteExternalTool /Applications/Xcode-27.0.0-Release.Candidate.app/Contents/Developer/Toolchains/XcodeDefault.xctoolchain/usr/bin/clang -v -E -dM -isysroot /Applications/Xcode-27.0.0-Release.Candidate.app/Contents/Developer/Platforms/WatchOS.platform/Developer/SDKs/WatchOS27.0.sdk -x c -c /dev/null
ExecuteExternalTool /Applications/Xcode-27.0.0-Release.Candidate.app/Contents/Developer/Toolchains/XcodeDefault.xctoolchain/usr/bin/swiftc --version
ExecuteExternalTool /Applications/Xcode-27.0.0-Release.Candidate.app/Contents/Developer/Toolchains/XcodeDefault.xctoolchain/usr/bin/ld -version_details
Build description signature: 27e53a51561114ebde4c905fb3ec338d
Build description path: /Users/admin/builder/spi-builder-workspace/.derivedData/Build/Intermediates.noindex/XCBuildData/27e53a51561114ebde4c905fb3ec338d.xcbuilddata
CreateBuildDirectory /Users/admin/builder/spi-builder-workspace/.derivedData/ModuleCache.noindex
cd /Users/admin/builder/spi-builder-workspace/.swiftpm/xcode
builtin-create-build-directory /Users/admin/builder/spi-builder-workspace/.derivedData/ModuleCache.noindex
CreateBuildDirectory /Users/admin/builder/spi-builder-workspace/.derivedData/CompilationCache.noindex
cd /Users/admin/builder/spi-builder-workspace/.swiftpm/xcode
builtin-create-build-directory /Users/admin/builder/spi-builder-workspace/.derivedData/CompilationCache.noindex
CreateBuildDirectory /Users/admin/builder/spi-builder-workspace/.derivedData/SDKExplicitPrecompiledModules
cd /Users/admin/builder/spi-builder-workspace/.swiftpm/xcode
builtin-create-build-directory /Users/admin/builder/spi-builder-workspace/.derivedData/SDKExplicitPrecompiledModules
CreateBuildDirectory /Users/admin/builder/spi-builder-workspace/.derivedData/Build/Products
cd /Users/admin/builder/spi-builder-workspace/.swiftpm/xcode
builtin-create-build-directory /Users/admin/builder/spi-builder-workspace/.derivedData/Build/Products
CreateBuildDirectory /Users/admin/builder/spi-builder-workspace/.derivedData/Build/Intermediates.noindex
cd /Users/admin/builder/spi-builder-workspace/.swiftpm/xcode
builtin-create-build-directory /Users/admin/builder/spi-builder-workspace/.derivedData/Build/Intermediates.noindex
ClangStatCache /Applications/Xcode-27.0.0-Release.Candidate.app/Contents/Developer/Toolchains/XcodeDefault.xctoolchain/usr/bin/clang-stat-cache /Applications/Xcode-27.0.0-Release.Candidate.app/Contents/Developer/Platforms/WatchOS.platform/Developer/SDKs/WatchOS27.0.sdk /Users/admin/builder/spi-builder-workspace/.derivedData/SDKStatCaches.noindex/watchos27.0-24R360-e829b21a6f8c9b70876ba0858053c04477534ef55a1706bf4c1112bbb242f0a2.sdkstatcache
cd /Users/admin/builder/spi-builder-workspace/.swiftpm/xcode
/Applications/Xcode-27.0.0-Release.Candidate.app/Contents/Developer/Toolchains/XcodeDefault.xctoolchain/usr/bin/clang-stat-cache /Applications/Xcode-27.0.0-Release.Candidate.app/Contents/Developer/Platforms/WatchOS.platform/Developer/SDKs/WatchOS27.0.sdk -o /Users/admin/builder/spi-builder-workspace/.derivedData/SDKStatCaches.noindex/watchos27.0-24R360-e829b21a6f8c9b70876ba0858053c04477534ef55a1706bf4c1112bbb242f0a2.sdkstatcache
CreateBuildDirectory /Users/admin/builder/spi-builder-workspace/.derivedData/Build/Intermediates.noindex/SwiftExplicitPrecompiledModules
cd /Users/admin/builder/spi-builder-workspace/.swiftpm/xcode
builtin-create-build-directory /Users/admin/builder/spi-builder-workspace/.derivedData/Build/Intermediates.noindex/SwiftExplicitPrecompiledModules
CreateBuildDirectory /Users/admin/builder/spi-builder-workspace/.derivedData/Build/Intermediates.noindex/PrecompiledHeaders
cd /Users/admin/builder/spi-builder-workspace/.swiftpm/xcode
builtin-create-build-directory /Users/admin/builder/spi-builder-workspace/.derivedData/Build/Intermediates.noindex/PrecompiledHeaders
CreateBuildDirectory /Users/admin/builder/spi-builder-workspace/.derivedData/Build/Intermediates.noindex/ExplicitPrecompiledModules
cd /Users/admin/builder/spi-builder-workspace/.swiftpm/xcode
builtin-create-build-directory /Users/admin/builder/spi-builder-workspace/.derivedData/Build/Intermediates.noindex/ExplicitPrecompiledModules
CreateBuildDirectory /Users/admin/builder/spi-builder-workspace/.derivedData/Build/Intermediates.noindex/EagerLinkingTBDs/Debug-watchos
cd /Users/admin/builder/spi-builder-workspace/.swiftpm/xcode
builtin-create-build-directory /Users/admin/builder/spi-builder-workspace/.derivedData/Build/Intermediates.noindex/EagerLinkingTBDs/Debug-watchos
CreateBuildDirectory /Users/admin/builder/spi-builder-workspace/.derivedData/Build/Products/Debug-watchos
cd /Users/admin/builder/spi-builder-workspace/.swiftpm/xcode
builtin-create-build-directory /Users/admin/builder/spi-builder-workspace/.derivedData/Build/Products/Debug-watchos
CreateBuildDirectory /Users/admin/builder/spi-builder-workspace/.derivedData/Build/Products/Debug-watchos/PackageFrameworks
cd /Users/admin/builder/spi-builder-workspace/.swiftpm/xcode
builtin-create-build-directory /Users/admin/builder/spi-builder-workspace/.derivedData/Build/Products/Debug-watchos/PackageFrameworks
WriteAuxiliaryFile /Users/admin/builder/spi-builder-workspace/.derivedData/Build/Intermediates.noindex/SwiftGD.build/Debug-watchos/SwiftGD-t.build/SwiftGD.DependencyStaticMetadataFileList (in target 'SwiftGD' from project 'SwiftGD')
cd /Users/admin/builder/spi-builder-workspace
write-file /Users/admin/builder/spi-builder-workspace/.derivedData/Build/Intermediates.noindex/SwiftGD.build/Debug-watchos/SwiftGD-t.build/SwiftGD.DependencyStaticMetadataFileList
WriteAuxiliaryFile /Users/admin/builder/spi-builder-workspace/.derivedData/Build/Intermediates.noindex/SwiftGD.build/Debug-watchos/SwiftGD-t.build/SwiftGD.modulemap (in target 'SwiftGD' from project 'SwiftGD')
cd /Users/admin/builder/spi-builder-workspace
write-file /Users/admin/builder/spi-builder-workspace/.derivedData/Build/Intermediates.noindex/SwiftGD.build/Debug-watchos/SwiftGD-t.build/SwiftGD.modulemap
WriteAuxiliaryFile /Users/admin/builder/spi-builder-workspace/.derivedData/Build/Intermediates.noindex/SwiftGD.build/Debug-watchos/SwiftGD-t.build/SwiftGD.DependencyMetadataFileList (in target 'SwiftGD' from project 'SwiftGD')
cd /Users/admin/builder/spi-builder-workspace
write-file /Users/admin/builder/spi-builder-workspace/.derivedData/Build/Intermediates.noindex/SwiftGD.build/Debug-watchos/SwiftGD-t.build/SwiftGD.DependencyMetadataFileList
WriteAuxiliaryFile /Users/admin/builder/spi-builder-workspace/.derivedData/Build/Intermediates.noindex/SwiftGD.build/Debug-watchos/SwiftGD-t.build/Objects-normal/arm64_32/SwiftGD.SwiftFileList (in target 'SwiftGD' from project 'SwiftGD')
cd /Users/admin/builder/spi-builder-workspace
write-file /Users/admin/builder/spi-builder-workspace/.derivedData/Build/Intermediates.noindex/SwiftGD.build/Debug-watchos/SwiftGD-t.build/Objects-normal/arm64_32/SwiftGD.SwiftFileList
WriteAuxiliaryFile /Users/admin/builder/spi-builder-workspace/.derivedData/Build/Intermediates.noindex/SwiftGD.build/Debug-watchos/SwiftGD-t.build/Objects-normal/arm64_32/SwiftGD.SwiftConstValuesFileList (in target 'SwiftGD' from project 'SwiftGD')
cd /Users/admin/builder/spi-builder-workspace
write-file /Users/admin/builder/spi-builder-workspace/.derivedData/Build/Intermediates.noindex/SwiftGD.build/Debug-watchos/SwiftGD-t.build/Objects-normal/arm64_32/SwiftGD.SwiftConstValuesFileList
WriteAuxiliaryFile /Users/admin/builder/spi-builder-workspace/.derivedData/Build/Intermediates.noindex/SwiftGD.build/Debug-watchos/SwiftGD-t.build/Objects-normal/arm64_32/SwiftGD-OutputFileMap.json (in target 'SwiftGD' from project 'SwiftGD')
cd /Users/admin/builder/spi-builder-workspace
write-file /Users/admin/builder/spi-builder-workspace/.derivedData/Build/Intermediates.noindex/SwiftGD.build/Debug-watchos/SwiftGD-t.build/Objects-normal/arm64_32/SwiftGD-OutputFileMap.json
WriteAuxiliaryFile /Users/admin/builder/spi-builder-workspace/.derivedData/Build/Intermediates.noindex/SwiftGD.build/Debug-watchos/SwiftGD-t.build/Objects-normal/arm64_32/SwiftGD.LinkFileList (in target 'SwiftGD' from project 'SwiftGD')
cd /Users/admin/builder/spi-builder-workspace
write-file /Users/admin/builder/spi-builder-workspace/.derivedData/Build/Intermediates.noindex/SwiftGD.build/Debug-watchos/SwiftGD-t.build/Objects-normal/arm64_32/SwiftGD.LinkFileList
WriteAuxiliaryFile /Users/admin/builder/spi-builder-workspace/.derivedData/Build/Intermediates.noindex/SwiftGD.build/Debug-watchos/SwiftGD-t.build/Objects-normal/arm64_32/SwiftGD_const_extract_protocols.json (in target 'SwiftGD' from project 'SwiftGD')
cd /Users/admin/builder/spi-builder-workspace
write-file /Users/admin/builder/spi-builder-workspace/.derivedData/Build/Intermediates.noindex/SwiftGD.build/Debug-watchos/SwiftGD-t.build/Objects-normal/arm64_32/SwiftGD_const_extract_protocols.json
WriteAuxiliaryFile /Users/admin/builder/spi-builder-workspace/.derivedData/Build/Intermediates.noindex/SwiftGD.build/Debug-watchos/SwiftGD-t.build/Objects-normal/arm64/SwiftGD_const_extract_protocols.json (in target 'SwiftGD' from project 'SwiftGD')
cd /Users/admin/builder/spi-builder-workspace
write-file /Users/admin/builder/spi-builder-workspace/.derivedData/Build/Intermediates.noindex/SwiftGD.build/Debug-watchos/SwiftGD-t.build/Objects-normal/arm64/SwiftGD_const_extract_protocols.json
WriteAuxiliaryFile /Users/admin/builder/spi-builder-workspace/.derivedData/Build/Intermediates.noindex/SwiftGD.build/Debug-watchos/SwiftGD-t.build/Objects-normal/arm64/SwiftGD.SwiftFileList (in target 'SwiftGD' from project 'SwiftGD')
cd /Users/admin/builder/spi-builder-workspace
write-file /Users/admin/builder/spi-builder-workspace/.derivedData/Build/Intermediates.noindex/SwiftGD.build/Debug-watchos/SwiftGD-t.build/Objects-normal/arm64/SwiftGD.SwiftFileList
WriteAuxiliaryFile /Users/admin/builder/spi-builder-workspace/.derivedData/Build/Intermediates.noindex/SwiftGD.build/Debug-watchos/SwiftGD-t.build/Objects-normal/arm64/SwiftGD.SwiftConstValuesFileList (in target 'SwiftGD' from project 'SwiftGD')
cd /Users/admin/builder/spi-builder-workspace
write-file /Users/admin/builder/spi-builder-workspace/.derivedData/Build/Intermediates.noindex/SwiftGD.build/Debug-watchos/SwiftGD-t.build/Objects-normal/arm64/SwiftGD.SwiftConstValuesFileList
WriteAuxiliaryFile /Users/admin/builder/spi-builder-workspace/.derivedData/Build/Intermediates.noindex/SwiftGD.build/Debug-watchos/SwiftGD-t.build/Objects-normal/arm64/SwiftGD.LinkFileList (in target 'SwiftGD' from project 'SwiftGD')
cd /Users/admin/builder/spi-builder-workspace
write-file /Users/admin/builder/spi-builder-workspace/.derivedData/Build/Intermediates.noindex/SwiftGD.build/Debug-watchos/SwiftGD-t.build/Objects-normal/arm64/SwiftGD.LinkFileList
WriteAuxiliaryFile /Users/admin/builder/spi-builder-workspace/.derivedData/Build/Intermediates.noindex/SwiftGD.build/Debug-watchos/SwiftGD-t.build/Objects-normal/arm64/SwiftGD-OutputFileMap.json (in target 'SwiftGD' from project 'SwiftGD')
cd /Users/admin/builder/spi-builder-workspace
write-file /Users/admin/builder/spi-builder-workspace/.derivedData/Build/Intermediates.noindex/SwiftGD.build/Debug-watchos/SwiftGD-t.build/Objects-normal/arm64/SwiftGD-OutputFileMap.json
Copy /Users/admin/builder/spi-builder-workspace/.derivedData/Build/Intermediates.noindex/GeneratedModuleMaps-watchos/SwiftGD.modulemap /Users/admin/builder/spi-builder-workspace/.derivedData/Build/Intermediates.noindex/SwiftGD.build/Debug-watchos/SwiftGD-t.build/SwiftGD.modulemap (in target 'SwiftGD' from project 'SwiftGD')
cd /Users/admin/builder/spi-builder-workspace
builtin-copy -exclude .DS_Store -exclude CVS -exclude .svn -exclude .git -exclude .hg -resolve-src-symlinks /Users/admin/builder/spi-builder-workspace/.derivedData/Build/Intermediates.noindex/SwiftGD.build/Debug-watchos/SwiftGD-t.build/SwiftGD.modulemap /Users/admin/builder/spi-builder-workspace/.derivedData/Build/Intermediates.noindex/GeneratedModuleMaps-watchos
SwiftDriver SwiftGD normal arm64 com.apple.xcode.tools.swift.compiler (in target 'SwiftGD' from project 'SwiftGD')
cd /Users/admin/builder/spi-builder-workspace/.swiftpm/xcode
builtin-SwiftDriver -- /Applications/Xcode-27.0.0-Release.Candidate.app/Contents/Developer/Toolchains/XcodeDefault.xctoolchain/usr/bin/swiftc -parse-as-library -module-name SwiftGD -Onone @/Users/admin/builder/spi-builder-workspace/.derivedData/Build/Intermediates.noindex/SwiftGD.build/Debug-watchos/SwiftGD-t.build/Objects-normal/arm64/SwiftGD.SwiftFileList -DSWIFT_PACKAGE -DDEBUG -DSWIFT_MODULE_RESOURCE_BUNDLE_UNAVAILABLE -Xcc -fmodule-map-file\=/Users/admin/builder/spi-builder-workspace/Sources/gd/module.modulemap -DXcode -plugin-path /Applications/Xcode-27.0.0-Release.Candidate.app/Contents/Developer/Toolchains/XcodeDefault.xctoolchain/usr/lib/swift/host/plugins/testing -enable-experimental-feature DebugDescriptionMacro -sdk /Applications/Xcode-27.0.0-Release.Candidate.app/Contents/Developer/Platforms/WatchOS.platform/Developer/SDKs/WatchOS27.0.sdk -target arm64-apple-watchos9.0 -g -module-cache-path /Users/admin/builder/spi-builder-workspace/.derivedData/ModuleCache.noindex -Xfrontend -serialize-debugging-options -profile-coverage-mapping -profile-generate -enable-testing -index-store-path /Users/admin/builder/spi-builder-workspace/.derivedData/Index.noindex/DataStore -Xcc -D_LIBCPP_HARDENING_MODE\=_LIBCPP_HARDENING_MODE_DEBUG -swift-version 5 -I /Users/admin/builder/spi-builder-workspace/.derivedData/Build/Products/Debug-watchos -Isystem /Applications/Xcode-27.0.0-Release.Candidate.app/Contents/Developer/Platforms/WatchOS.platform/Developer/usr/lib -F /Users/admin/builder/spi-builder-workspace/.derivedData/Build/Products/Debug-watchos -F /Applications/Xcode-27.0.0-Release.Candidate.app/Contents/Developer/Platforms/WatchOS.platform/Developer/Library/Frameworks -F /Applications/Xcode-27.0.0-Release.Candidate.app/Contents/Developer/Platforms/WatchOS.platform/Developer/SDKs/WatchOS27.0.sdk/Developer/Library/Frameworks -c -j10 -enable-batch-mode -incremental -Xcc -ivfsstatcache -Xcc /Users/admin/builder/spi-builder-workspace/.derivedData/SDKStatCaches.noindex/watchos27.0-24R360-e829b21a6f8c9b70876ba0858053c04477534ef55a1706bf4c1112bbb242f0a2.sdkstatcache -output-file-map /Users/admin/builder/spi-builder-workspace/.derivedData/Build/Intermediates.noindex/SwiftGD.build/Debug-watchos/SwiftGD-t.build/Objects-normal/arm64/SwiftGD-OutputFileMap.json -save-temps -no-color-diagnostics -explicit-module-build -module-cache-path /Users/admin/builder/spi-builder-workspace/.derivedData/Build/Intermediates.noindex/SwiftExplicitPrecompiledModules -clang-scanner-module-cache-path /Users/admin/builder/spi-builder-workspace/.derivedData/ModuleCache.noindex -sdk-module-cache-path /Users/admin/builder/spi-builder-workspace/.derivedData/SDKExplicitPrecompiledModules -emit-dependencies -emit-module -emit-module-path /Users/admin/builder/spi-builder-workspace/.derivedData/Build/Intermediates.noindex/SwiftGD.build/Debug-watchos/SwiftGD-t.build/Objects-normal/arm64/SwiftGD.swiftmodule -serialize-diagnostics -dependency-scan-serialize-diagnostics-path /Users/admin/builder/spi-builder-workspace/.derivedData/Build/Intermediates.noindex/SwiftGD.build/Debug-watchos/SwiftGD-t.build/Objects-normal/arm64/SwiftGD-dependency-scan.dia -validate-clang-modules-once -clang-build-session-file /Users/admin/builder/spi-builder-workspace/.derivedData/ModuleCache.noindex/Session.modulevalidation -Xcc -fmodules-prune-interval\=86400 -Xcc -fmodules-prune-after\=345600 -emit-const-values -const-gather-protocols-list /Users/admin/builder/spi-builder-workspace/.derivedData/Build/Intermediates.noindex/SwiftGD.build/Debug-watchos/SwiftGD-t.build/Objects-normal/arm64/SwiftGD_const_extract_protocols.json -Xcc -I/Users/admin/builder/spi-builder-workspace/.derivedData/Build/Products/Debug-watchos/include -Xcc -I/Users/admin/builder/spi-builder-workspace/.derivedData/Build/Intermediates.noindex/SwiftGD.build/Debug-watchos/SwiftGD-t.build/DerivedSources-normal/arm64 -Xcc -I/Users/admin/builder/spi-builder-workspace/.derivedData/Build/Intermediates.noindex/SwiftGD.build/Debug-watchos/SwiftGD-t.build/DerivedSources/arm64 -Xcc -I/Users/admin/builder/spi-builder-workspace/.derivedData/Build/Intermediates.noindex/SwiftGD.build/Debug-watchos/SwiftGD-t.build/DerivedSources -Xcc -DSWIFT_PACKAGE -Xcc -DDEBUG\=1 -emit-objc-header -emit-objc-header-path /Users/admin/builder/spi-builder-workspace/.derivedData/Build/Intermediates.noindex/SwiftGD.build/Debug-watchos/SwiftGD-t.build/Objects-normal/arm64/SwiftGD-Swift.h -working-directory /Users/admin/builder/spi-builder-workspace/.swiftpm/xcode -experimental-emit-module-separately -disable-cmo
error: Clang dependency scanning failure: While building module 'gd' imported from module-include.input:1:
In file included from <module-includes>:1:
/Users/admin/builder/spi-builder-workspace/Sources/gd/swiftgd_gd.h:1:10: fatal error: 'gd.h' file not found
module-include.input:1:2: fatal error: could not build module 'gd'
(in target 'SwiftGD' from project 'SwiftGD')
/Users/admin/builder/spi-builder-workspace/Sources/SwiftGD/Format.swift:8:8: error: Unable to resolve module dependency: 'gd' (in target 'SwiftGD' from project 'SwiftGD')
note: A dependency of main module 'SwiftGD'
/Users/admin/builder/spi-builder-workspace/Sources/SwiftGD/Image.swift:8:8: note: Also imported here
error: Clang dependency scanning failure: While building module 'gd' imported from module-include.input:1:
In file included from <module-includes>:1:
/Users/admin/builder/spi-builder-workspace/Sources/gd/swiftgd_gd.h:1:10: fatal error: 'gd.h' file not found
module-include.input:1:2: fatal error: could not build module 'gd'
(in target 'SwiftGD' from project 'SwiftGD')
/Users/admin/builder/spi-builder-workspace/Sources/SwiftGD/Format.swift:8:8: note: A dependency of main module 'SwiftGD'
import gd
^ (in target 'SwiftGD' from project 'SwiftGD')
/Users/admin/builder/spi-builder-workspace/Sources/SwiftGD/Image.swift:8:8: note: Also imported here
import gd
^ (in target 'SwiftGD' from project 'SwiftGD')
SwiftDriver SwiftGD normal arm64_32 com.apple.xcode.tools.swift.compiler (in target 'SwiftGD' from project 'SwiftGD')
cd /Users/admin/builder/spi-builder-workspace/.swiftpm/xcode
builtin-SwiftDriver -- /Applications/Xcode-27.0.0-Release.Candidate.app/Contents/Developer/Toolchains/XcodeDefault.xctoolchain/usr/bin/swiftc -parse-as-library -module-name SwiftGD -Onone @/Users/admin/builder/spi-builder-workspace/.derivedData/Build/Intermediates.noindex/SwiftGD.build/Debug-watchos/SwiftGD-t.build/Objects-normal/arm64_32/SwiftGD.SwiftFileList -DSWIFT_PACKAGE -DDEBUG -DSWIFT_MODULE_RESOURCE_BUNDLE_UNAVAILABLE -Xcc -fmodule-map-file\=/Users/admin/builder/spi-builder-workspace/Sources/gd/module.modulemap -DXcode -plugin-path /Applications/Xcode-27.0.0-Release.Candidate.app/Contents/Developer/Toolchains/XcodeDefault.xctoolchain/usr/lib/swift/host/plugins/testing -enable-experimental-feature DebugDescriptionMacro -sdk /Applications/Xcode-27.0.0-Release.Candidate.app/Contents/Developer/Platforms/WatchOS.platform/Developer/SDKs/WatchOS27.0.sdk -target arm64_32-apple-watchos9.0 -g -module-cache-path /Users/admin/builder/spi-builder-workspace/.derivedData/ModuleCache.noindex -Xfrontend -serialize-debugging-options -profile-coverage-mapping -profile-generate -enable-testing -index-store-path /Users/admin/builder/spi-builder-workspace/.derivedData/Index.noindex/DataStore -Xcc -D_LIBCPP_HARDENING_MODE\=_LIBCPP_HARDENING_MODE_DEBUG -swift-version 5 -I /Users/admin/builder/spi-builder-workspace/.derivedData/Build/Products/Debug-watchos -Isystem /Applications/Xcode-27.0.0-Release.Candidate.app/Contents/Developer/Platforms/WatchOS.platform/Developer/usr/lib -F /Users/admin/builder/spi-builder-workspace/.derivedData/Build/Products/Debug-watchos -F /Applications/Xcode-27.0.0-Release.Candidate.app/Contents/Developer/Platforms/WatchOS.platform/Developer/Library/Frameworks -F /Applications/Xcode-27.0.0-Release.Candidate.app/Contents/Developer/Platforms/WatchOS.platform/Developer/SDKs/WatchOS27.0.sdk/Developer/Library/Frameworks -c -j10 -enable-batch-mode -incremental -Xcc -ivfsstatcache -Xcc /Users/admin/builder/spi-builder-workspace/.derivedData/SDKStatCaches.noindex/watchos27.0-24R360-e829b21a6f8c9b70876ba0858053c04477534ef55a1706bf4c1112bbb242f0a2.sdkstatcache -output-file-map /Users/admin/builder/spi-builder-workspace/.derivedData/Build/Intermediates.noindex/SwiftGD.build/Debug-watchos/SwiftGD-t.build/Objects-normal/arm64_32/SwiftGD-OutputFileMap.json -save-temps -no-color-diagnostics -explicit-module-build -module-cache-path /Users/admin/builder/spi-builder-workspace/.derivedData/Build/Intermediates.noindex/SwiftExplicitPrecompiledModules -clang-scanner-module-cache-path /Users/admin/builder/spi-builder-workspace/.derivedData/ModuleCache.noindex -sdk-module-cache-path /Users/admin/builder/spi-builder-workspace/.derivedData/SDKExplicitPrecompiledModules -emit-dependencies -emit-module -emit-module-path /Users/admin/builder/spi-builder-workspace/.derivedData/Build/Intermediates.noindex/SwiftGD.build/Debug-watchos/SwiftGD-t.build/Objects-normal/arm64_32/SwiftGD.swiftmodule -serialize-diagnostics -dependency-scan-serialize-diagnostics-path /Users/admin/builder/spi-builder-workspace/.derivedData/Build/Intermediates.noindex/SwiftGD.build/Debug-watchos/SwiftGD-t.build/Objects-normal/arm64_32/SwiftGD-dependency-scan.dia -validate-clang-modules-once -clang-build-session-file /Users/admin/builder/spi-builder-workspace/.derivedData/ModuleCache.noindex/Session.modulevalidation -Xcc -fmodules-prune-interval\=86400 -Xcc -fmodules-prune-after\=345600 -emit-const-values -const-gather-protocols-list /Users/admin/builder/spi-builder-workspace/.derivedData/Build/Intermediates.noindex/SwiftGD.build/Debug-watchos/SwiftGD-t.build/Objects-normal/arm64_32/SwiftGD_const_extract_protocols.json -Xcc -I/Users/admin/builder/spi-builder-workspace/.derivedData/Build/Products/Debug-watchos/include -Xcc -I/Users/admin/builder/spi-builder-workspace/.derivedData/Build/Intermediates.noindex/SwiftGD.build/Debug-watchos/SwiftGD-t.build/DerivedSources-normal/arm64_32 -Xcc -I/Users/admin/builder/spi-builder-workspace/.derivedData/Build/Intermediates.noindex/SwiftGD.build/Debug-watchos/SwiftGD-t.build/DerivedSources/arm64_32 -Xcc -I/Users/admin/builder/spi-builder-workspace/.derivedData/Build/Intermediates.noindex/SwiftGD.build/Debug-watchos/SwiftGD-t.build/DerivedSources -Xcc -DSWIFT_PACKAGE -Xcc -DDEBUG\=1 -emit-objc-header -emit-objc-header-path /Users/admin/builder/spi-builder-workspace/.derivedData/Build/Intermediates.noindex/SwiftGD.build/Debug-watchos/SwiftGD-t.build/Objects-normal/arm64_32/SwiftGD-Swift.h -working-directory /Users/admin/builder/spi-builder-workspace/.swiftpm/xcode -experimental-emit-module-separately -disable-cmo
error: Clang dependency scanning failure: While building module 'gd' imported from module-include.input:1:
In file included from <module-includes>:1:
/Users/admin/builder/spi-builder-workspace/Sources/gd/swiftgd_gd.h:1:10: fatal error: 'gd.h' file not found
module-include.input:1:2: fatal error: could not build module 'gd'
(in target 'SwiftGD' from project 'SwiftGD')
/Users/admin/builder/spi-builder-workspace/Sources/SwiftGD/Format.swift:8:8: error: Unable to resolve module dependency: 'gd' (in target 'SwiftGD' from project 'SwiftGD')
note: A dependency of main module 'SwiftGD'
/Users/admin/builder/spi-builder-workspace/Sources/SwiftGD/Image.swift:8:8: note: Also imported here
error: Clang dependency scanning failure: While building module 'gd' imported from module-include.input:1:
In file included from <module-includes>:1:
/Users/admin/builder/spi-builder-workspace/Sources/gd/swiftgd_gd.h:1:10: fatal error: 'gd.h' file not found
module-include.input:1:2: fatal error: could not build module 'gd'
(in target 'SwiftGD' from project 'SwiftGD')
/Users/admin/builder/spi-builder-workspace/Sources/SwiftGD/Format.swift:8:8: note: A dependency of main module 'SwiftGD'
import gd
^ (in target 'SwiftGD' from project 'SwiftGD')
/Users/admin/builder/spi-builder-workspace/Sources/SwiftGD/Image.swift:8:8: note: Also imported here
import gd
^ (in target 'SwiftGD' from project 'SwiftGD')
PruneExplicitPrecompiledModules /Users/admin/builder/spi-builder-workspace/.derivedData/Build/Intermediates.noindex/SwiftExplicitPrecompiledModules
PruneExplicitPrecompiledModules /Users/admin/builder/spi-builder-workspace/.derivedData/Build/Intermediates.noindex/ExplicitPrecompiledModules
PruneExplicitPrecompiledModules /Users/admin/builder/spi-builder-workspace/.derivedData/SDKExplicitPrecompiledModules
2026-09-24 14:40:24.412 xcodebuild[663:4206] [MT] IDERunDestination: Supported platforms for the buildables in the current scheme is empty.
** BUILD FAILED **
The following build commands failed:
SwiftDriver SwiftGD normal arm64 com.apple.xcode.tools.swift.compiler (in target 'SwiftGD' from project 'SwiftGD')
SwiftDriver SwiftGD normal arm64_32 com.apple.xcode.tools.swift.compiler (in target 'SwiftGD' from project 'SwiftGD')
Building workspace SwiftGD with scheme SwiftGD
(3 failures)
Command line invocation:
/Applications/Xcode-27.0.0-Release.Candidate.app/Contents/Developer/usr/bin/xcodebuild -IDEClonedSourcePackagesDirPathOverride=/Users/admin/builder/spi-builder-workspace/.dependencies -resolvePackageDependencies
Resolve Package Graph
failed to retrieve search paths with pkg-config; maybe pkg-config is not installedyou may be able to install gdlib using your system-packager:
brew install gd
Resolved source packages:
SwiftGD: /Users/admin/builder/spi-builder-workspace
resolved source packages: SwiftGD
2026-09-24 14:40:27.327 xcodebuild[685:4413] [MT] IDERunDestination: Supported platforms for the buildables in the current scheme is empty.
{
"dependencies" : [
],
"manifest_display_name" : "SwiftGD",
"name" : "SwiftGD",
"path" : "/Users/admin/builder/spi-builder-workspace",
"platforms" : [
],
"products" : [
{
"name" : "SwiftGD",
"targets" : [
"SwiftGD"
],
"type" : {
"library" : [
"automatic"
]
}
}
],
"targets" : [
{
"c99name" : "gd",
"module_type" : "SystemLibraryTarget",
"name" : "gd",
"path" : "Sources/gd",
"product_memberships" : [
"SwiftGD"
],
"sources" : [
],
"type" : "system-target"
},
{
"c99name" : "SwiftGDTests",
"module_type" : "SwiftTarget",
"name" : "SwiftGDTests",
"path" : "Tests/SwiftGDTests",
"sources" : [
"ImageTests.swift",
"SwiftGDTests.swift"
],
"target_dependencies" : [
"SwiftGD"
],
"type" : "test"
},
{
"c99name" : "SwiftGD",
"module_type" : "SwiftTarget",
"name" : "SwiftGD",
"path" : "Sources/SwiftGD",
"product_memberships" : [
"SwiftGD"
],
"sources" : [
"Color.swift",
"Error.swift",
"Format.swift",
"Geometry/Angle.swift",
"Geometry/Point.swift",
"Geometry/Rectangle.swift",
"Geometry/Size.swift",
"Image.swift"
],
"target_dependencies" : [
"gd"
],
"type" : "library"
}
],
"tools_version" : "5.0"
}
{
"workspace" : {
"name" : "SwiftGD",
"schemes" : [
"SwiftGD"
]
}
}
2026-09-24 14:40:28.531 xcodebuild[700:4483] [MT] IDERunDestination: Supported platforms for the buildables in the current scheme is empty.
Running build ...
env DEVELOPER_DIR=/Applications/Xcode-27.0.0-Release.Candidate.app xcrun xcodebuild -IDEClonedSourcePackagesDirPathOverride=$PWD/.dependencies -skipMacroValidation -skipPackagePluginValidation -derivedDataPath $PWD/.derivedData build -scheme SwiftGD -destination generic/platform=watchOS
Command line invocation:
/Applications/Xcode-27.0.0-Release.Candidate.app/Contents/Developer/usr/bin/xcodebuild -IDEClonedSourcePackagesDirPathOverride=/Users/admin/builder/spi-builder-workspace/.dependencies -skipMacroValidation -skipPackagePluginValidation -derivedDataPath /Users/admin/builder/spi-builder-workspace/.derivedData build -scheme SwiftGD -destination generic/platform=watchOS
Resolve Package Graph
failed to retrieve search paths with pkg-config; maybe pkg-config is not installedyou may be able to install gdlib using your system-packager:
brew install gd
Resolved source packages:
SwiftGD: /Users/admin/builder/spi-builder-workspace
ComputePackagePrebuildTargetDependencyGraph
Prepare packages
CreateBuildRequest
SendProjectDescription
CreateBuildOperation
ComputeTargetDependencyGraph
note: Building targets in dependency order
note: Target dependency graph (3 targets)
Target 'SwiftGD-product' in project 'SwiftGD'
➜ Explicit dependency on target 'SwiftGD' in project 'SwiftGD'
Target 'SwiftGD' in project 'SwiftGD'
➜ Explicit dependency on target 'gd' in project 'SwiftGD'
Target 'gd' in project 'SwiftGD' (no dependencies)
GatherProvisioningInputs
CreateBuildDescription
ClangStatCache /Applications/Xcode-27.0.0-Release.Candidate.app/Contents/Developer/Toolchains/XcodeDefault.xctoolchain/usr/bin/clang-stat-cache /Applications/Xcode-27.0.0-Release.Candidate.app/Contents/Developer/Platforms/WatchOS.platform/Developer/SDKs/WatchOS27.0.sdk /Users/admin/builder/spi-builder-workspace/.derivedData/SDKStatCaches.noindex/watchos27.0-24R360-e829b21a6f8c9b70876ba0858053c04477534ef55a1706bf4c1112bbb242f0a2.sdkstatcache
cd /Users/admin/builder/spi-builder-workspace/.swiftpm/xcode
/Applications/Xcode-27.0.0-Release.Candidate.app/Contents/Developer/Toolchains/XcodeDefault.xctoolchain/usr/bin/clang-stat-cache /Applications/Xcode-27.0.0-Release.Candidate.app/Contents/Developer/Platforms/WatchOS.platform/Developer/SDKs/WatchOS27.0.sdk -o /Users/admin/builder/spi-builder-workspace/.derivedData/SDKStatCaches.noindex/watchos27.0-24R360-e829b21a6f8c9b70876ba0858053c04477534ef55a1706bf4c1112bbb242f0a2.sdkstatcache
SwiftDriver SwiftGD normal arm64_32 com.apple.xcode.tools.swift.compiler (in target 'SwiftGD' from project 'SwiftGD')
cd /Users/admin/builder/spi-builder-workspace/.swiftpm/xcode
builtin-SwiftDriver -- /Applications/Xcode-27.0.0-Release.Candidate.app/Contents/Developer/Toolchains/XcodeDefault.xctoolchain/usr/bin/swiftc -parse-as-library -module-name SwiftGD -Onone @/Users/admin/builder/spi-builder-workspace/.derivedData/Build/Intermediates.noindex/SwiftGD.build/Debug-watchos/SwiftGD-t.build/Objects-normal/arm64_32/SwiftGD.SwiftFileList -DSWIFT_PACKAGE -DDEBUG -DSWIFT_MODULE_RESOURCE_BUNDLE_UNAVAILABLE -Xcc -fmodule-map-file\=/Users/admin/builder/spi-builder-workspace/Sources/gd/module.modulemap -DXcode -plugin-path /Applications/Xcode-27.0.0-Release.Candidate.app/Contents/Developer/Toolchains/XcodeDefault.xctoolchain/usr/lib/swift/host/plugins/testing -enable-experimental-feature DebugDescriptionMacro -sdk /Applications/Xcode-27.0.0-Release.Candidate.app/Contents/Developer/Platforms/WatchOS.platform/Developer/SDKs/WatchOS27.0.sdk -target arm64_32-apple-watchos9.0 -g -module-cache-path /Users/admin/builder/spi-builder-workspace/.derivedData/ModuleCache.noindex -Xfrontend -serialize-debugging-options -profile-coverage-mapping -profile-generate -enable-testing -index-store-path /Users/admin/builder/spi-builder-workspace/.derivedData/Index.noindex/DataStore -Xcc -D_LIBCPP_HARDENING_MODE\=_LIBCPP_HARDENING_MODE_DEBUG -swift-version 5 -I /Users/admin/builder/spi-builder-workspace/.derivedData/Build/Products/Debug-watchos -Isystem /Applications/Xcode-27.0.0-Release.Candidate.app/Contents/Developer/Platforms/WatchOS.platform/Developer/usr/lib -F /Users/admin/builder/spi-builder-workspace/.derivedData/Build/Products/Debug-watchos -F /Applications/Xcode-27.0.0-Release.Candidate.app/Contents/Developer/Platforms/WatchOS.platform/Developer/Library/Frameworks -F /Applications/Xcode-27.0.0-Release.Candidate.app/Contents/Developer/Platforms/WatchOS.platform/Developer/SDKs/WatchOS27.0.sdk/Developer/Library/Frameworks -c -j10 -enable-batch-mode -incremental -Xcc -ivfsstatcache -Xcc /Users/admin/builder/spi-builder-workspace/.derivedData/SDKStatCaches.noindex/watchos27.0-24R360-e829b21a6f8c9b70876ba0858053c04477534ef55a1706bf4c1112bbb242f0a2.sdkstatcache -output-file-map /Users/admin/builder/spi-builder-workspace/.derivedData/Build/Intermediates.noindex/SwiftGD.build/Debug-watchos/SwiftGD-t.build/Objects-normal/arm64_32/SwiftGD-OutputFileMap.json -save-temps -no-color-diagnostics -explicit-module-build -module-cache-path /Users/admin/builder/spi-builder-workspace/.derivedData/Build/Intermediates.noindex/SwiftExplicitPrecompiledModules -clang-scanner-module-cache-path /Users/admin/builder/spi-builder-workspace/.derivedData/ModuleCache.noindex -sdk-module-cache-path /Users/admin/builder/spi-builder-workspace/.derivedData/SDKExplicitPrecompiledModules -emit-dependencies -emit-module -emit-module-path /Users/admin/builder/spi-builder-workspace/.derivedData/Build/Intermediates.noindex/SwiftGD.build/Debug-watchos/SwiftGD-t.build/Objects-normal/arm64_32/SwiftGD.swiftmodule -serialize-diagnostics -dependency-scan-serialize-diagnostics-path /Users/admin/builder/spi-builder-workspace/.derivedData/Build/Intermediates.noindex/SwiftGD.build/Debug-watchos/SwiftGD-t.build/Objects-normal/arm64_32/SwiftGD-dependency-scan.dia -validate-clang-modules-once -clang-build-session-file /Users/admin/builder/spi-builder-workspace/.derivedData/ModuleCache.noindex/Session.modulevalidation -Xcc -fmodules-prune-interval\=86400 -Xcc -fmodules-prune-after\=345600 -emit-const-values -const-gather-protocols-list /Users/admin/builder/spi-builder-workspace/.derivedData/Build/Intermediates.noindex/SwiftGD.build/Debug-watchos/SwiftGD-t.build/Objects-normal/arm64_32/SwiftGD_const_extract_protocols.json -Xcc -I/Users/admin/builder/spi-builder-workspace/.derivedData/Build/Products/Debug-watchos/include -Xcc -I/Users/admin/builder/spi-builder-workspace/.derivedData/Build/Intermediates.noindex/SwiftGD.build/Debug-watchos/SwiftGD-t.build/DerivedSources-normal/arm64_32 -Xcc -I/Users/admin/builder/spi-builder-workspace/.derivedData/Build/Intermediates.noindex/SwiftGD.build/Debug-watchos/SwiftGD-t.build/DerivedSources/arm64_32 -Xcc -I/Users/admin/builder/spi-builder-workspace/.derivedData/Build/Intermediates.noindex/SwiftGD.build/Debug-watchos/SwiftGD-t.build/DerivedSources -Xcc -DSWIFT_PACKAGE -Xcc -DDEBUG\=1 -emit-objc-header -emit-objc-header-path /Users/admin/builder/spi-builder-workspace/.derivedData/Build/Intermediates.noindex/SwiftGD.build/Debug-watchos/SwiftGD-t.build/Objects-normal/arm64_32/SwiftGD-Swift.h -working-directory /Users/admin/builder/spi-builder-workspace/.swiftpm/xcode -experimental-emit-module-separately -disable-cmo
error: Clang dependency scanning failure: While building module 'gd' imported from module-include.input:1:
In file included from <module-includes>:1:
/Users/admin/builder/spi-builder-workspace/Sources/gd/swiftgd_gd.h:1:10: fatal error: 'gd.h' file not found
module-include.input:1:2: fatal error: could not build module 'gd'
(in target 'SwiftGD' from project 'SwiftGD')
/Users/admin/builder/spi-builder-workspace/Sources/SwiftGD/Format.swift:8:8: error: Unable to resolve module dependency: 'gd' (in target 'SwiftGD' from project 'SwiftGD')
note: A dependency of main module 'SwiftGD'
/Users/admin/builder/spi-builder-workspace/Sources/SwiftGD/Image.swift:8:8: note: Also imported here
error: Clang dependency scanning failure: While building module 'gd' imported from module-include.input:1:
In file included from <module-includes>:1:
/Users/admin/builder/spi-builder-workspace/Sources/gd/swiftgd_gd.h:1:10: fatal error: 'gd.h' file not found
module-include.input:1:2: fatal error: could not build module 'gd'
(in target 'SwiftGD' from project 'SwiftGD')
/Users/admin/builder/spi-builder-workspace/Sources/SwiftGD/Format.swift:8:8: note: A dependency of main module 'SwiftGD'
import gd
^ (in target 'SwiftGD' from project 'SwiftGD')
/Users/admin/builder/spi-builder-workspace/Sources/SwiftGD/Image.swift:8:8: note: Also imported here
import gd
^ (in target 'SwiftGD' from project 'SwiftGD')
SwiftDriver SwiftGD normal arm64 com.apple.xcode.tools.swift.compiler (in target 'SwiftGD' from project 'SwiftGD')
cd /Users/admin/builder/spi-builder-workspace/.swiftpm/xcode
builtin-SwiftDriver -- /Applications/Xcode-27.0.0-Release.Candidate.app/Contents/Developer/Toolchains/XcodeDefault.xctoolchain/usr/bin/swiftc -parse-as-library -module-name SwiftGD -Onone @/Users/admin/builder/spi-builder-workspace/.derivedData/Build/Intermediates.noindex/SwiftGD.build/Debug-watchos/SwiftGD-t.build/Objects-normal/arm64/SwiftGD.SwiftFileList -DSWIFT_PACKAGE -DDEBUG -DSWIFT_MODULE_RESOURCE_BUNDLE_UNAVAILABLE -Xcc -fmodule-map-file\=/Users/admin/builder/spi-builder-workspace/Sources/gd/module.modulemap -DXcode -plugin-path /Applications/Xcode-27.0.0-Release.Candidate.app/Contents/Developer/Toolchains/XcodeDefault.xctoolchain/usr/lib/swift/host/plugins/testing -enable-experimental-feature DebugDescriptionMacro -sdk /Applications/Xcode-27.0.0-Release.Candidate.app/Contents/Developer/Platforms/WatchOS.platform/Developer/SDKs/WatchOS27.0.sdk -target arm64-apple-watchos9.0 -g -module-cache-path /Users/admin/builder/spi-builder-workspace/.derivedData/ModuleCache.noindex -Xfrontend -serialize-debugging-options -profile-coverage-mapping -profile-generate -enable-testing -index-store-path /Users/admin/builder/spi-builder-workspace/.derivedData/Index.noindex/DataStore -Xcc -D_LIBCPP_HARDENING_MODE\=_LIBCPP_HARDENING_MODE_DEBUG -swift-version 5 -I /Users/admin/builder/spi-builder-workspace/.derivedData/Build/Products/Debug-watchos -Isystem /Applications/Xcode-27.0.0-Release.Candidate.app/Contents/Developer/Platforms/WatchOS.platform/Developer/usr/lib -F /Users/admin/builder/spi-builder-workspace/.derivedData/Build/Products/Debug-watchos -F /Applications/Xcode-27.0.0-Release.Candidate.app/Contents/Developer/Platforms/WatchOS.platform/Developer/Library/Frameworks -F /Applications/Xcode-27.0.0-Release.Candidate.app/Contents/Developer/Platforms/WatchOS.platform/Developer/SDKs/WatchOS27.0.sdk/Developer/Library/Frameworks -c -j10 -enable-batch-mode -incremental -Xcc -ivfsstatcache -Xcc /Users/admin/builder/spi-builder-workspace/.derivedData/SDKStatCaches.noindex/watchos27.0-24R360-e829b21a6f8c9b70876ba0858053c04477534ef55a1706bf4c1112bbb242f0a2.sdkstatcache -output-file-map /Users/admin/builder/spi-builder-workspace/.derivedData/Build/Intermediates.noindex/SwiftGD.build/Debug-watchos/SwiftGD-t.build/Objects-normal/arm64/SwiftGD-OutputFileMap.json -save-temps -no-color-diagnostics -explicit-module-build -module-cache-path /Users/admin/builder/spi-builder-workspace/.derivedData/Build/Intermediates.noindex/SwiftExplicitPrecompiledModules -clang-scanner-module-cache-path /Users/admin/builder/spi-builder-workspace/.derivedData/ModuleCache.noindex -sdk-module-cache-path /Users/admin/builder/spi-builder-workspace/.derivedData/SDKExplicitPrecompiledModules -emit-dependencies -emit-module -emit-module-path /Users/admin/builder/spi-builder-workspace/.derivedData/Build/Intermediates.noindex/SwiftGD.build/Debug-watchos/SwiftGD-t.build/Objects-normal/arm64/SwiftGD.swiftmodule -serialize-diagnostics -dependency-scan-serialize-diagnostics-path /Users/admin/builder/spi-builder-workspace/.derivedData/Build/Intermediates.noindex/SwiftGD.build/Debug-watchos/SwiftGD-t.build/Objects-normal/arm64/SwiftGD-dependency-scan.dia -validate-clang-modules-once -clang-build-session-file /Users/admin/builder/spi-builder-workspace/.derivedData/ModuleCache.noindex/Session.modulevalidation -Xcc -fmodules-prune-interval\=86400 -Xcc -fmodules-prune-after\=345600 -emit-const-values -const-gather-protocols-list /Users/admin/builder/spi-builder-workspace/.derivedData/Build/Intermediates.noindex/SwiftGD.build/Debug-watchos/SwiftGD-t.build/Objects-normal/arm64/SwiftGD_const_extract_protocols.json -Xcc -I/Users/admin/builder/spi-builder-workspace/.derivedData/Build/Products/Debug-watchos/include -Xcc -I/Users/admin/builder/spi-builder-workspace/.derivedData/Build/Intermediates.noindex/SwiftGD.build/Debug-watchos/SwiftGD-t.build/DerivedSources-normal/arm64 -Xcc -I/Users/admin/builder/spi-builder-workspace/.derivedData/Build/Intermediates.noindex/SwiftGD.build/Debug-watchos/SwiftGD-t.build/DerivedSources/arm64 -Xcc -I/Users/admin/builder/spi-builder-workspace/.derivedData/Build/Intermediates.noindex/SwiftGD.build/Debug-watchos/SwiftGD-t.build/DerivedSources -Xcc -DSWIFT_PACKAGE -Xcc -DDEBUG\=1 -emit-objc-header -emit-objc-header-path /Users/admin/builder/spi-builder-workspace/.derivedData/Build/Intermediates.noindex/SwiftGD.build/Debug-watchos/SwiftGD-t.build/Objects-normal/arm64/SwiftGD-Swift.h -working-directory /Users/admin/builder/spi-builder-workspace/.swiftpm/xcode -experimental-emit-module-separately -disable-cmo
error: Clang dependency scanning failure: While building module 'gd' imported from module-include.input:1:
In file included from <module-includes>:1:
/Users/admin/builder/spi-builder-workspace/Sources/gd/swiftgd_gd.h:1:10: fatal error: 'gd.h' file not found
module-include.input:1:2: fatal error: could not build module 'gd'
(in target 'SwiftGD' from project 'SwiftGD')
/Users/admin/builder/spi-builder-workspace/Sources/SwiftGD/Format.swift:8:8: error: Unable to resolve module dependency: 'gd' (in target 'SwiftGD' from project 'SwiftGD')
note: A dependency of main module 'SwiftGD'
/Users/admin/builder/spi-builder-workspace/Sources/SwiftGD/Image.swift:8:8: note: Also imported here
error: Clang dependency scanning failure: While building module 'gd' imported from module-include.input:1:
In file included from <module-includes>:1:
/Users/admin/builder/spi-builder-workspace/Sources/gd/swiftgd_gd.h:1:10: fatal error: 'gd.h' file not found
module-include.input:1:2: fatal error: could not build module 'gd'
(in target 'SwiftGD' from project 'SwiftGD')
/Users/admin/builder/spi-builder-workspace/Sources/SwiftGD/Format.swift:8:8: note: A dependency of main module 'SwiftGD'
import gd
^ (in target 'SwiftGD' from project 'SwiftGD')
/Users/admin/builder/spi-builder-workspace/Sources/SwiftGD/Image.swift:8:8: note: Also imported here
import gd
^ (in target 'SwiftGD' from project 'SwiftGD')
PruneExplicitPrecompiledModules /Users/admin/builder/spi-builder-workspace/.derivedData/SDKExplicitPrecompiledModules
PruneExplicitPrecompiledModules /Users/admin/builder/spi-builder-workspace/.derivedData/Build/Intermediates.noindex/SwiftExplicitPrecompiledModules
PruneExplicitPrecompiledModules /Users/admin/builder/spi-builder-workspace/.derivedData/Build/Intermediates.noindex/ExplicitPrecompiledModules
2026-09-24 14:40:29.495 xcodebuild[708:4519] [MT] IDERunDestination: Supported platforms for the buildables in the current scheme is empty.
** BUILD FAILED **
The following build commands failed:
SwiftDriver SwiftGD normal arm64_32 com.apple.xcode.tools.swift.compiler (in target 'SwiftGD' from project 'SwiftGD')
SwiftDriver SwiftGD normal arm64 com.apple.xcode.tools.swift.compiler (in target 'SwiftGD' from project 'SwiftGD')
Building workspace SwiftGD with scheme SwiftGD
(3 failures)
BUILD FAILURE 6.4 watchOS