The Swift Package Index logo.Swift Package Index

Build Information

Failed to build WWSystemStatus, reference 1.1.0 (9a2a3f), with Swift 6.1 for macOS (Xcode) using Xcode 16.3 on 13 Aug 2026 04:48:53 UTC.

Build Command

env DEVELOPER_DIR=/Applications/Xcode-16.3.0.app xcrun xcodebuild -IDEClonedSourcePackagesDirPathOverride=$PWD/.dependencies -skipMacroValidation -skipPackagePluginValidation -derivedDataPath $PWD/.derivedData build -scheme WWSystemStatus -destination platform=macOS,arch=arm64

Build Log

========================================
RunAll
========================================
Builder version: undefined version: run 'make version' to update
Interrupt handler set up.
========================================
Checkout
========================================
Clone URL: https://github.com/William-Weng/WWSystemStatus.git
Reference: 1.1.0
Initialized empty Git repository in /Users/admin/builder/spi-builder-workspace/.git/
From https://github.com/William-Weng/WWSystemStatus
 * tag               1.1.0      -> FETCH_HEAD
HEAD is now at 9a2a3f8 - 改成使用WWNetworkClient - 改用async / await 語法
Cloned https://github.com/William-Weng/WWSystemStatus.git
Revision (git rev-parse @):
9a2a3f8b8044c1d2d10fefe82f133f921aedf9fd
SUCCESS checkout https://github.com/William-Weng/WWSystemStatus.git at 1.1.0
========================================
Build
========================================
Selected platform:         macosXcodebuild
Swift version:             6.1
Building package at path:  $PWD
https://github.com/William-Weng/WWSystemStatus.git
https://github.com/William-Weng/WWSystemStatus.git
{
  "dependencies" : [
    {
      "identity" : "wwnetworkclient",
      "requirement" : {
        "range" : [
          {
            "lower_bound" : "1.1.2",
            "upper_bound" : "2.0.0"
          }
        ]
      },
      "type" : "sourceControl",
      "url" : "https://github.com/William-Weng/WWNetworkClient.git"
    }
  ],
  "manifest_display_name" : "WWSystemStatus",
  "name" : "WWSystemStatus",
  "path" : "/Users/admin/builder/spi-builder-workspace",
  "platforms" : [
    {
      "name" : "ios",
      "version" : "17.0"
    }
  ],
  "products" : [
    {
      "name" : "WWSystemStatus",
      "targets" : [
        "WWSystemStatus"
      ],
      "type" : {
        "library" : [
          "automatic"
        ]
      }
    }
  ],
  "swift_languages_versions" : [
    "6"
  ],
  "targets" : [
    {
      "c99name" : "WWSystemStatus",
      "module_type" : "SwiftTarget",
      "name" : "WWSystemStatus",
      "path" : "Sources/WWSystemStatus",
      "product_dependencies" : [
        "WWNetworkClient"
      ],
      "product_memberships" : [
        "WWSystemStatus"
      ],
      "resources" : [
        {
          "path" : "/Users/admin/builder/spi-builder-workspace/Sources/WWSystemStatus/Privacy",
          "rule" : {
            "copy" : {
            }
          }
        }
      ],
      "sources" : [
        "Utility/Constant.swift",
        "Utility/Extension.swift",
        "Utility/Model.swift",
        "WWSystemStatus.swift"
      ],
      "type" : "library"
    }
  ],
  "tools_version" : "6.0"
}
Command line invocation:
    /Applications/Xcode-16.3.0.app/Contents/Developer/usr/bin/xcodebuild -IDEClonedSourcePackagesDirPathOverride=/Users/admin/builder/spi-builder-workspace/.dependencies -resolvePackageDependencies
Resolve Package Graph
Fetching from https://github.com/William-Weng/WWNetworkClient.git
Creating working copy of package ‘WWNetworkClient’
Checking out 1.1.2 of package ‘WWNetworkClient’
Resolve Package Graph
Resolved source packages:
  WWSystemStatus: /Users/admin/builder/spi-builder-workspace
  WWNetworkClient: https://github.com/William-Weng/WWNetworkClient.git @ 1.1.2
resolved source packages: WWSystemStatus, WWNetworkClient
{
  "dependencies" : [
    {
      "identity" : "wwnetworkclient",
      "requirement" : {
        "range" : [
          {
            "lower_bound" : "1.1.2",
            "upper_bound" : "2.0.0"
          }
        ]
      },
      "type" : "sourceControl",
      "url" : "https://github.com/William-Weng/WWNetworkClient.git"
    }
  ],
  "manifest_display_name" : "WWSystemStatus",
  "name" : "WWSystemStatus",
  "path" : "/Users/admin/builder/spi-builder-workspace",
  "platforms" : [
    {
      "name" : "ios",
      "version" : "17.0"
    }
  ],
  "products" : [
    {
      "name" : "WWSystemStatus",
      "targets" : [
        "WWSystemStatus"
      ],
      "type" : {
        "library" : [
          "automatic"
        ]
      }
    }
  ],
  "swift_languages_versions" : [
    "6"
  ],
  "targets" : [
    {
      "c99name" : "WWSystemStatus",
      "module_type" : "SwiftTarget",
      "name" : "WWSystemStatus",
      "path" : "Sources/WWSystemStatus",
      "product_dependencies" : [
        "WWNetworkClient"
      ],
      "product_memberships" : [
        "WWSystemStatus"
      ],
      "resources" : [
        {
          "path" : "/Users/admin/builder/spi-builder-workspace/Sources/WWSystemStatus/Privacy",
          "rule" : {
            "copy" : {
            }
          }
        }
      ],
      "sources" : [
        "Utility/Constant.swift",
        "Utility/Extension.swift",
        "Utility/Model.swift",
        "WWSystemStatus.swift"
      ],
      "type" : "library"
    }
  ],
  "tools_version" : "6.0"
}
{
  "workspace" : {
    "name" : "spi-builder-workspace",
    "schemes" : [
      "WWSystemStatus"
    ]
  }
}
Running build ...
env DEVELOPER_DIR=/Applications/Xcode-16.3.0.app xcrun xcodebuild -IDEClonedSourcePackagesDirPathOverride=$PWD/.dependencies -skipMacroValidation -skipPackagePluginValidation -derivedDataPath $PWD/.derivedData build -scheme WWSystemStatus -destination platform=macOS,arch=arm64 OTHER_SWIFT_FLAGS=-stats-output-dir .stats
Command line invocation:
    /Applications/Xcode-16.3.0.app/Contents/Developer/usr/bin/xcodebuild -IDEClonedSourcePackagesDirPathOverride=/Users/admin/builder/spi-builder-workspace/.dependencies -skipMacroValidation -skipPackagePluginValidation -derivedDataPath /Users/admin/builder/spi-builder-workspace/.derivedData build -scheme WWSystemStatus -destination platform=macOS,arch=arm64 "OTHER_SWIFT_FLAGS=-stats-output-dir .stats"
Build settings from command line:
    OTHER_SWIFT_FLAGS = -stats-output-dir .stats
Resolve Package Graph
Resolve Package Graph
Resolved source packages:
  WWNetworkClient: https://github.com/William-Weng/WWNetworkClient.git @ 1.1.2
  WWSystemStatus: /Users/admin/builder/spi-builder-workspace
ComputePackagePrebuildTargetDependencyGraph
Prepare packages
CreateBuildRequest
SendProjectDescription
CreateBuildOperation
ComputeTargetDependencyGraph
note: Building targets in dependency order
note: Target dependency graph (6 targets)
    Target 'WWSystemStatus' in project 'WWSystemStatus'
        ➜ Explicit dependency on target 'WWSystemStatus' in project 'WWSystemStatus'
        ➜ Explicit dependency on target 'WWSystemStatus_WWSystemStatus' in project 'WWSystemStatus'
        ➜ Explicit dependency on target 'WWNetworkClient' in project 'WWNetworkClient'
    Target 'WWSystemStatus' in project 'WWSystemStatus'
        ➜ Explicit dependency on target 'WWSystemStatus_WWSystemStatus' in project 'WWSystemStatus'
        ➜ Explicit dependency on target 'WWNetworkClient' in project 'WWNetworkClient'
    Target 'WWNetworkClient' in project 'WWNetworkClient'
        ➜ Explicit dependency on target 'WWNetworkClient' in project 'WWNetworkClient'
        ➜ Explicit dependency on target 'WWNetworkClient_WWNetworkClient' in project 'WWNetworkClient'
    Target 'WWNetworkClient' in project 'WWNetworkClient'
        ➜ Explicit dependency on target 'WWNetworkClient_WWNetworkClient' in project 'WWNetworkClient'
    Target 'WWNetworkClient_WWNetworkClient' in project 'WWNetworkClient' (no dependencies)
    Target 'WWSystemStatus_WWSystemStatus' in project 'WWSystemStatus' (no dependencies)
GatherProvisioningInputs
CreateBuildDescription
ExecuteExternalTool /Applications/Xcode-16.3.0.app/Contents/Developer/Toolchains/XcodeDefault.xctoolchain/usr/bin/clang -v -E -dM -isysroot /Applications/Xcode-16.3.0.app/Contents/Developer/Platforms/MacOSX.platform/Developer/SDKs/MacOSX15.4.sdk -x c -c /dev/null
ExecuteExternalTool /Applications/Xcode-16.3.0.app/Contents/Developer/Toolchains/XcodeDefault.xctoolchain/usr/bin/swiftc --version
ExecuteExternalTool /Applications/Xcode-16.3.0.app/Contents/Developer/Toolchains/XcodeDefault.xctoolchain/usr/bin/ld -version_details
Build description signature: be16889fbd25387f2a60e79999ea105d
Build description path: /Users/admin/builder/spi-builder-workspace/.derivedData/Build/Intermediates.noindex/XCBuildData/be16889fbd25387f2a60e79999ea105d.xcbuilddata
CreateBuildDirectory /Users/admin/builder/spi-builder-workspace/.derivedData/Build/Products
    cd /Users/admin/builder/spi-builder-workspace/.swiftpm/xcode
    builtin-create-build-directory /Users/admin/builder/spi-builder-workspace/.derivedData/Build/Products
ClangStatCache /Applications/Xcode-16.3.0.app/Contents/Developer/Toolchains/XcodeDefault.xctoolchain/usr/bin/clang-stat-cache /Applications/Xcode-16.3.0.app/Contents/Developer/Platforms/MacOSX.platform/Developer/SDKs/MacOSX15.4.sdk /Users/admin/builder/spi-builder-workspace/.derivedData/SDKStatCaches.noindex/macosx15.4-24E241-8287b8f5db97e746a1562fbca0c9d29b.sdkstatcache
    cd /Users/admin/builder/spi-builder-workspace/.swiftpm/xcode
    /Applications/Xcode-16.3.0.app/Contents/Developer/Toolchains/XcodeDefault.xctoolchain/usr/bin/clang-stat-cache /Applications/Xcode-16.3.0.app/Contents/Developer/Platforms/MacOSX.platform/Developer/SDKs/MacOSX15.4.sdk -o /Users/admin/builder/spi-builder-workspace/.derivedData/SDKStatCaches.noindex/macosx15.4-24E241-8287b8f5db97e746a1562fbca0c9d29b.sdkstatcache
CreateBuildDirectory /Users/admin/builder/spi-builder-workspace/.derivedData/Build/Intermediates.noindex
    cd /Users/admin/builder/spi-builder-workspace/.swiftpm/xcode
    builtin-create-build-directory /Users/admin/builder/spi-builder-workspace/.derivedData/Build/Intermediates.noindex
CreateBuildDirectory /Users/admin/builder/spi-builder-workspace/.derivedData/Build/Products/Debug
    cd /Users/admin/builder/spi-builder-workspace/.swiftpm/xcode
    builtin-create-build-directory /Users/admin/builder/spi-builder-workspace/.derivedData/Build/Products/Debug
CreateBuildDirectory /Users/admin/builder/spi-builder-workspace/.derivedData/Build/Intermediates.noindex/EagerLinkingTBDs/Debug
    cd /Users/admin/builder/spi-builder-workspace/.swiftpm/xcode
    builtin-create-build-directory /Users/admin/builder/spi-builder-workspace/.derivedData/Build/Intermediates.noindex/EagerLinkingTBDs/Debug
CreateBuildDirectory /Users/admin/builder/spi-builder-workspace/.derivedData/Build/Products/Debug/PackageFrameworks
    cd /Users/admin/builder/spi-builder-workspace/.swiftpm/xcode
    builtin-create-build-directory /Users/admin/builder/spi-builder-workspace/.derivedData/Build/Products/Debug/PackageFrameworks
MkDir /Users/admin/builder/spi-builder-workspace/.derivedData/Build/Products/Debug/WWSystemStatus_WWSystemStatus.bundle (in target 'WWSystemStatus_WWSystemStatus' from project 'WWSystemStatus')
    cd /Users/admin/builder/spi-builder-workspace
    /bin/mkdir -p /Users/admin/builder/spi-builder-workspace/.derivedData/Build/Products/Debug/WWSystemStatus_WWSystemStatus.bundle
MkDir /Users/admin/builder/spi-builder-workspace/.derivedData/Build/Products/Debug/WWSystemStatus_WWSystemStatus.bundle/Contents (in target 'WWSystemStatus_WWSystemStatus' from project 'WWSystemStatus')
    cd /Users/admin/builder/spi-builder-workspace
    /bin/mkdir -p /Users/admin/builder/spi-builder-workspace/.derivedData/Build/Products/Debug/WWSystemStatus_WWSystemStatus.bundle/Contents
MkDir /Users/admin/builder/spi-builder-workspace/.derivedData/Build/Products/Debug/WWSystemStatus_WWSystemStatus.bundle/Contents/Resources (in target 'WWSystemStatus_WWSystemStatus' from project 'WWSystemStatus')
    cd /Users/admin/builder/spi-builder-workspace
    /bin/mkdir -p /Users/admin/builder/spi-builder-workspace/.derivedData/Build/Products/Debug/WWSystemStatus_WWSystemStatus.bundle/Contents/Resources
WriteAuxiliaryFile /Users/admin/builder/spi-builder-workspace/.derivedData/Build/Intermediates.noindex/WWSystemStatus.build/Debug/WWSystemStatus.build/WWSystemStatus.DependencyMetadataFileList (in target 'WWSystemStatus' from project 'WWSystemStatus')
    cd /Users/admin/builder/spi-builder-workspace
    write-file /Users/admin/builder/spi-builder-workspace/.derivedData/Build/Intermediates.noindex/WWSystemStatus.build/Debug/WWSystemStatus.build/WWSystemStatus.DependencyMetadataFileList
WriteAuxiliaryFile /Users/admin/builder/spi-builder-workspace/.derivedData/Build/Intermediates.noindex/WWSystemStatus.build/Debug/WWSystemStatus.build/WWSystemStatus.DependencyStaticMetadataFileList (in target 'WWSystemStatus' from project 'WWSystemStatus')
    cd /Users/admin/builder/spi-builder-workspace
    write-file /Users/admin/builder/spi-builder-workspace/.derivedData/Build/Intermediates.noindex/WWSystemStatus.build/Debug/WWSystemStatus.build/WWSystemStatus.DependencyStaticMetadataFileList
WriteAuxiliaryFile /Users/admin/builder/spi-builder-workspace/.derivedData/Build/Intermediates.noindex/WWSystemStatus.build/Debug/WWSystemStatus.build/WWSystemStatus.modulemap (in target 'WWSystemStatus' from project 'WWSystemStatus')
    cd /Users/admin/builder/spi-builder-workspace
    write-file /Users/admin/builder/spi-builder-workspace/.derivedData/Build/Intermediates.noindex/WWSystemStatus.build/Debug/WWSystemStatus.build/WWSystemStatus.modulemap
WriteAuxiliaryFile /Users/admin/builder/spi-builder-workspace/.derivedData/Build/Intermediates.noindex/WWSystemStatus.build/Debug/WWSystemStatus_WWSystemStatus.build/WWSystemStatus_WWSystemStatus.DependencyMetadataFileList (in target 'WWSystemStatus_WWSystemStatus' from project 'WWSystemStatus')
    cd /Users/admin/builder/spi-builder-workspace
    write-file /Users/admin/builder/spi-builder-workspace/.derivedData/Build/Intermediates.noindex/WWSystemStatus.build/Debug/WWSystemStatus_WWSystemStatus.build/WWSystemStatus_WWSystemStatus.DependencyMetadataFileList
WriteAuxiliaryFile /Users/admin/builder/spi-builder-workspace/.derivedData/Build/Intermediates.noindex/WWSystemStatus.build/Debug/WWSystemStatus_WWSystemStatus.build/WWSystemStatus_WWSystemStatus.DependencyStaticMetadataFileList (in target 'WWSystemStatus_WWSystemStatus' from project 'WWSystemStatus')
    cd /Users/admin/builder/spi-builder-workspace
    write-file /Users/admin/builder/spi-builder-workspace/.derivedData/Build/Intermediates.noindex/WWSystemStatus.build/Debug/WWSystemStatus_WWSystemStatus.build/WWSystemStatus_WWSystemStatus.DependencyStaticMetadataFileList
WriteAuxiliaryFile /Users/admin/builder/spi-builder-workspace/.derivedData/Build/Intermediates.noindex/WWSystemStatus.build/Debug/WWSystemStatus_WWSystemStatus.build/empty-WWSystemStatus_WWSystemStatus.plist (in target 'WWSystemStatus_WWSystemStatus' from project 'WWSystemStatus')
    cd /Users/admin/builder/spi-builder-workspace
    write-file /Users/admin/builder/spi-builder-workspace/.derivedData/Build/Intermediates.noindex/WWSystemStatus.build/Debug/WWSystemStatus_WWSystemStatus.build/empty-WWSystemStatus_WWSystemStatus.plist
WriteAuxiliaryFile /Users/admin/builder/spi-builder-workspace/.derivedData/Build/Intermediates.noindex/WWSystemStatus.build/Debug/WWSystemStatus.build/Objects-normal/arm64/WWSystemStatus.SwiftConstValuesFileList (in target 'WWSystemStatus' from project 'WWSystemStatus')
    cd /Users/admin/builder/spi-builder-workspace
    write-file /Users/admin/builder/spi-builder-workspace/.derivedData/Build/Intermediates.noindex/WWSystemStatus.build/Debug/WWSystemStatus.build/Objects-normal/arm64/WWSystemStatus.SwiftConstValuesFileList
WriteAuxiliaryFile /Users/admin/builder/spi-builder-workspace/.derivedData/Build/Intermediates.noindex/WWSystemStatus.build/Debug/WWSystemStatus.build/Objects-normal/arm64/WWSystemStatus.SwiftFileList (in target 'WWSystemStatus' from project 'WWSystemStatus')
    cd /Users/admin/builder/spi-builder-workspace
    write-file /Users/admin/builder/spi-builder-workspace/.derivedData/Build/Intermediates.noindex/WWSystemStatus.build/Debug/WWSystemStatus.build/Objects-normal/arm64/WWSystemStatus.SwiftFileList
WriteAuxiliaryFile /Users/admin/builder/spi-builder-workspace/.derivedData/Build/Intermediates.noindex/WWSystemStatus.build/Debug/WWSystemStatus.build/Objects-normal/arm64/WWSystemStatus_const_extract_protocols.json (in target 'WWSystemStatus' from project 'WWSystemStatus')
    cd /Users/admin/builder/spi-builder-workspace
    write-file /Users/admin/builder/spi-builder-workspace/.derivedData/Build/Intermediates.noindex/WWSystemStatus.build/Debug/WWSystemStatus.build/Objects-normal/arm64/WWSystemStatus_const_extract_protocols.json
WriteAuxiliaryFile /Users/admin/builder/spi-builder-workspace/.derivedData/Build/Intermediates.noindex/WWSystemStatus.build/Debug/WWSystemStatus.build/Objects-normal/arm64/WWSystemStatus.LinkFileList (in target 'WWSystemStatus' from project 'WWSystemStatus')
    cd /Users/admin/builder/spi-builder-workspace
    write-file /Users/admin/builder/spi-builder-workspace/.derivedData/Build/Intermediates.noindex/WWSystemStatus.build/Debug/WWSystemStatus.build/Objects-normal/arm64/WWSystemStatus.LinkFileList
WriteAuxiliaryFile /Users/admin/builder/spi-builder-workspace/.derivedData/Build/Intermediates.noindex/WWSystemStatus.build/Debug/WWSystemStatus.build/Objects-normal/arm64/WWSystemStatus-OutputFileMap.json (in target 'WWSystemStatus' from project 'WWSystemStatus')
    cd /Users/admin/builder/spi-builder-workspace
    write-file /Users/admin/builder/spi-builder-workspace/.derivedData/Build/Intermediates.noindex/WWSystemStatus.build/Debug/WWSystemStatus.build/Objects-normal/arm64/WWSystemStatus-OutputFileMap.json
WriteAuxiliaryFile /Users/admin/builder/spi-builder-workspace/.derivedData/Build/Intermediates.noindex/WWSystemStatus.build/Debug/WWSystemStatus.build/DerivedSources/resource_bundle_accessor.swift (in target 'WWSystemStatus' from project 'WWSystemStatus')
    cd /Users/admin/builder/spi-builder-workspace
    write-file /Users/admin/builder/spi-builder-workspace/.derivedData/Build/Intermediates.noindex/WWSystemStatus.build/Debug/WWSystemStatus.build/DerivedSources/resource_bundle_accessor.swift
Copy /Users/admin/builder/spi-builder-workspace/.derivedData/Build/Intermediates.noindex/GeneratedModuleMaps/WWSystemStatus.modulemap /Users/admin/builder/spi-builder-workspace/.derivedData/Build/Intermediates.noindex/WWSystemStatus.build/Debug/WWSystemStatus.build/WWSystemStatus.modulemap (in target 'WWSystemStatus' from project 'WWSystemStatus')
    cd /Users/admin/builder/spi-builder-workspace
    builtin-copy -exclude .DS_Store -exclude CVS -exclude .svn -exclude .git -exclude .hg -resolve-src-symlinks /Users/admin/builder/spi-builder-workspace/.derivedData/Build/Intermediates.noindex/WWSystemStatus.build/Debug/WWSystemStatus.build/WWSystemStatus.modulemap /Users/admin/builder/spi-builder-workspace/.derivedData/Build/Intermediates.noindex/GeneratedModuleMaps
WriteAuxiliaryFile /Users/admin/builder/spi-builder-workspace/.derivedData/Build/Intermediates.noindex/WWNetworkClient.build/Debug/WWNetworkClient_WWNetworkClient.build/WWNetworkClient_WWNetworkClient.DependencyStaticMetadataFileList (in target 'WWNetworkClient_WWNetworkClient' from project 'WWNetworkClient')
    cd /Users/admin/builder/spi-builder-workspace/.dependencies/checkouts/WWNetworkClient
    write-file /Users/admin/builder/spi-builder-workspace/.derivedData/Build/Intermediates.noindex/WWNetworkClient.build/Debug/WWNetworkClient_WWNetworkClient.build/WWNetworkClient_WWNetworkClient.DependencyStaticMetadataFileList
WriteAuxiliaryFile /Users/admin/builder/spi-builder-workspace/.derivedData/Build/Intermediates.noindex/WWNetworkClient.build/Debug/WWNetworkClient_WWNetworkClient.build/empty-WWNetworkClient_WWNetworkClient.plist (in target 'WWNetworkClient_WWNetworkClient' from project 'WWNetworkClient')
    cd /Users/admin/builder/spi-builder-workspace/.dependencies/checkouts/WWNetworkClient
    write-file /Users/admin/builder/spi-builder-workspace/.derivedData/Build/Intermediates.noindex/WWNetworkClient.build/Debug/WWNetworkClient_WWNetworkClient.build/empty-WWNetworkClient_WWNetworkClient.plist
WriteAuxiliaryFile /Users/admin/builder/spi-builder-workspace/.derivedData/Build/Intermediates.noindex/WWNetworkClient.build/Debug/WWNetworkClient_WWNetworkClient.build/WWNetworkClient_WWNetworkClient.DependencyMetadataFileList (in target 'WWNetworkClient_WWNetworkClient' from project 'WWNetworkClient')
    cd /Users/admin/builder/spi-builder-workspace/.dependencies/checkouts/WWNetworkClient
    write-file /Users/admin/builder/spi-builder-workspace/.derivedData/Build/Intermediates.noindex/WWNetworkClient.build/Debug/WWNetworkClient_WWNetworkClient.build/WWNetworkClient_WWNetworkClient.DependencyMetadataFileList
WriteAuxiliaryFile /Users/admin/builder/spi-builder-workspace/.derivedData/Build/Intermediates.noindex/WWNetworkClient.build/Debug/WWNetworkClient.build/WWNetworkClient.modulemap (in target 'WWNetworkClient' from project 'WWNetworkClient')
    cd /Users/admin/builder/spi-builder-workspace/.dependencies/checkouts/WWNetworkClient
    write-file /Users/admin/builder/spi-builder-workspace/.derivedData/Build/Intermediates.noindex/WWNetworkClient.build/Debug/WWNetworkClient.build/WWNetworkClient.modulemap
WriteAuxiliaryFile /Users/admin/builder/spi-builder-workspace/.derivedData/Build/Intermediates.noindex/WWNetworkClient.build/Debug/WWNetworkClient.build/WWNetworkClient.DependencyStaticMetadataFileList (in target 'WWNetworkClient' from project 'WWNetworkClient')
    cd /Users/admin/builder/spi-builder-workspace/.dependencies/checkouts/WWNetworkClient
    write-file /Users/admin/builder/spi-builder-workspace/.derivedData/Build/Intermediates.noindex/WWNetworkClient.build/Debug/WWNetworkClient.build/WWNetworkClient.DependencyStaticMetadataFileList
WriteAuxiliaryFile /Users/admin/builder/spi-builder-workspace/.derivedData/Build/Intermediates.noindex/WWNetworkClient.build/Debug/WWNetworkClient.build/WWNetworkClient.DependencyMetadataFileList (in target 'WWNetworkClient' from project 'WWNetworkClient')
    cd /Users/admin/builder/spi-builder-workspace/.dependencies/checkouts/WWNetworkClient
    write-file /Users/admin/builder/spi-builder-workspace/.derivedData/Build/Intermediates.noindex/WWNetworkClient.build/Debug/WWNetworkClient.build/WWNetworkClient.DependencyMetadataFileList
WriteAuxiliaryFile /Users/admin/builder/spi-builder-workspace/.derivedData/Build/Intermediates.noindex/WWNetworkClient.build/Debug/WWNetworkClient.build/Objects-normal/arm64/WWNetworkClient_const_extract_protocols.json (in target 'WWNetworkClient' from project 'WWNetworkClient')
    cd /Users/admin/builder/spi-builder-workspace/.dependencies/checkouts/WWNetworkClient
    write-file /Users/admin/builder/spi-builder-workspace/.derivedData/Build/Intermediates.noindex/WWNetworkClient.build/Debug/WWNetworkClient.build/Objects-normal/arm64/WWNetworkClient_const_extract_protocols.json
WriteAuxiliaryFile /Users/admin/builder/spi-builder-workspace/.derivedData/Build/Intermediates.noindex/WWNetworkClient.build/Debug/WWNetworkClient.build/Objects-normal/arm64/WWNetworkClient.SwiftFileList (in target 'WWNetworkClient' from project 'WWNetworkClient')
    cd /Users/admin/builder/spi-builder-workspace/.dependencies/checkouts/WWNetworkClient
    write-file /Users/admin/builder/spi-builder-workspace/.derivedData/Build/Intermediates.noindex/WWNetworkClient.build/Debug/WWNetworkClient.build/Objects-normal/arm64/WWNetworkClient.SwiftFileList
WriteAuxiliaryFile /Users/admin/builder/spi-builder-workspace/.derivedData/Build/Intermediates.noindex/WWNetworkClient.build/Debug/WWNetworkClient.build/Objects-normal/arm64/WWNetworkClient.SwiftConstValuesFileList (in target 'WWNetworkClient' from project 'WWNetworkClient')
    cd /Users/admin/builder/spi-builder-workspace/.dependencies/checkouts/WWNetworkClient
    write-file /Users/admin/builder/spi-builder-workspace/.derivedData/Build/Intermediates.noindex/WWNetworkClient.build/Debug/WWNetworkClient.build/Objects-normal/arm64/WWNetworkClient.SwiftConstValuesFileList
WriteAuxiliaryFile /Users/admin/builder/spi-builder-workspace/.derivedData/Build/Intermediates.noindex/WWNetworkClient.build/Debug/WWNetworkClient.build/Objects-normal/arm64/WWNetworkClient.LinkFileList (in target 'WWNetworkClient' from project 'WWNetworkClient')
    cd /Users/admin/builder/spi-builder-workspace/.dependencies/checkouts/WWNetworkClient
    write-file /Users/admin/builder/spi-builder-workspace/.derivedData/Build/Intermediates.noindex/WWNetworkClient.build/Debug/WWNetworkClient.build/Objects-normal/arm64/WWNetworkClient.LinkFileList
WriteAuxiliaryFile /Users/admin/builder/spi-builder-workspace/.derivedData/Build/Intermediates.noindex/WWNetworkClient.build/Debug/WWNetworkClient.build/Objects-normal/arm64/WWNetworkClient-OutputFileMap.json (in target 'WWNetworkClient' from project 'WWNetworkClient')
    cd /Users/admin/builder/spi-builder-workspace/.dependencies/checkouts/WWNetworkClient
    write-file /Users/admin/builder/spi-builder-workspace/.derivedData/Build/Intermediates.noindex/WWNetworkClient.build/Debug/WWNetworkClient.build/Objects-normal/arm64/WWNetworkClient-OutputFileMap.json
WriteAuxiliaryFile /Users/admin/builder/spi-builder-workspace/.derivedData/Build/Intermediates.noindex/WWNetworkClient.build/Debug/WWNetworkClient.build/DerivedSources/resource_bundle_accessor.swift (in target 'WWNetworkClient' from project 'WWNetworkClient')
    cd /Users/admin/builder/spi-builder-workspace/.dependencies/checkouts/WWNetworkClient
    write-file /Users/admin/builder/spi-builder-workspace/.derivedData/Build/Intermediates.noindex/WWNetworkClient.build/Debug/WWNetworkClient.build/DerivedSources/resource_bundle_accessor.swift
Copy /Users/admin/builder/spi-builder-workspace/.derivedData/Build/Intermediates.noindex/GeneratedModuleMaps/WWNetworkClient.modulemap /Users/admin/builder/spi-builder-workspace/.derivedData/Build/Intermediates.noindex/WWNetworkClient.build/Debug/WWNetworkClient.build/WWNetworkClient.modulemap (in target 'WWNetworkClient' from project 'WWNetworkClient')
    cd /Users/admin/builder/spi-builder-workspace/.dependencies/checkouts/WWNetworkClient
    builtin-copy -exclude .DS_Store -exclude CVS -exclude .svn -exclude .git -exclude .hg -resolve-src-symlinks /Users/admin/builder/spi-builder-workspace/.derivedData/Build/Intermediates.noindex/WWNetworkClient.build/Debug/WWNetworkClient.build/WWNetworkClient.modulemap /Users/admin/builder/spi-builder-workspace/.derivedData/Build/Intermediates.noindex/GeneratedModuleMaps
MkDir /Users/admin/builder/spi-builder-workspace/.derivedData/Build/Products/Debug/WWNetworkClient_WWNetworkClient.bundle/Contents (in target 'WWNetworkClient_WWNetworkClient' from project 'WWNetworkClient')
    cd /Users/admin/builder/spi-builder-workspace/.dependencies/checkouts/WWNetworkClient
    /bin/mkdir -p /Users/admin/builder/spi-builder-workspace/.derivedData/Build/Products/Debug/WWNetworkClient_WWNetworkClient.bundle/Contents
MkDir /Users/admin/builder/spi-builder-workspace/.derivedData/Build/Products/Debug/WWNetworkClient_WWNetworkClient.bundle/Contents/Resources (in target 'WWNetworkClient_WWNetworkClient' from project 'WWNetworkClient')
    cd /Users/admin/builder/spi-builder-workspace/.dependencies/checkouts/WWNetworkClient
    /bin/mkdir -p /Users/admin/builder/spi-builder-workspace/.derivedData/Build/Products/Debug/WWNetworkClient_WWNetworkClient.bundle/Contents/Resources
MkDir /Users/admin/builder/spi-builder-workspace/.derivedData/Build/Products/Debug/WWNetworkClient_WWNetworkClient.bundle (in target 'WWNetworkClient_WWNetworkClient' from project 'WWNetworkClient')
    cd /Users/admin/builder/spi-builder-workspace/.dependencies/checkouts/WWNetworkClient
    /bin/mkdir -p /Users/admin/builder/spi-builder-workspace/.derivedData/Build/Products/Debug/WWNetworkClient_WWNetworkClient.bundle
ProcessInfoPlistFile /Users/admin/builder/spi-builder-workspace/.derivedData/Build/Products/Debug/WWSystemStatus_WWSystemStatus.bundle/Contents/Info.plist /Users/admin/builder/spi-builder-workspace/.derivedData/Build/Intermediates.noindex/WWSystemStatus.build/Debug/WWSystemStatus_WWSystemStatus.build/empty-WWSystemStatus_WWSystemStatus.plist (in target 'WWSystemStatus_WWSystemStatus' from project 'WWSystemStatus')
    cd /Users/admin/builder/spi-builder-workspace
    builtin-infoPlistUtility /Users/admin/builder/spi-builder-workspace/.derivedData/Build/Intermediates.noindex/WWSystemStatus.build/Debug/WWSystemStatus_WWSystemStatus.build/empty-WWSystemStatus_WWSystemStatus.plist -producttype com.apple.product-type.bundle -expandbuildsettings -platform macosx -o /Users/admin/builder/spi-builder-workspace/.derivedData/Build/Products/Debug/WWSystemStatus_WWSystemStatus.bundle/Contents/Info.plist
CpResource /Users/admin/builder/spi-builder-workspace/.derivedData/Build/Products/Debug/WWSystemStatus_WWSystemStatus.bundle/Contents/Resources/Privacy /Users/admin/builder/spi-builder-workspace/Sources/WWSystemStatus/Privacy (in target 'WWSystemStatus_WWSystemStatus' from project 'WWSystemStatus')
    cd /Users/admin/builder/spi-builder-workspace
    builtin-copy -exclude .DS_Store -exclude CVS -exclude .svn -exclude .git -exclude .hg -resolve-src-symlinks /Users/admin/builder/spi-builder-workspace/Sources/WWSystemStatus/Privacy /Users/admin/builder/spi-builder-workspace/.derivedData/Build/Products/Debug/WWSystemStatus_WWSystemStatus.bundle/Contents/Resources
CpResource /Users/admin/builder/spi-builder-workspace/.derivedData/Build/Products/Debug/WWNetworkClient_WWNetworkClient.bundle/Contents/Resources/PrivacyInfo.xcprivacy /Users/admin/builder/spi-builder-workspace/.dependencies/checkouts/WWNetworkClient/Sources/WWNetworkClient/Privacy/PrivacyInfo.xcprivacy (in target 'WWNetworkClient_WWNetworkClient' from project 'WWNetworkClient')
    cd /Users/admin/builder/spi-builder-workspace/.dependencies/checkouts/WWNetworkClient
    builtin-copy -exclude .DS_Store -exclude CVS -exclude .svn -exclude .git -exclude .hg -resolve-src-symlinks /Users/admin/builder/spi-builder-workspace/.dependencies/checkouts/WWNetworkClient/Sources/WWNetworkClient/Privacy/PrivacyInfo.xcprivacy /Users/admin/builder/spi-builder-workspace/.derivedData/Build/Products/Debug/WWNetworkClient_WWNetworkClient.bundle/Contents/Resources
ProcessInfoPlistFile /Users/admin/builder/spi-builder-workspace/.derivedData/Build/Products/Debug/WWNetworkClient_WWNetworkClient.bundle/Contents/Info.plist /Users/admin/builder/spi-builder-workspace/.derivedData/Build/Intermediates.noindex/WWNetworkClient.build/Debug/WWNetworkClient_WWNetworkClient.build/empty-WWNetworkClient_WWNetworkClient.plist (in target 'WWNetworkClient_WWNetworkClient' from project 'WWNetworkClient')
    cd /Users/admin/builder/spi-builder-workspace/.dependencies/checkouts/WWNetworkClient
    builtin-infoPlistUtility /Users/admin/builder/spi-builder-workspace/.derivedData/Build/Intermediates.noindex/WWNetworkClient.build/Debug/WWNetworkClient_WWNetworkClient.build/empty-WWNetworkClient_WWNetworkClient.plist -producttype com.apple.product-type.bundle -expandbuildsettings -platform macosx -o /Users/admin/builder/spi-builder-workspace/.derivedData/Build/Products/Debug/WWNetworkClient_WWNetworkClient.bundle/Contents/Info.plist
RegisterExecutionPolicyException /Users/admin/builder/spi-builder-workspace/.derivedData/Build/Products/Debug/WWSystemStatus_WWSystemStatus.bundle (in target 'WWSystemStatus_WWSystemStatus' from project 'WWSystemStatus')
    cd /Users/admin/builder/spi-builder-workspace
    builtin-RegisterExecutionPolicyException /Users/admin/builder/spi-builder-workspace/.derivedData/Build/Products/Debug/WWSystemStatus_WWSystemStatus.bundle
RegisterExecutionPolicyException /Users/admin/builder/spi-builder-workspace/.derivedData/Build/Products/Debug/WWNetworkClient_WWNetworkClient.bundle (in target 'WWNetworkClient_WWNetworkClient' from project 'WWNetworkClient')
    cd /Users/admin/builder/spi-builder-workspace/.dependencies/checkouts/WWNetworkClient
    builtin-RegisterExecutionPolicyException /Users/admin/builder/spi-builder-workspace/.derivedData/Build/Products/Debug/WWNetworkClient_WWNetworkClient.bundle
Touch /Users/admin/builder/spi-builder-workspace/.derivedData/Build/Products/Debug/WWSystemStatus_WWSystemStatus.bundle (in target 'WWSystemStatus_WWSystemStatus' from project 'WWSystemStatus')
    cd /Users/admin/builder/spi-builder-workspace
    /usr/bin/touch -c /Users/admin/builder/spi-builder-workspace/.derivedData/Build/Products/Debug/WWSystemStatus_WWSystemStatus.bundle
Touch /Users/admin/builder/spi-builder-workspace/.derivedData/Build/Products/Debug/WWNetworkClient_WWNetworkClient.bundle (in target 'WWNetworkClient_WWNetworkClient' from project 'WWNetworkClient')
    cd /Users/admin/builder/spi-builder-workspace/.dependencies/checkouts/WWNetworkClient
    /usr/bin/touch -c /Users/admin/builder/spi-builder-workspace/.derivedData/Build/Products/Debug/WWNetworkClient_WWNetworkClient.bundle
SwiftDriver WWNetworkClient normal arm64 com.apple.xcode.tools.swift.compiler (in target 'WWNetworkClient' from project 'WWNetworkClient')
    cd /Users/admin/builder/spi-builder-workspace/.swiftpm/xcode
    builtin-SwiftDriver -- /Applications/Xcode-16.3.0.app/Contents/Developer/Toolchains/XcodeDefault.xctoolchain/usr/bin/swiftc -module-name WWNetworkClient -Onone -enforce-exclusivity\=checked @/Users/admin/builder/spi-builder-workspace/.derivedData/Build/Intermediates.noindex/WWNetworkClient.build/Debug/WWNetworkClient.build/Objects-normal/arm64/WWNetworkClient.SwiftFileList -DSWIFT_PACKAGE -DDEBUG -stats-output-dir .stats -plugin-path /Applications/Xcode-16.3.0.app/Contents/Developer/Toolchains/XcodeDefault.xctoolchain/usr/lib/swift/host/plugins/testing -enable-experimental-feature DebugDescriptionMacro -sdk /Applications/Xcode-16.3.0.app/Contents/Developer/Platforms/MacOSX.platform/Developer/SDKs/MacOSX15.4.sdk -target arm64-apple-macos10.13 -g -module-cache-path /Users/admin/builder/spi-builder-workspace/.derivedData/ModuleCache.noindex -Xfrontend -serialize-debugging-options -enable-testing -suppress-warnings -index-store-path /Users/admin/builder/spi-builder-workspace/.derivedData/Index.noindex/DataStore -swift-version 6 -I /Users/admin/builder/spi-builder-workspace/.derivedData/Build/Products/Debug -I /Applications/Xcode-16.3.0.app/Contents/Developer/Platforms/MacOSX.platform/Developer/usr/lib -F /Users/admin/builder/spi-builder-workspace/.derivedData/Build/Products/Debug -F /Applications/Xcode-16.3.0.app/Contents/Developer/Platforms/MacOSX.platform/Developer/Library/Frameworks -c -j10 -enable-batch-mode -incremental -Xcc -ivfsstatcache -Xcc /Users/admin/builder/spi-builder-workspace/.derivedData/SDKStatCaches.noindex/macosx15.4-24E241-8287b8f5db97e746a1562fbca0c9d29b.sdkstatcache -output-file-map /Users/admin/builder/spi-builder-workspace/.derivedData/Build/Intermediates.noindex/WWNetworkClient.build/Debug/WWNetworkClient.build/Objects-normal/arm64/WWNetworkClient-OutputFileMap.json -use-frontend-parseable-output -save-temps -no-color-diagnostics -serialize-diagnostics -emit-dependencies -emit-module -emit-module-path /Users/admin/builder/spi-builder-workspace/.derivedData/Build/Intermediates.noindex/WWNetworkClient.build/Debug/WWNetworkClient.build/Objects-normal/arm64/WWNetworkClient.swiftmodule -user-module-version 1.1.2 -validate-clang-modules-once -clang-build-session-file /Users/admin/builder/spi-builder-workspace/.derivedData/ModuleCache.noindex/Session.modulevalidation -package-name wwnetworkclient -Xcc -I/Users/admin/builder/spi-builder-workspace/.derivedData/Build/Intermediates.noindex/WWNetworkClient.build/Debug/WWNetworkClient.build/swift-overrides.hmap -emit-const-values -Xfrontend -const-gather-protocols-file -Xfrontend /Users/admin/builder/spi-builder-workspace/.derivedData/Build/Intermediates.noindex/WWNetworkClient.build/Debug/WWNetworkClient.build/Objects-normal/arm64/WWNetworkClient_const_extract_protocols.json -Xcc -I/Users/admin/builder/spi-builder-workspace/.derivedData/Build/Products/Debug/include -Xcc -I/Users/admin/builder/spi-builder-workspace/.derivedData/Build/Intermediates.noindex/WWNetworkClient.build/Debug/WWNetworkClient.build/DerivedSources-normal/arm64 -Xcc -I/Users/admin/builder/spi-builder-workspace/.derivedData/Build/Intermediates.noindex/WWNetworkClient.build/Debug/WWNetworkClient.build/DerivedSources/arm64 -Xcc -I/Users/admin/builder/spi-builder-workspace/.derivedData/Build/Intermediates.noindex/WWNetworkClient.build/Debug/WWNetworkClient.build/DerivedSources -Xcc -DSWIFT_PACKAGE -Xcc -DDEBUG\=1 -emit-objc-header -emit-objc-header-path /Users/admin/builder/spi-builder-workspace/.derivedData/Build/Intermediates.noindex/WWNetworkClient.build/Debug/WWNetworkClient.build/Objects-normal/arm64/WWNetworkClient-Swift.h -working-directory /Users/admin/builder/spi-builder-workspace/.swiftpm/xcode -experimental-emit-module-separately -disable-cmo
SwiftCompile normal arm64 Compiling\ Extension.swift /Users/admin/builder/spi-builder-workspace/.dependencies/checkouts/WWNetworkClient/Sources/WWNetworkClient/Utility/Extension.swift (in target 'WWNetworkClient' from project 'WWNetworkClient')
SwiftCompile normal arm64 /Users/admin/builder/spi-builder-workspace/.dependencies/checkouts/WWNetworkClient/Sources/WWNetworkClient/Utility/Extension.swift (in target 'WWNetworkClient' from project 'WWNetworkClient')
    cd /Users/admin/builder/spi-builder-workspace/.swiftpm/xcode

SwiftCompile normal arm64 Compiling\ Constant.swift /Users/admin/builder/spi-builder-workspace/.dependencies/checkouts/WWNetworkClient/Sources/WWNetworkClient/Utility/Constant.swift (in target 'WWNetworkClient' from project 'WWNetworkClient')
SwiftCompile normal arm64 /Users/admin/builder/spi-builder-workspace/.dependencies/checkouts/WWNetworkClient/Sources/WWNetworkClient/Utility/Constant.swift (in target 'WWNetworkClient' from project 'WWNetworkClient')
    cd /Users/admin/builder/spi-builder-workspace/.swiftpm/xcode

SwiftCompile normal arm64 Compiling\ resource_bundle_accessor.swift /Users/admin/builder/spi-builder-workspace/.derivedData/Build/Intermediates.noindex/WWNetworkClient.build/Debug/WWNetworkClient.build/DerivedSources/resource_bundle_accessor.swift (in target 'WWNetworkClient' from project 'WWNetworkClient')
SwiftCompile normal arm64 /Users/admin/builder/spi-builder-workspace/.derivedData/Build/Intermediates.noindex/WWNetworkClient.build/Debug/WWNetworkClient.build/DerivedSources/resource_bundle_accessor.swift (in target 'WWNetworkClient' from project 'WWNetworkClient')
    cd /Users/admin/builder/spi-builder-workspace/.swiftpm/xcode

SwiftCompile normal arm64 Compiling\ Model.swift /Users/admin/builder/spi-builder-workspace/.dependencies/checkouts/WWNetworkClient/Sources/WWNetworkClient/Utility/Model.swift (in target 'WWNetworkClient' from project 'WWNetworkClient')
SwiftCompile normal arm64 /Users/admin/builder/spi-builder-workspace/.dependencies/checkouts/WWNetworkClient/Sources/WWNetworkClient/Utility/Model.swift (in target 'WWNetworkClient' from project 'WWNetworkClient')
    cd /Users/admin/builder/spi-builder-workspace/.swiftpm/xcode

SwiftEmitModule normal arm64 Emitting\ module\ for\ WWNetworkClient (in target 'WWNetworkClient' from project 'WWNetworkClient')
EmitSwiftModule normal arm64 (in target 'WWNetworkClient' from project 'WWNetworkClient')
    cd /Users/admin/builder/spi-builder-workspace/.swiftpm/xcode

SwiftCompile normal arm64 Compiling\ WWNetworkClient.swift /Users/admin/builder/spi-builder-workspace/.dependencies/checkouts/WWNetworkClient/Sources/WWNetworkClient/WWNetworkClient.swift (in target 'WWNetworkClient' from project 'WWNetworkClient')
SwiftCompile normal arm64 /Users/admin/builder/spi-builder-workspace/.dependencies/checkouts/WWNetworkClient/Sources/WWNetworkClient/WWNetworkClient.swift (in target 'WWNetworkClient' from project 'WWNetworkClient')
    cd /Users/admin/builder/spi-builder-workspace/.swiftpm/xcode

SwiftDriverJobDiscovery normal arm64 Emitting module for WWNetworkClient (in target 'WWNetworkClient' from project 'WWNetworkClient')
SwiftDriver\ Compilation\ Requirements WWNetworkClient normal arm64 com.apple.xcode.tools.swift.compiler (in target 'WWNetworkClient' from project 'WWNetworkClient')
    cd /Users/admin/builder/spi-builder-workspace/.swiftpm/xcode
    builtin-Swift-Compilation-Requirements -- /Applications/Xcode-16.3.0.app/Contents/Developer/Toolchains/XcodeDefault.xctoolchain/usr/bin/swiftc -module-name WWNetworkClient -Onone -enforce-exclusivity\=checked @/Users/admin/builder/spi-builder-workspace/.derivedData/Build/Intermediates.noindex/WWNetworkClient.build/Debug/WWNetworkClient.build/Objects-normal/arm64/WWNetworkClient.SwiftFileList -DSWIFT_PACKAGE -DDEBUG -stats-output-dir .stats -plugin-path /Applications/Xcode-16.3.0.app/Contents/Developer/Toolchains/XcodeDefault.xctoolchain/usr/lib/swift/host/plugins/testing -enable-experimental-feature DebugDescriptionMacro -sdk /Applications/Xcode-16.3.0.app/Contents/Developer/Platforms/MacOSX.platform/Developer/SDKs/MacOSX15.4.sdk -target arm64-apple-macos10.13 -g -module-cache-path /Users/admin/builder/spi-builder-workspace/.derivedData/ModuleCache.noindex -Xfrontend -serialize-debugging-options -enable-testing -suppress-warnings -index-store-path /Users/admin/builder/spi-builder-workspace/.derivedData/Index.noindex/DataStore -swift-version 6 -I /Users/admin/builder/spi-builder-workspace/.derivedData/Build/Products/Debug -I /Applications/Xcode-16.3.0.app/Contents/Developer/Platforms/MacOSX.platform/Developer/usr/lib -F /Users/admin/builder/spi-builder-workspace/.derivedData/Build/Products/Debug -F /Applications/Xcode-16.3.0.app/Contents/Developer/Platforms/MacOSX.platform/Developer/Library/Frameworks -c -j10 -enable-batch-mode -incremental -Xcc -ivfsstatcache -Xcc /Users/admin/builder/spi-builder-workspace/.derivedData/SDKStatCaches.noindex/macosx15.4-24E241-8287b8f5db97e746a1562fbca0c9d29b.sdkstatcache -output-file-map /Users/admin/builder/spi-builder-workspace/.derivedData/Build/Intermediates.noindex/WWNetworkClient.build/Debug/WWNetworkClient.build/Objects-normal/arm64/WWNetworkClient-OutputFileMap.json -use-frontend-parseable-output -save-temps -no-color-diagnostics -serialize-diagnostics -emit-dependencies -emit-module -emit-module-path /Users/admin/builder/spi-builder-workspace/.derivedData/Build/Intermediates.noindex/WWNetworkClient.build/Debug/WWNetworkClient.build/Objects-normal/arm64/WWNetworkClient.swiftmodule -user-module-version 1.1.2 -validate-clang-modules-once -clang-build-session-file /Users/admin/builder/spi-builder-workspace/.derivedData/ModuleCache.noindex/Session.modulevalidation -package-name wwnetworkclient -Xcc -I/Users/admin/builder/spi-builder-workspace/.derivedData/Build/Intermediates.noindex/WWNetworkClient.build/Debug/WWNetworkClient.build/swift-overrides.hmap -emit-const-values -Xfrontend -const-gather-protocols-file -Xfrontend /Users/admin/builder/spi-builder-workspace/.derivedData/Build/Intermediates.noindex/WWNetworkClient.build/Debug/WWNetworkClient.build/Objects-normal/arm64/WWNetworkClient_const_extract_protocols.json -Xcc -I/Users/admin/builder/spi-builder-workspace/.derivedData/Build/Products/Debug/include -Xcc -I/Users/admin/builder/spi-builder-workspace/.derivedData/Build/Intermediates.noindex/WWNetworkClient.build/Debug/WWNetworkClient.build/DerivedSources-normal/arm64 -Xcc -I/Users/admin/builder/spi-builder-workspace/.derivedData/Build/Intermediates.noindex/WWNetworkClient.build/Debug/WWNetworkClient.build/DerivedSources/arm64 -Xcc -I/Users/admin/builder/spi-builder-workspace/.derivedData/Build/Intermediates.noindex/WWNetworkClient.build/Debug/WWNetworkClient.build/DerivedSources -Xcc -DSWIFT_PACKAGE -Xcc -DDEBUG\=1 -emit-objc-header -emit-objc-header-path /Users/admin/builder/spi-builder-workspace/.derivedData/Build/Intermediates.noindex/WWNetworkClient.build/Debug/WWNetworkClient.build/Objects-normal/arm64/WWNetworkClient-Swift.h -working-directory /Users/admin/builder/spi-builder-workspace/.swiftpm/xcode -experimental-emit-module-separately -disable-cmo
SwiftMergeGeneratedHeaders /Users/admin/builder/spi-builder-workspace/.derivedData/Build/Intermediates.noindex/GeneratedModuleMaps/WWNetworkClient-Swift.h /Users/admin/builder/spi-builder-workspace/.derivedData/Build/Intermediates.noindex/WWNetworkClient.build/Debug/WWNetworkClient.build/Objects-normal/arm64/WWNetworkClient-Swift.h (in target 'WWNetworkClient' from project 'WWNetworkClient')
    cd /Users/admin/builder/spi-builder-workspace/.dependencies/checkouts/WWNetworkClient
    builtin-swiftHeaderTool -arch arm64 /Users/admin/builder/spi-builder-workspace/.derivedData/Build/Intermediates.noindex/WWNetworkClient.build/Debug/WWNetworkClient.build/Objects-normal/arm64/WWNetworkClient-Swift.h -o /Users/admin/builder/spi-builder-workspace/.derivedData/Build/Intermediates.noindex/GeneratedModuleMaps/WWNetworkClient-Swift.h
Copy /Users/admin/builder/spi-builder-workspace/.derivedData/Build/Products/Debug/WWNetworkClient.swiftmodule/arm64-apple-macos.swiftmodule /Users/admin/builder/spi-builder-workspace/.derivedData/Build/Intermediates.noindex/WWNetworkClient.build/Debug/WWNetworkClient.build/Objects-normal/arm64/WWNetworkClient.swiftmodule (in target 'WWNetworkClient' from project 'WWNetworkClient')
    cd /Users/admin/builder/spi-builder-workspace/.dependencies/checkouts/WWNetworkClient
    builtin-copy -exclude .DS_Store -exclude CVS -exclude .svn -exclude .git -exclude .hg -resolve-src-symlinks -rename /Users/admin/builder/spi-builder-workspace/.derivedData/Build/Intermediates.noindex/WWNetworkClient.build/Debug/WWNetworkClient.build/Objects-normal/arm64/WWNetworkClient.swiftmodule /Users/admin/builder/spi-builder-workspace/.derivedData/Build/Products/Debug/WWNetworkClient.swiftmodule/arm64-apple-macos.swiftmodule
Copy /Users/admin/builder/spi-builder-workspace/.derivedData/Build/Products/Debug/WWNetworkClient.swiftmodule/arm64-apple-macos.swiftdoc /Users/admin/builder/spi-builder-workspace/.derivedData/Build/Intermediates.noindex/WWNetworkClient.build/Debug/WWNetworkClient.build/Objects-normal/arm64/WWNetworkClient.swiftdoc (in target 'WWNetworkClient' from project 'WWNetworkClient')
    cd /Users/admin/builder/spi-builder-workspace/.dependencies/checkouts/WWNetworkClient
    builtin-copy -exclude .DS_Store -exclude CVS -exclude .svn -exclude .git -exclude .hg -resolve-src-symlinks -rename /Users/admin/builder/spi-builder-workspace/.derivedData/Build/Intermediates.noindex/WWNetworkClient.build/Debug/WWNetworkClient.build/Objects-normal/arm64/WWNetworkClient.swiftdoc /Users/admin/builder/spi-builder-workspace/.derivedData/Build/Products/Debug/WWNetworkClient.swiftmodule/arm64-apple-macos.swiftdoc
Copy /Users/admin/builder/spi-builder-workspace/.derivedData/Build/Products/Debug/WWNetworkClient.swiftmodule/arm64-apple-macos.abi.json /Users/admin/builder/spi-builder-workspace/.derivedData/Build/Intermediates.noindex/WWNetworkClient.build/Debug/WWNetworkClient.build/Objects-normal/arm64/WWNetworkClient.abi.json (in target 'WWNetworkClient' from project 'WWNetworkClient')
    cd /Users/admin/builder/spi-builder-workspace/.dependencies/checkouts/WWNetworkClient
    builtin-copy -exclude .DS_Store -exclude CVS -exclude .svn -exclude .git -exclude .hg -resolve-src-symlinks -rename /Users/admin/builder/spi-builder-workspace/.derivedData/Build/Intermediates.noindex/WWNetworkClient.build/Debug/WWNetworkClient.build/Objects-normal/arm64/WWNetworkClient.abi.json /Users/admin/builder/spi-builder-workspace/.derivedData/Build/Products/Debug/WWNetworkClient.swiftmodule/arm64-apple-macos.abi.json
Copy /Users/admin/builder/spi-builder-workspace/.derivedData/Build/Products/Debug/WWNetworkClient.swiftmodule/Project/arm64-apple-macos.swiftsourceinfo /Users/admin/builder/spi-builder-workspace/.derivedData/Build/Intermediates.noindex/WWNetworkClient.build/Debug/WWNetworkClient.build/Objects-normal/arm64/WWNetworkClient.swiftsourceinfo (in target 'WWNetworkClient' from project 'WWNetworkClient')
    cd /Users/admin/builder/spi-builder-workspace/.dependencies/checkouts/WWNetworkClient
    builtin-copy -exclude .DS_Store -exclude CVS -exclude .svn -exclude .git -exclude .hg -resolve-src-symlinks -rename /Users/admin/builder/spi-builder-workspace/.derivedData/Build/Intermediates.noindex/WWNetworkClient.build/Debug/WWNetworkClient.build/Objects-normal/arm64/WWNetworkClient.swiftsourceinfo /Users/admin/builder/spi-builder-workspace/.derivedData/Build/Products/Debug/WWNetworkClient.swiftmodule/Project/arm64-apple-macos.swiftsourceinfo
SwiftDriver WWSystemStatus normal arm64 com.apple.xcode.tools.swift.compiler (in target 'WWSystemStatus' from project 'WWSystemStatus')
    cd /Users/admin/builder/spi-builder-workspace/.swiftpm/xcode
    builtin-SwiftDriver -- /Applications/Xcode-16.3.0.app/Contents/Developer/Toolchains/XcodeDefault.xctoolchain/usr/bin/swiftc -module-name WWSystemStatus -Onone -enforce-exclusivity\=checked @/Users/admin/builder/spi-builder-workspace/.derivedData/Build/Intermediates.noindex/WWSystemStatus.build/Debug/WWSystemStatus.build/Objects-normal/arm64/WWSystemStatus.SwiftFileList -DSWIFT_PACKAGE -DDEBUG -stats-output-dir .stats -plugin-path /Applications/Xcode-16.3.0.app/Contents/Developer/Toolchains/XcodeDefault.xctoolchain/usr/lib/swift/host/plugins/testing -enable-experimental-feature DebugDescriptionMacro -sdk /Applications/Xcode-16.3.0.app/Contents/Developer/Platforms/MacOSX.platform/Developer/SDKs/MacOSX15.4.sdk -target arm64-apple-macos10.13 -g -module-cache-path /Users/admin/builder/spi-builder-workspace/.derivedData/ModuleCache.noindex -Xfrontend -serialize-debugging-options -enable-testing -index-store-path /Users/admin/builder/spi-builder-workspace/.derivedData/Index.noindex/DataStore -swift-version 6 -I /Users/admin/builder/spi-builder-workspace/.derivedData/Build/Products/Debug -I /Applications/Xcode-16.3.0.app/Contents/Developer/Platforms/MacOSX.platform/Developer/usr/lib -F /Users/admin/builder/spi-builder-workspace/.derivedData/Build/Products/Debug/PackageFrameworks -F /Users/admin/builder/spi-builder-workspace/.derivedData/Build/Products/Debug -F /Applications/Xcode-16.3.0.app/Contents/Developer/Platforms/MacOSX.platform/Developer/Library/Frameworks -c -j10 -enable-batch-mode -incremental -Xcc -ivfsstatcache -Xcc /Users/admin/builder/spi-builder-workspace/.derivedData/SDKStatCaches.noindex/macosx15.4-24E241-8287b8f5db97e746a1562fbca0c9d29b.sdkstatcache -output-file-map /Users/admin/builder/spi-builder-workspace/.derivedData/Build/Intermediates.noindex/WWSystemStatus.build/Debug/WWSystemStatus.build/Objects-normal/arm64/WWSystemStatus-OutputFileMap.json -use-frontend-parseable-output -save-temps -no-color-diagnostics -serialize-diagnostics -emit-dependencies -emit-module -emit-module-path /Users/admin/builder/spi-builder-workspace/.derivedData/Build/Intermediates.noindex/WWSystemStatus.build/Debug/WWSystemStatus.build/Objects-normal/arm64/WWSystemStatus.swiftmodule -validate-clang-modules-once -clang-build-session-file /Users/admin/builder/spi-builder-workspace/.derivedData/ModuleCache.noindex/Session.modulevalidation -package-name spi_builder_workspace -Xcc -I/Users/admin/builder/spi-builder-workspace/.derivedData/Build/Intermediates.noindex/WWSystemStatus.build/Debug/WWSystemStatus.build/swift-overrides.hmap -emit-const-values -Xfrontend -const-gather-protocols-file -Xfrontend /Users/admin/builder/spi-builder-workspace/.derivedData/Build/Intermediates.noindex/WWSystemStatus.build/Debug/WWSystemStatus.build/Objects-normal/arm64/WWSystemStatus_const_extract_protocols.json -Xcc -I/Users/admin/builder/spi-builder-workspace/.derivedData/Build/Products/Debug/include -Xcc -I/Users/admin/builder/spi-builder-workspace/.derivedData/Build/Intermediates.noindex/WWSystemStatus.build/Debug/WWSystemStatus.build/DerivedSources-normal/arm64 -Xcc -I/Users/admin/builder/spi-builder-workspace/.derivedData/Build/Intermediates.noindex/WWSystemStatus.build/Debug/WWSystemStatus.build/DerivedSources/arm64 -Xcc -I/Users/admin/builder/spi-builder-workspace/.derivedData/Build/Intermediates.noindex/WWSystemStatus.build/Debug/WWSystemStatus.build/DerivedSources -Xcc -DSWIFT_PACKAGE -Xcc -DDEBUG\=1 -emit-objc-header -emit-objc-header-path /Users/admin/builder/spi-builder-workspace/.derivedData/Build/Intermediates.noindex/WWSystemStatus.build/Debug/WWSystemStatus.build/Objects-normal/arm64/WWSystemStatus-Swift.h -working-directory /Users/admin/builder/spi-builder-workspace/.swiftpm/xcode -experimental-emit-module-separately -disable-cmo
SwiftCompile normal arm64 Compiling\ Constant.swift /Users/admin/builder/spi-builder-workspace/Sources/WWSystemStatus/Utility/Constant.swift (in target 'WWSystemStatus' from project 'WWSystemStatus')
SwiftCompile normal arm64 /Users/admin/builder/spi-builder-workspace/Sources/WWSystemStatus/Utility/Constant.swift (in target 'WWSystemStatus' from project 'WWSystemStatus')
    cd /Users/admin/builder/spi-builder-workspace/.swiftpm/xcode

SwiftCompile normal arm64 Compiling\ Extension.swift /Users/admin/builder/spi-builder-workspace/Sources/WWSystemStatus/Utility/Extension.swift (in target 'WWSystemStatus' from project 'WWSystemStatus')
Failed frontend command:
/Applications/Xcode-16.3.0.app/Contents/Developer/Toolchains/XcodeDefault.xctoolchain/usr/bin/swift-frontend -frontend -c /Users/admin/builder/spi-builder-workspace/.derivedData/Build/Intermediates.noindex/WWSystemStatus.build/Debug/WWSystemStatus.build/DerivedSources/resource_bundle_accessor.swift /Users/admin/builder/spi-builder-workspace/Sources/WWSystemStatus/Utility/Constant.swift -primary-file /Users/admin/builder/spi-builder-workspace/Sources/WWSystemStatus/Utility/Extension.swift /Users/admin/builder/spi-builder-workspace/Sources/WWSystemStatus/Utility/Model.swift /Users/admin/builder/spi-builder-workspace/Sources/WWSystemStatus/WWSystemStatus.swift -emit-dependencies-path /Users/admin/builder/spi-builder-workspace/.derivedData/Build/Intermediates.noindex/WWSystemStatus.build/Debug/WWSystemStatus.build/Objects-normal/arm64/Extension.d -emit-const-values-path /Users/admin/builder/spi-builder-workspace/.derivedData/Build/Intermediates.noindex/WWSystemStatus.build/Debug/WWSystemStatus.build/Objects-normal/arm64/Extension.swiftconstvalues -emit-reference-dependencies-path /Users/admin/builder/spi-builder-workspace/.derivedData/Build/Intermediates.noindex/WWSystemStatus.build/Debug/WWSystemStatus.build/Objects-normal/arm64/Extension.swiftdeps -serialize-diagnostics-path /Users/admin/builder/spi-builder-workspace/.derivedData/Build/Intermediates.noindex/WWSystemStatus.build/Debug/WWSystemStatus.build/Objects-normal/arm64/Extension.dia -target arm64-apple-macos10.13 -Xllvm -aarch64-use-tbi -enable-objc-interop -sdk /Applications/Xcode-16.3.0.app/Contents/Developer/Platforms/MacOSX.platform/Developer/SDKs/MacOSX15.4.sdk -I /Users/admin/builder/spi-builder-workspace/.derivedData/Build/Products/Debug -I /Applications/Xcode-16.3.0.app/Contents/Developer/Platforms/MacOSX.platform/Developer/usr/lib -F /Users/admin/builder/spi-builder-workspace/.derivedData/Build/Products/Debug/PackageFrameworks -F /Users/admin/builder/spi-builder-workspace/.derivedData/Build/Products/Debug -F /Applications/Xcode-16.3.0.app/Contents/Developer/Platforms/MacOSX.platform/Developer/Library/Frameworks -no-color-diagnostics -enable-testing -g -debug-info-format\=dwarf -dwarf-version\=4 -module-cache-path /Users/admin/builder/spi-builder-workspace/.derivedData/ModuleCache.noindex -swift-version 6 -enforce-exclusivity\=checked -stats-output-dir /Users/admin/builder/spi-builder-workspace/.swiftpm/xcode/.stats -Onone -D SWIFT_PACKAGE -D DEBUG -serialize-debugging-options -const-gather-protocols-file /Users/admin/builder/spi-builder-workspace/.derivedData/Build/Intermediates.noindex/WWSystemStatus.build/Debug/WWSystemStatus.build/Objects-normal/arm64/WWSystemStatus_const_extract_protocols.json -enable-experimental-feature DebugDescriptionMacro -empty-abi-descriptor -plugin-path /Applications/Xcode-16.3.0.app/Contents/Developer/Toolchains/XcodeDefault.xctoolchain/usr/lib/swift/host/plugins/testing -validate-clang-modules-once -clang-build-session-file /Users/admin/builder/spi-builder-workspace/.derivedData/ModuleCache.noindex/Session.modulevalidation -Xcc -working-directory -Xcc /Users/admin/builder/spi-builder-workspace/.swiftpm/xcode -resource-dir /Applications/Xcode-16.3.0.app/Contents/Developer/Toolchains/XcodeDefault.xctoolchain/usr/lib/swift -enable-anonymous-context-mangled-names -file-compilation-dir /Users/admin/builder/spi-builder-workspace/.swiftpm/xcode -Xcc -ivfsstatcache -Xcc /Users/admin/builder/spi-builder-workspace/.derivedData/SDKStatCaches.noindex/macosx15.4-24E241-8287b8f5db97e746a1562fbca0c9d29b.sdkstatcache -Xcc -I/Users/admin/builder/spi-builder-workspace/.derivedData/Build/Intermediates.noindex/WWSystemStatus.build/Debug/WWSystemStatus.build/swift-overrides.hmap -Xcc -I/Users/admin/builder/spi-builder-workspace/.derivedData/Build/Products/Debug/include -Xcc -I/Users/admin/builder/spi-builder-workspace/.derivedData/Build/Intermediates.noindex/WWSystemStatus.build/Debug/WWSystemStatus.build/DerivedSources-normal/arm64 -Xcc -I/Users/admin/builder/spi-builder-workspace/.derivedData/Build/Intermediates.noindex/WWSystemStatus.build/Debug/WWSystemStatus.build/DerivedSources/arm64 -Xcc -I/Users/admin/builder/spi-builder-workspace/.derivedData/Build/Intermediates.noindex/WWSystemStatus.build/Debug/WWSystemStatus.build/DerivedSources -Xcc -DSWIFT_PACKAGE -Xcc -DDEBUG\=1 -module-name WWSystemStatus -package-name spi_builder_workspace -frontend-parseable-output -disable-clang-spi -target-sdk-version 15.4 -target-sdk-name macosx15.4 -external-plugin-path /Applications/Xcode-16.3.0.app/Contents/Developer/Platforms/MacOSX.platform/Developer/usr/lib/swift/host/plugins\#/Applications/Xcode-16.3.0.app/Contents/Developer/Platforms/MacOSX.platform/Developer/usr/bin/swift-plugin-server -external-plugin-path /Applications/Xcode-16.3.0.app/Contents/Developer/Platforms/MacOSX.platform/Developer/usr/local/lib/swift/host/plugins\#/Applications/Xcode-16.3.0.app/Contents/Developer/Platforms/MacOSX.platform/Developer/usr/bin/swift-plugin-server -in-process-plugin-server-path /Applications/Xcode-16.3.0.app/Contents/Developer/Toolchains/XcodeDefault.xctoolchain/usr/lib/swift/host/libSwiftInProcPluginServer.dylib -plugin-path /Applications/Xcode-16.3.0.app/Contents/Developer/Toolchains/XcodeDefault.xctoolchain/usr/lib/swift/host/plugins -plugin-path /Applications/Xcode-16.3.0.app/Contents/Developer/Toolchains/XcodeDefault.xctoolchain/usr/local/lib/swift/host/plugins -o /Users/admin/builder/spi-builder-workspace/.derivedData/Build/Intermediates.noindex/WWSystemStatus.build/Debug/WWSystemStatus.build/Objects-normal/arm64/Extension.o -index-unit-output-path /WWSystemStatus.build/Debug/WWSystemStatus.build/Objects-normal/arm64/Extension.o -index-store-path /Users/admin/builder/spi-builder-workspace/.derivedData/Index.noindex/DataStore -index-system-modules
SwiftCompile normal arm64 /Users/admin/builder/spi-builder-workspace/Sources/WWSystemStatus/Utility/Extension.swift (in target 'WWSystemStatus' from project 'WWSystemStatus')
    cd /Users/admin/builder/spi-builder-workspace/.swiftpm/xcode

/Users/admin/builder/spi-builder-workspace/Sources/WWSystemStatus/Utility/Extension.swift:8:8: error: no such module 'UIKit'
import UIKit
       ^
SwiftCompile normal arm64 Compiling\ resource_bundle_accessor.swift /Users/admin/builder/spi-builder-workspace/.derivedData/Build/Intermediates.noindex/WWSystemStatus.build/Debug/WWSystemStatus.build/DerivedSources/resource_bundle_accessor.swift (in target 'WWSystemStatus' from project 'WWSystemStatus')
SwiftCompile normal arm64 /Users/admin/builder/spi-builder-workspace/.derivedData/Build/Intermediates.noindex/WWSystemStatus.build/Debug/WWSystemStatus.build/DerivedSources/resource_bundle_accessor.swift (in target 'WWSystemStatus' from project 'WWSystemStatus')
    cd /Users/admin/builder/spi-builder-workspace/.swiftpm/xcode

SwiftCompile normal arm64 Compiling\ Model.swift /Users/admin/builder/spi-builder-workspace/Sources/WWSystemStatus/Utility/Model.swift (in target 'WWSystemStatus' from project 'WWSystemStatus')
SwiftCompile normal arm64 /Users/admin/builder/spi-builder-workspace/Sources/WWSystemStatus/Utility/Model.swift (in target 'WWSystemStatus' from project 'WWSystemStatus')
    cd /Users/admin/builder/spi-builder-workspace/.swiftpm/xcode

SwiftCompile normal arm64 Compiling\ WWSystemStatus.swift /Users/admin/builder/spi-builder-workspace/Sources/WWSystemStatus/WWSystemStatus.swift (in target 'WWSystemStatus' from project 'WWSystemStatus')
Failed frontend command:
/Applications/Xcode-16.3.0.app/Contents/Developer/Toolchains/XcodeDefault.xctoolchain/usr/bin/swift-frontend -frontend -c /Users/admin/builder/spi-builder-workspace/.derivedData/Build/Intermediates.noindex/WWSystemStatus.build/Debug/WWSystemStatus.build/DerivedSources/resource_bundle_accessor.swift /Users/admin/builder/spi-builder-workspace/Sources/WWSystemStatus/Utility/Constant.swift /Users/admin/builder/spi-builder-workspace/Sources/WWSystemStatus/Utility/Extension.swift /Users/admin/builder/spi-builder-workspace/Sources/WWSystemStatus/Utility/Model.swift -primary-file /Users/admin/builder/spi-builder-workspace/Sources/WWSystemStatus/WWSystemStatus.swift -emit-dependencies-path /Users/admin/builder/spi-builder-workspace/.derivedData/Build/Intermediates.noindex/WWSystemStatus.build/Debug/WWSystemStatus.build/Objects-normal/arm64/WWSystemStatus.d -emit-const-values-path /Users/admin/builder/spi-builder-workspace/.derivedData/Build/Intermediates.noindex/WWSystemStatus.build/Debug/WWSystemStatus.build/Objects-normal/arm64/WWSystemStatus.swiftconstvalues -emit-reference-dependencies-path /Users/admin/builder/spi-builder-workspace/.derivedData/Build/Intermediates.noindex/WWSystemStatus.build/Debug/WWSystemStatus.build/Objects-normal/arm64/WWSystemStatus.swiftdeps -serialize-diagnostics-path /Users/admin/builder/spi-builder-workspace/.derivedData/Build/Intermediates.noindex/WWSystemStatus.build/Debug/WWSystemStatus.build/Objects-normal/arm64/WWSystemStatus.dia -target arm64-apple-macos10.13 -Xllvm -aarch64-use-tbi -enable-objc-interop -sdk /Applications/Xcode-16.3.0.app/Contents/Developer/Platforms/MacOSX.platform/Developer/SDKs/MacOSX15.4.sdk -I /Users/admin/builder/spi-builder-workspace/.derivedData/Build/Products/Debug -I /Applications/Xcode-16.3.0.app/Contents/Developer/Platforms/MacOSX.platform/Developer/usr/lib -F /Users/admin/builder/spi-builder-workspace/.derivedData/Build/Products/Debug/PackageFrameworks -F /Users/admin/builder/spi-builder-workspace/.derivedData/Build/Products/Debug -F /Applications/Xcode-16.3.0.app/Contents/Developer/Platforms/MacOSX.platform/Developer/Library/Frameworks -no-color-diagnostics -enable-testing -g -debug-info-format\=dwarf -dwarf-version\=4 -module-cache-path /Users/admin/builder/spi-builder-workspace/.derivedData/ModuleCache.noindex -swift-version 6 -enforce-exclusivity\=checked -stats-output-dir /Users/admin/builder/spi-builder-workspace/.swiftpm/xcode/.stats -Onone -D SWIFT_PACKAGE -D DEBUG -serialize-debugging-options -const-gather-protocols-file /Users/admin/builder/spi-builder-workspace/.derivedData/Build/Intermediates.noindex/WWSystemStatus.build/Debug/WWSystemStatus.build/Objects-normal/arm64/WWSystemStatus_const_extract_protocols.json -enable-experimental-feature DebugDescriptionMacro -empty-abi-descriptor -plugin-path /Applications/Xcode-16.3.0.app/Contents/Developer/Toolchains/XcodeDefault.xctoolchain/usr/lib/swift/host/plugins/testing -validate-clang-modules-once -clang-build-session-file /Users/admin/builder/spi-builder-workspace/.derivedData/ModuleCache.noindex/Session.modulevalidation -Xcc -working-directory -Xcc /Users/admin/builder/spi-builder-workspace/.swiftpm/xcode -resource-dir /Applications/Xcode-16.3.0.app/Contents/Developer/Toolchains/XcodeDefault.xctoolchain/usr/lib/swift -enable-anonymous-context-mangled-names -file-compilation-dir /Users/admin/builder/spi-builder-workspace/.swiftpm/xcode -Xcc -ivfsstatcache -Xcc /Users/admin/builder/spi-builder-workspace/.derivedData/SDKStatCaches.noindex/macosx15.4-24E241-8287b8f5db97e746a1562fbca0c9d29b.sdkstatcache -Xcc -I/Users/admin/builder/spi-builder-workspace/.derivedData/Build/Intermediates.noindex/WWSystemStatus.build/Debug/WWSystemStatus.build/swift-overrides.hmap -Xcc -I/Users/admin/builder/spi-builder-workspace/.derivedData/Build/Products/Debug/include -Xcc -I/Users/admin/builder/spi-builder-workspace/.derivedData/Build/Intermediates.noindex/WWSystemStatus.build/Debug/WWSystemStatus.build/DerivedSources-normal/arm64 -Xcc -I/Users/admin/builder/spi-builder-workspace/.derivedData/Build/Intermediates.noindex/WWSystemStatus.build/Debug/WWSystemStatus.build/DerivedSources/arm64 -Xcc -I/Users/admin/builder/spi-builder-workspace/.derivedData/Build/Intermediates.noindex/WWSystemStatus.build/Debug/WWSystemStatus.build/DerivedSources -Xcc -DSWIFT_PACKAGE -Xcc -DDEBUG\=1 -module-name WWSystemStatus -package-name spi_builder_workspace -frontend-parseable-output -disable-clang-spi -target-sdk-version 15.4 -target-sdk-name macosx15.4 -external-plugin-path /Applications/Xcode-16.3.0.app/Contents/Developer/Platforms/MacOSX.platform/Developer/usr/lib/swift/host/plugins\#/Applications/Xcode-16.3.0.app/Contents/Developer/Platforms/MacOSX.platform/Developer/usr/bin/swift-plugin-server -external-plugin-path /Applications/Xcode-16.3.0.app/Contents/Developer/Platforms/MacOSX.platform/Developer/usr/local/lib/swift/host/plugins\#/Applications/Xcode-16.3.0.app/Contents/Developer/Platforms/MacOSX.platform/Developer/usr/bin/swift-plugin-server -in-process-plugin-server-path /Applications/Xcode-16.3.0.app/Contents/Developer/Toolchains/XcodeDefault.xctoolchain/usr/lib/swift/host/libSwiftInProcPluginServer.dylib -plugin-path /Applications/Xcode-16.3.0.app/Contents/Developer/Toolchains/XcodeDefault.xctoolchain/usr/lib/swift/host/plugins -plugin-path /Applications/Xcode-16.3.0.app/Contents/Developer/Toolchains/XcodeDefault.xctoolchain/usr/local/lib/swift/host/plugins -o /Users/admin/builder/spi-builder-workspace/.derivedData/Build/Intermediates.noindex/WWSystemStatus.build/Debug/WWSystemStatus.build/Objects-normal/arm64/WWSystemStatus.o -index-unit-output-path /WWSystemStatus.build/Debug/WWSystemStatus.build/Objects-normal/arm64/WWSystemStatus.o -index-store-path /Users/admin/builder/spi-builder-workspace/.derivedData/Index.noindex/DataStore -index-system-modules
SwiftCompile normal arm64 /Users/admin/builder/spi-builder-workspace/Sources/WWSystemStatus/WWSystemStatus.swift (in target 'WWSystemStatus' from project 'WWSystemStatus')
    cd /Users/admin/builder/spi-builder-workspace/.swiftpm/xcode

/Users/admin/builder/spi-builder-workspace/Sources/WWSystemStatus/Utility/Extension.swift:8:8: error: no such module 'UIKit'
import UIKit
       ^
SwiftEmitModule normal arm64 Emitting\ module\ for\ WWSystemStatus (in target 'WWSystemStatus' from project 'WWSystemStatus')
Command SwiftEmitModule failed with a nonzero exit code
--- xcodebuild: WARNING: Using the first of multiple matching destinations:
{ platform:macOS, arch:arm64, id:2ff11e9dd3d10187f9c1828162db8752c41d1bcd, name:My Mac }
{ platform:macOS, arch:arm64, variant:Mac Catalyst, id:2ff11e9dd3d10187f9c1828162db8752c41d1bcd, name:My Mac }
{ platform:macOS, arch:arm64, variant:DriverKit, id:2ff11e9dd3d10187f9c1828162db8752c41d1bcd, name:My Mac }
{ platform:macOS, arch:arm64, variant:Designed for [iPad,iPhone], id:2ff11e9dd3d10187f9c1828162db8752c41d1bcd, name:My Mac }
** BUILD FAILED **
The following build commands failed:
	SwiftCompile normal arm64 Compiling\ Extension.swift /Users/admin/builder/spi-builder-workspace/Sources/WWSystemStatus/Utility/Extension.swift (in target 'WWSystemStatus' from project 'WWSystemStatus')
	SwiftCompile normal arm64 /Users/admin/builder/spi-builder-workspace/Sources/WWSystemStatus/Utility/Extension.swift (in target 'WWSystemStatus' from project 'WWSystemStatus')
	SwiftCompile normal arm64 Compiling\ WWSystemStatus.swift /Users/admin/builder/spi-builder-workspace/Sources/WWSystemStatus/WWSystemStatus.swift (in target 'WWSystemStatus' from project 'WWSystemStatus')
	SwiftCompile normal arm64 /Users/admin/builder/spi-builder-workspace/Sources/WWSystemStatus/WWSystemStatus.swift (in target 'WWSystemStatus' from project 'WWSystemStatus')
	SwiftEmitModule normal arm64 Emitting\ module\ for\ WWSystemStatus (in target 'WWSystemStatus' from project 'WWSystemStatus')
	Building workspace spi-builder-workspace with scheme WWSystemStatus
(6 failures)
Command line invocation:
    /Applications/Xcode-16.3.0.app/Contents/Developer/usr/bin/xcodebuild -IDEClonedSourcePackagesDirPathOverride=/Users/admin/builder/spi-builder-workspace/.dependencies -resolvePackageDependencies
Resolve Package Graph
Resolved source packages:
  WWNetworkClient: https://github.com/William-Weng/WWNetworkClient.git @ 1.1.2
  WWSystemStatus: /Users/admin/builder/spi-builder-workspace
resolved source packages: WWNetworkClient, WWSystemStatus
{
  "dependencies" : [
    {
      "identity" : "wwnetworkclient",
      "requirement" : {
        "range" : [
          {
            "lower_bound" : "1.1.2",
            "upper_bound" : "2.0.0"
          }
        ]
      },
      "type" : "sourceControl",
      "url" : "https://github.com/William-Weng/WWNetworkClient.git"
    }
  ],
  "manifest_display_name" : "WWSystemStatus",
  "name" : "WWSystemStatus",
  "path" : "/Users/admin/builder/spi-builder-workspace",
  "platforms" : [
    {
      "name" : "ios",
      "version" : "17.0"
    }
  ],
  "products" : [
    {
      "name" : "WWSystemStatus",
      "targets" : [
        "WWSystemStatus"
      ],
      "type" : {
        "library" : [
          "automatic"
        ]
      }
    }
  ],
  "swift_languages_versions" : [
    "6"
  ],
  "targets" : [
    {
      "c99name" : "WWSystemStatus",
      "module_type" : "SwiftTarget",
      "name" : "WWSystemStatus",
      "path" : "Sources/WWSystemStatus",
      "product_dependencies" : [
        "WWNetworkClient"
      ],
      "product_memberships" : [
        "WWSystemStatus"
      ],
      "resources" : [
        {
          "path" : "/Users/admin/builder/spi-builder-workspace/Sources/WWSystemStatus/Privacy",
          "rule" : {
            "copy" : {
            }
          }
        }
      ],
      "sources" : [
        "Utility/Constant.swift",
        "Utility/Extension.swift",
        "Utility/Model.swift",
        "WWSystemStatus.swift"
      ],
      "type" : "library"
    }
  ],
  "tools_version" : "6.0"
}
{
  "workspace" : {
    "name" : "spi-builder-workspace",
    "schemes" : [
      "WWSystemStatus"
    ]
  }
}
Running build ...
env DEVELOPER_DIR=/Applications/Xcode-16.3.0.app xcrun xcodebuild -IDEClonedSourcePackagesDirPathOverride=$PWD/.dependencies -skipMacroValidation -skipPackagePluginValidation -derivedDataPath $PWD/.derivedData build -scheme WWSystemStatus -destination platform=macOS,arch=arm64
Command line invocation:
    /Applications/Xcode-16.3.0.app/Contents/Developer/usr/bin/xcodebuild -IDEClonedSourcePackagesDirPathOverride=/Users/admin/builder/spi-builder-workspace/.dependencies -skipMacroValidation -skipPackagePluginValidation -derivedDataPath /Users/admin/builder/spi-builder-workspace/.derivedData build -scheme WWSystemStatus -destination platform=macOS,arch=arm64
Resolve Package Graph
Resolved source packages:
  WWNetworkClient: https://github.com/William-Weng/WWNetworkClient.git @ 1.1.2
  WWSystemStatus: /Users/admin/builder/spi-builder-workspace
ComputePackagePrebuildTargetDependencyGraph
Prepare packages
CreateBuildRequest
SendProjectDescription
CreateBuildOperation
ComputeTargetDependencyGraph
note: Building targets in dependency order
note: Target dependency graph (6 targets)
    Target 'WWSystemStatus' in project 'WWSystemStatus'
        ➜ Explicit dependency on target 'WWSystemStatus' in project 'WWSystemStatus'
        ➜ Explicit dependency on target 'WWSystemStatus_WWSystemStatus' in project 'WWSystemStatus'
        ➜ Explicit dependency on target 'WWNetworkClient' in project 'WWNetworkClient'
    Target 'WWSystemStatus' in project 'WWSystemStatus'
        ➜ Explicit dependency on target 'WWSystemStatus_WWSystemStatus' in project 'WWSystemStatus'
        ➜ Explicit dependency on target 'WWNetworkClient' in project 'WWNetworkClient'
    Target 'WWNetworkClient' in project 'WWNetworkClient'
        ➜ Explicit dependency on target 'WWNetworkClient' in project 'WWNetworkClient'
        ➜ Explicit dependency on target 'WWNetworkClient_WWNetworkClient' in project 'WWNetworkClient'
    Target 'WWNetworkClient' in project 'WWNetworkClient'
        ➜ Explicit dependency on target 'WWNetworkClient_WWNetworkClient' in project 'WWNetworkClient'
    Target 'WWNetworkClient_WWNetworkClient' in project 'WWNetworkClient' (no dependencies)
    Target 'WWSystemStatus_WWSystemStatus' in project 'WWSystemStatus' (no dependencies)
GatherProvisioningInputs
CreateBuildDescription
ExecuteExternalTool /Applications/Xcode-16.3.0.app/Contents/Developer/Toolchains/XcodeDefault.xctoolchain/usr/bin/clang -v -E -dM -isysroot /Applications/Xcode-16.3.0.app/Contents/Developer/Platforms/MacOSX.platform/Developer/SDKs/MacOSX15.4.sdk -x c -c /dev/null
ExecuteExternalTool /Applications/Xcode-16.3.0.app/Contents/Developer/Toolchains/XcodeDefault.xctoolchain/usr/bin/swiftc --version
ExecuteExternalTool /Applications/Xcode-16.3.0.app/Contents/Developer/Toolchains/XcodeDefault.xctoolchain/usr/bin/ld -version_details
Build description signature: 5f562f67641b65f09db7ec1f3b1f74a1
Build description path: /Users/admin/builder/spi-builder-workspace/.derivedData/Build/Intermediates.noindex/XCBuildData/5f562f67641b65f09db7ec1f3b1f74a1.xcbuilddata
ClangStatCache /Applications/Xcode-16.3.0.app/Contents/Developer/Toolchains/XcodeDefault.xctoolchain/usr/bin/clang-stat-cache /Applications/Xcode-16.3.0.app/Contents/Developer/Platforms/MacOSX.platform/Developer/SDKs/MacOSX15.4.sdk /Users/admin/builder/spi-builder-workspace/.derivedData/SDKStatCaches.noindex/macosx15.4-24E241-8287b8f5db97e746a1562fbca0c9d29b.sdkstatcache
    cd /Users/admin/builder/spi-builder-workspace/.swiftpm/xcode
    /Applications/Xcode-16.3.0.app/Contents/Developer/Toolchains/XcodeDefault.xctoolchain/usr/bin/clang-stat-cache /Applications/Xcode-16.3.0.app/Contents/Developer/Platforms/MacOSX.platform/Developer/SDKs/MacOSX15.4.sdk -o /Users/admin/builder/spi-builder-workspace/.derivedData/SDKStatCaches.noindex/macosx15.4-24E241-8287b8f5db97e746a1562fbca0c9d29b.sdkstatcache
ProcessInfoPlistFile /Users/admin/builder/spi-builder-workspace/.derivedData/Build/Products/Debug/WWSystemStatus_WWSystemStatus.bundle/Contents/Info.plist /Users/admin/builder/spi-builder-workspace/.derivedData/Build/Intermediates.noindex/WWSystemStatus.build/Debug/WWSystemStatus_WWSystemStatus.build/empty-WWSystemStatus_WWSystemStatus.plist (in target 'WWSystemStatus_WWSystemStatus' from project 'WWSystemStatus')
    cd /Users/admin/builder/spi-builder-workspace
    builtin-infoPlistUtility /Users/admin/builder/spi-builder-workspace/.derivedData/Build/Intermediates.noindex/WWSystemStatus.build/Debug/WWSystemStatus_WWSystemStatus.build/empty-WWSystemStatus_WWSystemStatus.plist -producttype com.apple.product-type.bundle -expandbuildsettings -platform macosx -o /Users/admin/builder/spi-builder-workspace/.derivedData/Build/Products/Debug/WWSystemStatus_WWSystemStatus.bundle/Contents/Info.plist
ProcessInfoPlistFile /Users/admin/builder/spi-builder-workspace/.derivedData/Build/Products/Debug/WWNetworkClient_WWNetworkClient.bundle/Contents/Info.plist /Users/admin/builder/spi-builder-workspace/.derivedData/Build/Intermediates.noindex/WWNetworkClient.build/Debug/WWNetworkClient_WWNetworkClient.build/empty-WWNetworkClient_WWNetworkClient.plist (in target 'WWNetworkClient_WWNetworkClient' from project 'WWNetworkClient')
    cd /Users/admin/builder/spi-builder-workspace/.dependencies/checkouts/WWNetworkClient
    builtin-infoPlistUtility /Users/admin/builder/spi-builder-workspace/.derivedData/Build/Intermediates.noindex/WWNetworkClient.build/Debug/WWNetworkClient_WWNetworkClient.build/empty-WWNetworkClient_WWNetworkClient.plist -producttype com.apple.product-type.bundle -expandbuildsettings -platform macosx -o /Users/admin/builder/spi-builder-workspace/.derivedData/Build/Products/Debug/WWNetworkClient_WWNetworkClient.bundle/Contents/Info.plist
SwiftDriver WWNetworkClient normal arm64 com.apple.xcode.tools.swift.compiler (in target 'WWNetworkClient' from project 'WWNetworkClient')
    cd /Users/admin/builder/spi-builder-workspace/.swiftpm/xcode
    builtin-SwiftDriver -- /Applications/Xcode-16.3.0.app/Contents/Developer/Toolchains/XcodeDefault.xctoolchain/usr/bin/swiftc -module-name WWNetworkClient -Onone -enforce-exclusivity\=checked @/Users/admin/builder/spi-builder-workspace/.derivedData/Build/Intermediates.noindex/WWNetworkClient.build/Debug/WWNetworkClient.build/Objects-normal/arm64/WWNetworkClient.SwiftFileList -DSWIFT_PACKAGE -DDEBUG -DXcode -plugin-path /Applications/Xcode-16.3.0.app/Contents/Developer/Toolchains/XcodeDefault.xctoolchain/usr/lib/swift/host/plugins/testing -enable-experimental-feature DebugDescriptionMacro -sdk /Applications/Xcode-16.3.0.app/Contents/Developer/Platforms/MacOSX.platform/Developer/SDKs/MacOSX15.4.sdk -target arm64-apple-macos10.13 -g -module-cache-path /Users/admin/builder/spi-builder-workspace/.derivedData/ModuleCache.noindex -Xfrontend -serialize-debugging-options -enable-testing -suppress-warnings -index-store-path /Users/admin/builder/spi-builder-workspace/.derivedData/Index.noindex/DataStore -swift-version 6 -I /Users/admin/builder/spi-builder-workspace/.derivedData/Build/Products/Debug -I /Applications/Xcode-16.3.0.app/Contents/Developer/Platforms/MacOSX.platform/Developer/usr/lib -F /Users/admin/builder/spi-builder-workspace/.derivedData/Build/Products/Debug -F /Applications/Xcode-16.3.0.app/Contents/Developer/Platforms/MacOSX.platform/Developer/Library/Frameworks -c -j10 -enable-batch-mode -incremental -Xcc -ivfsstatcache -Xcc /Users/admin/builder/spi-builder-workspace/.derivedData/SDKStatCaches.noindex/macosx15.4-24E241-8287b8f5db97e746a1562fbca0c9d29b.sdkstatcache -output-file-map /Users/admin/builder/spi-builder-workspace/.derivedData/Build/Intermediates.noindex/WWNetworkClient.build/Debug/WWNetworkClient.build/Objects-normal/arm64/WWNetworkClient-OutputFileMap.json -use-frontend-parseable-output -save-temps -no-color-diagnostics -serialize-diagnostics -emit-dependencies -emit-module -emit-module-path /Users/admin/builder/spi-builder-workspace/.derivedData/Build/Intermediates.noindex/WWNetworkClient.build/Debug/WWNetworkClient.build/Objects-normal/arm64/WWNetworkClient.swiftmodule -user-module-version 1.1.2 -validate-clang-modules-once -clang-build-session-file /Users/admin/builder/spi-builder-workspace/.derivedData/ModuleCache.noindex/Session.modulevalidation -package-name wwnetworkclient -Xcc -I/Users/admin/builder/spi-builder-workspace/.derivedData/Build/Intermediates.noindex/WWNetworkClient.build/Debug/WWNetworkClient.build/swift-overrides.hmap -emit-const-values -Xfrontend -const-gather-protocols-file -Xfrontend /Users/admin/builder/spi-builder-workspace/.derivedData/Build/Intermediates.noindex/WWNetworkClient.build/Debug/WWNetworkClient.build/Objects-normal/arm64/WWNetworkClient_const_extract_protocols.json -Xcc -I/Users/admin/builder/spi-builder-workspace/.derivedData/Build/Products/Debug/include -Xcc -I/Users/admin/builder/spi-builder-workspace/.derivedData/Build/Intermediates.noindex/WWNetworkClient.build/Debug/WWNetworkClient.build/DerivedSources-normal/arm64 -Xcc -I/Users/admin/builder/spi-builder-workspace/.derivedData/Build/Intermediates.noindex/WWNetworkClient.build/Debug/WWNetworkClient.build/DerivedSources/arm64 -Xcc -I/Users/admin/builder/spi-builder-workspace/.derivedData/Build/Intermediates.noindex/WWNetworkClient.build/Debug/WWNetworkClient.build/DerivedSources -Xcc -DSWIFT_PACKAGE -Xcc -DDEBUG\=1 -emit-objc-header -emit-objc-header-path /Users/admin/builder/spi-builder-workspace/.derivedData/Build/Intermediates.noindex/WWNetworkClient.build/Debug/WWNetworkClient.build/Objects-normal/arm64/WWNetworkClient-Swift.h -working-directory /Users/admin/builder/spi-builder-workspace/.swiftpm/xcode -experimental-emit-module-separately -disable-cmo
SwiftCompile normal arm64 Compiling\ Extension.swift /Users/admin/builder/spi-builder-workspace/.dependencies/checkouts/WWNetworkClient/Sources/WWNetworkClient/Utility/Extension.swift (in target 'WWNetworkClient' from project 'WWNetworkClient')
SwiftCompile normal arm64 /Users/admin/builder/spi-builder-workspace/.dependencies/checkouts/WWNetworkClient/Sources/WWNetworkClient/Utility/Extension.swift (in target 'WWNetworkClient' from project 'WWNetworkClient')
    cd /Users/admin/builder/spi-builder-workspace/.swiftpm/xcode

SwiftCompile normal arm64 Compiling\ resource_bundle_accessor.swift /Users/admin/builder/spi-builder-workspace/.derivedData/Build/Intermediates.noindex/WWNetworkClient.build/Debug/WWNetworkClient.build/DerivedSources/resource_bundle_accessor.swift (in target 'WWNetworkClient' from project 'WWNetworkClient')
SwiftCompile normal arm64 /Users/admin/builder/spi-builder-workspace/.derivedData/Build/Intermediates.noindex/WWNetworkClient.build/Debug/WWNetworkClient.build/DerivedSources/resource_bundle_accessor.swift (in target 'WWNetworkClient' from project 'WWNetworkClient')
    cd /Users/admin/builder/spi-builder-workspace/.swiftpm/xcode

SwiftEmitModule normal arm64 Emitting\ module\ for\ WWNetworkClient (in target 'WWNetworkClient' from project 'WWNetworkClient')
EmitSwiftModule normal arm64 (in target 'WWNetworkClient' from project 'WWNetworkClient')
    cd /Users/admin/builder/spi-builder-workspace/.swiftpm/xcode

SwiftCompile normal arm64 Compiling\ WWNetworkClient.swift /Users/admin/builder/spi-builder-workspace/.dependencies/checkouts/WWNetworkClient/Sources/WWNetworkClient/WWNetworkClient.swift (in target 'WWNetworkClient' from project 'WWNetworkClient')
SwiftCompile normal arm64 /Users/admin/builder/spi-builder-workspace/.dependencies/checkouts/WWNetworkClient/Sources/WWNetworkClient/WWNetworkClient.swift (in target 'WWNetworkClient' from project 'WWNetworkClient')
    cd /Users/admin/builder/spi-builder-workspace/.swiftpm/xcode

SwiftCompile normal arm64 Compiling\ Model.swift /Users/admin/builder/spi-builder-workspace/.dependencies/checkouts/WWNetworkClient/Sources/WWNetworkClient/Utility/Model.swift (in target 'WWNetworkClient' from project 'WWNetworkClient')
SwiftCompile normal arm64 /Users/admin/builder/spi-builder-workspace/.dependencies/checkouts/WWNetworkClient/Sources/WWNetworkClient/Utility/Model.swift (in target 'WWNetworkClient' from project 'WWNetworkClient')
    cd /Users/admin/builder/spi-builder-workspace/.swiftpm/xcode

SwiftCompile normal arm64 Compiling\ Constant.swift /Users/admin/builder/spi-builder-workspace/.dependencies/checkouts/WWNetworkClient/Sources/WWNetworkClient/Utility/Constant.swift (in target 'WWNetworkClient' from project 'WWNetworkClient')
SwiftCompile normal arm64 /Users/admin/builder/spi-builder-workspace/.dependencies/checkouts/WWNetworkClient/Sources/WWNetworkClient/Utility/Constant.swift (in target 'WWNetworkClient' from project 'WWNetworkClient')
    cd /Users/admin/builder/spi-builder-workspace/.swiftpm/xcode

SwiftDriverJobDiscovery normal arm64 Emitting module for WWNetworkClient (in target 'WWNetworkClient' from project 'WWNetworkClient')
SwiftDriver\ Compilation\ Requirements WWNetworkClient normal arm64 com.apple.xcode.tools.swift.compiler (in target 'WWNetworkClient' from project 'WWNetworkClient')
    cd /Users/admin/builder/spi-builder-workspace/.swiftpm/xcode
    builtin-Swift-Compilation-Requirements -- /Applications/Xcode-16.3.0.app/Contents/Developer/Toolchains/XcodeDefault.xctoolchain/usr/bin/swiftc -module-name WWNetworkClient -Onone -enforce-exclusivity\=checked @/Users/admin/builder/spi-builder-workspace/.derivedData/Build/Intermediates.noindex/WWNetworkClient.build/Debug/WWNetworkClient.build/Objects-normal/arm64/WWNetworkClient.SwiftFileList -DSWIFT_PACKAGE -DDEBUG -DXcode -plugin-path /Applications/Xcode-16.3.0.app/Contents/Developer/Toolchains/XcodeDefault.xctoolchain/usr/lib/swift/host/plugins/testing -enable-experimental-feature DebugDescriptionMacro -sdk /Applications/Xcode-16.3.0.app/Contents/Developer/Platforms/MacOSX.platform/Developer/SDKs/MacOSX15.4.sdk -target arm64-apple-macos10.13 -g -module-cache-path /Users/admin/builder/spi-builder-workspace/.derivedData/ModuleCache.noindex -Xfrontend -serialize-debugging-options -enable-testing -suppress-warnings -index-store-path /Users/admin/builder/spi-builder-workspace/.derivedData/Index.noindex/DataStore -swift-version 6 -I /Users/admin/builder/spi-builder-workspace/.derivedData/Build/Products/Debug -I /Applications/Xcode-16.3.0.app/Contents/Developer/Platforms/MacOSX.platform/Developer/usr/lib -F /Users/admin/builder/spi-builder-workspace/.derivedData/Build/Products/Debug -F /Applications/Xcode-16.3.0.app/Contents/Developer/Platforms/MacOSX.platform/Developer/Library/Frameworks -c -j10 -enable-batch-mode -incremental -Xcc -ivfsstatcache -Xcc /Users/admin/builder/spi-builder-workspace/.derivedData/SDKStatCaches.noindex/macosx15.4-24E241-8287b8f5db97e746a1562fbca0c9d29b.sdkstatcache -output-file-map /Users/admin/builder/spi-builder-workspace/.derivedData/Build/Intermediates.noindex/WWNetworkClient.build/Debug/WWNetworkClient.build/Objects-normal/arm64/WWNetworkClient-OutputFileMap.json -use-frontend-parseable-output -save-temps -no-color-diagnostics -serialize-diagnostics -emit-dependencies -emit-module -emit-module-path /Users/admin/builder/spi-builder-workspace/.derivedData/Build/Intermediates.noindex/WWNetworkClient.build/Debug/WWNetworkClient.build/Objects-normal/arm64/WWNetworkClient.swiftmodule -user-module-version 1.1.2 -validate-clang-modules-once -clang-build-session-file /Users/admin/builder/spi-builder-workspace/.derivedData/ModuleCache.noindex/Session.modulevalidation -package-name wwnetworkclient -Xcc -I/Users/admin/builder/spi-builder-workspace/.derivedData/Build/Intermediates.noindex/WWNetworkClient.build/Debug/WWNetworkClient.build/swift-overrides.hmap -emit-const-values -Xfrontend -const-gather-protocols-file -Xfrontend /Users/admin/builder/spi-builder-workspace/.derivedData/Build/Intermediates.noindex/WWNetworkClient.build/Debug/WWNetworkClient.build/Objects-normal/arm64/WWNetworkClient_const_extract_protocols.json -Xcc -I/Users/admin/builder/spi-builder-workspace/.derivedData/Build/Products/Debug/include -Xcc -I/Users/admin/builder/spi-builder-workspace/.derivedData/Build/Intermediates.noindex/WWNetworkClient.build/Debug/WWNetworkClient.build/DerivedSources-normal/arm64 -Xcc -I/Users/admin/builder/spi-builder-workspace/.derivedData/Build/Intermediates.noindex/WWNetworkClient.build/Debug/WWNetworkClient.build/DerivedSources/arm64 -Xcc -I/Users/admin/builder/spi-builder-workspace/.derivedData/Build/Intermediates.noindex/WWNetworkClient.build/Debug/WWNetworkClient.build/DerivedSources -Xcc -DSWIFT_PACKAGE -Xcc -DDEBUG\=1 -emit-objc-header -emit-objc-header-path /Users/admin/builder/spi-builder-workspace/.derivedData/Build/Intermediates.noindex/WWNetworkClient.build/Debug/WWNetworkClient.build/Objects-normal/arm64/WWNetworkClient-Swift.h -working-directory /Users/admin/builder/spi-builder-workspace/.swiftpm/xcode -experimental-emit-module-separately -disable-cmo
Copy /Users/admin/builder/spi-builder-workspace/.derivedData/Build/Products/Debug/WWNetworkClient.swiftmodule/arm64-apple-macos.abi.json /Users/admin/builder/spi-builder-workspace/.derivedData/Build/Intermediates.noindex/WWNetworkClient.build/Debug/WWNetworkClient.build/Objects-normal/arm64/WWNetworkClient.abi.json (in target 'WWNetworkClient' from project 'WWNetworkClient')
    cd /Users/admin/builder/spi-builder-workspace/.dependencies/checkouts/WWNetworkClient
    builtin-copy -exclude .DS_Store -exclude CVS -exclude .svn -exclude .git -exclude .hg -resolve-src-symlinks -rename /Users/admin/builder/spi-builder-workspace/.derivedData/Build/Intermediates.noindex/WWNetworkClient.build/Debug/WWNetworkClient.build/Objects-normal/arm64/WWNetworkClient.abi.json /Users/admin/builder/spi-builder-workspace/.derivedData/Build/Products/Debug/WWNetworkClient.swiftmodule/arm64-apple-macos.abi.json
SwiftDriver WWSystemStatus normal arm64 com.apple.xcode.tools.swift.compiler (in target 'WWSystemStatus' from project 'WWSystemStatus')
    cd /Users/admin/builder/spi-builder-workspace/.swiftpm/xcode
    builtin-SwiftDriver -- /Applications/Xcode-16.3.0.app/Contents/Developer/Toolchains/XcodeDefault.xctoolchain/usr/bin/swiftc -module-name WWSystemStatus -Onone -enforce-exclusivity\=checked @/Users/admin/builder/spi-builder-workspace/.derivedData/Build/Intermediates.noindex/WWSystemStatus.build/Debug/WWSystemStatus.build/Objects-normal/arm64/WWSystemStatus.SwiftFileList -DSWIFT_PACKAGE -DDEBUG -DXcode -plugin-path /Applications/Xcode-16.3.0.app/Contents/Developer/Toolchains/XcodeDefault.xctoolchain/usr/lib/swift/host/plugins/testing -enable-experimental-feature DebugDescriptionMacro -sdk /Applications/Xcode-16.3.0.app/Contents/Developer/Platforms/MacOSX.platform/Developer/SDKs/MacOSX15.4.sdk -target arm64-apple-macos10.13 -g -module-cache-path /Users/admin/builder/spi-builder-workspace/.derivedData/ModuleCache.noindex -Xfrontend -serialize-debugging-options -enable-testing -index-store-path /Users/admin/builder/spi-builder-workspace/.derivedData/Index.noindex/DataStore -swift-version 6 -I /Users/admin/builder/spi-builder-workspace/.derivedData/Build/Products/Debug -I /Applications/Xcode-16.3.0.app/Contents/Developer/Platforms/MacOSX.platform/Developer/usr/lib -F /Users/admin/builder/spi-builder-workspace/.derivedData/Build/Products/Debug/PackageFrameworks -F /Users/admin/builder/spi-builder-workspace/.derivedData/Build/Products/Debug -F /Applications/Xcode-16.3.0.app/Contents/Developer/Platforms/MacOSX.platform/Developer/Library/Frameworks -c -j10 -enable-batch-mode -incremental -Xcc -ivfsstatcache -Xcc /Users/admin/builder/spi-builder-workspace/.derivedData/SDKStatCaches.noindex/macosx15.4-24E241-8287b8f5db97e746a1562fbca0c9d29b.sdkstatcache -output-file-map /Users/admin/builder/spi-builder-workspace/.derivedData/Build/Intermediates.noindex/WWSystemStatus.build/Debug/WWSystemStatus.build/Objects-normal/arm64/WWSystemStatus-OutputFileMap.json -use-frontend-parseable-output -save-temps -no-color-diagnostics -serialize-diagnostics -emit-dependencies -emit-module -emit-module-path /Users/admin/builder/spi-builder-workspace/.derivedData/Build/Intermediates.noindex/WWSystemStatus.build/Debug/WWSystemStatus.build/Objects-normal/arm64/WWSystemStatus.swiftmodule -validate-clang-modules-once -clang-build-session-file /Users/admin/builder/spi-builder-workspace/.derivedData/ModuleCache.noindex/Session.modulevalidation -package-name spi_builder_workspace -Xcc -I/Users/admin/builder/spi-builder-workspace/.derivedData/Build/Intermediates.noindex/WWSystemStatus.build/Debug/WWSystemStatus.build/swift-overrides.hmap -emit-const-values -Xfrontend -const-gather-protocols-file -Xfrontend /Users/admin/builder/spi-builder-workspace/.derivedData/Build/Intermediates.noindex/WWSystemStatus.build/Debug/WWSystemStatus.build/Objects-normal/arm64/WWSystemStatus_const_extract_protocols.json -Xcc -I/Users/admin/builder/spi-builder-workspace/.derivedData/Build/Products/Debug/include -Xcc -I/Users/admin/builder/spi-builder-workspace/.derivedData/Build/Intermediates.noindex/WWSystemStatus.build/Debug/WWSystemStatus.build/DerivedSources-normal/arm64 -Xcc -I/Users/admin/builder/spi-builder-workspace/.derivedData/Build/Intermediates.noindex/WWSystemStatus.build/Debug/WWSystemStatus.build/DerivedSources/arm64 -Xcc -I/Users/admin/builder/spi-builder-workspace/.derivedData/Build/Intermediates.noindex/WWSystemStatus.build/Debug/WWSystemStatus.build/DerivedSources -Xcc -DSWIFT_PACKAGE -Xcc -DDEBUG\=1 -emit-objc-header -emit-objc-header-path /Users/admin/builder/spi-builder-workspace/.derivedData/Build/Intermediates.noindex/WWSystemStatus.build/Debug/WWSystemStatus.build/Objects-normal/arm64/WWSystemStatus-Swift.h -working-directory /Users/admin/builder/spi-builder-workspace/.swiftpm/xcode -experimental-emit-module-separately -disable-cmo
SwiftCompile normal arm64 Compiling\ WWSystemStatus.swift /Users/admin/builder/spi-builder-workspace/Sources/WWSystemStatus/WWSystemStatus.swift (in target 'WWSystemStatus' from project 'WWSystemStatus')
Failed frontend command:
/Applications/Xcode-16.3.0.app/Contents/Developer/Toolchains/XcodeDefault.xctoolchain/usr/bin/swift-frontend -frontend -c /Users/admin/builder/spi-builder-workspace/.derivedData/Build/Intermediates.noindex/WWSystemStatus.build/Debug/WWSystemStatus.build/DerivedSources/resource_bundle_accessor.swift /Users/admin/builder/spi-builder-workspace/Sources/WWSystemStatus/Utility/Constant.swift /Users/admin/builder/spi-builder-workspace/Sources/WWSystemStatus/Utility/Extension.swift /Users/admin/builder/spi-builder-workspace/Sources/WWSystemStatus/Utility/Model.swift -primary-file /Users/admin/builder/spi-builder-workspace/Sources/WWSystemStatus/WWSystemStatus.swift -emit-dependencies-path /Users/admin/builder/spi-builder-workspace/.derivedData/Build/Intermediates.noindex/WWSystemStatus.build/Debug/WWSystemStatus.build/Objects-normal/arm64/WWSystemStatus.d -emit-const-values-path /Users/admin/builder/spi-builder-workspace/.derivedData/Build/Intermediates.noindex/WWSystemStatus.build/Debug/WWSystemStatus.build/Objects-normal/arm64/WWSystemStatus.swiftconstvalues -emit-reference-dependencies-path /Users/admin/builder/spi-builder-workspace/.derivedData/Build/Intermediates.noindex/WWSystemStatus.build/Debug/WWSystemStatus.build/Objects-normal/arm64/WWSystemStatus.swiftdeps -serialize-diagnostics-path /Users/admin/builder/spi-builder-workspace/.derivedData/Build/Intermediates.noindex/WWSystemStatus.build/Debug/WWSystemStatus.build/Objects-normal/arm64/WWSystemStatus.dia -target arm64-apple-macos10.13 -Xllvm -aarch64-use-tbi -enable-objc-interop -sdk /Applications/Xcode-16.3.0.app/Contents/Developer/Platforms/MacOSX.platform/Developer/SDKs/MacOSX15.4.sdk -I /Users/admin/builder/spi-builder-workspace/.derivedData/Build/Products/Debug -I /Applications/Xcode-16.3.0.app/Contents/Developer/Platforms/MacOSX.platform/Developer/usr/lib -F /Users/admin/builder/spi-builder-workspace/.derivedData/Build/Products/Debug/PackageFrameworks -F /Users/admin/builder/spi-builder-workspace/.derivedData/Build/Products/Debug -F /Applications/Xcode-16.3.0.app/Contents/Developer/Platforms/MacOSX.platform/Developer/Library/Frameworks -no-color-diagnostics -enable-testing -g -debug-info-format\=dwarf -dwarf-version\=4 -module-cache-path /Users/admin/builder/spi-builder-workspace/.derivedData/ModuleCache.noindex -swift-version 6 -enforce-exclusivity\=checked -Onone -D SWIFT_PACKAGE -D DEBUG -D Xcode -serialize-debugging-options -const-gather-protocols-file /Users/admin/builder/spi-builder-workspace/.derivedData/Build/Intermediates.noindex/WWSystemStatus.build/Debug/WWSystemStatus.build/Objects-normal/arm64/WWSystemStatus_const_extract_protocols.json -enable-experimental-feature DebugDescriptionMacro -empty-abi-descriptor -plugin-path /Applications/Xcode-16.3.0.app/Contents/Developer/Toolchains/XcodeDefault.xctoolchain/usr/lib/swift/host/plugins/testing -validate-clang-modules-once -clang-build-session-file /Users/admin/builder/spi-builder-workspace/.derivedData/ModuleCache.noindex/Session.modulevalidation -Xcc -working-directory -Xcc /Users/admin/builder/spi-builder-workspace/.swiftpm/xcode -resource-dir /Applications/Xcode-16.3.0.app/Contents/Developer/Toolchains/XcodeDefault.xctoolchain/usr/lib/swift -enable-anonymous-context-mangled-names -file-compilation-dir /Users/admin/builder/spi-builder-workspace/.swiftpm/xcode -Xcc -ivfsstatcache -Xcc /Users/admin/builder/spi-builder-workspace/.derivedData/SDKStatCaches.noindex/macosx15.4-24E241-8287b8f5db97e746a1562fbca0c9d29b.sdkstatcache -Xcc -I/Users/admin/builder/spi-builder-workspace/.derivedData/Build/Intermediates.noindex/WWSystemStatus.build/Debug/WWSystemStatus.build/swift-overrides.hmap -Xcc -I/Users/admin/builder/spi-builder-workspace/.derivedData/Build/Products/Debug/include -Xcc -I/Users/admin/builder/spi-builder-workspace/.derivedData/Build/Intermediates.noindex/WWSystemStatus.build/Debug/WWSystemStatus.build/DerivedSources-normal/arm64 -Xcc -I/Users/admin/builder/spi-builder-workspace/.derivedData/Build/Intermediates.noindex/WWSystemStatus.build/Debug/WWSystemStatus.build/DerivedSources/arm64 -Xcc -I/Users/admin/builder/spi-builder-workspace/.derivedData/Build/Intermediates.noindex/WWSystemStatus.build/Debug/WWSystemStatus.build/DerivedSources -Xcc -DSWIFT_PACKAGE -Xcc -DDEBUG\=1 -module-name WWSystemStatus -package-name spi_builder_workspace -frontend-parseable-output -disable-clang-spi -target-sdk-version 15.4 -target-sdk-name macosx15.4 -external-plugin-path /Applications/Xcode-16.3.0.app/Contents/Developer/Platforms/MacOSX.platform/Developer/usr/lib/swift/host/plugins\#/Applications/Xcode-16.3.0.app/Contents/Developer/Platforms/MacOSX.platform/Developer/usr/bin/swift-plugin-server -external-plugin-path /Applications/Xcode-16.3.0.app/Contents/Developer/Platforms/MacOSX.platform/Developer/usr/local/lib/swift/host/plugins\#/Applications/Xcode-16.3.0.app/Contents/Developer/Platforms/MacOSX.platform/Developer/usr/bin/swift-plugin-server -in-process-plugin-server-path /Applications/Xcode-16.3.0.app/Contents/Developer/Toolchains/XcodeDefault.xctoolchain/usr/lib/swift/host/libSwiftInProcPluginServer.dylib -plugin-path /Applications/Xcode-16.3.0.app/Contents/Developer/Toolchains/XcodeDefault.xctoolchain/usr/lib/swift/host/plugins -plugin-path /Applications/Xcode-16.3.0.app/Contents/Developer/Toolchains/XcodeDefault.xctoolchain/usr/local/lib/swift/host/plugins -o /Users/admin/builder/spi-builder-workspace/.derivedData/Build/Intermediates.noindex/WWSystemStatus.build/Debug/WWSystemStatus.build/Objects-normal/arm64/WWSystemStatus.o -index-unit-output-path /WWSystemStatus.build/Debug/WWSystemStatus.build/Objects-normal/arm64/WWSystemStatus.o -index-store-path /Users/admin/builder/spi-builder-workspace/.derivedData/Index.noindex/DataStore -index-system-modules
SwiftCompile normal arm64 /Users/admin/builder/spi-builder-workspace/Sources/WWSystemStatus/WWSystemStatus.swift (in target 'WWSystemStatus' from project 'WWSystemStatus')
    cd /Users/admin/builder/spi-builder-workspace/.swiftpm/xcode

/Users/admin/builder/spi-builder-workspace/Sources/WWSystemStatus/Utility/Extension.swift:8:8: error: no such module 'UIKit'
import UIKit
       ^
SwiftCompile normal arm64 Compiling\ resource_bundle_accessor.swift /Users/admin/builder/spi-builder-workspace/.derivedData/Build/Intermediates.noindex/WWSystemStatus.build/Debug/WWSystemStatus.build/DerivedSources/resource_bundle_accessor.swift (in target 'WWSystemStatus' from project 'WWSystemStatus')
SwiftCompile normal arm64 /Users/admin/builder/spi-builder-workspace/.derivedData/Build/Intermediates.noindex/WWSystemStatus.build/Debug/WWSystemStatus.build/DerivedSources/resource_bundle_accessor.swift (in target 'WWSystemStatus' from project 'WWSystemStatus')
    cd /Users/admin/builder/spi-builder-workspace/.swiftpm/xcode

SwiftEmitModule normal arm64 Emitting\ module\ for\ WWSystemStatus (in target 'WWSystemStatus' from project 'WWSystemStatus')
EmitSwiftModule normal arm64 (in target 'WWSystemStatus' from project 'WWSystemStatus')
    cd /Users/admin/builder/spi-builder-workspace/.swiftpm/xcode

SwiftCompile normal arm64 Compiling\ Model.swift /Users/admin/builder/spi-builder-workspace/Sources/WWSystemStatus/Utility/Model.swift (in target 'WWSystemStatus' from project 'WWSystemStatus')
SwiftCompile normal arm64 /Users/admin/builder/spi-builder-workspace/Sources/WWSystemStatus/Utility/Model.swift (in target 'WWSystemStatus' from project 'WWSystemStatus')
    cd /Users/admin/builder/spi-builder-workspace/.swiftpm/xcode

SwiftCompile normal arm64 Compiling\ Constant.swift /Users/admin/builder/spi-builder-workspace/Sources/WWSystemStatus/Utility/Constant.swift (in target 'WWSystemStatus' from project 'WWSystemStatus')
SwiftCompile normal arm64 /Users/admin/builder/spi-builder-workspace/Sources/WWSystemStatus/Utility/Constant.swift (in target 'WWSystemStatus' from project 'WWSystemStatus')
    cd /Users/admin/builder/spi-builder-workspace/.swiftpm/xcode

SwiftCompile normal arm64 Compiling\ Extension.swift /Users/admin/builder/spi-builder-workspace/Sources/WWSystemStatus/Utility/Extension.swift (in target 'WWSystemStatus' from project 'WWSystemStatus')
Command SwiftCompile failed with a nonzero exit code
--- xcodebuild: WARNING: Using the first of multiple matching destinations:
{ platform:macOS, arch:arm64, id:2ff11e9dd3d10187f9c1828162db8752c41d1bcd, name:My Mac }
{ platform:macOS, arch:arm64, variant:Mac Catalyst, id:2ff11e9dd3d10187f9c1828162db8752c41d1bcd, name:My Mac }
{ platform:macOS, arch:arm64, variant:DriverKit, id:2ff11e9dd3d10187f9c1828162db8752c41d1bcd, name:My Mac }
{ platform:macOS, arch:arm64, variant:Designed for [iPad,iPhone], id:2ff11e9dd3d10187f9c1828162db8752c41d1bcd, name:My Mac }
** BUILD FAILED **
The following build commands failed:
	SwiftCompile normal arm64 Compiling\ WWSystemStatus.swift /Users/admin/builder/spi-builder-workspace/Sources/WWSystemStatus/WWSystemStatus.swift (in target 'WWSystemStatus' from project 'WWSystemStatus')
	SwiftCompile normal arm64 /Users/admin/builder/spi-builder-workspace/Sources/WWSystemStatus/WWSystemStatus.swift (in target 'WWSystemStatus' from project 'WWSystemStatus')
	SwiftCompile normal arm64 Compiling\ Extension.swift /Users/admin/builder/spi-builder-workspace/Sources/WWSystemStatus/Utility/Extension.swift (in target 'WWSystemStatus' from project 'WWSystemStatus')
	Building workspace spi-builder-workspace with scheme WWSystemStatus
(4 failures)
BUILD FAILURE 6.1 macosXcodebuild