Build Information
Failed to build path-wrangler, reference 2.11.0 (ab2548), with Swift 6.1 for Android on 29 Sep 2026 02:57:46 UTC.
Build Command
bash -c docker run --pull=always --rm -v "checkouts-54344845-1":/host -w "$PWD" -e JAVA_HOME="/root/.sdkman/candidates/java/current" -e SPI_BUILD="1" -e SPI_PROCESSING="1" registry.gitlab.com/saguaro1/spi-images:android-6.1-latest swift build --swift-sdk aarch64-unknown-linux-android24 2>&1Build Log
========================================
RunAll
========================================
Builder version: 5.1.0
Interrupt handler set up.
========================================
Checkout
========================================
Clone URL: https://github.com/sersoft-gmbh/path-wrangler.git
Reference: 2.11.0
Initialized empty Git repository in /host/spi-builder-workspace/.git/
hint: Using 'master' as the name for the initial branch. This default branch name
hint: is subject to change. To configure the initial branch name to use in all
hint: of your new repositories, which will suppress this warning, call:
hint:
hint: git config --global init.defaultBranch <name>
hint:
hint: Names commonly chosen instead of 'master' are 'main', 'trunk' and
hint: 'development'. The just-created branch can be renamed via this command:
hint:
hint: git branch -m <name>
From https://github.com/sersoft-gmbh/path-wrangler
* tag 2.11.0 -> FETCH_HEAD
HEAD is now at ab25484 Attempt to fix build on Swift 6.1
Cloned https://github.com/sersoft-gmbh/path-wrangler.git
Revision (git rev-parse @):
ab254845ef94ddffda234df09484391fba76c9d2
SPI manifest file found: $PWD/.spi.yml
SUCCESS checkout https://github.com/sersoft-gmbh/path-wrangler.git at 2.11.0
========================================
Build
========================================
Selected platform: android
Swift version: 6.1
Building package at path: $PWD
https://github.com/sersoft-gmbh/path-wrangler.git
https://github.com/sersoft-gmbh/path-wrangler.git
WARNING: environment variable SUPPRESS_SWIFT_6_FLAGS is not set
Running build ...
bash -c docker run --pull=always --rm -v "checkouts-54344845-1":/host -w "$PWD" -e JAVA_HOME="/root/.sdkman/candidates/java/current" -e SPI_BUILD="1" -e SPI_PROCESSING="1" registry.gitlab.com/saguaro1/spi-images:android-6.1-latest swift build --swift-sdk aarch64-unknown-linux-android24 -Xswiftc -Xfrontend -Xswiftc -stats-output-dir -Xswiftc -Xfrontend -Xswiftc .stats -Xswiftc -strict-concurrency=complete -Xswiftc -enable-upcoming-feature -Xswiftc StrictConcurrency -Xswiftc -enable-upcoming-feature -Xswiftc DisableOutwardActorInference -Xswiftc -enable-upcoming-feature -Xswiftc GlobalActorIsolatedTypesUsability -Xswiftc -enable-upcoming-feature -Xswiftc InferSendableFromCaptures 2>&1
android-6.1-latest: Pulling from saguaro1/spi-images
Digest: sha256:a7f4f752e160f6cbd9e0c26490aa43ccd5312d524c4c6d77f8b144559b526afa
Status: Image is up to date for registry.gitlab.com/saguaro1/spi-images:android-6.1-latest
Fetching https://github.com/apple/swift-docc-plugin
Fetching https://github.com/apple/swift-algorithms
[1/6159] Fetching swift-algorithms
[125/8504] Fetching swift-algorithms, swift-docc-plugin
Fetched https://github.com/apple/swift-docc-plugin from cache (0.65s)
Fetched https://github.com/apple/swift-algorithms from cache (0.66s)
Computing version for https://github.com/apple/swift-algorithms
Computed https://github.com/apple/swift-algorithms at 1.2.1 (2.24s)
Fetching https://github.com/apple/swift-numerics.git
[67/6651] Fetching swift-numerics
Fetched https://github.com/apple/swift-numerics.git from cache (1.19s)
Computing version for https://github.com/apple/swift-numerics.git
Computed https://github.com/apple/swift-numerics.git at 1.1.1 (1.55s)
Computing version for https://github.com/apple/swift-docc-plugin
Computed https://github.com/apple/swift-docc-plugin at 1.5.0 (0.40s)
Fetching https://github.com/swiftlang/swift-docc-symbolkit
[1/3832] Fetching swift-docc-symbolkit
Fetched https://github.com/swiftlang/swift-docc-symbolkit from cache (0.66s)
Computing version for https://github.com/swiftlang/swift-docc-symbolkit
Computed https://github.com/swiftlang/swift-docc-symbolkit at 1.0.0 (1.08s)
Creating working copy for https://github.com/apple/swift-docc-plugin
Working copy of https://github.com/apple/swift-docc-plugin resolved at 1.5.0
Creating working copy for https://github.com/swiftlang/swift-docc-symbolkit
Working copy of https://github.com/swiftlang/swift-docc-symbolkit resolved at 1.0.0
Creating working copy for https://github.com/apple/swift-algorithms
Working copy of https://github.com/apple/swift-algorithms resolved at 1.2.1
Creating working copy for https://github.com/apple/swift-numerics.git
Working copy of https://github.com/apple/swift-numerics.git resolved at 1.1.1
[1/1] Compiling plugin Swift-DocC Preview
[2/2] Compiling plugin Swift-DocC
Building for debugging...
[2/10] Write sources
[6/10] Compiling _NumericsShims _NumericsShims.c
[7/10] Compiling CPathWrangler pathhelpers.c
[8/10] Compiling CPathWrangler stathelpers.c
[8/10] Write swift-version-24593BA9C3E375BF.txt
[11/21] Compiling RealModule RealFunctions.swift
[12/21] Compiling RealModule Real.swift
[13/22] Compiling RealModule RelaxedArithmetic.swift
[14/22] Compiling RealModule AugmentedArithmetic.swift
[15/22] Compiling RealModule Double+Real.swift
[16/22] Compiling RealModule Float16+Real.swift
[17/22] Compiling RealModule ElementaryFunctions.swift
[18/22] Compiling RealModule Float+Real.swift
[19/22] Emitting module RealModule
[20/22] Compiling RealModule AlgebraicField.swift
[21/22] Compiling RealModule ApproximateEquality.swift
[22/22] Compiling RealModule Float80+Real.swift
[24/48] Compiling Algorithms Joined.swift
[25/48] Compiling Algorithms Keyed.swift
[26/48] Compiling Algorithms MinMax.swift
[27/51] Compiling Algorithms Partition.swift
[28/51] Compiling Algorithms Permutations.swift
[29/51] Compiling Algorithms Product.swift
[30/51] Compiling Algorithms Split.swift
[31/51] Compiling Algorithms Stride.swift
[32/51] Compiling Algorithms Suffix.swift
[33/51] Compiling Algorithms RandomSample.swift
[34/51] Compiling Algorithms Reductions.swift
[35/51] Compiling Algorithms Rotate.swift
[36/51] Compiling Algorithms Compacted.swift
[37/51] Compiling Algorithms Cycle.swift
[38/51] Compiling Algorithms EitherSequence.swift
[39/51] Compiling Algorithms FirstNonNil.swift
[40/51] Compiling Algorithms FlattenCollection.swift
[41/51] Compiling Algorithms Grouped.swift
[42/51] Compiling Algorithms Indexed.swift
[43/51] Compiling Algorithms Intersperse.swift
[44/51] Compiling Algorithms AdjacentPairs.swift
[45/51] Compiling Algorithms Chain.swift
[46/51] Compiling Algorithms Chunked.swift
[47/51] Compiling Algorithms Combinations.swift
[48/51] Compiling Algorithms Trim.swift
[49/51] Compiling Algorithms Unique.swift
[50/51] Compiling Algorithms Windows.swift
[51/51] Emitting module Algorithms
[53/60] Compiling CorePathWrangler _PathImpl.swift
<unknown>:0: warning: upcoming feature 'InferSendableFromCaptures' is already enabled as of Swift version 6
<unknown>:0: warning: upcoming feature 'GlobalActorIsolatedTypesUsability' is already enabled as of Swift version 6
<unknown>:0: warning: upcoming feature 'DisableOutwardActorInference' is already enabled as of Swift version 6
/host/spi-builder-workspace/Sources/CorePathWrangler/_PathImpl.swift:10:8: error: Unsupported platform
8 | import ucrt
9 | #else
10 | #error("Unsupported platform")
| `- error: Unsupported platform
11 | #endif
12 |
/host/spi-builder-workspace/Sources/CorePathWrangler/_PathImpl.swift:72:26: error: cannot find 'stat' in scope
70 |
71 | private func resolvedSymlink(at path: String) -> String? {
72 | var statresult = stat()
| `- error: cannot find 'stat' in scope
73 | #if compiler(>=6.2)
74 | guard unsafe lstat(path, &statresult) == 0 else {
/host/spi-builder-workspace/Sources/CorePathWrangler/_PathImpl.swift:79:15: error: cannot find 'lstat' in scope
77 | }
78 | #else
79 | guard lstat(path, &statresult) == 0 else {
| `- error: cannot find 'lstat' in scope
80 | print("lstat failed (\(errno)) \(String(cString: strerror(errno)))!")
81 | return nil
/host/spi-builder-workspace/Sources/CorePathWrangler/_PathImpl.swift:80:36: error: cannot find 'errno' in scope
78 | #else
79 | guard lstat(path, &statresult) == 0 else {
80 | print("lstat failed (\(errno)) \(String(cString: strerror(errno)))!")
| `- error: cannot find 'errno' in scope
81 | return nil
82 | }
/host/spi-builder-workspace/Sources/CorePathWrangler/_PathImpl.swift:80:62: error: cannot find 'strerror' in scope
78 | #else
79 | guard lstat(path, &statresult) == 0 else {
80 | print("lstat failed (\(errno)) \(String(cString: strerror(errno)))!")
| `- error: cannot find 'strerror' in scope
81 | return nil
82 | }
/host/spi-builder-workspace/Sources/CorePathWrangler/_PathImpl.swift:80:71: error: cannot find 'errno' in scope
78 | #else
79 | guard lstat(path, &statresult) == 0 else {
80 | print("lstat failed (\(errno)) \(String(cString: strerror(errno)))!")
| `- error: cannot find 'errno' in scope
81 | return nil
82 | }
/host/spi-builder-workspace/Sources/CorePathWrangler/_PathImpl.swift:92:28: error: cannot find 'readlink' in scope
90 | #else
91 | defer { dstPtr.deallocate() }
92 | let readlinkSize = readlink(path, dstPtr, allocationSize)
| `- error: cannot find 'readlink' in scope
93 | #endif
94 | guard readlinkSize >= 0 else {
/host/spi-builder-workspace/Sources/CorePathWrangler/_PathImpl.swift:98:39: error: cannot find 'errno' in scope
96 | print("readlink failed (\(errno)) \(unsafe String(cString: strerror(errno)))!")
97 | #else
98 | print("readlink failed (\(errno)) \(String(cString: strerror(errno)))!")
| `- error: cannot find 'errno' in scope
99 | #endif
100 | return nil
/host/spi-builder-workspace/Sources/CorePathWrangler/_PathImpl.swift:98:65: error: cannot find 'strerror' in scope
96 | print("readlink failed (\(errno)) \(unsafe String(cString: strerror(errno)))!")
97 | #else
98 | print("readlink failed (\(errno)) \(String(cString: strerror(errno)))!")
| `- error: cannot find 'strerror' in scope
99 | #endif
100 | return nil
/host/spi-builder-workspace/Sources/CorePathWrangler/_PathImpl.swift:98:74: error: cannot find 'errno' in scope
96 | print("readlink failed (\(errno)) \(unsafe String(cString: strerror(errno)))!")
97 | #else
98 | print("readlink failed (\(errno)) \(String(cString: strerror(errno)))!")
| `- error: cannot find 'errno' in scope
99 | #endif
100 | return nil
[54/60] Compiling CorePathWrangler _PathProtocol.swift
<unknown>:0: warning: upcoming feature 'InferSendableFromCaptures' is already enabled as of Swift version 6
<unknown>:0: warning: upcoming feature 'GlobalActorIsolatedTypesUsability' is already enabled as of Swift version 6
<unknown>:0: warning: upcoming feature 'DisableOutwardActorInference' is already enabled as of Swift version 6
[55/60] Compiling CorePathWrangler PathComponentConvertible.swift
<unknown>:0: warning: upcoming feature 'InferSendableFromCaptures' is already enabled as of Swift version 6
<unknown>:0: warning: upcoming feature 'GlobalActorIsolatedTypesUsability' is already enabled as of Swift version 6
<unknown>:0: warning: upcoming feature 'DisableOutwardActorInference' is already enabled as of Swift version 6
error: emit-module command failed with exit code 1 (use -v to see invocation)
[56/60] Emitting module CorePathWrangler
<unknown>:0: warning: upcoming feature 'InferSendableFromCaptures' is already enabled as of Swift version 6
<unknown>:0: warning: upcoming feature 'GlobalActorIsolatedTypesUsability' is already enabled as of Swift version 6
<unknown>:0: warning: upcoming feature 'DisableOutwardActorInference' is already enabled as of Swift version 6
/host/spi-builder-workspace/Sources/CorePathWrangler/AbsolutePath.swift:10:8: error: Unsupported platform
8 | import ucrt
9 | #else
10 | #error("Unsupported platform")
| `- error: Unsupported platform
11 | #endif
12 | import CPathWrangler
/host/spi-builder-workspace/Sources/CorePathWrangler/_PathImpl.swift:10:8: error: Unsupported platform
8 | import ucrt
9 | #else
10 | #error("Unsupported platform")
| `- error: Unsupported platform
11 | #endif
12 |
[57/60] Compiling CorePathWrangler AbsolutePath.swift
<unknown>:0: warning: upcoming feature 'InferSendableFromCaptures' is already enabled as of Swift version 6
<unknown>:0: warning: upcoming feature 'GlobalActorIsolatedTypesUsability' is already enabled as of Swift version 6
<unknown>:0: warning: upcoming feature 'DisableOutwardActorInference' is already enabled as of Swift version 6
/host/spi-builder-workspace/Sources/CorePathWrangler/AbsolutePath.swift:10:8: error: Unsupported platform
8 | import ucrt
9 | #else
10 | #error("Unsupported platform")
| `- error: Unsupported platform
11 | #endif
12 | import CPathWrangler
/host/spi-builder-workspace/Sources/CorePathWrangler/AbsolutePath.swift:63:42: error: cannot find 'getcwd' in scope
61 | Self(pathString: unsafe String(cString: getcwd(nil, 0)))
62 | #else
63 | Self(pathString: String(cString: getcwd(nil, 0)))
| `- error: cannot find 'getcwd' in scope
64 | #endif
65 | }
/host/spi-builder-workspace/Sources/CorePathWrangler/AbsolutePath.swift:63:49: error: 'nil' requires a contextual type
61 | Self(pathString: unsafe String(cString: getcwd(nil, 0)))
62 | #else
63 | Self(pathString: String(cString: getcwd(nil, 0)))
| `- error: 'nil' requires a contextual type
64 | #endif
65 | }
[58/60] Compiling CorePathWrangler RelativePath.swift
<unknown>:0: warning: upcoming feature 'InferSendableFromCaptures' is already enabled as of Swift version 6
<unknown>:0: warning: upcoming feature 'GlobalActorIsolatedTypesUsability' is already enabled as of Swift version 6
<unknown>:0: warning: upcoming feature 'DisableOutwardActorInference' is already enabled as of Swift version 6
[59/60] Compiling CorePathWrangler PathElement.swift
<unknown>:0: warning: upcoming feature 'InferSendableFromCaptures' is already enabled as of Swift version 6
<unknown>:0: warning: upcoming feature 'GlobalActorIsolatedTypesUsability' is already enabled as of Swift version 6
<unknown>:0: warning: upcoming feature 'DisableOutwardActorInference' is already enabled as of Swift version 6
[60/60] Compiling CorePathWrangler PathProtocol.swift
<unknown>:0: warning: upcoming feature 'InferSendableFromCaptures' is already enabled as of Swift version 6
<unknown>:0: warning: upcoming feature 'GlobalActorIsolatedTypesUsability' is already enabled as of Swift version 6
<unknown>:0: warning: upcoming feature 'DisableOutwardActorInference' is already enabled as of Swift version 6
Running build ...
bash -c docker run --pull=always --rm -v "checkouts-54344845-1":/host -w "$PWD" -e JAVA_HOME="/root/.sdkman/candidates/java/current" -e SPI_BUILD="1" -e SPI_PROCESSING="1" registry.gitlab.com/saguaro1/spi-images:android-6.1-latest swift build --swift-sdk aarch64-unknown-linux-android24 2>&1
android-6.1-latest: Pulling from saguaro1/spi-images
Digest: sha256:a7f4f752e160f6cbd9e0c26490aa43ccd5312d524c4c6d77f8b144559b526afa
Status: Image is up to date for registry.gitlab.com/saguaro1/spi-images:android-6.1-latest
[0/1] Planning build
[1/1] Compiling plugin Swift-DocC Preview
[2/2] Compiling plugin Swift-DocC
Building for debugging...
[2/3] Write swift-version-24593BA9C3E375BF.txt
[4/14] Compiling RealModule RealFunctions.swift
[5/15] Compiling RealModule RelaxedArithmetic.swift
[6/15] Compiling RealModule Float80+Real.swift
[7/15] Compiling RealModule Real.swift
[8/15] Compiling RealModule ElementaryFunctions.swift
[9/15] Compiling RealModule Float+Real.swift
[10/15] Compiling RealModule Float16+Real.swift
[11/15] Compiling RealModule AugmentedArithmetic.swift
[12/15] Compiling RealModule Double+Real.swift
[13/15] Compiling RealModule AlgebraicField.swift
[14/15] Compiling RealModule ApproximateEquality.swift
[15/15] Emitting module RealModule
[17/41] Compiling Algorithms RandomSample.swift
[18/41] Compiling Algorithms Reductions.swift
[19/41] Compiling Algorithms Rotate.swift
[20/44] Compiling Algorithms Compacted.swift
[21/44] Compiling Algorithms Cycle.swift
[22/44] Compiling Algorithms EitherSequence.swift
[23/44] Compiling Algorithms FirstNonNil.swift
[24/44] Compiling Algorithms Split.swift
[25/44] Compiling Algorithms Stride.swift
[26/44] Compiling Algorithms Suffix.swift
[27/44] Compiling Algorithms FlattenCollection.swift
[28/44] Compiling Algorithms Grouped.swift
[29/44] Compiling Algorithms Indexed.swift
[30/44] Compiling Algorithms Intersperse.swift
[31/44] Compiling Algorithms Partition.swift
[32/44] Compiling Algorithms Permutations.swift
[33/44] Compiling Algorithms Product.swift
[34/44] Compiling Algorithms Trim.swift
[35/44] Compiling Algorithms Unique.swift
[36/44] Compiling Algorithms Windows.swift
[37/44] Compiling Algorithms Joined.swift
[38/44] Compiling Algorithms Keyed.swift
[39/44] Compiling Algorithms MinMax.swift
[40/44] Compiling Algorithms AdjacentPairs.swift
[41/44] Compiling Algorithms Chain.swift
[42/44] Compiling Algorithms Chunked.swift
[43/44] Compiling Algorithms Combinations.swift
[44/44] Emitting module Algorithms
[46/53] Compiling CorePathWrangler _PathProtocol.swift
[47/53] Compiling CorePathWrangler RelativePath.swift
[48/53] Compiling CorePathWrangler PathProtocol.swift
[49/53] Compiling CorePathWrangler _PathImpl.swift
/host/spi-builder-workspace/Sources/CorePathWrangler/_PathImpl.swift:10:8: error: Unsupported platform
8 | import ucrt
9 | #else
10 | #error("Unsupported platform")
| `- error: Unsupported platform
11 | #endif
12 |
/host/spi-builder-workspace/Sources/CorePathWrangler/_PathImpl.swift:72:26: error: cannot find 'stat' in scope
70 |
71 | private func resolvedSymlink(at path: String) -> String? {
72 | var statresult = stat()
| `- error: cannot find 'stat' in scope
73 | #if compiler(>=6.2)
74 | guard unsafe lstat(path, &statresult) == 0 else {
/host/spi-builder-workspace/Sources/CorePathWrangler/_PathImpl.swift:79:15: error: cannot find 'lstat' in scope
77 | }
78 | #else
79 | guard lstat(path, &statresult) == 0 else {
| `- error: cannot find 'lstat' in scope
80 | print("lstat failed (\(errno)) \(String(cString: strerror(errno)))!")
81 | return nil
/host/spi-builder-workspace/Sources/CorePathWrangler/_PathImpl.swift:80:36: error: cannot find 'errno' in scope
78 | #else
79 | guard lstat(path, &statresult) == 0 else {
80 | print("lstat failed (\(errno)) \(String(cString: strerror(errno)))!")
| `- error: cannot find 'errno' in scope
81 | return nil
82 | }
/host/spi-builder-workspace/Sources/CorePathWrangler/_PathImpl.swift:80:62: error: cannot find 'strerror' in scope
78 | #else
79 | guard lstat(path, &statresult) == 0 else {
80 | print("lstat failed (\(errno)) \(String(cString: strerror(errno)))!")
| `- error: cannot find 'strerror' in scope
81 | return nil
82 | }
/host/spi-builder-workspace/Sources/CorePathWrangler/_PathImpl.swift:80:71: error: cannot find 'errno' in scope
78 | #else
79 | guard lstat(path, &statresult) == 0 else {
80 | print("lstat failed (\(errno)) \(String(cString: strerror(errno)))!")
| `- error: cannot find 'errno' in scope
81 | return nil
82 | }
/host/spi-builder-workspace/Sources/CorePathWrangler/_PathImpl.swift:92:28: error: cannot find 'readlink' in scope
90 | #else
91 | defer { dstPtr.deallocate() }
92 | let readlinkSize = readlink(path, dstPtr, allocationSize)
| `- error: cannot find 'readlink' in scope
93 | #endif
94 | guard readlinkSize >= 0 else {
/host/spi-builder-workspace/Sources/CorePathWrangler/_PathImpl.swift:98:39: error: cannot find 'errno' in scope
96 | print("readlink failed (\(errno)) \(unsafe String(cString: strerror(errno)))!")
97 | #else
98 | print("readlink failed (\(errno)) \(String(cString: strerror(errno)))!")
| `- error: cannot find 'errno' in scope
99 | #endif
100 | return nil
/host/spi-builder-workspace/Sources/CorePathWrangler/_PathImpl.swift:98:65: error: cannot find 'strerror' in scope
96 | print("readlink failed (\(errno)) \(unsafe String(cString: strerror(errno)))!")
97 | #else
98 | print("readlink failed (\(errno)) \(String(cString: strerror(errno)))!")
| `- error: cannot find 'strerror' in scope
99 | #endif
100 | return nil
/host/spi-builder-workspace/Sources/CorePathWrangler/_PathImpl.swift:98:74: error: cannot find 'errno' in scope
96 | print("readlink failed (\(errno)) \(unsafe String(cString: strerror(errno)))!")
97 | #else
98 | print("readlink failed (\(errno)) \(String(cString: strerror(errno)))!")
| `- error: cannot find 'errno' in scope
99 | #endif
100 | return nil
[50/53] Compiling CorePathWrangler PathComponentConvertible.swift
error: emit-module command failed with exit code 1 (use -v to see invocation)
[51/53] Compiling CorePathWrangler PathElement.swift
[52/53] Emitting module CorePathWrangler
/host/spi-builder-workspace/Sources/CorePathWrangler/AbsolutePath.swift:10:8: error: Unsupported platform
8 | import ucrt
9 | #else
10 | #error("Unsupported platform")
| `- error: Unsupported platform
11 | #endif
12 | import CPathWrangler
/host/spi-builder-workspace/Sources/CorePathWrangler/_PathImpl.swift:10:8: error: Unsupported platform
8 | import ucrt
9 | #else
10 | #error("Unsupported platform")
| `- error: Unsupported platform
11 | #endif
12 |
[53/53] Compiling CorePathWrangler AbsolutePath.swift
/host/spi-builder-workspace/Sources/CorePathWrangler/AbsolutePath.swift:10:8: error: Unsupported platform
8 | import ucrt
9 | #else
10 | #error("Unsupported platform")
| `- error: Unsupported platform
11 | #endif
12 | import CPathWrangler
/host/spi-builder-workspace/Sources/CorePathWrangler/AbsolutePath.swift:63:42: error: cannot find 'getcwd' in scope
61 | Self(pathString: unsafe String(cString: getcwd(nil, 0)))
62 | #else
63 | Self(pathString: String(cString: getcwd(nil, 0)))
| `- error: cannot find 'getcwd' in scope
64 | #endif
65 | }
/host/spi-builder-workspace/Sources/CorePathWrangler/AbsolutePath.swift:63:49: error: 'nil' requires a contextual type
61 | Self(pathString: unsafe String(cString: getcwd(nil, 0)))
62 | #else
63 | Self(pathString: String(cString: getcwd(nil, 0)))
| `- error: 'nil' requires a contextual type
64 | #endif
65 | }
BUILD FAILURE 6.1 android