The Swift Package Index logo.Swift Package Index

Build Information

Failed to build UIPreview, reference master (036c76), with Swift 6.4 for watchOS using Xcode 27.0 on 17 Sep 2026 09:18:04 UTC.

Build Command

env DEVELOPER_DIR=/Applications/Xcode-27.0.0-Release.Candidate.app xcrun xcodebuild -IDEClonedSourcePackagesDirPathOverride=$PWD/.dependencies -skipMacroValidation -skipPackagePluginValidation -derivedDataPath $PWD/.derivedData build -scheme UIPreview -destination generic/platform=watchOS

Build Log

========================================
RunAll
========================================
Builder version: 5.1.0
Interrupt handler set up.
========================================
Checkout
========================================
Clone URL: https://github.com/0111b/UIPreview.git
Reference: master
Initialized empty Git repository in /Users/admin/builder/spi-builder-workspace/.git/
From https://github.com/0111b/UIPreview
 * branch            master     -> FETCH_HEAD
 * [new branch]      master     -> origin/master
HEAD is now at 036c769 Merge pull request #9 from 0111b/develop
Cloned https://github.com/0111b/UIPreview.git
Revision (git rev-parse @):
036c76904e772bdfaa57c6509f299009022391f3
SUCCESS checkout https://github.com/0111b/UIPreview.git at master
========================================
Build
========================================
Selected platform:         watchOS
Swift version:             6.4
Building package at path:  $PWD
https://github.com/0111b/UIPreview.git
Command line invocation:
    /Applications/Xcode-27.0.0-Release.Candidate.app/Contents/Developer/usr/bin/xcodebuild -IDEClonedSourcePackagesDirPathOverride=/Users/admin/builder/spi-builder-workspace/.dependencies -resolvePackageDependencies
Resolve Package Graph
Resolve Package Graph
Resolved source packages:
  UIPreview: /Users/admin/builder/spi-builder-workspace
resolved source packages: UIPreview
2026-09-17 05:17:11.767 xcodebuild[525:3011] [MT] IDERunDestination: Supported platforms for the buildables in the current scheme is empty.
{
  "dependencies" : [
  ],
  "manifest_display_name" : "UIPreview",
  "name" : "UIPreview",
  "path" : "/Users/admin/builder/spi-builder-workspace",
  "platforms" : [
    {
      "name" : "ios",
      "version" : "11.0"
    }
  ],
  "products" : [
    {
      "name" : "UIPreview",
      "targets" : [
        "UIPreview"
      ],
      "type" : {
        "library" : [
          "automatic"
        ]
      }
    }
  ],
  "targets" : [
    {
      "c99name" : "UIPreviewTests",
      "module_type" : "SwiftTarget",
      "name" : "UIPreviewTests",
      "path" : "Tests/UIPreviewTests",
      "sources" : [
        "UIPreviewTests.swift"
      ],
      "target_dependencies" : [
        "UIPreview"
      ],
      "type" : "test"
    },
    {
      "c99name" : "UIPreview",
      "module_type" : "SwiftTarget",
      "name" : "UIPreview",
      "path" : "Sources/UIPreview",
      "product_memberships" : [
        "UIPreview"
      ],
      "sources" : [
        "Extensions/ForEach+Raw.swift",
        "Extensions/View+Any.swift",
        "Extensions/View+UIViewController.swift",
        "Preview/ColorSchemePreview.swift",
        "Preview/ComponentPreview.swift",
        "Preview/ScreenPreview.swift",
        "UICatalog/CatalogItemView.swift",
        "UICatalog/ExpandGroup.swift",
        "UICatalog/GroupItemView.swift",
        "UICatalog/Preview.swift",
        "UICatalog/PreviewConfiguration.swift",
        "UICatalog/PreviewDescriptor.swift",
        "UICatalog/PreviewItemStyle.swift",
        "UICatalog/PreviewLegend.swift",
        "UICatalog/UICatalog.swift",
        "UICatalog/UICatalogPresentable.swift",
        "UIKitWrapper/UIViewControllerWrapper.swift",
        "UIKitWrapper/UIViewWrapper.swift",
        "UIKitWrapper/ViewCoordinator.swift"
      ],
      "type" : "library"
    }
  ],
  "tools_version" : "5.3"
}
{
  "workspace" : {
    "name" : "UIPreview",
    "schemes" : [
      "UIPreview"
    ]
  }
}
2026-09-17 05:17:52.457 xcodebuild[623:3938] [MT] IDERunDestination: Supported platforms for the buildables in the current scheme is empty.
Running build ...
env DEVELOPER_DIR=/Applications/Xcode-27.0.0-Release.Candidate.app xcrun xcodebuild -IDEClonedSourcePackagesDirPathOverride=$PWD/.dependencies -skipMacroValidation -skipPackagePluginValidation -derivedDataPath $PWD/.derivedData build -scheme UIPreview -destination generic/platform=watchOS
Command line invocation:
    /Applications/Xcode-27.0.0-Release.Candidate.app/Contents/Developer/usr/bin/xcodebuild -IDEClonedSourcePackagesDirPathOverride=/Users/admin/builder/spi-builder-workspace/.dependencies -skipMacroValidation -skipPackagePluginValidation -derivedDataPath /Users/admin/builder/spi-builder-workspace/.derivedData build -scheme UIPreview -destination generic/platform=watchOS
Resolve Package Graph
Resolved source packages:
  UIPreview: /Users/admin/builder/spi-builder-workspace
ComputePackagePrebuildTargetDependencyGraph
Prepare packages
CreateBuildRequest
SendProjectDescription
CreateBuildOperation
ComputeTargetDependencyGraph
note: Building targets in dependency order
note: Target dependency graph (2 targets)
    Target 'UIPreview-product' in project 'UIPreview'
        ➜ Explicit dependency on target 'UIPreview' in project 'UIPreview'
    Target 'UIPreview' in project 'UIPreview' (no dependencies)
GatherProvisioningInputs
CreateBuildDescription
ExecuteExternalTool /Applications/Xcode-27.0.0-Release.Candidate.app/Contents/Developer/Toolchains/XcodeDefault.xctoolchain/usr/bin/clang -v -E -dM -isysroot /Applications/Xcode-27.0.0-Release.Candidate.app/Contents/Developer/Platforms/WatchOS.platform/Developer/SDKs/WatchOS27.0.sdk -x c -c /dev/null
ExecuteExternalTool /Applications/Xcode-27.0.0-Release.Candidate.app/Contents/Developer/Toolchains/XcodeDefault.xctoolchain/usr/bin/swiftc --version
ExecuteExternalTool /Applications/Xcode-27.0.0-Release.Candidate.app/Contents/Developer/Toolchains/XcodeDefault.xctoolchain/usr/bin/ld -version_details
Build description signature: 3d387eaf5f4e2ed48ad8dfc2fd3fd085
Build description path: /Users/admin/builder/spi-builder-workspace/.derivedData/Build/Intermediates.noindex/XCBuildData/3d387eaf5f4e2ed48ad8dfc2fd3fd085.xcbuilddata
CreateBuildDirectory /Users/admin/builder/spi-builder-workspace/.derivedData/SDKExplicitPrecompiledModules
    cd /Users/admin/builder/spi-builder-workspace/.swiftpm/xcode
    builtin-create-build-directory /Users/admin/builder/spi-builder-workspace/.derivedData/SDKExplicitPrecompiledModules
CreateBuildDirectory /Users/admin/builder/spi-builder-workspace/.derivedData/ModuleCache.noindex
    cd /Users/admin/builder/spi-builder-workspace/.swiftpm/xcode
    builtin-create-build-directory /Users/admin/builder/spi-builder-workspace/.derivedData/ModuleCache.noindex
CreateBuildDirectory /Users/admin/builder/spi-builder-workspace/.derivedData/CompilationCache.noindex
    cd /Users/admin/builder/spi-builder-workspace/.swiftpm/xcode
    builtin-create-build-directory /Users/admin/builder/spi-builder-workspace/.derivedData/CompilationCache.noindex
ClangStatCache /Applications/Xcode-27.0.0-Release.Candidate.app/Contents/Developer/Toolchains/XcodeDefault.xctoolchain/usr/bin/clang-stat-cache /Applications/Xcode-27.0.0-Release.Candidate.app/Contents/Developer/Platforms/WatchOS.platform/Developer/SDKs/WatchOS27.0.sdk /Users/admin/builder/spi-builder-workspace/.derivedData/SDKStatCaches.noindex/watchos27.0-24R360-e829b21a6f8c9b70876ba0858053c04477534ef55a1706bf4c1112bbb242f0a2.sdkstatcache
    cd /Users/admin/builder/spi-builder-workspace/.swiftpm/xcode
    /Applications/Xcode-27.0.0-Release.Candidate.app/Contents/Developer/Toolchains/XcodeDefault.xctoolchain/usr/bin/clang-stat-cache /Applications/Xcode-27.0.0-Release.Candidate.app/Contents/Developer/Platforms/WatchOS.platform/Developer/SDKs/WatchOS27.0.sdk -o /Users/admin/builder/spi-builder-workspace/.derivedData/SDKStatCaches.noindex/watchos27.0-24R360-e829b21a6f8c9b70876ba0858053c04477534ef55a1706bf4c1112bbb242f0a2.sdkstatcache
CreateBuildDirectory /Users/admin/builder/spi-builder-workspace/.derivedData/Build/Products
    cd /Users/admin/builder/spi-builder-workspace/.swiftpm/xcode
    builtin-create-build-directory /Users/admin/builder/spi-builder-workspace/.derivedData/Build/Products
CreateBuildDirectory /Users/admin/builder/spi-builder-workspace/.derivedData/Build/Intermediates.noindex
    cd /Users/admin/builder/spi-builder-workspace/.swiftpm/xcode
    builtin-create-build-directory /Users/admin/builder/spi-builder-workspace/.derivedData/Build/Intermediates.noindex
CreateBuildDirectory /Users/admin/builder/spi-builder-workspace/.derivedData/Build/Intermediates.noindex/SwiftExplicitPrecompiledModules
    cd /Users/admin/builder/spi-builder-workspace/.swiftpm/xcode
    builtin-create-build-directory /Users/admin/builder/spi-builder-workspace/.derivedData/Build/Intermediates.noindex/SwiftExplicitPrecompiledModules
CreateBuildDirectory /Users/admin/builder/spi-builder-workspace/.derivedData/Build/Intermediates.noindex/PrecompiledHeaders
    cd /Users/admin/builder/spi-builder-workspace/.swiftpm/xcode
    builtin-create-build-directory /Users/admin/builder/spi-builder-workspace/.derivedData/Build/Intermediates.noindex/PrecompiledHeaders
CreateBuildDirectory /Users/admin/builder/spi-builder-workspace/.derivedData/Build/Intermediates.noindex/ExplicitPrecompiledModules
    cd /Users/admin/builder/spi-builder-workspace/.swiftpm/xcode
    builtin-create-build-directory /Users/admin/builder/spi-builder-workspace/.derivedData/Build/Intermediates.noindex/ExplicitPrecompiledModules
CreateBuildDirectory /Users/admin/builder/spi-builder-workspace/.derivedData/Build/Intermediates.noindex/EagerLinkingTBDs/Debug-watchos
    cd /Users/admin/builder/spi-builder-workspace/.swiftpm/xcode
    builtin-create-build-directory /Users/admin/builder/spi-builder-workspace/.derivedData/Build/Intermediates.noindex/EagerLinkingTBDs/Debug-watchos
CreateBuildDirectory /Users/admin/builder/spi-builder-workspace/.derivedData/Build/Products/Debug-watchos
    cd /Users/admin/builder/spi-builder-workspace/.swiftpm/xcode
    builtin-create-build-directory /Users/admin/builder/spi-builder-workspace/.derivedData/Build/Products/Debug-watchos
CreateBuildDirectory /Users/admin/builder/spi-builder-workspace/.derivedData/Build/Products/Debug-watchos/PackageFrameworks
    cd /Users/admin/builder/spi-builder-workspace/.swiftpm/xcode
    builtin-create-build-directory /Users/admin/builder/spi-builder-workspace/.derivedData/Build/Products/Debug-watchos/PackageFrameworks
WriteAuxiliaryFile /Users/admin/builder/spi-builder-workspace/.derivedData/Build/Intermediates.noindex/UIPreview.build/Debug-watchos/UIPreview-t.build/UIPreview.modulemap (in target 'UIPreview' from project 'UIPreview')
    cd /Users/admin/builder/spi-builder-workspace
    write-file /Users/admin/builder/spi-builder-workspace/.derivedData/Build/Intermediates.noindex/UIPreview.build/Debug-watchos/UIPreview-t.build/UIPreview.modulemap
WriteAuxiliaryFile /Users/admin/builder/spi-builder-workspace/.derivedData/Build/Intermediates.noindex/UIPreview.build/Debug-watchos/UIPreview-t.build/Objects-normal/arm64_32/UIPreview-OutputFileMap.json (in target 'UIPreview' from project 'UIPreview')
    cd /Users/admin/builder/spi-builder-workspace
    write-file /Users/admin/builder/spi-builder-workspace/.derivedData/Build/Intermediates.noindex/UIPreview.build/Debug-watchos/UIPreview-t.build/Objects-normal/arm64_32/UIPreview-OutputFileMap.json
WriteAuxiliaryFile /Users/admin/builder/spi-builder-workspace/.derivedData/Build/Intermediates.noindex/UIPreview.build/Debug-watchos/UIPreview-t.build/Objects-normal/arm64_32/UIPreview.LinkFileList (in target 'UIPreview' from project 'UIPreview')
    cd /Users/admin/builder/spi-builder-workspace
    write-file /Users/admin/builder/spi-builder-workspace/.derivedData/Build/Intermediates.noindex/UIPreview.build/Debug-watchos/UIPreview-t.build/Objects-normal/arm64_32/UIPreview.LinkFileList
WriteAuxiliaryFile /Users/admin/builder/spi-builder-workspace/.derivedData/Build/Intermediates.noindex/UIPreview.build/Debug-watchos/UIPreview-t.build/Objects-normal/arm64/UIPreview.SwiftFileList (in target 'UIPreview' from project 'UIPreview')
    cd /Users/admin/builder/spi-builder-workspace
    write-file /Users/admin/builder/spi-builder-workspace/.derivedData/Build/Intermediates.noindex/UIPreview.build/Debug-watchos/UIPreview-t.build/Objects-normal/arm64/UIPreview.SwiftFileList
WriteAuxiliaryFile /Users/admin/builder/spi-builder-workspace/.derivedData/Build/Intermediates.noindex/UIPreview.build/Debug-watchos/UIPreview-t.build/Objects-normal/arm64_32/UIPreview.SwiftFileList (in target 'UIPreview' from project 'UIPreview')
    cd /Users/admin/builder/spi-builder-workspace
    write-file /Users/admin/builder/spi-builder-workspace/.derivedData/Build/Intermediates.noindex/UIPreview.build/Debug-watchos/UIPreview-t.build/Objects-normal/arm64_32/UIPreview.SwiftFileList
WriteAuxiliaryFile /Users/admin/builder/spi-builder-workspace/.derivedData/Build/Intermediates.noindex/UIPreview.build/Debug-watchos/UIPreview-t.build/Objects-normal/arm64_32/UIPreview_const_extract_protocols.json (in target 'UIPreview' from project 'UIPreview')
    cd /Users/admin/builder/spi-builder-workspace
    write-file /Users/admin/builder/spi-builder-workspace/.derivedData/Build/Intermediates.noindex/UIPreview.build/Debug-watchos/UIPreview-t.build/Objects-normal/arm64_32/UIPreview_const_extract_protocols.json
WriteAuxiliaryFile /Users/admin/builder/spi-builder-workspace/.derivedData/Build/Intermediates.noindex/UIPreview.build/Debug-watchos/UIPreview-t.build/Objects-normal/arm64/UIPreview_const_extract_protocols.json (in target 'UIPreview' from project 'UIPreview')
    cd /Users/admin/builder/spi-builder-workspace
    write-file /Users/admin/builder/spi-builder-workspace/.derivedData/Build/Intermediates.noindex/UIPreview.build/Debug-watchos/UIPreview-t.build/Objects-normal/arm64/UIPreview_const_extract_protocols.json
WriteAuxiliaryFile /Users/admin/builder/spi-builder-workspace/.derivedData/Build/Intermediates.noindex/UIPreview.build/Debug-watchos/UIPreview-t.build/Objects-normal/arm64_32/UIPreview.SwiftConstValuesFileList (in target 'UIPreview' from project 'UIPreview')
    cd /Users/admin/builder/spi-builder-workspace
    write-file /Users/admin/builder/spi-builder-workspace/.derivedData/Build/Intermediates.noindex/UIPreview.build/Debug-watchos/UIPreview-t.build/Objects-normal/arm64_32/UIPreview.SwiftConstValuesFileList
WriteAuxiliaryFile /Users/admin/builder/spi-builder-workspace/.derivedData/Build/Intermediates.noindex/UIPreview.build/Debug-watchos/UIPreview-t.build/UIPreview.DependencyStaticMetadataFileList (in target 'UIPreview' from project 'UIPreview')
    cd /Users/admin/builder/spi-builder-workspace
    write-file /Users/admin/builder/spi-builder-workspace/.derivedData/Build/Intermediates.noindex/UIPreview.build/Debug-watchos/UIPreview-t.build/UIPreview.DependencyStaticMetadataFileList
WriteAuxiliaryFile /Users/admin/builder/spi-builder-workspace/.derivedData/Build/Intermediates.noindex/UIPreview.build/Debug-watchos/UIPreview-t.build/UIPreview.DependencyMetadataFileList (in target 'UIPreview' from project 'UIPreview')
    cd /Users/admin/builder/spi-builder-workspace
    write-file /Users/admin/builder/spi-builder-workspace/.derivedData/Build/Intermediates.noindex/UIPreview.build/Debug-watchos/UIPreview-t.build/UIPreview.DependencyMetadataFileList
WriteAuxiliaryFile /Users/admin/builder/spi-builder-workspace/.derivedData/Build/Intermediates.noindex/UIPreview.build/Debug-watchos/UIPreview-t.build/Objects-normal/arm64/UIPreview.SwiftConstValuesFileList (in target 'UIPreview' from project 'UIPreview')
    cd /Users/admin/builder/spi-builder-workspace
    write-file /Users/admin/builder/spi-builder-workspace/.derivedData/Build/Intermediates.noindex/UIPreview.build/Debug-watchos/UIPreview-t.build/Objects-normal/arm64/UIPreview.SwiftConstValuesFileList
WriteAuxiliaryFile /Users/admin/builder/spi-builder-workspace/.derivedData/Build/Intermediates.noindex/UIPreview.build/Debug-watchos/UIPreview-t.build/Objects-normal/arm64/UIPreview.LinkFileList (in target 'UIPreview' from project 'UIPreview')
    cd /Users/admin/builder/spi-builder-workspace
    write-file /Users/admin/builder/spi-builder-workspace/.derivedData/Build/Intermediates.noindex/UIPreview.build/Debug-watchos/UIPreview-t.build/Objects-normal/arm64/UIPreview.LinkFileList
WriteAuxiliaryFile /Users/admin/builder/spi-builder-workspace/.derivedData/Build/Intermediates.noindex/UIPreview.build/Debug-watchos/UIPreview-t.build/Objects-normal/arm64/UIPreview-OutputFileMap.json (in target 'UIPreview' from project 'UIPreview')
    cd /Users/admin/builder/spi-builder-workspace
    write-file /Users/admin/builder/spi-builder-workspace/.derivedData/Build/Intermediates.noindex/UIPreview.build/Debug-watchos/UIPreview-t.build/Objects-normal/arm64/UIPreview-OutputFileMap.json
Copy /Users/admin/builder/spi-builder-workspace/.derivedData/Build/Intermediates.noindex/GeneratedModuleMaps-watchos/UIPreview.modulemap /Users/admin/builder/spi-builder-workspace/.derivedData/Build/Intermediates.noindex/UIPreview.build/Debug-watchos/UIPreview-t.build/UIPreview.modulemap (in target 'UIPreview' from project 'UIPreview')
    cd /Users/admin/builder/spi-builder-workspace
    builtin-copy -exclude .DS_Store -exclude CVS -exclude .svn -exclude .git -exclude .hg -resolve-src-symlinks /Users/admin/builder/spi-builder-workspace/.derivedData/Build/Intermediates.noindex/UIPreview.build/Debug-watchos/UIPreview-t.build/UIPreview.modulemap /Users/admin/builder/spi-builder-workspace/.derivedData/Build/Intermediates.noindex/GeneratedModuleMaps-watchos
SwiftDriver UIPreview normal arm64 com.apple.xcode.tools.swift.compiler (in target 'UIPreview' from project 'UIPreview')
    cd /Users/admin/builder/spi-builder-workspace/.swiftpm/xcode
    builtin-SwiftDriver -- /Applications/Xcode-27.0.0-Release.Candidate.app/Contents/Developer/Toolchains/XcodeDefault.xctoolchain/usr/bin/swiftc -parse-as-library -module-name UIPreview -Onone @/Users/admin/builder/spi-builder-workspace/.derivedData/Build/Intermediates.noindex/UIPreview.build/Debug-watchos/UIPreview-t.build/Objects-normal/arm64/UIPreview.SwiftFileList -DSWIFT_PACKAGE -DDEBUG -DSWIFT_MODULE_RESOURCE_BUNDLE_UNAVAILABLE -DXcode -plugin-path /Applications/Xcode-27.0.0-Release.Candidate.app/Contents/Developer/Toolchains/XcodeDefault.xctoolchain/usr/lib/swift/host/plugins/testing -enable-experimental-feature DebugDescriptionMacro -sdk /Applications/Xcode-27.0.0-Release.Candidate.app/Contents/Developer/Platforms/WatchOS.platform/Developer/SDKs/WatchOS27.0.sdk -target arm64-apple-watchos9.0 -g -module-cache-path /Users/admin/builder/spi-builder-workspace/.derivedData/ModuleCache.noindex -Xfrontend -serialize-debugging-options -profile-coverage-mapping -profile-generate -enable-testing -index-store-path /Users/admin/builder/spi-builder-workspace/.derivedData/Index.noindex/DataStore -Xcc -D_LIBCPP_HARDENING_MODE\=_LIBCPP_HARDENING_MODE_DEBUG -swift-version 5 -I /Users/admin/builder/spi-builder-workspace/.derivedData/Build/Products/Debug-watchos -Isystem /Applications/Xcode-27.0.0-Release.Candidate.app/Contents/Developer/Platforms/WatchOS.platform/Developer/usr/lib -F /Users/admin/builder/spi-builder-workspace/.derivedData/Build/Products/Debug-watchos -F /Applications/Xcode-27.0.0-Release.Candidate.app/Contents/Developer/Platforms/WatchOS.platform/Developer/Library/Frameworks -F /Applications/Xcode-27.0.0-Release.Candidate.app/Contents/Developer/Platforms/WatchOS.platform/Developer/SDKs/WatchOS27.0.sdk/Developer/Library/Frameworks -c -j10 -enable-batch-mode -incremental -Xcc -ivfsstatcache -Xcc /Users/admin/builder/spi-builder-workspace/.derivedData/SDKStatCaches.noindex/watchos27.0-24R360-e829b21a6f8c9b70876ba0858053c04477534ef55a1706bf4c1112bbb242f0a2.sdkstatcache -output-file-map /Users/admin/builder/spi-builder-workspace/.derivedData/Build/Intermediates.noindex/UIPreview.build/Debug-watchos/UIPreview-t.build/Objects-normal/arm64/UIPreview-OutputFileMap.json -save-temps -no-color-diagnostics -explicit-module-build -module-cache-path /Users/admin/builder/spi-builder-workspace/.derivedData/Build/Intermediates.noindex/SwiftExplicitPrecompiledModules -clang-scanner-module-cache-path /Users/admin/builder/spi-builder-workspace/.derivedData/ModuleCache.noindex -sdk-module-cache-path /Users/admin/builder/spi-builder-workspace/.derivedData/SDKExplicitPrecompiledModules -emit-dependencies -emit-module -emit-module-path /Users/admin/builder/spi-builder-workspace/.derivedData/Build/Intermediates.noindex/UIPreview.build/Debug-watchos/UIPreview-t.build/Objects-normal/arm64/UIPreview.swiftmodule -serialize-diagnostics -dependency-scan-serialize-diagnostics-path /Users/admin/builder/spi-builder-workspace/.derivedData/Build/Intermediates.noindex/UIPreview.build/Debug-watchos/UIPreview-t.build/Objects-normal/arm64/UIPreview-dependency-scan.dia -validate-clang-modules-once -clang-build-session-file /Users/admin/builder/spi-builder-workspace/.derivedData/ModuleCache.noindex/Session.modulevalidation -Xcc -fmodules-prune-interval\=86400 -Xcc -fmodules-prune-after\=345600 -emit-const-values -const-gather-protocols-list /Users/admin/builder/spi-builder-workspace/.derivedData/Build/Intermediates.noindex/UIPreview.build/Debug-watchos/UIPreview-t.build/Objects-normal/arm64/UIPreview_const_extract_protocols.json -Xcc -I/Users/admin/builder/spi-builder-workspace/.derivedData/Build/Products/Debug-watchos/include -Xcc -I/Users/admin/builder/spi-builder-workspace/.derivedData/Build/Intermediates.noindex/UIPreview.build/Debug-watchos/UIPreview-t.build/DerivedSources-normal/arm64 -Xcc -I/Users/admin/builder/spi-builder-workspace/.derivedData/Build/Intermediates.noindex/UIPreview.build/Debug-watchos/UIPreview-t.build/DerivedSources/arm64 -Xcc -I/Users/admin/builder/spi-builder-workspace/.derivedData/Build/Intermediates.noindex/UIPreview.build/Debug-watchos/UIPreview-t.build/DerivedSources -Xcc -DSWIFT_PACKAGE -Xcc -DDEBUG\=1 -emit-objc-header -emit-objc-header-path /Users/admin/builder/spi-builder-workspace/.derivedData/Build/Intermediates.noindex/UIPreview.build/Debug-watchos/UIPreview-t.build/Objects-normal/arm64/UIPreview-Swift.h -working-directory /Users/admin/builder/spi-builder-workspace/.swiftpm/xcode -experimental-emit-module-separately -disable-cmo
SwiftDriver UIPreview normal arm64_32 com.apple.xcode.tools.swift.compiler (in target 'UIPreview' from project 'UIPreview')
    cd /Users/admin/builder/spi-builder-workspace/.swiftpm/xcode
    builtin-SwiftDriver -- /Applications/Xcode-27.0.0-Release.Candidate.app/Contents/Developer/Toolchains/XcodeDefault.xctoolchain/usr/bin/swiftc -parse-as-library -module-name UIPreview -Onone @/Users/admin/builder/spi-builder-workspace/.derivedData/Build/Intermediates.noindex/UIPreview.build/Debug-watchos/UIPreview-t.build/Objects-normal/arm64_32/UIPreview.SwiftFileList -DSWIFT_PACKAGE -DDEBUG -DSWIFT_MODULE_RESOURCE_BUNDLE_UNAVAILABLE -DXcode -plugin-path /Applications/Xcode-27.0.0-Release.Candidate.app/Contents/Developer/Toolchains/XcodeDefault.xctoolchain/usr/lib/swift/host/plugins/testing -enable-experimental-feature DebugDescriptionMacro -sdk /Applications/Xcode-27.0.0-Release.Candidate.app/Contents/Developer/Platforms/WatchOS.platform/Developer/SDKs/WatchOS27.0.sdk -target arm64_32-apple-watchos9.0 -g -module-cache-path /Users/admin/builder/spi-builder-workspace/.derivedData/ModuleCache.noindex -Xfrontend -serialize-debugging-options -profile-coverage-mapping -profile-generate -enable-testing -index-store-path /Users/admin/builder/spi-builder-workspace/.derivedData/Index.noindex/DataStore -Xcc -D_LIBCPP_HARDENING_MODE\=_LIBCPP_HARDENING_MODE_DEBUG -swift-version 5 -I /Users/admin/builder/spi-builder-workspace/.derivedData/Build/Products/Debug-watchos -Isystem /Applications/Xcode-27.0.0-Release.Candidate.app/Contents/Developer/Platforms/WatchOS.platform/Developer/usr/lib -F /Users/admin/builder/spi-builder-workspace/.derivedData/Build/Products/Debug-watchos -F /Applications/Xcode-27.0.0-Release.Candidate.app/Contents/Developer/Platforms/WatchOS.platform/Developer/Library/Frameworks -F /Applications/Xcode-27.0.0-Release.Candidate.app/Contents/Developer/Platforms/WatchOS.platform/Developer/SDKs/WatchOS27.0.sdk/Developer/Library/Frameworks -c -j10 -enable-batch-mode -incremental -Xcc -ivfsstatcache -Xcc /Users/admin/builder/spi-builder-workspace/.derivedData/SDKStatCaches.noindex/watchos27.0-24R360-e829b21a6f8c9b70876ba0858053c04477534ef55a1706bf4c1112bbb242f0a2.sdkstatcache -output-file-map /Users/admin/builder/spi-builder-workspace/.derivedData/Build/Intermediates.noindex/UIPreview.build/Debug-watchos/UIPreview-t.build/Objects-normal/arm64_32/UIPreview-OutputFileMap.json -save-temps -no-color-diagnostics -explicit-module-build -module-cache-path /Users/admin/builder/spi-builder-workspace/.derivedData/Build/Intermediates.noindex/SwiftExplicitPrecompiledModules -clang-scanner-module-cache-path /Users/admin/builder/spi-builder-workspace/.derivedData/ModuleCache.noindex -sdk-module-cache-path /Users/admin/builder/spi-builder-workspace/.derivedData/SDKExplicitPrecompiledModules -emit-dependencies -emit-module -emit-module-path /Users/admin/builder/spi-builder-workspace/.derivedData/Build/Intermediates.noindex/UIPreview.build/Debug-watchos/UIPreview-t.build/Objects-normal/arm64_32/UIPreview.swiftmodule -serialize-diagnostics -dependency-scan-serialize-diagnostics-path /Users/admin/builder/spi-builder-workspace/.derivedData/Build/Intermediates.noindex/UIPreview.build/Debug-watchos/UIPreview-t.build/Objects-normal/arm64_32/UIPreview-dependency-scan.dia -validate-clang-modules-once -clang-build-session-file /Users/admin/builder/spi-builder-workspace/.derivedData/ModuleCache.noindex/Session.modulevalidation -Xcc -fmodules-prune-interval\=86400 -Xcc -fmodules-prune-after\=345600 -emit-const-values -const-gather-protocols-list /Users/admin/builder/spi-builder-workspace/.derivedData/Build/Intermediates.noindex/UIPreview.build/Debug-watchos/UIPreview-t.build/Objects-normal/arm64_32/UIPreview_const_extract_protocols.json -Xcc -I/Users/admin/builder/spi-builder-workspace/.derivedData/Build/Products/Debug-watchos/include -Xcc -I/Users/admin/builder/spi-builder-workspace/.derivedData/Build/Intermediates.noindex/UIPreview.build/Debug-watchos/UIPreview-t.build/DerivedSources-normal/arm64_32 -Xcc -I/Users/admin/builder/spi-builder-workspace/.derivedData/Build/Intermediates.noindex/UIPreview.build/Debug-watchos/UIPreview-t.build/DerivedSources/arm64_32 -Xcc -I/Users/admin/builder/spi-builder-workspace/.derivedData/Build/Intermediates.noindex/UIPreview.build/Debug-watchos/UIPreview-t.build/DerivedSources -Xcc -DSWIFT_PACKAGE -Xcc -DDEBUG\=1 -emit-objc-header -emit-objc-header-path /Users/admin/builder/spi-builder-workspace/.derivedData/Build/Intermediates.noindex/UIPreview.build/Debug-watchos/UIPreview-t.build/Objects-normal/arm64_32/UIPreview-Swift.h -working-directory /Users/admin/builder/spi-builder-workspace/.swiftpm/xcode -experimental-emit-module-separately -disable-cmo
SwiftExplicitDependencyGeneratePcm arm64 /Users/admin/builder/spi-builder-workspace/.derivedData/SDKExplicitPrecompiledModules/_SwiftConcurrencyShims-659N52XSKR5F0QSB880BH2FJR.pcm
SwiftExplicitDependencyGeneratePcm arm64 /Users/admin/builder/spi-builder-workspace/.derivedData/SDKExplicitPrecompiledModules/SwiftShims-4MXFZPV6FEB0XBYXCGPWAMQGL.pcm
SwiftExplicitDependencyGeneratePcm arm64 /Users/admin/builder/spi-builder-workspace/.derivedData/SDKExplicitPrecompiledModules/_Builtin_stdarg-A7UU8LE6MP85SM26YO7PBZNUQ.pcm
SwiftExplicitDependencyGeneratePcm arm64 /Users/admin/builder/spi-builder-workspace/.derivedData/SDKExplicitPrecompiledModules/ptrcheck-AIF0NDOYZ8ORBNHQAQR5NNB8M.pcm
SwiftExplicitDependencyGeneratePcm arm64 /Users/admin/builder/spi-builder-workspace/.derivedData/SDKExplicitPrecompiledModules/ptrauth-3TZ9WJCGLYD25HQPWH4968ONX.pcm
SwiftExplicitDependencyGeneratePcm arm64 /Users/admin/builder/spi-builder-workspace/.derivedData/SDKExplicitPrecompiledModules/_AvailabilityInternal-BUNV3UXM65NT37THI4W1AM0SF.pcm
SwiftExplicitDependencyGeneratePcm arm64_32 /Users/admin/builder/spi-builder-workspace/.derivedData/SDKExplicitPrecompiledModules/_Builtin_float-6KO8O3PEWRCA4WC6PPLOYO6WJ.pcm
SwiftExplicitDependencyGeneratePcm arm64_32 /Users/admin/builder/spi-builder-workspace/.derivedData/SDKExplicitPrecompiledModules/_AvailabilityInternal-244WAN3Z1QBT7PIA64EZEFY1R.pcm
SwiftExplicitDependencyGeneratePcm arm64_32 /Users/admin/builder/spi-builder-workspace/.derivedData/SDKExplicitPrecompiledModules/ptrauth-BFXF358ME5AK535N5A9Z766WU.pcm
SwiftExplicitDependencyGeneratePcm arm64_32 /Users/admin/builder/spi-builder-workspace/.derivedData/SDKExplicitPrecompiledModules/_Builtin_stddef-H44EFHQX6XSS5MZ7QP6YJZ76.pcm
SwiftExplicitDependencyGeneratePcm arm64 /Users/admin/builder/spi-builder-workspace/.derivedData/SDKExplicitPrecompiledModules/DeveloperToolsSupport-E7CNISCB36UE8XQ9IOHK9XDX1.pcm
SwiftExplicitDependencyGeneratePcm arm64_32 /Users/admin/builder/spi-builder-workspace/.derivedData/SDKExplicitPrecompiledModules/SwiftShims-9CQQGWTSNTN9EB5NSHDWUJICH.pcm
SwiftExplicitDependencyGeneratePcm arm64_32 /Users/admin/builder/spi-builder-workspace/.derivedData/SDKExplicitPrecompiledModules/_SwiftConcurrencyShims-6RTBPQ03V7BM9SPRK8SUE055H.pcm
SwiftExplicitDependencyGeneratePcm arm64_32 /Users/admin/builder/spi-builder-workspace/.derivedData/SDKExplicitPrecompiledModules/DeveloperToolsSupport-DZU5G1OCMNWU0AQRULIFHUJ1Z.pcm
SwiftExplicitDependencyGeneratePcm arm64 /Users/admin/builder/spi-builder-workspace/.derivedData/SDKExplicitPrecompiledModules/_Builtin_float-C0CW5Q4HGBQYKE77TC42IAFB5.pcm
SwiftExplicitDependencyGeneratePcm arm64 /Users/admin/builder/spi-builder-workspace/.derivedData/SDKExplicitPrecompiledModules/_Builtin_stddef-1FU30Y8SWFB7OUUHMJQH5J6FM.pcm
SwiftExplicitDependencyGeneratePcm arm64 /Users/admin/builder/spi-builder-workspace/.derivedData/SDKExplicitPrecompiledModules/_Builtin_stdbool-83J96QSOFE9VX04AAS6310UAE.pcm
SwiftExplicitDependencyGeneratePcm arm64_32 /Users/admin/builder/spi-builder-workspace/.derivedData/SDKExplicitPrecompiledModules/_Builtin_stdarg-D305JG44A2WPI6CJY37X3QJE8.pcm
SwiftExplicitDependencyGeneratePcm arm64_32 /Users/admin/builder/spi-builder-workspace/.derivedData/SDKExplicitPrecompiledModules/ptrcheck-7ELIH9BTIGVKX3UBITM9N72WD.pcm
SwiftExplicitDependencyGeneratePcm arm64_32 /Users/admin/builder/spi-builder-workspace/.derivedData/SDKExplicitPrecompiledModules/_Builtin_stdbool-A967K8W8YUYEC9SN52KJ7OO88.pcm
SwiftExplicitDependencyGeneratePcm arm64 /Users/admin/builder/spi-builder-workspace/.derivedData/SDKExplicitPrecompiledModules/_DarwinFoundation1-7SPX3MD0HMP55E4OLNCPNDQ53.pcm
SwiftExplicitDependencyGeneratePcm arm64_32 /Users/admin/builder/spi-builder-workspace/.derivedData/SDKExplicitPrecompiledModules/_DarwinFoundation1-2GWF9RFMPLQW4PDHS3NARVI3G.pcm
SwiftExplicitDependencyGeneratePcm arm64 /Users/admin/builder/spi-builder-workspace/.derivedData/SDKExplicitPrecompiledModules/_DarwinFoundation2-D0XAPJU49S5E9XMKYOFGSTB1Q.pcm
SwiftExplicitDependencyGeneratePcm arm64 /Users/admin/builder/spi-builder-workspace/.derivedData/SDKExplicitPrecompiledModules/_Builtin_limits-9GWPA2B0H20DYUNYHYCWKABJG.pcm
SwiftExplicitDependencyGeneratePcm arm64_32 /Users/admin/builder/spi-builder-workspace/.derivedData/SDKExplicitPrecompiledModules/_Builtin_limits-3VKBU2AFTD65PAJZ5CJ3LHFM2.pcm
SwiftExplicitDependencyGeneratePcm arm64_32 /Users/admin/builder/spi-builder-workspace/.derivedData/SDKExplicitPrecompiledModules/_DarwinFoundation2-9MY8GOSYRO0M9MKNXF6D3MBNK.pcm
SwiftExplicitDependencyGeneratePcm arm64_32 /Users/admin/builder/spi-builder-workspace/.derivedData/SDKExplicitPrecompiledModules/sys_types-8TLLMW08ZJWDGIIPKOYFGHHZW.pcm
SwiftExplicitDependencyGeneratePcm arm64_32 /Users/admin/builder/spi-builder-workspace/.derivedData/SDKExplicitPrecompiledModules/_Builtin_tgmath-23PGCKURCQILXMK0MYZRYDCOU.pcm
SwiftExplicitDependencyGeneratePcm arm64_32 /Users/admin/builder/spi-builder-workspace/.derivedData/SDKExplicitPrecompiledModules/string_h-BFVLUQUSBZWYMLCU9QI7VZALW.pcm
SwiftExplicitDependencyGeneratePcm arm64_32 /Users/admin/builder/spi-builder-workspace/.derivedData/SDKExplicitPrecompiledModules/_Builtin_stdint-1HMXWI3V0V4TXHRWZOMZGZ80Y.pcm
SwiftExplicitDependencyGeneratePcm arm64 /Users/admin/builder/spi-builder-workspace/.derivedData/SDKExplicitPrecompiledModules/_Builtin_tgmath-8NQ96OZ0YHXEC24JI95P01UF8.pcm
SwiftExplicitDependencyGeneratePcm arm64 /Users/admin/builder/spi-builder-workspace/.derivedData/SDKExplicitPrecompiledModules/sys_types-2KXQLI78OUCDP779AE68GZJ2.pcm
SwiftExplicitDependencyGeneratePcm arm64 /Users/admin/builder/spi-builder-workspace/.derivedData/SDKExplicitPrecompiledModules/string_h-E6PRXK75PHIPCZFWOFCQ3QBMK.pcm
SwiftExplicitDependencyGeneratePcm arm64 /Users/admin/builder/spi-builder-workspace/.derivedData/SDKExplicitPrecompiledModules/_Builtin_stdint-8XMILLJZEGRN2XG7XZUXZ5RLX.pcm
SwiftExplicitDependencyGeneratePcm arm64_32 /Users/admin/builder/spi-builder-workspace/.derivedData/SDKExplicitPrecompiledModules/_Builtin_intrinsics-196IIAKDQVU42DLOZP9OQCV76.pcm
SwiftExplicitDependencyGeneratePcm arm64_32 /Users/admin/builder/spi-builder-workspace/.derivedData/SDKExplicitPrecompiledModules/_DarwinFoundation3-3DUTYQDQSD9HUAAVY947NMWOI.pcm
SwiftExplicitDependencyGeneratePcm arm64_32 /Users/admin/builder/spi-builder-workspace/.derivedData/SDKExplicitPrecompiledModules/_Builtin_stdatomic-1TY035TURL76BF2U98PZPPZRX.pcm
SwiftExplicitDependencyGeneratePcm arm64 /Users/admin/builder/spi-builder-workspace/.derivedData/SDKExplicitPrecompiledModules/_Builtin_intrinsics-75960HIPCIYA06IUW8FIIPQT.pcm
SwiftExplicitDependencyGeneratePcm arm64 /Users/admin/builder/spi-builder-workspace/.derivedData/SDKExplicitPrecompiledModules/_Builtin_stdatomic-7JEFA3KBJJJN6TKJWY3OG1VG5.pcm
SwiftExplicitDependencyGeneratePcm arm64 /Users/admin/builder/spi-builder-workspace/.derivedData/SDKExplicitPrecompiledModules/_DarwinFoundation3-B97LRG0E9GON2NUE65TVG81HU.pcm
SwiftExplicitDependencyGeneratePcm arm64_32 /Users/admin/builder/spi-builder-workspace/.derivedData/SDKExplicitPrecompiledModules/_Builtin_inttypes-D2KPCR4PEX9AQA33NGLUT5SBR.pcm
SwiftExplicitDependencyGeneratePcm arm64 /Users/admin/builder/spi-builder-workspace/.derivedData/SDKExplicitPrecompiledModules/_Builtin_inttypes-3UQSCM7WNM9EK4HZML8TY5J3D.pcm
SwiftExplicitDependencyGeneratePcm arm64_32 /Users/admin/builder/spi-builder-workspace/.derivedData/SDKExplicitPrecompiledModules/Darwin-3FVT1SKLN2ZQ5RVOABMTQBB34.pcm
SwiftExplicitDependencyGeneratePcm arm64 /Users/admin/builder/spi-builder-workspace/.derivedData/SDKExplicitPrecompiledModules/Darwin-3984OXKFNSPE77NT743WK8SEX.pcm
SwiftExplicitDependencyGeneratePcm arm64_32 /Users/admin/builder/spi-builder-workspace/.derivedData/SDKExplicitPrecompiledModules/simd-21UNWYOBUZI1LVSQ99S1XBLMO.pcm
SwiftExplicitDependencyGeneratePcm arm64 /Users/admin/builder/spi-builder-workspace/.derivedData/SDKExplicitPrecompiledModules/simd-EH08NODU6574T74ZKU61VP9BW.pcm
SwiftExplicitDependencyGeneratePcm arm64 /Users/admin/builder/spi-builder-workspace/.derivedData/SDKExplicitPrecompiledModules/MachO-2U90NNSAQILBNBPS1SA4F8TYP.pcm
SwiftExplicitDependencyGeneratePcm arm64 /Users/admin/builder/spi-builder-workspace/.derivedData/SDKExplicitPrecompiledModules/ObjectiveC-72IVD3VS2RS8Q28D9PIMY0KQP.pcm
SwiftExplicitDependencyGeneratePcm arm64_32 /Users/admin/builder/spi-builder-workspace/.derivedData/SDKExplicitPrecompiledModules/MachO-56838ZJ0NC1EBAJ0O6O8QMPDX.pcm
SwiftExplicitDependencyGeneratePcm arm64_32 /Users/admin/builder/spi-builder-workspace/.derivedData/SDKExplicitPrecompiledModules/ObjectiveC-6IJNELR2E80E7LUKESVCP2KET.pcm
SwiftExplicitDependencyGeneratePcm arm64 /Users/admin/builder/spi-builder-workspace/.derivedData/SDKExplicitPrecompiledModules/os_object-3SDKD7F87FTZ26OON37DRYT6O.pcm
SwiftExplicitDependencyGeneratePcm arm64_32 /Users/admin/builder/spi-builder-workspace/.derivedData/SDKExplicitPrecompiledModules/os_object-5YWTC6L4756IWSTPGXS5NM0D0.pcm
SwiftExplicitDependencyGeneratePcm arm64 /Users/admin/builder/spi-builder-workspace/.derivedData/SDKExplicitPrecompiledModules/os_workgroup-89GG5G7YC2D0ZTK6AZXXQ20DH.pcm
SwiftExplicitDependencyGeneratePcm arm64_32 /Users/admin/builder/spi-builder-workspace/.derivedData/SDKExplicitPrecompiledModules/os_workgroup-5JHTPDMNBUNHLJI8LPHKQK1JK.pcm
SwiftExplicitDependencyGeneratePcm arm64 /Users/admin/builder/spi-builder-workspace/.derivedData/SDKExplicitPrecompiledModules/Spatial-44FJGYXFAT2AQAW9Z6T7YS02U.pcm
SwiftExplicitDependencyGeneratePcm arm64_32 /Users/admin/builder/spi-builder-workspace/.derivedData/SDKExplicitPrecompiledModules/Spatial-CWVWNML3T0NXVHZDKVLD3X1YZ.pcm
SwiftExplicitDependencyGeneratePcm arm64_32 /Users/admin/builder/spi-builder-workspace/.derivedData/SDKExplicitPrecompiledModules/Dispatch-2P62F1T4XV63S4P99TUDTOK2Q.pcm
SwiftExplicitDependencyGeneratePcm arm64 /Users/admin/builder/spi-builder-workspace/.derivedData/SDKExplicitPrecompiledModules/Dispatch-1NLJOVAK60XP0DUB05XA59EIM.pcm
SwiftExplicitDependencyGeneratePcm arm64 /Users/admin/builder/spi-builder-workspace/.derivedData/SDKExplicitPrecompiledModules/XPC-40DR0X1DHKGCV4J1IOLFS8MOU.pcm
SwiftExplicitDependencyGeneratePcm arm64 /Users/admin/builder/spi-builder-workspace/.derivedData/SDKExplicitPrecompiledModules/CoreFoundation-8T2L24YC5NU7WO6WQJWRY7W08.pcm
SwiftExplicitDependencyGeneratePcm arm64_32 /Users/admin/builder/spi-builder-workspace/.derivedData/SDKExplicitPrecompiledModules/CoreFoundation-8E6Y4BA3EXYKUGJ24GT9LGV3N.pcm
SwiftExplicitDependencyGeneratePcm arm64_32 /Users/admin/builder/spi-builder-workspace/.derivedData/SDKExplicitPrecompiledModules/XPC-81Y45QFY96XYYFCW2GT6FY8S4.pcm
SwiftExplicitDependencyGeneratePcm arm64 /Users/admin/builder/spi-builder-workspace/.derivedData/SDKExplicitPrecompiledModules/os-5DIL6Z9LFIGLMZAHM7X2T5435.pcm
SwiftExplicitDependencyGeneratePcm arm64_32 /Users/admin/builder/spi-builder-workspace/.derivedData/SDKExplicitPrecompiledModules/os-E5IGB442IA6SBB25TTCOLK2OC.pcm
SwiftExplicitDependencyGeneratePcm arm64_32 /Users/admin/builder/spi-builder-workspace/.derivedData/SDKExplicitPrecompiledModules/CoreGraphics-9FDXYX6BKBUT6TJ2VF819E7T5.pcm
SwiftExplicitDependencyGeneratePcm arm64_32 /Users/admin/builder/spi-builder-workspace/.derivedData/SDKExplicitPrecompiledModules/CoreAudioTypes-9GVB1DHA32M46R4A9NWSI3I2K.pcm
SwiftExplicitDependencyGeneratePcm arm64_32 /Users/admin/builder/spi-builder-workspace/.derivedData/SDKExplicitPrecompiledModules/Security-D7TOWF88VWF67TB9HAFP5UWB1.pcm
SwiftExplicitDependencyGeneratePcm arm64 /Users/admin/builder/spi-builder-workspace/.derivedData/SDKExplicitPrecompiledModules/CoreGraphics-DWNZ73GEH98SBJXZ7DEXB420K.pcm
SwiftExplicitDependencyGeneratePcm arm64 /Users/admin/builder/spi-builder-workspace/.derivedData/SDKExplicitPrecompiledModules/Security-6RZ6YBRU8WCUHRFFRVUK5WKMM.pcm
SwiftExplicitDependencyGeneratePcm arm64 /Users/admin/builder/spi-builder-workspace/.derivedData/SDKExplicitPrecompiledModules/CoreAudioTypes-A9MF7N5LT63G21HNFVM6BT14B.pcm
SwiftExplicitDependencyGeneratePcm arm64_32 /Users/admin/builder/spi-builder-workspace/.derivedData/SDKExplicitPrecompiledModules/CoreAudio-5W6MX6OUPWBMUR8VD5LHT1PZF.pcm
SwiftExplicitDependencyGeneratePcm arm64 /Users/admin/builder/spi-builder-workspace/.derivedData/SDKExplicitPrecompiledModules/CoreAudio-1B79RJJTP71GE6UY9WLESAN3C.pcm
SwiftExplicitDependencyGeneratePcm arm64_32 /Users/admin/builder/spi-builder-workspace/.derivedData/SDKExplicitPrecompiledModules/Foundation-BJ2VQGI3OGR34500MEQ1VKHPH.pcm
SwiftExplicitDependencyGeneratePcm arm64 /Users/admin/builder/spi-builder-workspace/.derivedData/SDKExplicitPrecompiledModules/Foundation-DLBKUSGXN8QHAT8W0OARR9S8A.pcm
SwiftExplicitDependencyGeneratePcm arm64_32 /Users/admin/builder/spi-builder-workspace/.derivedData/SDKExplicitPrecompiledModules/CoreText-C9X2REPZN2V5BSU4G80FCETDR.pcm
SwiftExplicitDependencyGeneratePcm arm64 /Users/admin/builder/spi-builder-workspace/.derivedData/SDKExplicitPrecompiledModules/CoreVideo-8MRR5MNWUOAW2DBPGUQ8FKK4.pcm
SwiftExplicitDependencyGeneratePcm arm64 /Users/admin/builder/spi-builder-workspace/.derivedData/SDKExplicitPrecompiledModules/CoreText-970YJN6NIYGK1316L35Z0O8QT.pcm
SwiftExplicitDependencyGeneratePcm arm64_32 /Users/admin/builder/spi-builder-workspace/.derivedData/SDKExplicitPrecompiledModules/CoreVideo-2P8HI0403J99LBDPKNFJ5D4DL.pcm
SwiftExplicitDependencyGeneratePcm arm64_32 /Users/admin/builder/spi-builder-workspace/.derivedData/SDKExplicitPrecompiledModules/CoreMedia-AO387T8CHWTTZODD1DGT0UAFA.pcm
SwiftExplicitDependencyGeneratePcm arm64 /Users/admin/builder/spi-builder-workspace/.derivedData/SDKExplicitPrecompiledModules/CoreMedia-1AJVCUZNAO74KIKMFVFUUHWDI.pcm
SwiftExplicitDependencyGeneratePcm arm64_32 /Users/admin/builder/spi-builder-workspace/.derivedData/SDKExplicitPrecompiledModules/CoreData-7AU1AFQWUH88EAPDKVMLJPKVD.pcm
SwiftExplicitDependencyGeneratePcm arm64_32 /Users/admin/builder/spi-builder-workspace/.derivedData/SDKExplicitPrecompiledModules/Symbols-1H97WMG76HU94F5VGJR19PXFY.pcm
SwiftExplicitDependencyGeneratePcm arm64_32 /Users/admin/builder/spi-builder-workspace/.derivedData/SDKExplicitPrecompiledModules/DataDetection-U9BF7WHFVA6BZGFXXXP272PS.pcm
SwiftExplicitDependencyGeneratePcm arm64_32 /Users/admin/builder/spi-builder-workspace/.derivedData/SDKExplicitPrecompiledModules/OSLog-D9AVFY0KWO7RVBIQ73CBIJVCN.pcm
SwiftExplicitDependencyGeneratePcm arm64_32 /Users/admin/builder/spi-builder-workspace/.derivedData/SDKExplicitPrecompiledModules/Accessibility-F385OMZ5GYBUY5O4QAJB4NRII.pcm
SwiftExplicitDependencyGeneratePcm arm64_32 /Users/admin/builder/spi-builder-workspace/.derivedData/SDKExplicitPrecompiledModules/_LocationEssentials-AQ1OL9QKC3LQLY5CNSRM1HB53.pcm
SwiftExplicitDependencyGeneratePcm arm64_32 /Users/admin/builder/spi-builder-workspace/.derivedData/SDKExplicitPrecompiledModules/UserNotifications-6TBN8TEAKO014N1T2QD926XED.pcm
SwiftExplicitDependencyGeneratePcm arm64_32 /Users/admin/builder/spi-builder-workspace/.derivedData/SDKExplicitPrecompiledModules/SceneKit-DKNLHKM5FJBQ79LSNMSSMBUBR.pcm
SwiftExplicitDependencyGeneratePcm arm64 /Users/admin/builder/spi-builder-workspace/.derivedData/SDKExplicitPrecompiledModules/UIUtilities-IR7RNW23VAUKYI9MLCS9NL9A.pcm
SwiftExplicitDependencyGeneratePcm arm64 /Users/admin/builder/spi-builder-workspace/.derivedData/SDKExplicitPrecompiledModules/UserNotifications-ARAH8MEQ0C2L0FBO39HITJMAO.pcm
SwiftExplicitDependencyGeneratePcm arm64 /Users/admin/builder/spi-builder-workspace/.derivedData/SDKExplicitPrecompiledModules/UniformTypeIdentifiers-8L08Q8DQJV8C4AW84YVGFGTRN.pcm
SwiftExplicitDependencyGeneratePcm arm64 /Users/admin/builder/spi-builder-workspace/.derivedData/SDKExplicitPrecompiledModules/Symbols-3EFABTJ9L5PQDJ7RQCYQWEJMM.pcm
SwiftExplicitDependencyGeneratePcm arm64_32 /Users/admin/builder/spi-builder-workspace/.derivedData/SDKExplicitPrecompiledModules/UIUtilities-9YFVNIMRC5HRVOIARNWHP1E3H.pcm
SwiftExplicitDependencyGeneratePcm arm64 /Users/admin/builder/spi-builder-workspace/.derivedData/SDKExplicitPrecompiledModules/CoreData-9JFJC4UET8BAO5IPV2JU6W9V8.pcm
SwiftExplicitDependencyGeneratePcm arm64 /Users/admin/builder/spi-builder-workspace/.derivedData/SDKExplicitPrecompiledModules/CoreTransferable-9PPG3SLJ55T4LITIFYX2M0NOZ.pcm
SwiftExplicitDependencyGeneratePcm arm64 /Users/admin/builder/spi-builder-workspace/.derivedData/SDKExplicitPrecompiledModules/QuartzCore-94KFMWNOU7ZLUZNB4T5DLZC9D.pcm
SwiftExplicitDependencyGeneratePcm arm64_32 /Users/admin/builder/spi-builder-workspace/.derivedData/SDKExplicitPrecompiledModules/CoreTransferable-5D4IR6X37682FPHJ5CBPTKQV6.pcm
SwiftExplicitDependencyGeneratePcm arm64 /Users/admin/builder/spi-builder-workspace/.derivedData/SDKExplicitPrecompiledModules/_LocationEssentials-5ZZDGDXB6HLQUC72SJW7YJ7MK.pcm
SwiftExplicitDependencyGeneratePcm arm64 /Users/admin/builder/spi-builder-workspace/.derivedData/SDKExplicitPrecompiledModules/DataDetection-7BNVI1SZW5ISQL5SX4WL2X7I5.pcm
SwiftExplicitDependencyGeneratePcm arm64 /Users/admin/builder/spi-builder-workspace/.derivedData/SDKExplicitPrecompiledModules/SceneKit-5HZKIL7XETTTD8TOHYPN8JKRJ.pcm
SwiftExplicitDependencyGeneratePcm arm64_32 /Users/admin/builder/spi-builder-workspace/.derivedData/SDKExplicitPrecompiledModules/CoreLocation-8XU5YMYM4P11RQMYCQAG65ITK.pcm
SwiftExplicitDependencyGeneratePcm arm64_32 /Users/admin/builder/spi-builder-workspace/.derivedData/SDKExplicitPrecompiledModules/UniformTypeIdentifiers-CJZ3NTHPSBH4XWX5EVOG56UZS.pcm
SwiftExplicitDependencyGeneratePcm arm64 /Users/admin/builder/spi-builder-workspace/.derivedData/SDKExplicitPrecompiledModules/Accessibility-27QMG6ZQ1NKYTNBYFPM1XKNFC.pcm
SwiftExplicitDependencyGeneratePcm arm64_32 /Users/admin/builder/spi-builder-workspace/.derivedData/SDKExplicitPrecompiledModules/QuartzCore-6375NPYACK5NYVHPMC1QQ8MC2.pcm
SwiftExplicitDependencyGeneratePcm arm64 /Users/admin/builder/spi-builder-workspace/.derivedData/SDKExplicitPrecompiledModules/OSLog-B7VGO357Y3GJG35TST7DKDSI3.pcm
SwiftExplicitDependencyGeneratePcm arm64 /Users/admin/builder/spi-builder-workspace/.derivedData/SDKExplicitPrecompiledModules/CoreLocation-ACKJ9K7ABI14F97Y46Y6SRR17.pcm
SwiftExplicitDependencyGeneratePcm arm64 /Users/admin/builder/spi-builder-workspace/.derivedData/SDKExplicitPrecompiledModules/SwiftUICore-C1DST1IX2Z0PTH5SJJZ1IULRB.pcm
SwiftExplicitDependencyGeneratePcm arm64_32 /Users/admin/builder/spi-builder-workspace/.derivedData/SDKExplicitPrecompiledModules/CoreMotion-1XGTVTE5PP32UHME8AC63TL6.pcm
SwiftExplicitDependencyGeneratePcm arm64 /Users/admin/builder/spi-builder-workspace/.derivedData/SDKExplicitPrecompiledModules/CoreMotion-6RD5K48QT1F4L9CATNFD2O7YB.pcm
SwiftExplicitDependencyGeneratePcm arm64_32 /Users/admin/builder/spi-builder-workspace/.derivedData/SDKExplicitPrecompiledModules/SwiftUICore-3Q7WLRD8MR9R3NGIPUBQCP6F6.pcm
SwiftExplicitDependencyGeneratePcm arm64_32 /Users/admin/builder/spi-builder-workspace/.derivedData/SDKExplicitPrecompiledModules/UIKit-6PPV7YPZ89CZPHYAP072QH8B6.pcm
SwiftExplicitDependencyGeneratePcm arm64 /Users/admin/builder/spi-builder-workspace/.derivedData/SDKExplicitPrecompiledModules/UIKit-27R3P1YMV4C6JLDT661G3MRIA.pcm
SwiftExplicitDependencyGeneratePcm arm64_32 /Users/admin/builder/spi-builder-workspace/.derivedData/SDKExplicitPrecompiledModules/HomeKit-DUDZOMSN3UK8GNTNBNMPIWJRN.pcm
SwiftExplicitDependencyGeneratePcm arm64_32 /Users/admin/builder/spi-builder-workspace/.derivedData/SDKExplicitPrecompiledModules/MapKit-CWGB4YMP1VX1NYQN5FULFD5DR.pcm
SwiftExplicitDependencyGeneratePcm arm64 /Users/admin/builder/spi-builder-workspace/.derivedData/SDKExplicitPrecompiledModules/MapKit-EJJWC7IL56MPLQMI93GJRE5OG.pcm
SwiftExplicitDependencyGeneratePcm arm64 /Users/admin/builder/spi-builder-workspace/.derivedData/SDKExplicitPrecompiledModules/HomeKit-DTS1N4AWILAL1URZ5IOXV5221.pcm
SwiftExplicitDependencyGeneratePcm arm64_32 /Users/admin/builder/spi-builder-workspace/.derivedData/SDKExplicitPrecompiledModules/WatchKit-FHF6WTKLC2APGK3LA2XJ6516.pcm
SwiftExplicitDependencyGeneratePcm arm64 /Users/admin/builder/spi-builder-workspace/.derivedData/SDKExplicitPrecompiledModules/WatchKit-3VT3K8YON6FJ6OWSUFJMFMP8J.pcm
SwiftExplicitDependencyGeneratePcm arm64_32 /Users/admin/builder/spi-builder-workspace/.derivedData/SDKExplicitPrecompiledModules/SwiftUI-9AYG9OCT5VOJK7V4MX1WYR86T.pcm
SwiftExplicitDependencyGeneratePcm arm64 /Users/admin/builder/spi-builder-workspace/.derivedData/SDKExplicitPrecompiledModules/SwiftUI-APXDH8ULYLM6FD17YRA73TULO.pcm
SwiftCompile normal arm64 Compiling\ UIViewControllerWrapper.swift,\ UIViewWrapper.swift /Users/admin/builder/spi-builder-workspace/Sources/UIPreview/UIKitWrapper/UIViewControllerWrapper.swift /Users/admin/builder/spi-builder-workspace/Sources/UIPreview/UIKitWrapper/UIViewWrapper.swift (in target 'UIPreview' from project 'UIPreview')
SwiftCompile normal arm64 /Users/admin/builder/spi-builder-workspace/Sources/UIPreview/UIKitWrapper/UIViewControllerWrapper.swift (in target 'UIPreview' from project 'UIPreview')
    cd /Users/admin/builder/spi-builder-workspace/.swiftpm/xcode
    builtin-SwiftPerFileCompile UIViewControllerWrapper.swift
SwiftCompile normal arm64 /Users/admin/builder/spi-builder-workspace/Sources/UIPreview/UIKitWrapper/UIViewWrapper.swift (in target 'UIPreview' from project 'UIPreview')
    cd /Users/admin/builder/spi-builder-workspace/.swiftpm/xcode
    builtin-SwiftPerFileCompile UIViewWrapper.swift
/Users/admin/builder/spi-builder-workspace/Sources/UIPreview/UIKitWrapper/UIViewControllerWrapper.swift:22:45: error: cannot find type 'Context' in scope
20 |   }
21 |
22 |   public func makeUIViewController(context: Context) -> ContentView {
   |                                             `- error: cannot find type 'Context' in scope
23 |     context.coordinator.builder()
24 |   }
/Users/admin/builder/spi-builder-workspace/Sources/UIPreview/UIKitWrapper/UIViewControllerWrapper.swift:26:80: error: cannot find type 'Context' in scope
24 |   }
25 |
26 |   public func updateUIViewController(_ uiViewController: ContentView, context: Context) {
   |                                                                                `- error: cannot find type 'Context' in scope
27 |     context.coordinator.updater(uiViewController)
28 |   }
/Users/admin/builder/spi-builder-workspace/Sources/UIPreview/UIKitWrapper/UIViewControllerWrapper.swift:8:71: error: cannot find type 'UIViewControllerRepresentable' in scope
 6 | /// Generic helper to display `UIViewController` in the Swift UI
 7 | @available(iOS 13, *)
 8 | public struct UIViewControllerWrapper<ContentView: UIViewController>: UIViewControllerRepresentable {
   |                                                                       `- error: cannot find type 'UIViewControllerRepresentable' in scope
 9 |   let contextBuilder: () -> ViewCoordinator<ContentView>
10 |
/Users/admin/builder/spi-builder-workspace/Sources/UIPreview/UIKitWrapper/UIViewControllerWrapper.swift:8:52: error: 'UIViewController' is unavailable in watchOS
 6 | /// Generic helper to display `UIViewController` in the Swift UI
 7 | @available(iOS 13, *)
 8 | public struct UIViewControllerWrapper<ContentView: UIViewController>: UIViewControllerRepresentable {
   |                                                    `- error: 'UIViewController' is unavailable in watchOS
 9 |   let contextBuilder: () -> ViewCoordinator<ContentView>
10 |
/Applications/Xcode-27.0.0-Release.Candidate.app/Contents/Developer/Platforms/WatchOS.platform/Developer/SDKs/WatchOS27.0.sdk/System/Library/Frameworks/UIKit.framework/Headers/UIViewController.h:104:12: note: 'UIViewController' has been explicitly marked unavailable here
102 |
103 | UIKIT_EXTERN API_AVAILABLE(ios(2.0)) API_UNAVAILABLE(watchos) NS_SWIFT_UI_ACTOR
104 | @interface UIViewController : UIResponder <NSCoding, UIAppearanceContainer, UITraitEnvironment, UIContentContainer, UIFocusEnvironment>
    |            `- note: 'UIViewController' has been explicitly marked unavailable here
105 |
106 | /*
/Users/admin/builder/spi-builder-workspace/Sources/UIPreview/UIKitWrapper/UIViewWrapper.swift:22:35: error: cannot find type 'Context' in scope
20 |   }
21 |
22 |   public func makeUIView(context: Context) -> ContentView {
   |                                   `- error: cannot find type 'Context' in scope
23 |     context.coordinator.builder()
24 |   }
/Users/admin/builder/spi-builder-workspace/Sources/UIPreview/UIKitWrapper/UIViewWrapper.swift:26:60: error: cannot find type 'Context' in scope
24 |   }
25 |
26 |   public func updateUIView(_ uiView: ContentView, context: Context) {
   |                                                            `- error: cannot find type 'Context' in scope
27 |     uiView.setContentHuggingPriority(.defaultHigh, for: .vertical)
28 |     uiView.setContentHuggingPriority(.defaultHigh, for: .horizontal)
/Users/admin/builder/spi-builder-workspace/Sources/UIPreview/UIKitWrapper/UIViewWrapper.swift:8:51: error: cannot find type 'UIViewRepresentable' in scope
 6 | /// Generic helper to display `UIView` in the Swift UI
 7 | @available(iOS 13, *)
 8 | public struct UIViewWrapper<ContentView: UIView>: UIViewRepresentable {
   |                                                   `- error: cannot find type 'UIViewRepresentable' in scope
 9 |   let contextBuilder: () -> ViewCoordinator<ContentView>
10 |
/Users/admin/builder/spi-builder-workspace/Sources/UIPreview/UIKitWrapper/UIViewWrapper.swift:8:42: error: 'UIView' is unavailable in watchOS
 6 | /// Generic helper to display `UIView` in the Swift UI
 7 | @available(iOS 13, *)
 8 | public struct UIViewWrapper<ContentView: UIView>: UIViewRepresentable {
   |                                          `- error: 'UIView' is unavailable in watchOS
 9 |   let contextBuilder: () -> ViewCoordinator<ContentView>
10 |
/Applications/Xcode-27.0.0-Release.Candidate.app/Contents/Developer/Platforms/WatchOS.platform/Developer/SDKs/WatchOS27.0.sdk/System/Library/Frameworks/UIKit.framework/Headers/UIView.h:152:12: note: 'UIView' has been explicitly marked unavailable here
150 |
151 | UIKIT_EXTERN API_AVAILABLE(ios(2.0)) API_UNAVAILABLE(watchos) NS_SWIFT_UI_ACTOR
152 | @interface UIView : UIResponder <NSCoding, UIAppearance, UIAppearanceContainer, UIDynamicItem, UITraitEnvironment, UICoordinateSpace, UIFocusItem, UIFocusItemContainer, CALayerDelegate>
    |            `- note: 'UIView' has been explicitly marked unavailable here
153 |
154 | @property(class, nonatomic, readonly) Class layerClass;                        // default is [CALayer class]. Used when creating the underlying layer for the view.
/Users/admin/builder/spi-builder-workspace/Sources/UIPreview/UIKitWrapper/UIViewWrapper.swift:27:39: error: 'defaultHigh' is unavailable in watchOS
25 |
26 |   public func updateUIView(_ uiView: ContentView, context: Context) {
27 |     uiView.setContentHuggingPriority(.defaultHigh, for: .vertical)
   |                                       `- error: 'defaultHigh' is unavailable in watchOS
28 |     uiView.setContentHuggingPriority(.defaultHigh, for: .horizontal)
29 |     context.coordinator.updater(uiView)
UIKit.UILayoutPriority.defaultHigh:3:21: note: 'defaultHigh' has been explicitly marked unavailable here
1 | struct UILayoutPriority {
2 | @available(watchOS, unavailable)
3 |   public static var defaultHigh: UILayoutPriority { get }}
  |                     `- note: 'defaultHigh' has been explicitly marked unavailable here
4 |
SwiftCompile normal arm64 Compiling\ ViewCoordinator.swift /Users/admin/builder/spi-builder-workspace/Sources/UIPreview/UIKitWrapper/ViewCoordinator.swift (in target 'UIPreview' from project 'UIPreview')
SwiftCompile normal arm64 /Users/admin/builder/spi-builder-workspace/Sources/UIPreview/UIKitWrapper/ViewCoordinator.swift (in target 'UIPreview' from project 'UIPreview')
    cd /Users/admin/builder/spi-builder-workspace/.swiftpm/xcode
    builtin-SwiftPerFileCompile ViewCoordinator.swift
SwiftEmitModule normal arm64 Emitting\ module\ for\ UIPreview (in target 'UIPreview' from project 'UIPreview')
/Users/admin/builder/spi-builder-workspace/Sources/UIPreview/Extensions/View+UIViewController.swift:8:37: error: 'UIViewController' is unavailable in watchOS
 6 | @available(iOS 13, *)
 7 | extension View {
 8 |   public func asViewController() -> UIViewController {
   |                                     `- error: 'UIViewController' is unavailable in watchOS
 9 |     UIHostingController(rootView: self)
10 |   }
/Applications/Xcode-27.0.0-Release.Candidate.app/Contents/Developer/Platforms/WatchOS.platform/Developer/SDKs/WatchOS27.0.sdk/System/Library/Frameworks/UIKit.framework/Headers/UIViewController.h:104:12: note: 'UIViewController' has been explicitly marked unavailable here
102 |
103 | UIKIT_EXTERN API_AVAILABLE(ios(2.0)) API_UNAVAILABLE(watchos) NS_SWIFT_UI_ACTOR
104 | @interface UIViewController : UIResponder <NSCoding, UIAppearanceContainer, UITraitEnvironment, UIContentContainer, UIFocusEnvironment>
    |            `- note: 'UIViewController' has been explicitly marked unavailable here
105 |
106 | /*
/Users/admin/builder/spi-builder-workspace/Sources/UIPreview/UICatalog/CatalogItemView.swift:39:31: error: 'UILabel' is unavailable in watchOS
37 | }
38 |
39 | private final class TestView: UILabel, UICatalogPresentable {
   |                               `- error: 'UILabel' is unavailable in watchOS
40 |   static var previewModels = [
41 |     "Hello world",
/Applications/Xcode-27.0.0-Release.Candidate.app/Contents/Developer/Platforms/WatchOS.platform/Developer/SDKs/WatchOS27.0.sdk/System/Library/Frameworks/UIKit.framework/Headers/UILabel.h:33:12: note: 'UILabel' has been explicitly marked unavailable here
 31 |
 32 | UIKIT_EXTERN API_AVAILABLE(ios(2.0)) API_UNAVAILABLE(watchos) NS_SWIFT_UI_ACTOR
 33 | @interface UILabel : UIView <NSCoding, UIContentSizeCategoryAdjusting, UILetterformAwareAdjusting>
    |            `- note: 'UILabel' has been explicitly marked unavailable here
 34 |
 35 | @property(nullable, nonatomic,copy)   NSString           *text; // default is nil
/Users/admin/builder/spi-builder-workspace/Sources/UIPreview/UICatalog/Preview.swift:24:39: error: 'UIViewController' is unavailable in watchOS
22 |     /// Convert preview to the `UIViewController`
23 |     /// - Returns: generated UIViewController instance
24 |     public func asViewController() -> UIViewController {
   |                                       `- error: 'UIViewController' is unavailable in watchOS
25 |       preview().asViewController()
26 |     }
/Applications/Xcode-27.0.0-Release.Candidate.app/Contents/Developer/Platforms/WatchOS.platform/Developer/SDKs/WatchOS27.0.sdk/System/Library/Frameworks/UIKit.framework/Headers/UIViewController.h:104:12: note: 'UIViewController' has been explicitly marked unavailable here
102 |
103 | UIKIT_EXTERN API_AVAILABLE(ios(2.0)) API_UNAVAILABLE(watchos) NS_SWIFT_UI_ACTOR
104 | @interface UIViewController : UIResponder <NSCoding, UIAppearanceContainer, UITraitEnvironment, UIContentContainer, UIFocusEnvironment>
    |            `- note: 'UIViewController' has been explicitly marked unavailable here
105 |
106 | /*
/Users/admin/builder/spi-builder-workspace/Sources/UIPreview/UICatalog/PreviewConfiguration.swift:11:23: error: 'UIContentSizeCategory' is unavailable in watchOS
 9 |   public struct PreviewConfiguration {
10 |     let themes: [Theme]
11 |     let contentSize: [UIContentSizeCategory]
   |                       `- error: 'UIContentSizeCategory' is unavailable in watchOS
12 |     let size: CGSize?
13 |     let itemStyle: PreviewItemStyle
/Applications/Xcode-27.0.0-Release.Candidate.app/Contents/Developer/Platforms/WatchOS.platform/Developer/SDKs/WatchOS27.0.sdk/System/Library/Frameworks/UIKit.framework/Headers/UIContentSizeCategory.h:14:20: note: 'UIContentSizeCategory' has been explicitly marked unavailable here
12 | NS_HEADER_AUDIT_BEGIN(nullability, sendability)
13 |
14 | typedef NSString * UIContentSizeCategory NS_TYPED_ENUM API_AVAILABLE(ios(7.0)) API_UNAVAILABLE(watchos);
   |                    `- note: 'UIContentSizeCategory' has been explicitly marked unavailable here
15 |
16 | // Content size category constants
/Users/admin/builder/spi-builder-workspace/Sources/UIPreview/UICatalog/PreviewConfiguration.swift:25:29: error: 'UIContentSizeCategory' is unavailable in watchOS
23 |   ///   - size: required size
24 |   public init(themes: [UICatalog.Theme] = UICatalog.Theme.allCases,
25 |               contentSize: [UIContentSizeCategory] = [.unspecified],
   |                             `- error: 'UIContentSizeCategory' is unavailable in watchOS
26 |               size: CGSize? = nil) {
27 |     self.themes = themes
/Applications/Xcode-27.0.0-Release.Candidate.app/Contents/Developer/Platforms/WatchOS.platform/Developer/SDKs/WatchOS27.0.sdk/System/Library/Frameworks/UIKit.framework/Headers/UIContentSizeCategory.h:14:20: note: 'UIContentSizeCategory' has been explicitly marked unavailable here
12 | NS_HEADER_AUDIT_BEGIN(nullability, sendability)
13 |
14 | typedef NSString * UIContentSizeCategory NS_TYPED_ENUM API_AVAILABLE(ios(7.0)) API_UNAVAILABLE(watchos);
   |                    `- note: 'UIContentSizeCategory' has been explicitly marked unavailable here
15 |
16 | // Content size category constants
/Users/admin/builder/spi-builder-workspace/Sources/UIPreview/UICatalog/PreviewConfiguration.swift:25:56: error: 'unspecified' is unavailable in watchOS
23 |   ///   - size: required size
24 |   public init(themes: [UICatalog.Theme] = UICatalog.Theme.allCases,
25 |               contentSize: [UIContentSizeCategory] = [.unspecified],
   |                                                        `- error: 'unspecified' is unavailable in watchOS
26 |               size: CGSize? = nil) {
27 |     self.themes = themes
/Applications/Xcode-27.0.0-Release.Candidate.app/Contents/Developer/Platforms/WatchOS.platform/Developer/SDKs/WatchOS27.0.sdk/System/Library/Frameworks/UIKit.framework/Headers/UIContentSizeCategory.h:18:42: note: 'unspecified' has been explicitly marked unavailable here
16 | // Content size category constants
17 |
18 | UIKIT_EXTERN UIContentSizeCategory const UIContentSizeCategoryUnspecified API_AVAILABLE(ios(10.0)) API_UNAVAILABLE(watchos);
   |                                          `- note: 'unspecified' has been explicitly marked unavailable here
19 | UIKIT_EXTERN UIContentSizeCategory const UIContentSizeCategoryExtraSmall API_AVAILABLE(ios(7.0)) API_UNAVAILABLE(watchos);
20 | UIKIT_EXTERN UIContentSizeCategory const UIContentSizeCategorySmall API_AVAILABLE(ios(7.0)) API_UNAVAILABLE(watchos);
/Users/admin/builder/spi-builder-workspace/Sources/UIPreview/UICatalog/UICatalogPresentable.swift:34:44: error: 'UIView' is unavailable in watchOS
32 |
33 | @available(iOS 13, *)
34 | extension UICatalogPresentable where Self: UIView {
   |                                            `- error: 'UIView' is unavailable in watchOS
35 |   public func preview(with model: PreviewModel) -> AnyView {
36 |     AnyView(UIViewWrapper(self) { $0.apply(previewModel: model) })
/Applications/Xcode-27.0.0-Release.Candidate.app/Contents/Developer/Platforms/WatchOS.platform/Developer/SDKs/WatchOS27.0.sdk/System/Library/Frameworks/UIKit.framework/Headers/UIView.h:152:12: note: 'UIView' has been explicitly marked unavailable here
150 |
151 | UIKIT_EXTERN API_AVAILABLE(ios(2.0)) API_UNAVAILABLE(watchos) NS_SWIFT_UI_ACTOR
152 | @interface UIView : UIResponder <NSCoding, UIAppearance, UIAppearanceContainer, UIDynamicItem, UITraitEnvironment, UICoordinateSpace, UIFocusItem, UIFocusItemContainer, CALayerDelegate>
    |            `- note: 'UIView' has been explicitly marked unavailable here
153 |
154 | @property(class, nonatomic, readonly) Class layerClass;                        // default is [CALayer class]. Used when creating the underlying layer for the view.
/Users/admin/builder/spi-builder-workspace/Sources/UIPreview/UICatalog/UICatalogPresentable.swift:40:44: error: 'UIView' is unavailable in watchOS
38 | }
39 |
40 | extension UICatalogPresentable where Self: UIView {
   |                                            `- error: 'UIView' is unavailable in watchOS
41 |   public static func makePreviewInstance() -> Self { self.init() }
42 | }
/Applications/Xcode-27.0.0-Release.Candidate.app/Contents/Developer/Platforms/WatchOS.platform/Developer/SDKs/WatchOS27.0.sdk/System/Library/Frameworks/UIKit.framework/Headers/UIView.h:152:12: note: 'UIView' has been explicitly marked unavailable here
150 |
151 | UIKIT_EXTERN API_AVAILABLE(ios(2.0)) API_UNAVAILABLE(watchos) NS_SWIFT_UI_ACTOR
152 | @interface UIView : UIResponder <NSCoding, UIAppearance, UIAppearanceContainer, UIDynamicItem, UITraitEnvironment, UICoordinateSpace, UIFocusItem, UIFocusItemContainer, CALayerDelegate>
    |            `- note: 'UIView' has been explicitly marked unavailable here
153 |
154 | @property(class, nonatomic, readonly) Class layerClass;                        // default is [CALayer class]. Used when creating the underlying layer for the view.
/Users/admin/builder/spi-builder-workspace/Sources/UIPreview/UIKitWrapper/UIViewControllerWrapper.swift:22:45: error: cannot find type 'Context' in scope
20 |   }
21 |
22 |   public func makeUIViewController(context: Context) -> ContentView {
   |                                             `- error: cannot find type 'Context' in scope
23 |     context.coordinator.builder()
24 |   }
/Users/admin/builder/spi-builder-workspace/Sources/UIPreview/UIKitWrapper/UIViewControllerWrapper.swift:26:80: error: cannot find type 'Context' in scope
24 |   }
25 |
26 |   public func updateUIViewController(_ uiViewController: ContentView, context: Context) {
   |                                                                                `- error: cannot find type 'Context' in scope
27 |     context.coordinator.updater(uiViewController)
28 |   }
/Users/admin/builder/spi-builder-workspace/Sources/UIPreview/UIKitWrapper/UIViewControllerWrapper.swift:8:71: error: cannot find type 'UIViewControllerRepresentable' in scope
 6 | /// Generic helper to display `UIViewController` in the Swift UI
 7 | @available(iOS 13, *)
 8 | public struct UIViewControllerWrapper<ContentView: UIViewController>: UIViewControllerRepresentable {
   |                                                                       `- error: cannot find type 'UIViewControllerRepresentable' in scope
 9 |   let contextBuilder: () -> ViewCoordinator<ContentView>
10 |
/Users/admin/builder/spi-builder-workspace/Sources/UIPreview/UIKitWrapper/UIViewControllerWrapper.swift:8:52: error: 'UIViewController' is unavailable in watchOS
 6 | /// Generic helper to display `UIViewController` in the Swift UI
 7 | @available(iOS 13, *)
 8 | public struct UIViewControllerWrapper<ContentView: UIViewController>: UIViewControllerRepresentable {
   |                                                    `- error: 'UIViewController' is unavailable in watchOS
 9 |   let contextBuilder: () -> ViewCoordinator<ContentView>
10 |
/Applications/Xcode-27.0.0-Release.Candidate.app/Contents/Developer/Platforms/WatchOS.platform/Developer/SDKs/WatchOS27.0.sdk/System/Library/Frameworks/UIKit.framework/Headers/UIViewController.h:104:12: note: 'UIViewController' has been explicitly marked unavailable here
102 |
103 | UIKIT_EXTERN API_AVAILABLE(ios(2.0)) API_UNAVAILABLE(watchos) NS_SWIFT_UI_ACTOR
104 | @interface UIViewController : UIResponder <NSCoding, UIAppearanceContainer, UITraitEnvironment, UIContentContainer, UIFocusEnvironment>
    |            `- note: 'UIViewController' has been explicitly marked unavailable here
105 |
106 | /*
/Users/admin/builder/spi-builder-workspace/Sources/UIPreview/UIKitWrapper/UIViewWrapper.swift:22:35: error: cannot find type 'Context' in scope
20 |   }
21 |
22 |   public func makeUIView(context: Context) -> ContentView {
   |                                   `- error: cannot find type 'Context' in scope
23 |     context.coordinator.builder()
24 |   }
/Users/admin/builder/spi-builder-workspace/Sources/UIPreview/UIKitWrapper/UIViewWrapper.swift:26:60: error: cannot find type 'Context' in scope
24 |   }
25 |
26 |   public func updateUIView(_ uiView: ContentView, context: Context) {
   |                                                            `- error: cannot find type 'Context' in scope
27 |     uiView.setContentHuggingPriority(.defaultHigh, for: .vertical)
28 |     uiView.setContentHuggingPriority(.defaultHigh, for: .horizontal)
/Users/admin/builder/spi-builder-workspace/Sources/UIPreview/UIKitWrapper/UIViewWrapper.swift:8:51: error: cannot find type 'UIViewRepresentable' in scope
 6 | /// Generic helper to display `UIView` in the Swift UI
 7 | @available(iOS 13, *)
 8 | public struct UIViewWrapper<ContentView: UIView>: UIViewRepresentable {
   |                                                   `- error: cannot find type 'UIViewRepresentable' in scope
 9 |   let contextBuilder: () -> ViewCoordinator<ContentView>
10 |
/Users/admin/builder/spi-builder-workspace/Sources/UIPreview/UIKitWrapper/UIViewWrapper.swift:8:42: error: 'UIView' is unavailable in watchOS
 6 | /// Generic helper to display `UIView` in the Swift UI
 7 | @available(iOS 13, *)
 8 | public struct UIViewWrapper<ContentView: UIView>: UIViewRepresentable {
   |                                          `- error: 'UIView' is unavailable in watchOS
 9 |   let contextBuilder: () -> ViewCoordinator<ContentView>
10 |
/Applications/Xcode-27.0.0-Release.Candidate.app/Contents/Developer/Platforms/WatchOS.platform/Developer/SDKs/WatchOS27.0.sdk/System/Library/Frameworks/UIKit.framework/Headers/UIView.h:152:12: note: 'UIView' has been explicitly marked unavailable here
150 |
151 | UIKIT_EXTERN API_AVAILABLE(ios(2.0)) API_UNAVAILABLE(watchos) NS_SWIFT_UI_ACTOR
152 | @interface UIView : UIResponder <NSCoding, UIAppearance, UIAppearanceContainer, UIDynamicItem, UITraitEnvironment, UICoordinateSpace, UIFocusItem, UIFocusItemContainer, CALayerDelegate>
    |            `- note: 'UIView' has been explicitly marked unavailable here
153 |
154 | @property(class, nonatomic, readonly) Class layerClass;                        // default is [CALayer class]. Used when creating the underlying layer for the view.
Failed frontend command:
/Applications/Xcode-27.0.0-Release.Candidate.app/Contents/Developer/Toolchains/XcodeDefault.xctoolchain/usr/bin/swift-frontend -frontend -emit-module -experimental-skip-non-inlinable-function-bodies-without-types /Users/admin/builder/spi-builder-workspace/Sources/UIPreview/Extensions/ForEach+Raw.swift /Users/admin/builder/spi-builder-workspace/Sources/UIPreview/Extensions/View+Any.swift /Users/admin/builder/spi-builder-workspace/Sources/UIPreview/Extensions/View+UIViewController.swift /Users/admin/builder/spi-builder-workspace/Sources/UIPreview/Preview/ColorSchemePreview.swift /Users/admin/builder/spi-builder-workspace/Sources/UIPreview/Preview/ComponentPreview.swift /Users/admin/builder/spi-builder-workspace/Sources/UIPreview/Preview/ScreenPreview.swift /Users/admin/builder/spi-builder-workspace/Sources/UIPreview/UICatalog/CatalogItemView.swift /Users/admin/builder/spi-builder-workspace/Sources/UIPreview/UICatalog/ExpandGroup.swift /Users/admin/builder/spi-builder-workspace/Sources/UIPreview/UICatalog/GroupItemView.swift /Users/admin/builder/spi-builder-workspace/Sources/UIPreview/UICatalog/Preview.swift /Users/admin/builder/spi-builder-workspace/Sources/UIPreview/UICatalog/PreviewConfiguration.swift /Users/admin/builder/spi-builder-workspace/Sources/UIPreview/UICatalog/PreviewDescriptor.swift /Users/admin/builder/spi-builder-workspace/Sources/UIPreview/UICatalog/PreviewItemStyle.swift /Users/admin/builder/spi-builder-workspace/Sources/UIPreview/UICatalog/PreviewLegend.swift /Users/admin/builder/spi-builder-workspace/Sources/UIPreview/UICatalog/UICatalog.swift /Users/admin/builder/spi-builder-workspace/Sources/UIPreview/UICatalog/UICatalogPresentable.swift /Users/admin/builder/spi-builder-workspace/Sources/UIPreview/UIKitWrapper/UIViewControllerWrapper.swift /Users/admin/builder/spi-builder-workspace/Sources/UIPreview/UIKitWrapper/UIViewWrapper.swift /Users/admin/builder/spi-builder-workspace/Sources/UIPreview/UIKitWrapper/ViewCoordinator.swift -target arm64-apple-watchos9.0 -module-can-import-version SwiftUI 8.0.84.1 8.0.84 -disable-cross-import-overlay-search -load-resolved-plugin /Applications/Xcode-27.0.0-Release.Candidate.app/Contents/Developer/Platforms/WatchOS.platform/Developer/usr/lib/swift/host/plugins/libFoundationMacros.dylib\#/Applications/Xcode-27.0.0-Release.Candidate.app/Contents/Developer/Platforms/WatchOS.platform/Developer/usr/bin/swift-plugin-server\#FoundationMacros -load-resolved-plugin /Applications/Xcode-27.0.0-Release.Candidate.app/Contents/Developer/Platforms/WatchOS.platform/Developer/usr/lib/swift/host/plugins/libObservationMacros.dylib\#/Applications/Xcode-27.0.0-Release.Candidate.app/Contents/Developer/Platforms/WatchOS.platform/Developer/usr/bin/swift-plugin-server\#ObservationMacros -load-resolved-plugin /Applications/Xcode-27.0.0-Release.Candidate.app/Contents/Developer/Platforms/WatchOS.platform/Developer/usr/lib/swift/host/plugins/libPreviewsMacros.dylib\#/Applications/Xcode-27.0.0-Release.Candidate.app/Contents/Developer/Platforms/WatchOS.platform/Developer/usr/bin/swift-plugin-server\#PreviewsMacros -load-resolved-plugin /Applications/Xcode-27.0.0-Release.Candidate.app/Contents/Developer/Platforms/WatchOS.platform/Developer/usr/lib/swift/host/plugins/libSwiftMacros.dylib\#/Applications/Xcode-27.0.0-Release.Candidate.app/Contents/Developer/Platforms/WatchOS.platform/Developer/usr/bin/swift-plugin-server\#SwiftMacros -load-resolved-plugin /Applications/Xcode-27.0.0-Release.Candidate.app/Contents/Developer/Platforms/WatchOS.platform/Developer/usr/lib/swift/host/plugins/libSwiftUIMacros.dylib\#/Applications/Xcode-27.0.0-Release.Candidate.app/Contents/Developer/Platforms/WatchOS.platform/Developer/usr/bin/swift-plugin-server\#SwiftUIMacros -disable-implicit-swift-modules -Xcc -fno-implicit-modules -Xcc -fno-implicit-module-maps -explicit-swift-module-map-file /Users/admin/builder/spi-builder-workspace/.derivedData/Build/Intermediates.noindex/UIPreview.build/Debug-watchos/UIPreview-t.build/Objects-normal/arm64/UIPreview-dependencies-2.json -Xllvm -aarch64-use-tbi -enable-objc-interop -stack-check -sdk /Applications/Xcode-27.0.0-Release.Candidate.app/Contents/Developer/Platforms/WatchOS.platform/Developer/SDKs/WatchOS27.0.sdk -I /Users/admin/builder/spi-builder-workspace/.derivedData/Build/Products/Debug-watchos -Isystem /Applications/Xcode-27.0.0-Release.Candidate.app/Contents/Developer/Platforms/WatchOS.platform/Developer/usr/lib -F /Users/admin/builder/spi-builder-workspace/.derivedData/Build/Products/Debug-watchos -F /Applications/Xcode-27.0.0-Release.Candidate.app/Contents/Developer/Platforms/WatchOS.platform/Developer/Library/Frameworks -F /Applications/Xcode-27.0.0-Release.Candidate.app/Contents/Developer/Platforms/WatchOS.platform/Developer/SDKs/WatchOS27.0.sdk/Developer/Library/Frameworks -module-cache-path /Users/admin/builder/spi-builder-workspace/.derivedData/Build/Intermediates.noindex/SwiftExplicitPrecompiledModules -no-color-diagnostics -Xcc -fno-color-diagnostics -enable-testing -g -debug-info-format\=dwarf -dwarf-version\=4 -profile-generate -profile-coverage-mapping -swift-version 5 -Onone -D SWIFT_PACKAGE -D DEBUG -D SWIFT_MODULE_RESOURCE_BUNDLE_UNAVAILABLE -D Xcode -serialize-debugging-options -enable-experimental-feature DebugDescriptionMacro -empty-abi-descriptor -validate-clang-modules-once -clang-build-session-file /Users/admin/builder/spi-builder-workspace/.derivedData/ModuleCache.noindex/Session.modulevalidation -Xcc -working-directory -Xcc /Users/admin/builder/spi-builder-workspace/.swiftpm/xcode -enable-anonymous-context-mangled-names -file-compilation-dir /Users/admin/builder/spi-builder-workspace/.swiftpm/xcode -Xcc -D_LIBCPP_HARDENING_MODE\=_LIBCPP_HARDENING_MODE_DEBUG -Xcc -ivfsstatcache -Xcc /Users/admin/builder/spi-builder-workspace/.derivedData/SDKStatCaches.noindex/watchos27.0-24R360-e829b21a6f8c9b70876ba0858053c04477534ef55a1706bf4c1112bbb242f0a2.sdkstatcache -Xcc -fmodules-prune-interval\=86400 -Xcc -fmodules-prune-after\=345600 -Xcc -I/Users/admin/builder/spi-builder-workspace/.derivedData/Build/Products/Debug-watchos/include -Xcc -I/Users/admin/builder/spi-builder-workspace/.derivedData/Build/Intermediates.noindex/UIPreview.build/Debug-watchos/UIPreview-t.build/DerivedSources-normal/arm64 -Xcc -I/Users/admin/builder/spi-builder-workspace/.derivedData/Build/Intermediates.noindex/UIPreview.build/Debug-watchos/UIPreview-t.build/DerivedSources/arm64 -Xcc -I/Users/admin/builder/spi-builder-workspace/.derivedData/Build/Intermediates.noindex/UIPreview.build/Debug-watchos/UIPreview-t.build/DerivedSources -Xcc -DSWIFT_PACKAGE -Xcc -DDEBUG\=1 -no-auto-bridging-header-chaining -module-name UIPreview -const-gather-protocols-file /Users/admin/builder/spi-builder-workspace/.derivedData/Build/Intermediates.noindex/UIPreview.build/Debug-watchos/UIPreview-t.build/Objects-normal/arm64/UIPreview_const_extract_protocols.json -disable-clang-spi -clang-target arm64-apple-watchos27.0 -target-sdk-version 27.0 -target-sdk-name watchos27.0 -in-process-plugin-server-path /Applications/Xcode-27.0.0-Release.Candidate.app/Contents/Developer/Toolchains/XcodeDefault.xctoolchain/usr/lib/swift/host/libSwiftInProcPluginServer.dylib -emit-module-doc-path /Users/admin/builder/spi-builder-workspace/.derivedData/Build/Intermediates.noindex/UIPreview.build/Debug-watchos/UIPreview-t.build/Objects-normal/arm64/UIPreview.swiftdoc -emit-module-source-info-path /Users/admin/builder/spi-builder-workspace/.derivedData/Build/Intermediates.noindex/UIPreview.build/Debug-watchos/UIPreview-t.build/Objects-normal/arm64/UIPreview.swiftsourceinfo -emit-objc-header-path /Users/admin/builder/spi-builder-workspace/.derivedData/Build/Intermediates.noindex/UIPreview.build/Debug-watchos/UIPreview-t.build/Objects-normal/arm64/UIPreview-Swift.h -serialize-diagnostics-path /Users/admin/builder/spi-builder-workspace/.derivedData/Build/Intermediates.noindex/UIPreview.build/Debug-watchos/UIPreview-t.build/Objects-normal/arm64/UIPreview-primary-emit-module.dia -emit-dependencies-path /Users/admin/builder/spi-builder-workspace/.derivedData/Build/Intermediates.noindex/UIPreview.build/Debug-watchos/UIPreview-t.build/Objects-normal/arm64/UIPreview-primary-emit-module.d -parse-as-library -o /Users/admin/builder/spi-builder-workspace/.derivedData/Build/Intermediates.noindex/UIPreview.build/Debug-watchos/UIPreview-t.build/Objects-normal/arm64/UIPreview.swiftmodule -emit-abi-descriptor-path /Users/admin/builder/spi-builder-workspace/.derivedData/Build/Intermediates.noindex/UIPreview.build/Debug-watchos/UIPreview-t.build/Objects-normal/arm64/UIPreview.abi.json
SwiftCompile normal arm64 (in target 'UIPreview' from project 'UIPreview')
    cd /Users/admin/builder/spi-builder-workspace/.swiftpm/xcode

SwiftCompile normal arm64 Compiling\ UICatalog.swift,\ UICatalogPresentable.swift /Users/admin/builder/spi-builder-workspace/Sources/UIPreview/UICatalog/UICatalog.swift /Users/admin/builder/spi-builder-workspace/Sources/UIPreview/UICatalog/UICatalogPresentable.swift (in target 'UIPreview' from project 'UIPreview')
SwiftCompile normal arm64 /Users/admin/builder/spi-builder-workspace/Sources/UIPreview/UICatalog/UICatalog.swift (in target 'UIPreview' from project 'UIPreview')
    cd /Users/admin/builder/spi-builder-workspace/.swiftpm/xcode
    builtin-SwiftPerFileCompile UICatalog.swift
SwiftCompile normal arm64 /Users/admin/builder/spi-builder-workspace/Sources/UIPreview/UICatalog/UICatalogPresentable.swift (in target 'UIPreview' from project 'UIPreview')
    cd /Users/admin/builder/spi-builder-workspace/.swiftpm/xcode
    builtin-SwiftPerFileCompile UICatalogPresentable.swift
/Users/admin/builder/spi-builder-workspace/Sources/UIPreview/UICatalog/UICatalogPresentable.swift:34:44: error: 'UIView' is unavailable in watchOS
32 |
33 | @available(iOS 13, *)
34 | extension UICatalogPresentable where Self: UIView {
   |                                            `- error: 'UIView' is unavailable in watchOS
35 |   public func preview(with model: PreviewModel) -> AnyView {
36 |     AnyView(UIViewWrapper(self) { $0.apply(previewModel: model) })
/Applications/Xcode-27.0.0-Release.Candidate.app/Contents/Developer/Platforms/WatchOS.platform/Developer/SDKs/WatchOS27.0.sdk/System/Library/Frameworks/UIKit.framework/Headers/UIView.h:152:12: note: 'UIView' has been explicitly marked unavailable here
150 |
151 | UIKIT_EXTERN API_AVAILABLE(ios(2.0)) API_UNAVAILABLE(watchos) NS_SWIFT_UI_ACTOR
152 | @interface UIView : UIResponder <NSCoding, UIAppearance, UIAppearanceContainer, UIDynamicItem, UITraitEnvironment, UICoordinateSpace, UIFocusItem, UIFocusItemContainer, CALayerDelegate>
    |            `- note: 'UIView' has been explicitly marked unavailable here
153 |
154 | @property(class, nonatomic, readonly) Class layerClass;                        // default is [CALayer class]. Used when creating the underlying layer for the view.
/Users/admin/builder/spi-builder-workspace/Sources/UIPreview/UICatalog/UICatalogPresentable.swift:40:44: error: 'UIView' is unavailable in watchOS
38 | }
39 |
40 | extension UICatalogPresentable where Self: UIView {
   |                                            `- error: 'UIView' is unavailable in watchOS
41 |   public static func makePreviewInstance() -> Self { self.init() }
42 | }
/Applications/Xcode-27.0.0-Release.Candidate.app/Contents/Developer/Platforms/WatchOS.platform/Developer/SDKs/WatchOS27.0.sdk/System/Library/Frameworks/UIKit.framework/Headers/UIView.h:152:12: note: 'UIView' has been explicitly marked unavailable here
150 |
151 | UIKIT_EXTERN API_AVAILABLE(ios(2.0)) API_UNAVAILABLE(watchos) NS_SWIFT_UI_ACTOR
152 | @interface UIView : UIResponder <NSCoding, UIAppearance, UIAppearanceContainer, UIDynamicItem, UITraitEnvironment, UICoordinateSpace, UIFocusItem, UIFocusItemContainer, CALayerDelegate>
    |            `- note: 'UIView' has been explicitly marked unavailable here
153 |
154 | @property(class, nonatomic, readonly) Class layerClass;                        // default is [CALayer class]. Used when creating the underlying layer for the view.
/Users/admin/builder/spi-builder-workspace/Sources/UIPreview/UICatalog/UICatalogPresentable.swift:36:5: error: initializer 'init(_:)' requires that 'UIViewWrapper<Self>' conform to 'View'
34 | extension UICatalogPresentable where Self: UIView {
35 |   public func preview(with model: PreviewModel) -> AnyView {
36 |     AnyView(UIViewWrapper(self) { $0.apply(previewModel: model) })
   |     `- error: initializer 'init(_:)' requires that 'UIViewWrapper<Self>' conform to 'View'
37 |   }
38 | }
SwiftUI.AnyView.init:2:20: note: where 'V' = 'UIViewWrapper<Self>'
1 | struct AnyView {
2 | nonisolated public init<V>(_ view: V) where V : View}
  |                    `- note: where 'V' = 'UIViewWrapper<Self>'
3 |
SwiftCompile normal arm64 Compiling\ PreviewConfiguration.swift,\ PreviewDescriptor.swift /Users/admin/builder/spi-builder-workspace/Sources/UIPreview/UICatalog/PreviewConfiguration.swift /Users/admin/builder/spi-builder-workspace/Sources/UIPreview/UICatalog/PreviewDescriptor.swift (in target 'UIPreview' from project 'UIPreview')
/Users/admin/builder/spi-builder-workspace/Sources/UIPreview/UICatalog/PreviewConfiguration.swift:11:23: error: 'UIContentSizeCategory' is unavailable in watchOS
 9 |   public struct PreviewConfiguration {
10 |     let themes: [Theme]
11 |     let contentSize: [UIContentSizeCategory]
   |                       `- error: 'UIContentSizeCategory' is unavailable in watchOS
12 |     let size: CGSize?
13 |     let itemStyle: PreviewItemStyle
/Applications/Xcode-27.0.0-Release.Candidate.app/Contents/Developer/Platforms/WatchOS.platform/Developer/SDKs/WatchOS27.0.sdk/System/Library/Frameworks/UIKit.framework/Headers/UIContentSizeCategory.h:14:20: note: 'UIContentSizeCategory' has been explicitly marked unavailable here
12 | NS_HEADER_AUDIT_BEGIN(nullability, sendability)
13 |
14 | typedef NSString * UIContentSizeCategory NS_TYPED_ENUM API_AVAILABLE(ios(7.0)) API_UNAVAILABLE(watchos);
   |                    `- note: 'UIContentSizeCategory' has been explicitly marked unavailable here
15 |
16 | // Content size category constants
/Users/admin/builder/spi-builder-workspace/Sources/UIPreview/UICatalog/PreviewConfiguration.swift:25:29: error: 'UIContentSizeCategory' is unavailable in watchOS
23 |   ///   - size: required size
24 |   public init(themes: [UICatalog.Theme] = UICatalog.Theme.allCases,
25 |               contentSize: [UIContentSizeCategory] = [.unspecified],
   |                             `- error: 'UIContentSizeCategory' is unavailable in watchOS
26 |               size: CGSize? = nil) {
27 |     self.themes = themes
/Applications/Xcode-27.0.0-Release.Candidate.app/Contents/Developer/Platforms/WatchOS.platform/Developer/SDKs/WatchOS27.0.sdk/System/Library/Frameworks/UIKit.framework/Headers/UIContentSizeCategory.h:14:20: note: 'UIContentSizeCategory' has been explicitly marked unavailable here
12 | NS_HEADER_AUDIT_BEGIN(nullability, sendability)
13 |
14 | typedef NSString * UIContentSizeCategory NS_TYPED_ENUM API_AVAILABLE(ios(7.0)) API_UNAVAILABLE(watchos);
   |                    `- note: 'UIContentSizeCategory' has been explicitly marked unavailable here
15 |
16 | // Content size category constants
/Users/admin/builder/spi-builder-workspace/Sources/UIPreview/UICatalog/PreviewConfiguration.swift:25:56: error: 'unspecified' is unavailable in watchOS
23 |   ///   - size: required size
24 |   public init(themes: [UICatalog.Theme] = UICatalog.Theme.allCases,
25 |               contentSize: [UIContentSizeCategory] = [.unspecified],
   |                                                        `- error: 'unspecified' is unavailable in watchOS
26 |               size: CGSize? = nil) {
27 |     self.themes = themes
/Applications/Xcode-27.0.0-Release.Candidate.app/Contents/Developer/Platforms/WatchOS.platform/Developer/SDKs/WatchOS27.0.sdk/System/Library/Frameworks/UIKit.framework/Headers/UIContentSizeCategory.h:18:42: note: 'unspecified' has been explicitly marked unavailable here
16 | // Content size category constants
17 |
18 | UIKIT_EXTERN UIContentSizeCategory const UIContentSizeCategoryUnspecified API_AVAILABLE(ios(10.0)) API_UNAVAILABLE(watchos);
   |                                          `- note: 'unspecified' has been explicitly marked unavailable here
19 | UIKIT_EXTERN UIContentSizeCategory const UIContentSizeCategoryExtraSmall API_AVAILABLE(ios(7.0)) API_UNAVAILABLE(watchos);
20 | UIKIT_EXTERN UIContentSizeCategory const UIContentSizeCategorySmall API_AVAILABLE(ios(7.0)) API_UNAVAILABLE(watchos);
SwiftCompile normal arm64 /Users/admin/builder/spi-builder-workspace/Sources/UIPreview/UICatalog/PreviewConfiguration.swift (in target 'UIPreview' from project 'UIPreview')
    cd /Users/admin/builder/spi-builder-workspace/.swiftpm/xcode
    builtin-SwiftPerFileCompile PreviewConfiguration.swift
SwiftCompile normal arm64 /Users/admin/builder/spi-builder-workspace/Sources/UIPreview/UICatalog/PreviewDescriptor.swift (in target 'UIPreview' from project 'UIPreview')
    cd /Users/admin/builder/spi-builder-workspace/.swiftpm/xcode
    builtin-SwiftPerFileCompile PreviewDescriptor.swift
SwiftCompile normal arm64 Compiling\ CatalogItemView.swift,\ ExpandGroup.swift /Users/admin/builder/spi-builder-workspace/Sources/UIPreview/UICatalog/CatalogItemView.swift /Users/admin/builder/spi-builder-workspace/Sources/UIPreview/UICatalog/ExpandGroup.swift (in target 'UIPreview' from project 'UIPreview')
/Users/admin/builder/spi-builder-workspace/Sources/UIPreview/UICatalog/CatalogItemView.swift:39:31: error: 'UILabel' is unavailable in watchOS
37 | }
38 |
39 | private final class TestView: UILabel, UICatalogPresentable {
   |                               `- error: 'UILabel' is unavailable in watchOS
40 |   static var previewModels = [
41 |     "Hello world",
/Applications/Xcode-27.0.0-Release.Candidate.app/Contents/Developer/Platforms/WatchOS.platform/Developer/SDKs/WatchOS27.0.sdk/System/Library/Frameworks/UIKit.framework/Headers/UILabel.h:33:12: note: 'UILabel' has been explicitly marked unavailable here
 31 |
 32 | UIKIT_EXTERN API_AVAILABLE(ios(2.0)) API_UNAVAILABLE(watchos) NS_SWIFT_UI_ACTOR
 33 | @interface UILabel : UIView <NSCoding, UIContentSizeCategoryAdjusting, UILetterformAwareAdjusting>
    |            `- note: 'UILabel' has been explicitly marked unavailable here
 34 |
 35 | @property(nullable, nonatomic,copy)   NSString           *text; // default is nil
/Users/admin/builder/spi-builder-workspace/Sources/UIPreview/UICatalog/PreviewConfiguration.swift:25:56: error: 'unspecified' is unavailable in watchOS
23 |   ///   - size: required size
24 |   public init(themes: [UICatalog.Theme] = UICatalog.Theme.allCases,
25 |               contentSize: [UIContentSizeCategory] = [.unspecified],
   |                                                        `- error: 'unspecified' is unavailable in watchOS
26 |               size: CGSize? = nil) {
27 |     self.themes = themes
/Applications/Xcode-27.0.0-Release.Candidate.app/Contents/Developer/Platforms/WatchOS.platform/Developer/SDKs/WatchOS27.0.sdk/System/Library/Frameworks/UIKit.framework/Headers/UIContentSizeCategory.h:18:42: note: 'unspecified' has been explicitly marked unavailable here
16 | // Content size category constants
17 |
18 | UIKIT_EXTERN UIContentSizeCategory const UIContentSizeCategoryUnspecified API_AVAILABLE(ios(10.0)) API_UNAVAILABLE(watchos);
   |                                          `- note: 'unspecified' has been explicitly marked unavailable here
19 | UIKIT_EXTERN UIContentSizeCategory const UIContentSizeCategoryExtraSmall API_AVAILABLE(ios(7.0)) API_UNAVAILABLE(watchos);
20 | UIKIT_EXTERN UIContentSizeCategory const UIContentSizeCategorySmall API_AVAILABLE(ios(7.0)) API_UNAVAILABLE(watchos);
/Users/admin/builder/spi-builder-workspace/Sources/UIPreview/UICatalog/CatalogItemView.swift:49:18: error: 'systemRed' is unavailable in watchOS
47 |   func apply(previewModel: String) {
48 |     text = previewModel
49 |     textColor = .systemRed
   |                  `- error: 'systemRed' is unavailable in watchOS
50 |     numberOfLines = 0
51 |   }
/Applications/Xcode-27.0.0-Release.Candidate.app/Contents/Developer/Platforms/WatchOS.platform/Developer/SDKs/WatchOS27.0.sdk/System/Library/Frameworks/UIKit.framework/Headers/UIInterface.h:121:49: note: 'systemRed' has been explicitly marked unavailable here
119 |  * Do not make assumptions about the color spaces or actual colors used.
120 |  */
121 | @property (class, nonatomic, readonly) UIColor *systemRedColor          API_AVAILABLE(ios(7.0), tvos(9.0)) API_UNAVAILABLE(watchos);
    |                                                 `- note: 'systemRed' has been explicitly marked unavailable here
122 | @property (class, nonatomic, readonly) UIColor *systemGreenColor        API_AVAILABLE(ios(7.0), tvos(9.0)) API_UNAVAILABLE(watchos);
123 | @property (class, nonatomic, readonly) UIColor *systemBlueColor         API_AVAILABLE(ios(7.0), tvos(9.0)) API_UNAVAILABLE(watchos);
SwiftCompile normal arm64 /Users/admin/builder/spi-builder-workspace/Sources/UIPreview/UICatalog/CatalogItemView.swift (in target 'UIPreview' from project 'UIPreview')
    cd /Users/admin/builder/spi-builder-workspace/.swiftpm/xcode
    builtin-SwiftPerFileCompile CatalogItemView.swift
SwiftCompile normal arm64 /Users/admin/builder/spi-builder-workspace/Sources/UIPreview/UICatalog/ExpandGroup.swift (in target 'UIPreview' from project 'UIPreview')
    cd /Users/admin/builder/spi-builder-workspace/.swiftpm/xcode
    builtin-SwiftPerFileCompile ExpandGroup.swift
SwiftCompile normal arm64 Compiling\ ComponentPreview.swift,\ ScreenPreview.swift /Users/admin/builder/spi-builder-workspace/Sources/UIPreview/Preview/ComponentPreview.swift /Users/admin/builder/spi-builder-workspace/Sources/UIPreview/Preview/ScreenPreview.swift (in target 'UIPreview' from project 'UIPreview')
SwiftCompile normal arm64 /Users/admin/builder/spi-builder-workspace/Sources/UIPreview/Preview/ComponentPreview.swift (in target 'UIPreview' from project 'UIPreview')
    cd /Users/admin/builder/spi-builder-workspace/.swiftpm/xcode
    builtin-SwiftPerFileCompile ComponentPreview.swift
SwiftCompile normal arm64 /Users/admin/builder/spi-builder-workspace/Sources/UIPreview/Preview/ScreenPreview.swift (in target 'UIPreview' from project 'UIPreview')
    cd /Users/admin/builder/spi-builder-workspace/.swiftpm/xcode
    builtin-SwiftPerFileCompile ScreenPreview.swift
SwiftCompile normal arm64 Compiling\ ForEach+Raw.swift,\ View+Any.swift /Users/admin/builder/spi-builder-workspace/Sources/UIPreview/Extensions/ForEach+Raw.swift /Users/admin/builder/spi-builder-workspace/Sources/UIPreview/Extensions/View+Any.swift (in target 'UIPreview' from project 'UIPreview')
SwiftCompile normal arm64 /Users/admin/builder/spi-builder-workspace/Sources/UIPreview/Extensions/ForEach+Raw.swift (in target 'UIPreview' from project 'UIPreview')
    cd /Users/admin/builder/spi-builder-workspace/.swiftpm/xcode
    builtin-SwiftPerFileCompile ForEach+Raw.swift
SwiftCompile normal arm64 /Users/admin/builder/spi-builder-workspace/Sources/UIPreview/Extensions/View+Any.swift (in target 'UIPreview' from project 'UIPreview')
    cd /Users/admin/builder/spi-builder-workspace/.swiftpm/xcode
    builtin-SwiftPerFileCompile View+Any.swift
SwiftCompile normal arm64 Compiling\ View+UIViewController.swift,\ ColorSchemePreview.swift /Users/admin/builder/spi-builder-workspace/Sources/UIPreview/Extensions/View+UIViewController.swift /Users/admin/builder/spi-builder-workspace/Sources/UIPreview/Preview/ColorSchemePreview.swift (in target 'UIPreview' from project 'UIPreview')
/Users/admin/builder/spi-builder-workspace/Sources/UIPreview/Extensions/View+UIViewController.swift:8:37: error: 'UIViewController' is unavailable in watchOS
 6 | @available(iOS 13, *)
 7 | extension View {
 8 |   public func asViewController() -> UIViewController {
   |                                     `- error: 'UIViewController' is unavailable in watchOS
 9 |     UIHostingController(rootView: self)
10 |   }
/Applications/Xcode-27.0.0-Release.Candidate.app/Contents/Developer/Platforms/WatchOS.platform/Developer/SDKs/WatchOS27.0.sdk/System/Library/Frameworks/UIKit.framework/Headers/UIViewController.h:104:12: note: 'UIViewController' has been explicitly marked unavailable here
102 |
103 | UIKIT_EXTERN API_AVAILABLE(ios(2.0)) API_UNAVAILABLE(watchos) NS_SWIFT_UI_ACTOR
104 | @interface UIViewController : UIResponder <NSCoding, UIAppearanceContainer, UITraitEnvironment, UIContentContainer, UIFocusEnvironment>
    |            `- note: 'UIViewController' has been explicitly marked unavailable here
105 |
106 | /*
/Users/admin/builder/spi-builder-workspace/Sources/UIPreview/Extensions/View+UIViewController.swift:9:5: error: cannot find 'UIHostingController' in scope
 7 | extension View {
 8 |   public func asViewController() -> UIViewController {
 9 |     UIHostingController(rootView: self)
   |     `- error: cannot find 'UIHostingController' in scope
10 |   }
11 | }
SwiftCompile normal arm64 /Users/admin/builder/spi-builder-workspace/Sources/UIPreview/Extensions/View+UIViewController.swift (in target 'UIPreview' from project 'UIPreview')
    cd /Users/admin/builder/spi-builder-workspace/.swiftpm/xcode
    builtin-SwiftPerFileCompile View+UIViewController.swift
SwiftCompile normal arm64 /Users/admin/builder/spi-builder-workspace/Sources/UIPreview/Preview/ColorSchemePreview.swift (in target 'UIPreview' from project 'UIPreview')
    cd /Users/admin/builder/spi-builder-workspace/.swiftpm/xcode
    builtin-SwiftPerFileCompile ColorSchemePreview.swift
SwiftCompile normal arm64 Compiling\ GroupItemView.swift,\ Preview.swift /Users/admin/builder/spi-builder-workspace/Sources/UIPreview/UICatalog/GroupItemView.swift /Users/admin/builder/spi-builder-workspace/Sources/UIPreview/UICatalog/Preview.swift (in target 'UIPreview' from project 'UIPreview')
SwiftCompile normal arm64 /Users/admin/builder/spi-builder-workspace/Sources/UIPreview/UICatalog/GroupItemView.swift (in target 'UIPreview' from project 'UIPreview')
    cd /Users/admin/builder/spi-builder-workspace/.swiftpm/xcode
    builtin-SwiftPerFileCompile GroupItemView.swift
SwiftCompile normal arm64 /Users/admin/builder/spi-builder-workspace/Sources/UIPreview/UICatalog/Preview.swift (in target 'UIPreview' from project 'UIPreview')
    cd /Users/admin/builder/spi-builder-workspace/.swiftpm/xcode
    builtin-SwiftPerFileCompile Preview.swift
SwiftEmitModule normal arm64_32 Emitting\ module\ for\ UIPreview (in target 'UIPreview' from project 'UIPreview')
SwiftCompile normal arm64_32 (in target 'UIPreview' from project 'UIPreview')
    cd /Users/admin/builder/spi-builder-workspace/.swiftpm/xcode

PruneExplicitPrecompiledModules /Users/admin/builder/spi-builder-workspace/.derivedData/Build/Intermediates.noindex/SwiftExplicitPrecompiledModules
PruneExplicitPrecompiledModules /Users/admin/builder/spi-builder-workspace/.derivedData/SDKExplicitPrecompiledModules
PruneExplicitPrecompiledModules /Users/admin/builder/spi-builder-workspace/.derivedData/Build/Intermediates.noindex/ExplicitPrecompiledModules
2026-09-17 05:17:54.069 xcodebuild[643:4129] [MT] IDERunDestination: Supported platforms for the buildables in the current scheme is empty.
** BUILD FAILED **
The following build commands failed:
	SwiftEmitModule normal arm64 Emitting\ module\ for\ UIPreview (in target 'UIPreview' from project 'UIPreview')
	SwiftCompile normal arm64 (in target 'UIPreview' from project 'UIPreview')
	Building workspace UIPreview with scheme UIPreview
(3 failures)
Command line invocation:
    /Applications/Xcode-27.0.0-Release.Candidate.app/Contents/Developer/usr/bin/xcodebuild -IDEClonedSourcePackagesDirPathOverride=/Users/admin/builder/spi-builder-workspace/.dependencies -resolvePackageDependencies
Resolve Package Graph
Resolved source packages:
  UIPreview: /Users/admin/builder/spi-builder-workspace
resolved source packages: UIPreview
2026-09-17 05:18:01.011 xcodebuild[792:4707] [MT] IDERunDestination: Supported platforms for the buildables in the current scheme is empty.
{
  "dependencies" : [
  ],
  "manifest_display_name" : "UIPreview",
  "name" : "UIPreview",
  "path" : "/Users/admin/builder/spi-builder-workspace",
  "platforms" : [
    {
      "name" : "ios",
      "version" : "11.0"
    }
  ],
  "products" : [
    {
      "name" : "UIPreview",
      "targets" : [
        "UIPreview"
      ],
      "type" : {
        "library" : [
          "automatic"
        ]
      }
    }
  ],
  "targets" : [
    {
      "c99name" : "UIPreviewTests",
      "module_type" : "SwiftTarget",
      "name" : "UIPreviewTests",
      "path" : "Tests/UIPreviewTests",
      "sources" : [
        "UIPreviewTests.swift"
      ],
      "target_dependencies" : [
        "UIPreview"
      ],
      "type" : "test"
    },
    {
      "c99name" : "UIPreview",
      "module_type" : "SwiftTarget",
      "name" : "UIPreview",
      "path" : "Sources/UIPreview",
      "product_memberships" : [
        "UIPreview"
      ],
      "sources" : [
        "Extensions/ForEach+Raw.swift",
        "Extensions/View+Any.swift",
        "Extensions/View+UIViewController.swift",
        "Preview/ColorSchemePreview.swift",
        "Preview/ComponentPreview.swift",
        "Preview/ScreenPreview.swift",
        "UICatalog/CatalogItemView.swift",
        "UICatalog/ExpandGroup.swift",
        "UICatalog/GroupItemView.swift",
        "UICatalog/Preview.swift",
        "UICatalog/PreviewConfiguration.swift",
        "UICatalog/PreviewDescriptor.swift",
        "UICatalog/PreviewItemStyle.swift",
        "UICatalog/PreviewLegend.swift",
        "UICatalog/UICatalog.swift",
        "UICatalog/UICatalogPresentable.swift",
        "UIKitWrapper/UIViewControllerWrapper.swift",
        "UIKitWrapper/UIViewWrapper.swift",
        "UIKitWrapper/ViewCoordinator.swift"
      ],
      "type" : "library"
    }
  ],
  "tools_version" : "5.3"
}
{
  "workspace" : {
    "name" : "UIPreview",
    "schemes" : [
      "UIPreview"
    ]
  }
}
2026-09-17 05:18:02.307 xcodebuild[800:4783] [MT] IDERunDestination: Supported platforms for the buildables in the current scheme is empty.
Running build ...
env DEVELOPER_DIR=/Applications/Xcode-27.0.0-Release.Candidate.app xcrun xcodebuild -IDEClonedSourcePackagesDirPathOverride=$PWD/.dependencies -skipMacroValidation -skipPackagePluginValidation -derivedDataPath $PWD/.derivedData build -scheme UIPreview -destination generic/platform=watchOS
Command line invocation:
    /Applications/Xcode-27.0.0-Release.Candidate.app/Contents/Developer/usr/bin/xcodebuild -IDEClonedSourcePackagesDirPathOverride=/Users/admin/builder/spi-builder-workspace/.dependencies -skipMacroValidation -skipPackagePluginValidation -derivedDataPath /Users/admin/builder/spi-builder-workspace/.derivedData build -scheme UIPreview -destination generic/platform=watchOS
Resolve Package Graph
Resolved source packages:
  UIPreview: /Users/admin/builder/spi-builder-workspace
ComputePackagePrebuildTargetDependencyGraph
Prepare packages
CreateBuildRequest
SendProjectDescription
CreateBuildOperation
ComputeTargetDependencyGraph
note: Building targets in dependency order
note: Target dependency graph (2 targets)
    Target 'UIPreview-product' in project 'UIPreview'
        ➜ Explicit dependency on target 'UIPreview' in project 'UIPreview'
    Target 'UIPreview' in project 'UIPreview' (no dependencies)
GatherProvisioningInputs
CreateBuildDescription
ClangStatCache /Applications/Xcode-27.0.0-Release.Candidate.app/Contents/Developer/Toolchains/XcodeDefault.xctoolchain/usr/bin/clang-stat-cache /Applications/Xcode-27.0.0-Release.Candidate.app/Contents/Developer/Platforms/WatchOS.platform/Developer/SDKs/WatchOS27.0.sdk /Users/admin/builder/spi-builder-workspace/.derivedData/SDKStatCaches.noindex/watchos27.0-24R360-e829b21a6f8c9b70876ba0858053c04477534ef55a1706bf4c1112bbb242f0a2.sdkstatcache
    cd /Users/admin/builder/spi-builder-workspace/.swiftpm/xcode
    /Applications/Xcode-27.0.0-Release.Candidate.app/Contents/Developer/Toolchains/XcodeDefault.xctoolchain/usr/bin/clang-stat-cache /Applications/Xcode-27.0.0-Release.Candidate.app/Contents/Developer/Platforms/WatchOS.platform/Developer/SDKs/WatchOS27.0.sdk -o /Users/admin/builder/spi-builder-workspace/.derivedData/SDKStatCaches.noindex/watchos27.0-24R360-e829b21a6f8c9b70876ba0858053c04477534ef55a1706bf4c1112bbb242f0a2.sdkstatcache
SwiftDriver UIPreview normal arm64 com.apple.xcode.tools.swift.compiler (in target 'UIPreview' from project 'UIPreview')
    cd /Users/admin/builder/spi-builder-workspace/.swiftpm/xcode
    builtin-SwiftDriver -- /Applications/Xcode-27.0.0-Release.Candidate.app/Contents/Developer/Toolchains/XcodeDefault.xctoolchain/usr/bin/swiftc -parse-as-library -module-name UIPreview -Onone @/Users/admin/builder/spi-builder-workspace/.derivedData/Build/Intermediates.noindex/UIPreview.build/Debug-watchos/UIPreview-t.build/Objects-normal/arm64/UIPreview.SwiftFileList -DSWIFT_PACKAGE -DDEBUG -DSWIFT_MODULE_RESOURCE_BUNDLE_UNAVAILABLE -DXcode -plugin-path /Applications/Xcode-27.0.0-Release.Candidate.app/Contents/Developer/Toolchains/XcodeDefault.xctoolchain/usr/lib/swift/host/plugins/testing -enable-experimental-feature DebugDescriptionMacro -sdk /Applications/Xcode-27.0.0-Release.Candidate.app/Contents/Developer/Platforms/WatchOS.platform/Developer/SDKs/WatchOS27.0.sdk -target arm64-apple-watchos9.0 -g -module-cache-path /Users/admin/builder/spi-builder-workspace/.derivedData/ModuleCache.noindex -Xfrontend -serialize-debugging-options -profile-coverage-mapping -profile-generate -enable-testing -index-store-path /Users/admin/builder/spi-builder-workspace/.derivedData/Index.noindex/DataStore -Xcc -D_LIBCPP_HARDENING_MODE\=_LIBCPP_HARDENING_MODE_DEBUG -swift-version 5 -I /Users/admin/builder/spi-builder-workspace/.derivedData/Build/Products/Debug-watchos -Isystem /Applications/Xcode-27.0.0-Release.Candidate.app/Contents/Developer/Platforms/WatchOS.platform/Developer/usr/lib -F /Users/admin/builder/spi-builder-workspace/.derivedData/Build/Products/Debug-watchos -F /Applications/Xcode-27.0.0-Release.Candidate.app/Contents/Developer/Platforms/WatchOS.platform/Developer/Library/Frameworks -F /Applications/Xcode-27.0.0-Release.Candidate.app/Contents/Developer/Platforms/WatchOS.platform/Developer/SDKs/WatchOS27.0.sdk/Developer/Library/Frameworks -c -j10 -enable-batch-mode -incremental -Xcc -ivfsstatcache -Xcc /Users/admin/builder/spi-builder-workspace/.derivedData/SDKStatCaches.noindex/watchos27.0-24R360-e829b21a6f8c9b70876ba0858053c04477534ef55a1706bf4c1112bbb242f0a2.sdkstatcache -output-file-map /Users/admin/builder/spi-builder-workspace/.derivedData/Build/Intermediates.noindex/UIPreview.build/Debug-watchos/UIPreview-t.build/Objects-normal/arm64/UIPreview-OutputFileMap.json -save-temps -no-color-diagnostics -explicit-module-build -module-cache-path /Users/admin/builder/spi-builder-workspace/.derivedData/Build/Intermediates.noindex/SwiftExplicitPrecompiledModules -clang-scanner-module-cache-path /Users/admin/builder/spi-builder-workspace/.derivedData/ModuleCache.noindex -sdk-module-cache-path /Users/admin/builder/spi-builder-workspace/.derivedData/SDKExplicitPrecompiledModules -emit-dependencies -emit-module -emit-module-path /Users/admin/builder/spi-builder-workspace/.derivedData/Build/Intermediates.noindex/UIPreview.build/Debug-watchos/UIPreview-t.build/Objects-normal/arm64/UIPreview.swiftmodule -serialize-diagnostics -dependency-scan-serialize-diagnostics-path /Users/admin/builder/spi-builder-workspace/.derivedData/Build/Intermediates.noindex/UIPreview.build/Debug-watchos/UIPreview-t.build/Objects-normal/arm64/UIPreview-dependency-scan.dia -validate-clang-modules-once -clang-build-session-file /Users/admin/builder/spi-builder-workspace/.derivedData/ModuleCache.noindex/Session.modulevalidation -Xcc -fmodules-prune-interval\=86400 -Xcc -fmodules-prune-after\=345600 -emit-const-values -const-gather-protocols-list /Users/admin/builder/spi-builder-workspace/.derivedData/Build/Intermediates.noindex/UIPreview.build/Debug-watchos/UIPreview-t.build/Objects-normal/arm64/UIPreview_const_extract_protocols.json -Xcc -I/Users/admin/builder/spi-builder-workspace/.derivedData/Build/Products/Debug-watchos/include -Xcc -I/Users/admin/builder/spi-builder-workspace/.derivedData/Build/Intermediates.noindex/UIPreview.build/Debug-watchos/UIPreview-t.build/DerivedSources-normal/arm64 -Xcc -I/Users/admin/builder/spi-builder-workspace/.derivedData/Build/Intermediates.noindex/UIPreview.build/Debug-watchos/UIPreview-t.build/DerivedSources/arm64 -Xcc -I/Users/admin/builder/spi-builder-workspace/.derivedData/Build/Intermediates.noindex/UIPreview.build/Debug-watchos/UIPreview-t.build/DerivedSources -Xcc -DSWIFT_PACKAGE -Xcc -DDEBUG\=1 -emit-objc-header -emit-objc-header-path /Users/admin/builder/spi-builder-workspace/.derivedData/Build/Intermediates.noindex/UIPreview.build/Debug-watchos/UIPreview-t.build/Objects-normal/arm64/UIPreview-Swift.h -working-directory /Users/admin/builder/spi-builder-workspace/.swiftpm/xcode -experimental-emit-module-separately -disable-cmo
SwiftDriver UIPreview normal arm64_32 com.apple.xcode.tools.swift.compiler (in target 'UIPreview' from project 'UIPreview')
    cd /Users/admin/builder/spi-builder-workspace/.swiftpm/xcode
    builtin-SwiftDriver -- /Applications/Xcode-27.0.0-Release.Candidate.app/Contents/Developer/Toolchains/XcodeDefault.xctoolchain/usr/bin/swiftc -parse-as-library -module-name UIPreview -Onone @/Users/admin/builder/spi-builder-workspace/.derivedData/Build/Intermediates.noindex/UIPreview.build/Debug-watchos/UIPreview-t.build/Objects-normal/arm64_32/UIPreview.SwiftFileList -DSWIFT_PACKAGE -DDEBUG -DSWIFT_MODULE_RESOURCE_BUNDLE_UNAVAILABLE -DXcode -plugin-path /Applications/Xcode-27.0.0-Release.Candidate.app/Contents/Developer/Toolchains/XcodeDefault.xctoolchain/usr/lib/swift/host/plugins/testing -enable-experimental-feature DebugDescriptionMacro -sdk /Applications/Xcode-27.0.0-Release.Candidate.app/Contents/Developer/Platforms/WatchOS.platform/Developer/SDKs/WatchOS27.0.sdk -target arm64_32-apple-watchos9.0 -g -module-cache-path /Users/admin/builder/spi-builder-workspace/.derivedData/ModuleCache.noindex -Xfrontend -serialize-debugging-options -profile-coverage-mapping -profile-generate -enable-testing -index-store-path /Users/admin/builder/spi-builder-workspace/.derivedData/Index.noindex/DataStore -Xcc -D_LIBCPP_HARDENING_MODE\=_LIBCPP_HARDENING_MODE_DEBUG -swift-version 5 -I /Users/admin/builder/spi-builder-workspace/.derivedData/Build/Products/Debug-watchos -Isystem /Applications/Xcode-27.0.0-Release.Candidate.app/Contents/Developer/Platforms/WatchOS.platform/Developer/usr/lib -F /Users/admin/builder/spi-builder-workspace/.derivedData/Build/Products/Debug-watchos -F /Applications/Xcode-27.0.0-Release.Candidate.app/Contents/Developer/Platforms/WatchOS.platform/Developer/Library/Frameworks -F /Applications/Xcode-27.0.0-Release.Candidate.app/Contents/Developer/Platforms/WatchOS.platform/Developer/SDKs/WatchOS27.0.sdk/Developer/Library/Frameworks -c -j10 -enable-batch-mode -incremental -Xcc -ivfsstatcache -Xcc /Users/admin/builder/spi-builder-workspace/.derivedData/SDKStatCaches.noindex/watchos27.0-24R360-e829b21a6f8c9b70876ba0858053c04477534ef55a1706bf4c1112bbb242f0a2.sdkstatcache -output-file-map /Users/admin/builder/spi-builder-workspace/.derivedData/Build/Intermediates.noindex/UIPreview.build/Debug-watchos/UIPreview-t.build/Objects-normal/arm64_32/UIPreview-OutputFileMap.json -save-temps -no-color-diagnostics -explicit-module-build -module-cache-path /Users/admin/builder/spi-builder-workspace/.derivedData/Build/Intermediates.noindex/SwiftExplicitPrecompiledModules -clang-scanner-module-cache-path /Users/admin/builder/spi-builder-workspace/.derivedData/ModuleCache.noindex -sdk-module-cache-path /Users/admin/builder/spi-builder-workspace/.derivedData/SDKExplicitPrecompiledModules -emit-dependencies -emit-module -emit-module-path /Users/admin/builder/spi-builder-workspace/.derivedData/Build/Intermediates.noindex/UIPreview.build/Debug-watchos/UIPreview-t.build/Objects-normal/arm64_32/UIPreview.swiftmodule -serialize-diagnostics -dependency-scan-serialize-diagnostics-path /Users/admin/builder/spi-builder-workspace/.derivedData/Build/Intermediates.noindex/UIPreview.build/Debug-watchos/UIPreview-t.build/Objects-normal/arm64_32/UIPreview-dependency-scan.dia -validate-clang-modules-once -clang-build-session-file /Users/admin/builder/spi-builder-workspace/.derivedData/ModuleCache.noindex/Session.modulevalidation -Xcc -fmodules-prune-interval\=86400 -Xcc -fmodules-prune-after\=345600 -emit-const-values -const-gather-protocols-list /Users/admin/builder/spi-builder-workspace/.derivedData/Build/Intermediates.noindex/UIPreview.build/Debug-watchos/UIPreview-t.build/Objects-normal/arm64_32/UIPreview_const_extract_protocols.json -Xcc -I/Users/admin/builder/spi-builder-workspace/.derivedData/Build/Products/Debug-watchos/include -Xcc -I/Users/admin/builder/spi-builder-workspace/.derivedData/Build/Intermediates.noindex/UIPreview.build/Debug-watchos/UIPreview-t.build/DerivedSources-normal/arm64_32 -Xcc -I/Users/admin/builder/spi-builder-workspace/.derivedData/Build/Intermediates.noindex/UIPreview.build/Debug-watchos/UIPreview-t.build/DerivedSources/arm64_32 -Xcc -I/Users/admin/builder/spi-builder-workspace/.derivedData/Build/Intermediates.noindex/UIPreview.build/Debug-watchos/UIPreview-t.build/DerivedSources -Xcc -DSWIFT_PACKAGE -Xcc -DDEBUG\=1 -emit-objc-header -emit-objc-header-path /Users/admin/builder/spi-builder-workspace/.derivedData/Build/Intermediates.noindex/UIPreview.build/Debug-watchos/UIPreview-t.build/Objects-normal/arm64_32/UIPreview-Swift.h -working-directory /Users/admin/builder/spi-builder-workspace/.swiftpm/xcode -experimental-emit-module-separately -disable-cmo
SwiftCompile normal arm64 Compiling\ ComponentPreview.swift,\ ScreenPreview.swift /Users/admin/builder/spi-builder-workspace/Sources/UIPreview/Preview/ComponentPreview.swift /Users/admin/builder/spi-builder-workspace/Sources/UIPreview/Preview/ScreenPreview.swift (in target 'UIPreview' from project 'UIPreview')
SwiftCompile normal arm64 /Users/admin/builder/spi-builder-workspace/Sources/UIPreview/Preview/ComponentPreview.swift (in target 'UIPreview' from project 'UIPreview')
    cd /Users/admin/builder/spi-builder-workspace/.swiftpm/xcode
    builtin-SwiftPerFileCompile ComponentPreview.swift
SwiftCompile normal arm64 /Users/admin/builder/spi-builder-workspace/Sources/UIPreview/Preview/ScreenPreview.swift (in target 'UIPreview' from project 'UIPreview')
    cd /Users/admin/builder/spi-builder-workspace/.swiftpm/xcode
    builtin-SwiftPerFileCompile ScreenPreview.swift
SwiftCompile normal arm64 Compiling\ ForEach+Raw.swift,\ View+Any.swift /Users/admin/builder/spi-builder-workspace/Sources/UIPreview/Extensions/ForEach+Raw.swift /Users/admin/builder/spi-builder-workspace/Sources/UIPreview/Extensions/View+Any.swift (in target 'UIPreview' from project 'UIPreview')
SwiftCompile normal arm64 /Users/admin/builder/spi-builder-workspace/Sources/UIPreview/Extensions/ForEach+Raw.swift (in target 'UIPreview' from project 'UIPreview')
    cd /Users/admin/builder/spi-builder-workspace/.swiftpm/xcode
    builtin-SwiftPerFileCompile ForEach+Raw.swift
SwiftCompile normal arm64 /Users/admin/builder/spi-builder-workspace/Sources/UIPreview/Extensions/View+Any.swift (in target 'UIPreview' from project 'UIPreview')
    cd /Users/admin/builder/spi-builder-workspace/.swiftpm/xcode
    builtin-SwiftPerFileCompile View+Any.swift
SwiftCompile normal arm64 Compiling\ PreviewConfiguration.swift,\ PreviewDescriptor.swift /Users/admin/builder/spi-builder-workspace/Sources/UIPreview/UICatalog/PreviewConfiguration.swift /Users/admin/builder/spi-builder-workspace/Sources/UIPreview/UICatalog/PreviewDescriptor.swift (in target 'UIPreview' from project 'UIPreview')
SwiftCompile normal arm64 /Users/admin/builder/spi-builder-workspace/Sources/UIPreview/UICatalog/PreviewConfiguration.swift (in target 'UIPreview' from project 'UIPreview')
    cd /Users/admin/builder/spi-builder-workspace/.swiftpm/xcode
    builtin-SwiftPerFileCompile PreviewConfiguration.swift
SwiftCompile normal arm64 /Users/admin/builder/spi-builder-workspace/Sources/UIPreview/UICatalog/PreviewDescriptor.swift (in target 'UIPreview' from project 'UIPreview')
    cd /Users/admin/builder/spi-builder-workspace/.swiftpm/xcode
    builtin-SwiftPerFileCompile PreviewDescriptor.swift
/Users/admin/builder/spi-builder-workspace/Sources/UIPreview/UICatalog/PreviewConfiguration.swift:11:23: error: 'UIContentSizeCategory' is unavailable in watchOS
 9 |   public struct PreviewConfiguration {
10 |     let themes: [Theme]
11 |     let contentSize: [UIContentSizeCategory]
   |                       `- error: 'UIContentSizeCategory' is unavailable in watchOS
12 |     let size: CGSize?
13 |     let itemStyle: PreviewItemStyle
/Applications/Xcode-27.0.0-Release.Candidate.app/Contents/Developer/Platforms/WatchOS.platform/Developer/SDKs/WatchOS27.0.sdk/System/Library/Frameworks/UIKit.framework/Headers/UIContentSizeCategory.h:14:20: note: 'UIContentSizeCategory' has been explicitly marked unavailable here
12 | NS_HEADER_AUDIT_BEGIN(nullability, sendability)
13 |
14 | typedef NSString * UIContentSizeCategory NS_TYPED_ENUM API_AVAILABLE(ios(7.0)) API_UNAVAILABLE(watchos);
   |                    `- note: 'UIContentSizeCategory' has been explicitly marked unavailable here
15 |
16 | // Content size category constants
/Users/admin/builder/spi-builder-workspace/Sources/UIPreview/UICatalog/PreviewConfiguration.swift:25:29: error: 'UIContentSizeCategory' is unavailable in watchOS
23 |   ///   - size: required size
24 |   public init(themes: [UICatalog.Theme] = UICatalog.Theme.allCases,
25 |               contentSize: [UIContentSizeCategory] = [.unspecified],
   |                             `- error: 'UIContentSizeCategory' is unavailable in watchOS
26 |               size: CGSize? = nil) {
27 |     self.themes = themes
/Applications/Xcode-27.0.0-Release.Candidate.app/Contents/Developer/Platforms/WatchOS.platform/Developer/SDKs/WatchOS27.0.sdk/System/Library/Frameworks/UIKit.framework/Headers/UIContentSizeCategory.h:14:20: note: 'UIContentSizeCategory' has been explicitly marked unavailable here
12 | NS_HEADER_AUDIT_BEGIN(nullability, sendability)
13 |
14 | typedef NSString * UIContentSizeCategory NS_TYPED_ENUM API_AVAILABLE(ios(7.0)) API_UNAVAILABLE(watchos);
   |                    `- note: 'UIContentSizeCategory' has been explicitly marked unavailable here
15 |
16 | // Content size category constants
/Users/admin/builder/spi-builder-workspace/Sources/UIPreview/UICatalog/PreviewConfiguration.swift:25:56: error: 'unspecified' is unavailable in watchOS
23 |   ///   - size: required size
24 |   public init(themes: [UICatalog.Theme] = UICatalog.Theme.allCases,
25 |               contentSize: [UIContentSizeCategory] = [.unspecified],
   |                                                        `- error: 'unspecified' is unavailable in watchOS
26 |               size: CGSize? = nil) {
27 |     self.themes = themes
/Applications/Xcode-27.0.0-Release.Candidate.app/Contents/Developer/Platforms/WatchOS.platform/Developer/SDKs/WatchOS27.0.sdk/System/Library/Frameworks/UIKit.framework/Headers/UIContentSizeCategory.h:18:42: note: 'unspecified' has been explicitly marked unavailable here
16 | // Content size category constants
17 |
18 | UIKIT_EXTERN UIContentSizeCategory const UIContentSizeCategoryUnspecified API_AVAILABLE(ios(10.0)) API_UNAVAILABLE(watchos);
   |                                          `- note: 'unspecified' has been explicitly marked unavailable here
19 | UIKIT_EXTERN UIContentSizeCategory const UIContentSizeCategoryExtraSmall API_AVAILABLE(ios(7.0)) API_UNAVAILABLE(watchos);
20 | UIKIT_EXTERN UIContentSizeCategory const UIContentSizeCategorySmall API_AVAILABLE(ios(7.0)) API_UNAVAILABLE(watchos);
SwiftCompile normal arm64 Compiling\ GroupItemView.swift,\ Preview.swift /Users/admin/builder/spi-builder-workspace/Sources/UIPreview/UICatalog/GroupItemView.swift /Users/admin/builder/spi-builder-workspace/Sources/UIPreview/UICatalog/Preview.swift (in target 'UIPreview' from project 'UIPreview')
SwiftCompile normal arm64 /Users/admin/builder/spi-builder-workspace/Sources/UIPreview/UICatalog/GroupItemView.swift (in target 'UIPreview' from project 'UIPreview')
    cd /Users/admin/builder/spi-builder-workspace/.swiftpm/xcode
    builtin-SwiftPerFileCompile GroupItemView.swift
SwiftCompile normal arm64 /Users/admin/builder/spi-builder-workspace/Sources/UIPreview/UICatalog/Preview.swift (in target 'UIPreview' from project 'UIPreview')
    cd /Users/admin/builder/spi-builder-workspace/.swiftpm/xcode
    builtin-SwiftPerFileCompile Preview.swift
SwiftCompile normal arm64 Compiling\ CatalogItemView.swift,\ ExpandGroup.swift /Users/admin/builder/spi-builder-workspace/Sources/UIPreview/UICatalog/CatalogItemView.swift /Users/admin/builder/spi-builder-workspace/Sources/UIPreview/UICatalog/ExpandGroup.swift (in target 'UIPreview' from project 'UIPreview')
/Users/admin/builder/spi-builder-workspace/Sources/UIPreview/UICatalog/CatalogItemView.swift:39:31: error: 'UILabel' is unavailable in watchOS
37 | }
38 |
39 | private final class TestView: UILabel, UICatalogPresentable {
   |                               `- error: 'UILabel' is unavailable in watchOS
40 |   static var previewModels = [
41 |     "Hello world",
/Applications/Xcode-27.0.0-Release.Candidate.app/Contents/Developer/Platforms/WatchOS.platform/Developer/SDKs/WatchOS27.0.sdk/System/Library/Frameworks/UIKit.framework/Headers/UILabel.h:33:12: note: 'UILabel' has been explicitly marked unavailable here
 31 |
 32 | UIKIT_EXTERN API_AVAILABLE(ios(2.0)) API_UNAVAILABLE(watchos) NS_SWIFT_UI_ACTOR
 33 | @interface UILabel : UIView <NSCoding, UIContentSizeCategoryAdjusting, UILetterformAwareAdjusting>
    |            `- note: 'UILabel' has been explicitly marked unavailable here
 34 |
 35 | @property(nullable, nonatomic,copy)   NSString           *text; // default is nil
/Users/admin/builder/spi-builder-workspace/Sources/UIPreview/UICatalog/PreviewConfiguration.swift:25:56: error: 'unspecified' is unavailable in watchOS
23 |   ///   - size: required size
24 |   public init(themes: [UICatalog.Theme] = UICatalog.Theme.allCases,
25 |               contentSize: [UIContentSizeCategory] = [.unspecified],
   |                                                        `- error: 'unspecified' is unavailable in watchOS
26 |               size: CGSize? = nil) {
27 |     self.themes = themes
/Applications/Xcode-27.0.0-Release.Candidate.app/Contents/Developer/Platforms/WatchOS.platform/Developer/SDKs/WatchOS27.0.sdk/System/Library/Frameworks/UIKit.framework/Headers/UIContentSizeCategory.h:18:42: note: 'unspecified' has been explicitly marked unavailable here
16 | // Content size category constants
17 |
18 | UIKIT_EXTERN UIContentSizeCategory const UIContentSizeCategoryUnspecified API_AVAILABLE(ios(10.0)) API_UNAVAILABLE(watchos);
   |                                          `- note: 'unspecified' has been explicitly marked unavailable here
19 | UIKIT_EXTERN UIContentSizeCategory const UIContentSizeCategoryExtraSmall API_AVAILABLE(ios(7.0)) API_UNAVAILABLE(watchos);
20 | UIKIT_EXTERN UIContentSizeCategory const UIContentSizeCategorySmall API_AVAILABLE(ios(7.0)) API_UNAVAILABLE(watchos);
/Users/admin/builder/spi-builder-workspace/Sources/UIPreview/UICatalog/CatalogItemView.swift:49:18: error: 'systemRed' is unavailable in watchOS
47 |   func apply(previewModel: String) {
48 |     text = previewModel
49 |     textColor = .systemRed
   |                  `- error: 'systemRed' is unavailable in watchOS
50 |     numberOfLines = 0
51 |   }
/Applications/Xcode-27.0.0-Release.Candidate.app/Contents/Developer/Platforms/WatchOS.platform/Developer/SDKs/WatchOS27.0.sdk/System/Library/Frameworks/UIKit.framework/Headers/UIInterface.h:121:49: note: 'systemRed' has been explicitly marked unavailable here
119 |  * Do not make assumptions about the color spaces or actual colors used.
120 |  */
121 | @property (class, nonatomic, readonly) UIColor *systemRedColor          API_AVAILABLE(ios(7.0), tvos(9.0)) API_UNAVAILABLE(watchos);
    |                                                 `- note: 'systemRed' has been explicitly marked unavailable here
122 | @property (class, nonatomic, readonly) UIColor *systemGreenColor        API_AVAILABLE(ios(7.0), tvos(9.0)) API_UNAVAILABLE(watchos);
123 | @property (class, nonatomic, readonly) UIColor *systemBlueColor         API_AVAILABLE(ios(7.0), tvos(9.0)) API_UNAVAILABLE(watchos);
SwiftCompile normal arm64 /Users/admin/builder/spi-builder-workspace/Sources/UIPreview/UICatalog/CatalogItemView.swift (in target 'UIPreview' from project 'UIPreview')
    cd /Users/admin/builder/spi-builder-workspace/.swiftpm/xcode
    builtin-SwiftPerFileCompile CatalogItemView.swift
SwiftCompile normal arm64 /Users/admin/builder/spi-builder-workspace/Sources/UIPreview/UICatalog/ExpandGroup.swift (in target 'UIPreview' from project 'UIPreview')
    cd /Users/admin/builder/spi-builder-workspace/.swiftpm/xcode
    builtin-SwiftPerFileCompile ExpandGroup.swift
SwiftCompile normal arm64 Compiling\ ViewCoordinator.swift /Users/admin/builder/spi-builder-workspace/Sources/UIPreview/UIKitWrapper/ViewCoordinator.swift (in target 'UIPreview' from project 'UIPreview')
SwiftCompile normal arm64 /Users/admin/builder/spi-builder-workspace/Sources/UIPreview/UIKitWrapper/ViewCoordinator.swift (in target 'UIPreview' from project 'UIPreview')
    cd /Users/admin/builder/spi-builder-workspace/.swiftpm/xcode
    builtin-SwiftPerFileCompile ViewCoordinator.swift
SwiftCompile normal arm64 Compiling\ UIViewControllerWrapper.swift,\ UIViewWrapper.swift /Users/admin/builder/spi-builder-workspace/Sources/UIPreview/UIKitWrapper/UIViewControllerWrapper.swift /Users/admin/builder/spi-builder-workspace/Sources/UIPreview/UIKitWrapper/UIViewWrapper.swift (in target 'UIPreview' from project 'UIPreview')
/Users/admin/builder/spi-builder-workspace/Sources/UIPreview/UIKitWrapper/UIViewControllerWrapper.swift:22:45: error: cannot find type 'Context' in scope
20 |   }
21 |
22 |   public func makeUIViewController(context: Context) -> ContentView {
   |                                             `- error: cannot find type 'Context' in scope
23 |     context.coordinator.builder()
24 |   }
/Users/admin/builder/spi-builder-workspace/Sources/UIPreview/UIKitWrapper/UIViewControllerWrapper.swift:26:80: error: cannot find type 'Context' in scope
24 |   }
25 |
26 |   public func updateUIViewController(_ uiViewController: ContentView, context: Context) {
   |                                                                                `- error: cannot find type 'Context' in scope
27 |     context.coordinator.updater(uiViewController)
28 |   }
/Users/admin/builder/spi-builder-workspace/Sources/UIPreview/UIKitWrapper/UIViewControllerWrapper.swift:8:71: error: cannot find type 'UIViewControllerRepresentable' in scope
 6 | /// Generic helper to display `UIViewController` in the Swift UI
 7 | @available(iOS 13, *)
 8 | public struct UIViewControllerWrapper<ContentView: UIViewController>: UIViewControllerRepresentable {
   |                                                                       `- error: cannot find type 'UIViewControllerRepresentable' in scope
 9 |   let contextBuilder: () -> ViewCoordinator<ContentView>
10 |
/Users/admin/builder/spi-builder-workspace/Sources/UIPreview/UIKitWrapper/UIViewControllerWrapper.swift:8:52: error: 'UIViewController' is unavailable in watchOS
 6 | /// Generic helper to display `UIViewController` in the Swift UI
 7 | @available(iOS 13, *)
 8 | public struct UIViewControllerWrapper<ContentView: UIViewController>: UIViewControllerRepresentable {
   |                                                    `- error: 'UIViewController' is unavailable in watchOS
 9 |   let contextBuilder: () -> ViewCoordinator<ContentView>
10 |
/Applications/Xcode-27.0.0-Release.Candidate.app/Contents/Developer/Platforms/WatchOS.platform/Developer/SDKs/WatchOS27.0.sdk/System/Library/Frameworks/UIKit.framework/Headers/UIViewController.h:104:12: note: 'UIViewController' has been explicitly marked unavailable here
102 |
103 | UIKIT_EXTERN API_AVAILABLE(ios(2.0)) API_UNAVAILABLE(watchos) NS_SWIFT_UI_ACTOR
104 | @interface UIViewController : UIResponder <NSCoding, UIAppearanceContainer, UITraitEnvironment, UIContentContainer, UIFocusEnvironment>
    |            `- note: 'UIViewController' has been explicitly marked unavailable here
105 |
106 | /*
/Users/admin/builder/spi-builder-workspace/Sources/UIPreview/UIKitWrapper/UIViewWrapper.swift:22:35: error: cannot find type 'Context' in scope
20 |   }
21 |
22 |   public func makeUIView(context: Context) -> ContentView {
   |                                   `- error: cannot find type 'Context' in scope
23 |     context.coordinator.builder()
24 |   }
/Users/admin/builder/spi-builder-workspace/Sources/UIPreview/UIKitWrapper/UIViewWrapper.swift:26:60: error: cannot find type 'Context' in scope
24 |   }
25 |
26 |   public func updateUIView(_ uiView: ContentView, context: Context) {
   |                                                            `- error: cannot find type 'Context' in scope
27 |     uiView.setContentHuggingPriority(.defaultHigh, for: .vertical)
28 |     uiView.setContentHuggingPriority(.defaultHigh, for: .horizontal)
/Users/admin/builder/spi-builder-workspace/Sources/UIPreview/UIKitWrapper/UIViewWrapper.swift:8:51: error: cannot find type 'UIViewRepresentable' in scope
 6 | /// Generic helper to display `UIView` in the Swift UI
 7 | @available(iOS 13, *)
 8 | public struct UIViewWrapper<ContentView: UIView>: UIViewRepresentable {
   |                                                   `- error: cannot find type 'UIViewRepresentable' in scope
 9 |   let contextBuilder: () -> ViewCoordinator<ContentView>
10 |
/Users/admin/builder/spi-builder-workspace/Sources/UIPreview/UIKitWrapper/UIViewWrapper.swift:8:42: error: 'UIView' is unavailable in watchOS
 6 | /// Generic helper to display `UIView` in the Swift UI
 7 | @available(iOS 13, *)
 8 | public struct UIViewWrapper<ContentView: UIView>: UIViewRepresentable {
   |                                          `- error: 'UIView' is unavailable in watchOS
 9 |   let contextBuilder: () -> ViewCoordinator<ContentView>
10 |
/Applications/Xcode-27.0.0-Release.Candidate.app/Contents/Developer/Platforms/WatchOS.platform/Developer/SDKs/WatchOS27.0.sdk/System/Library/Frameworks/UIKit.framework/Headers/UIView.h:152:12: note: 'UIView' has been explicitly marked unavailable here
150 |
151 | UIKIT_EXTERN API_AVAILABLE(ios(2.0)) API_UNAVAILABLE(watchos) NS_SWIFT_UI_ACTOR
152 | @interface UIView : UIResponder <NSCoding, UIAppearance, UIAppearanceContainer, UIDynamicItem, UITraitEnvironment, UICoordinateSpace, UIFocusItem, UIFocusItemContainer, CALayerDelegate>
    |            `- note: 'UIView' has been explicitly marked unavailable here
153 |
154 | @property(class, nonatomic, readonly) Class layerClass;                        // default is [CALayer class]. Used when creating the underlying layer for the view.
/Users/admin/builder/spi-builder-workspace/Sources/UIPreview/UIKitWrapper/UIViewWrapper.swift:27:39: error: 'defaultHigh' is unavailable in watchOS
25 |
26 |   public func updateUIView(_ uiView: ContentView, context: Context) {
27 |     uiView.setContentHuggingPriority(.defaultHigh, for: .vertical)
   |                                       `- error: 'defaultHigh' is unavailable in watchOS
28 |     uiView.setContentHuggingPriority(.defaultHigh, for: .horizontal)
29 |     context.coordinator.updater(uiView)
UIKit.UILayoutPriority.defaultHigh:3:21: note: 'defaultHigh' has been explicitly marked unavailable here
1 | struct UILayoutPriority {
2 | @available(watchOS, unavailable)
3 |   public static var defaultHigh: UILayoutPriority { get }}
  |                     `- note: 'defaultHigh' has been explicitly marked unavailable here
4 |
SwiftCompile normal arm64 /Users/admin/builder/spi-builder-workspace/Sources/UIPreview/UIKitWrapper/UIViewControllerWrapper.swift (in target 'UIPreview' from project 'UIPreview')
    cd /Users/admin/builder/spi-builder-workspace/.swiftpm/xcode
    builtin-SwiftPerFileCompile UIViewControllerWrapper.swift
SwiftCompile normal arm64 /Users/admin/builder/spi-builder-workspace/Sources/UIPreview/UIKitWrapper/UIViewWrapper.swift (in target 'UIPreview' from project 'UIPreview')
    cd /Users/admin/builder/spi-builder-workspace/.swiftpm/xcode
    builtin-SwiftPerFileCompile UIViewWrapper.swift
SwiftCompile normal arm64 Compiling\ UICatalog.swift,\ UICatalogPresentable.swift /Users/admin/builder/spi-builder-workspace/Sources/UIPreview/UICatalog/UICatalog.swift /Users/admin/builder/spi-builder-workspace/Sources/UIPreview/UICatalog/UICatalogPresentable.swift (in target 'UIPreview' from project 'UIPreview')
/Users/admin/builder/spi-builder-workspace/Sources/UIPreview/UICatalog/UICatalogPresentable.swift:34:44: error: 'UIView' is unavailable in watchOS
32 |
33 | @available(iOS 13, *)
34 | extension UICatalogPresentable where Self: UIView {
   |                                            `- error: 'UIView' is unavailable in watchOS
35 |   public func preview(with model: PreviewModel) -> AnyView {
36 |     AnyView(UIViewWrapper(self) { $0.apply(previewModel: model) })
/Applications/Xcode-27.0.0-Release.Candidate.app/Contents/Developer/Platforms/WatchOS.platform/Developer/SDKs/WatchOS27.0.sdk/System/Library/Frameworks/UIKit.framework/Headers/UIView.h:152:12: note: 'UIView' has been explicitly marked unavailable here
150 |
151 | UIKIT_EXTERN API_AVAILABLE(ios(2.0)) API_UNAVAILABLE(watchos) NS_SWIFT_UI_ACTOR
152 | @interface UIView : UIResponder <NSCoding, UIAppearance, UIAppearanceContainer, UIDynamicItem, UITraitEnvironment, UICoordinateSpace, UIFocusItem, UIFocusItemContainer, CALayerDelegate>
    |            `- note: 'UIView' has been explicitly marked unavailable here
153 |
154 | @property(class, nonatomic, readonly) Class layerClass;                        // default is [CALayer class]. Used when creating the underlying layer for the view.
/Users/admin/builder/spi-builder-workspace/Sources/UIPreview/UICatalog/UICatalogPresentable.swift:40:44: error: 'UIView' is unavailable in watchOS
38 | }
39 |
40 | extension UICatalogPresentable where Self: UIView {
   |                                            `- error: 'UIView' is unavailable in watchOS
41 |   public static func makePreviewInstance() -> Self { self.init() }
42 | }
/Applications/Xcode-27.0.0-Release.Candidate.app/Contents/Developer/Platforms/WatchOS.platform/Developer/SDKs/WatchOS27.0.sdk/System/Library/Frameworks/UIKit.framework/Headers/UIView.h:152:12: note: 'UIView' has been explicitly marked unavailable here
150 |
151 | UIKIT_EXTERN API_AVAILABLE(ios(2.0)) API_UNAVAILABLE(watchos) NS_SWIFT_UI_ACTOR
152 | @interface UIView : UIResponder <NSCoding, UIAppearance, UIAppearanceContainer, UIDynamicItem, UITraitEnvironment, UICoordinateSpace, UIFocusItem, UIFocusItemContainer, CALayerDelegate>
    |            `- note: 'UIView' has been explicitly marked unavailable here
153 |
154 | @property(class, nonatomic, readonly) Class layerClass;                        // default is [CALayer class]. Used when creating the underlying layer for the view.
/Users/admin/builder/spi-builder-workspace/Sources/UIPreview/UICatalog/UICatalogPresentable.swift:36:5: error: initializer 'init(_:)' requires that 'UIViewWrapper<Self>' conform to 'View'
34 | extension UICatalogPresentable where Self: UIView {
35 |   public func preview(with model: PreviewModel) -> AnyView {
36 |     AnyView(UIViewWrapper(self) { $0.apply(previewModel: model) })
   |     `- error: initializer 'init(_:)' requires that 'UIViewWrapper<Self>' conform to 'View'
37 |   }
38 | }
SwiftUI.AnyView.init:2:20: note: where 'V' = 'UIViewWrapper<Self>'
1 | struct AnyView {
2 | nonisolated public init<V>(_ view: V) where V : View}
  |                    `- note: where 'V' = 'UIViewWrapper<Self>'
3 |
SwiftCompile normal arm64 /Users/admin/builder/spi-builder-workspace/Sources/UIPreview/UICatalog/UICatalog.swift (in target 'UIPreview' from project 'UIPreview')
    cd /Users/admin/builder/spi-builder-workspace/.swiftpm/xcode
    builtin-SwiftPerFileCompile UICatalog.swift
SwiftCompile normal arm64 /Users/admin/builder/spi-builder-workspace/Sources/UIPreview/UICatalog/UICatalogPresentable.swift (in target 'UIPreview' from project 'UIPreview')
    cd /Users/admin/builder/spi-builder-workspace/.swiftpm/xcode
    builtin-SwiftPerFileCompile UICatalogPresentable.swift
SwiftCompile normal arm64 Compiling\ PreviewItemStyle.swift,\ PreviewLegend.swift /Users/admin/builder/spi-builder-workspace/Sources/UIPreview/UICatalog/PreviewItemStyle.swift /Users/admin/builder/spi-builder-workspace/Sources/UIPreview/UICatalog/PreviewLegend.swift (in target 'UIPreview' from project 'UIPreview')
/Users/admin/builder/spi-builder-workspace/Sources/UIPreview/UICatalog/PreviewItemStyle.swift:56:30: error: 'systemBackground' is unavailable in watchOS
 54 |           .frame(maxWidth: .infinity)
 55 |           .padding()
 56 |           .background(Color(.systemBackground))
    |                              `- error: 'systemBackground' is unavailable in watchOS
 57 |           .colorScheme(configuration.scheme)
 58 |           .environment(\.sizeCategory, configuration.category)
/Applications/Xcode-27.0.0-Release.Candidate.app/Contents/Developer/Platforms/WatchOS.platform/Developer/SDKs/WatchOS27.0.sdk/System/Library/Frameworks/UIKit.framework/Headers/UIInterface.h:208:49: note: 'systemBackground' has been explicitly marked unavailable here
206 |  *    primary background in light mode.
207 |  */
208 | @property (class, nonatomic, readonly) UIColor *systemBackgroundColor                   API_AVAILABLE(ios(13.0)) API_UNAVAILABLE(tvos, watchos);
    |                                                 `- note: 'systemBackground' has been explicitly marked unavailable here
209 | @property (class, nonatomic, readonly) UIColor *secondarySystemBackgroundColor          API_AVAILABLE(ios(13.0)) API_UNAVAILABLE(tvos, watchos);
210 | @property (class, nonatomic, readonly) UIColor *tertiarySystemBackgroundColor           API_AVAILABLE(ios(13.0)) API_UNAVAILABLE(tvos, watchos);
SwiftCompile normal arm64 /Users/admin/builder/spi-builder-workspace/Sources/UIPreview/UICatalog/PreviewItemStyle.swift (in target 'UIPreview' from project 'UIPreview')
    cd /Users/admin/builder/spi-builder-workspace/.swiftpm/xcode
    builtin-SwiftPerFileCompile PreviewItemStyle.swift
SwiftCompile normal arm64 /Users/admin/builder/spi-builder-workspace/Sources/UIPreview/UICatalog/PreviewLegend.swift (in target 'UIPreview' from project 'UIPreview')
    cd /Users/admin/builder/spi-builder-workspace/.swiftpm/xcode
    builtin-SwiftPerFileCompile PreviewLegend.swift
SwiftEmitModule normal arm64 Emitting\ module\ for\ UIPreview (in target 'UIPreview' from project 'UIPreview')
/Users/admin/builder/spi-builder-workspace/Sources/UIPreview/Extensions/View+UIViewController.swift:8:37: error: 'UIViewController' is unavailable in watchOS
 6 | @available(iOS 13, *)
 7 | extension View {
 8 |   public func asViewController() -> UIViewController {
   |                                     `- error: 'UIViewController' is unavailable in watchOS
 9 |     UIHostingController(rootView: self)
10 |   }
/Applications/Xcode-27.0.0-Release.Candidate.app/Contents/Developer/Platforms/WatchOS.platform/Developer/SDKs/WatchOS27.0.sdk/System/Library/Frameworks/UIKit.framework/Headers/UIViewController.h:104:12: note: 'UIViewController' has been explicitly marked unavailable here
102 |
103 | UIKIT_EXTERN API_AVAILABLE(ios(2.0)) API_UNAVAILABLE(watchos) NS_SWIFT_UI_ACTOR
104 | @interface UIViewController : UIResponder <NSCoding, UIAppearanceContainer, UITraitEnvironment, UIContentContainer, UIFocusEnvironment>
    |            `- note: 'UIViewController' has been explicitly marked unavailable here
105 |
106 | /*
/Users/admin/builder/spi-builder-workspace/Sources/UIPreview/UICatalog/CatalogItemView.swift:39:31: error: 'UILabel' is unavailable in watchOS
37 | }
38 |
39 | private final class TestView: UILabel, UICatalogPresentable {
   |                               `- error: 'UILabel' is unavailable in watchOS
40 |   static var previewModels = [
41 |     "Hello world",
/Applications/Xcode-27.0.0-Release.Candidate.app/Contents/Developer/Platforms/WatchOS.platform/Developer/SDKs/WatchOS27.0.sdk/System/Library/Frameworks/UIKit.framework/Headers/UILabel.h:33:12: note: 'UILabel' has been explicitly marked unavailable here
 31 |
 32 | UIKIT_EXTERN API_AVAILABLE(ios(2.0)) API_UNAVAILABLE(watchos) NS_SWIFT_UI_ACTOR
 33 | @interface UILabel : UIView <NSCoding, UIContentSizeCategoryAdjusting, UILetterformAwareAdjusting>
    |            `- note: 'UILabel' has been explicitly marked unavailable here
 34 |
 35 | @property(nullable, nonatomic,copy)   NSString           *text; // default is nil
/Users/admin/builder/spi-builder-workspace/Sources/UIPreview/UICatalog/Preview.swift:24:39: error: 'UIViewController' is unavailable in watchOS
22 |     /// Convert preview to the `UIViewController`
23 |     /// - Returns: generated UIViewController instance
24 |     public func asViewController() -> UIViewController {
   |                                       `- error: 'UIViewController' is unavailable in watchOS
25 |       preview().asViewController()
26 |     }
/Applications/Xcode-27.0.0-Release.Candidate.app/Contents/Developer/Platforms/WatchOS.platform/Developer/SDKs/WatchOS27.0.sdk/System/Library/Frameworks/UIKit.framework/Headers/UIViewController.h:104:12: note: 'UIViewController' has been explicitly marked unavailable here
102 |
103 | UIKIT_EXTERN API_AVAILABLE(ios(2.0)) API_UNAVAILABLE(watchos) NS_SWIFT_UI_ACTOR
104 | @interface UIViewController : UIResponder <NSCoding, UIAppearanceContainer, UITraitEnvironment, UIContentContainer, UIFocusEnvironment>
    |            `- note: 'UIViewController' has been explicitly marked unavailable here
105 |
106 | /*
/Users/admin/builder/spi-builder-workspace/Sources/UIPreview/UICatalog/PreviewConfiguration.swift:11:23: error: 'UIContentSizeCategory' is unavailable in watchOS
 9 |   public struct PreviewConfiguration {
10 |     let themes: [Theme]
11 |     let contentSize: [UIContentSizeCategory]
   |                       `- error: 'UIContentSizeCategory' is unavailable in watchOS
12 |     let size: CGSize?
13 |     let itemStyle: PreviewItemStyle
/Applications/Xcode-27.0.0-Release.Candidate.app/Contents/Developer/Platforms/WatchOS.platform/Developer/SDKs/WatchOS27.0.sdk/System/Library/Frameworks/UIKit.framework/Headers/UIContentSizeCategory.h:14:20: note: 'UIContentSizeCategory' has been explicitly marked unavailable here
12 | NS_HEADER_AUDIT_BEGIN(nullability, sendability)
13 |
14 | typedef NSString * UIContentSizeCategory NS_TYPED_ENUM API_AVAILABLE(ios(7.0)) API_UNAVAILABLE(watchos);
   |                    `- note: 'UIContentSizeCategory' has been explicitly marked unavailable here
15 |
16 | // Content size category constants
/Users/admin/builder/spi-builder-workspace/Sources/UIPreview/UICatalog/PreviewConfiguration.swift:25:29: error: 'UIContentSizeCategory' is unavailable in watchOS
23 |   ///   - size: required size
24 |   public init(themes: [UICatalog.Theme] = UICatalog.Theme.allCases,
25 |               contentSize: [UIContentSizeCategory] = [.unspecified],
   |                             `- error: 'UIContentSizeCategory' is unavailable in watchOS
26 |               size: CGSize? = nil) {
27 |     self.themes = themes
/Applications/Xcode-27.0.0-Release.Candidate.app/Contents/Developer/Platforms/WatchOS.platform/Developer/SDKs/WatchOS27.0.sdk/System/Library/Frameworks/UIKit.framework/Headers/UIContentSizeCategory.h:14:20: note: 'UIContentSizeCategory' has been explicitly marked unavailable here
12 | NS_HEADER_AUDIT_BEGIN(nullability, sendability)
13 |
14 | typedef NSString * UIContentSizeCategory NS_TYPED_ENUM API_AVAILABLE(ios(7.0)) API_UNAVAILABLE(watchos);
   |                    `- note: 'UIContentSizeCategory' has been explicitly marked unavailable here
15 |
16 | // Content size category constants
/Users/admin/builder/spi-builder-workspace/Sources/UIPreview/UICatalog/PreviewConfiguration.swift:25:56: error: 'unspecified' is unavailable in watchOS
23 |   ///   - size: required size
24 |   public init(themes: [UICatalog.Theme] = UICatalog.Theme.allCases,
25 |               contentSize: [UIContentSizeCategory] = [.unspecified],
   |                                                        `- error: 'unspecified' is unavailable in watchOS
26 |               size: CGSize? = nil) {
27 |     self.themes = themes
/Applications/Xcode-27.0.0-Release.Candidate.app/Contents/Developer/Platforms/WatchOS.platform/Developer/SDKs/WatchOS27.0.sdk/System/Library/Frameworks/UIKit.framework/Headers/UIContentSizeCategory.h:18:42: note: 'unspecified' has been explicitly marked unavailable here
16 | // Content size category constants
17 |
18 | UIKIT_EXTERN UIContentSizeCategory const UIContentSizeCategoryUnspecified API_AVAILABLE(ios(10.0)) API_UNAVAILABLE(watchos);
   |                                          `- note: 'unspecified' has been explicitly marked unavailable here
19 | UIKIT_EXTERN UIContentSizeCategory const UIContentSizeCategoryExtraSmall API_AVAILABLE(ios(7.0)) API_UNAVAILABLE(watchos);
20 | UIKIT_EXTERN UIContentSizeCategory const UIContentSizeCategorySmall API_AVAILABLE(ios(7.0)) API_UNAVAILABLE(watchos);
/Users/admin/builder/spi-builder-workspace/Sources/UIPreview/UICatalog/UICatalogPresentable.swift:34:44: error: 'UIView' is unavailable in watchOS
32 |
33 | @available(iOS 13, *)
34 | extension UICatalogPresentable where Self: UIView {
   |                                            `- error: 'UIView' is unavailable in watchOS
35 |   public func preview(with model: PreviewModel) -> AnyView {
36 |     AnyView(UIViewWrapper(self) { $0.apply(previewModel: model) })
/Applications/Xcode-27.0.0-Release.Candidate.app/Contents/Developer/Platforms/WatchOS.platform/Developer/SDKs/WatchOS27.0.sdk/System/Library/Frameworks/UIKit.framework/Headers/UIView.h:152:12: note: 'UIView' has been explicitly marked unavailable here
150 |
151 | UIKIT_EXTERN API_AVAILABLE(ios(2.0)) API_UNAVAILABLE(watchos) NS_SWIFT_UI_ACTOR
152 | @interface UIView : UIResponder <NSCoding, UIAppearance, UIAppearanceContainer, UIDynamicItem, UITraitEnvironment, UICoordinateSpace, UIFocusItem, UIFocusItemContainer, CALayerDelegate>
    |            `- note: 'UIView' has been explicitly marked unavailable here
153 |
154 | @property(class, nonatomic, readonly) Class layerClass;                        // default is [CALayer class]. Used when creating the underlying layer for the view.
/Users/admin/builder/spi-builder-workspace/Sources/UIPreview/UICatalog/UICatalogPresentable.swift:40:44: error: 'UIView' is unavailable in watchOS
38 | }
39 |
40 | extension UICatalogPresentable where Self: UIView {
   |                                            `- error: 'UIView' is unavailable in watchOS
41 |   public static func makePreviewInstance() -> Self { self.init() }
42 | }
/Applications/Xcode-27.0.0-Release.Candidate.app/Contents/Developer/Platforms/WatchOS.platform/Developer/SDKs/WatchOS27.0.sdk/System/Library/Frameworks/UIKit.framework/Headers/UIView.h:152:12: note: 'UIView' has been explicitly marked unavailable here
150 |
151 | UIKIT_EXTERN API_AVAILABLE(ios(2.0)) API_UNAVAILABLE(watchos) NS_SWIFT_UI_ACTOR
152 | @interface UIView : UIResponder <NSCoding, UIAppearance, UIAppearanceContainer, UIDynamicItem, UITraitEnvironment, UICoordinateSpace, UIFocusItem, UIFocusItemContainer, CALayerDelegate>
    |            `- note: 'UIView' has been explicitly marked unavailable here
153 |
154 | @property(class, nonatomic, readonly) Class layerClass;                        // default is [CALayer class]. Used when creating the underlying layer for the view.
/Users/admin/builder/spi-builder-workspace/Sources/UIPreview/UIKitWrapper/UIViewControllerWrapper.swift:22:45: error: cannot find type 'Context' in scope
20 |   }
21 |
22 |   public func makeUIViewController(context: Context) -> ContentView {
   |                                             `- error: cannot find type 'Context' in scope
23 |     context.coordinator.builder()
24 |   }
/Users/admin/builder/spi-builder-workspace/Sources/UIPreview/UIKitWrapper/UIViewControllerWrapper.swift:26:80: error: cannot find type 'Context' in scope
24 |   }
25 |
26 |   public func updateUIViewController(_ uiViewController: ContentView, context: Context) {
   |                                                                                `- error: cannot find type 'Context' in scope
27 |     context.coordinator.updater(uiViewController)
28 |   }
/Users/admin/builder/spi-builder-workspace/Sources/UIPreview/UIKitWrapper/UIViewControllerWrapper.swift:8:71: error: cannot find type 'UIViewControllerRepresentable' in scope
 6 | /// Generic helper to display `UIViewController` in the Swift UI
 7 | @available(iOS 13, *)
 8 | public struct UIViewControllerWrapper<ContentView: UIViewController>: UIViewControllerRepresentable {
   |                                                                       `- error: cannot find type 'UIViewControllerRepresentable' in scope
 9 |   let contextBuilder: () -> ViewCoordinator<ContentView>
10 |
/Users/admin/builder/spi-builder-workspace/Sources/UIPreview/UIKitWrapper/UIViewControllerWrapper.swift:8:52: error: 'UIViewController' is unavailable in watchOS
 6 | /// Generic helper to display `UIViewController` in the Swift UI
 7 | @available(iOS 13, *)
 8 | public struct UIViewControllerWrapper<ContentView: UIViewController>: UIViewControllerRepresentable {
   |                                                    `- error: 'UIViewController' is unavailable in watchOS
 9 |   let contextBuilder: () -> ViewCoordinator<ContentView>
10 |
/Applications/Xcode-27.0.0-Release.Candidate.app/Contents/Developer/Platforms/WatchOS.platform/Developer/SDKs/WatchOS27.0.sdk/System/Library/Frameworks/UIKit.framework/Headers/UIViewController.h:104:12: note: 'UIViewController' has been explicitly marked unavailable here
102 |
103 | UIKIT_EXTERN API_AVAILABLE(ios(2.0)) API_UNAVAILABLE(watchos) NS_SWIFT_UI_ACTOR
104 | @interface UIViewController : UIResponder <NSCoding, UIAppearanceContainer, UITraitEnvironment, UIContentContainer, UIFocusEnvironment>
    |            `- note: 'UIViewController' has been explicitly marked unavailable here
105 |
106 | /*
/Users/admin/builder/spi-builder-workspace/Sources/UIPreview/UIKitWrapper/UIViewWrapper.swift:22:35: error: cannot find type 'Context' in scope
20 |   }
21 |
22 |   public func makeUIView(context: Context) -> ContentView {
   |                                   `- error: cannot find type 'Context' in scope
23 |     context.coordinator.builder()
24 |   }
/Users/admin/builder/spi-builder-workspace/Sources/UIPreview/UIKitWrapper/UIViewWrapper.swift:26:60: error: cannot find type 'Context' in scope
24 |   }
25 |
26 |   public func updateUIView(_ uiView: ContentView, context: Context) {
   |                                                            `- error: cannot find type 'Context' in scope
27 |     uiView.setContentHuggingPriority(.defaultHigh, for: .vertical)
28 |     uiView.setContentHuggingPriority(.defaultHigh, for: .horizontal)
/Users/admin/builder/spi-builder-workspace/Sources/UIPreview/UIKitWrapper/UIViewWrapper.swift:8:51: error: cannot find type 'UIViewRepresentable' in scope
 6 | /// Generic helper to display `UIView` in the Swift UI
 7 | @available(iOS 13, *)
 8 | public struct UIViewWrapper<ContentView: UIView>: UIViewRepresentable {
   |                                                   `- error: cannot find type 'UIViewRepresentable' in scope
 9 |   let contextBuilder: () -> ViewCoordinator<ContentView>
10 |
/Users/admin/builder/spi-builder-workspace/Sources/UIPreview/UIKitWrapper/UIViewWrapper.swift:8:42: error: 'UIView' is unavailable in watchOS
 6 | /// Generic helper to display `UIView` in the Swift UI
 7 | @available(iOS 13, *)
 8 | public struct UIViewWrapper<ContentView: UIView>: UIViewRepresentable {
   |                                          `- error: 'UIView' is unavailable in watchOS
 9 |   let contextBuilder: () -> ViewCoordinator<ContentView>
10 |
/Applications/Xcode-27.0.0-Release.Candidate.app/Contents/Developer/Platforms/WatchOS.platform/Developer/SDKs/WatchOS27.0.sdk/System/Library/Frameworks/UIKit.framework/Headers/UIView.h:152:12: note: 'UIView' has been explicitly marked unavailable here
150 |
151 | UIKIT_EXTERN API_AVAILABLE(ios(2.0)) API_UNAVAILABLE(watchos) NS_SWIFT_UI_ACTOR
152 | @interface UIView : UIResponder <NSCoding, UIAppearance, UIAppearanceContainer, UIDynamicItem, UITraitEnvironment, UICoordinateSpace, UIFocusItem, UIFocusItemContainer, CALayerDelegate>
    |            `- note: 'UIView' has been explicitly marked unavailable here
153 |
154 | @property(class, nonatomic, readonly) Class layerClass;                        // default is [CALayer class]. Used when creating the underlying layer for the view.
Failed frontend command:
/Applications/Xcode-27.0.0-Release.Candidate.app/Contents/Developer/Toolchains/XcodeDefault.xctoolchain/usr/bin/swift-frontend -frontend -emit-module -experimental-skip-non-inlinable-function-bodies-without-types /Users/admin/builder/spi-builder-workspace/Sources/UIPreview/Extensions/ForEach+Raw.swift /Users/admin/builder/spi-builder-workspace/Sources/UIPreview/Extensions/View+Any.swift /Users/admin/builder/spi-builder-workspace/Sources/UIPreview/Extensions/View+UIViewController.swift /Users/admin/builder/spi-builder-workspace/Sources/UIPreview/Preview/ColorSchemePreview.swift /Users/admin/builder/spi-builder-workspace/Sources/UIPreview/Preview/ComponentPreview.swift /Users/admin/builder/spi-builder-workspace/Sources/UIPreview/Preview/ScreenPreview.swift /Users/admin/builder/spi-builder-workspace/Sources/UIPreview/UICatalog/CatalogItemView.swift /Users/admin/builder/spi-builder-workspace/Sources/UIPreview/UICatalog/ExpandGroup.swift /Users/admin/builder/spi-builder-workspace/Sources/UIPreview/UICatalog/GroupItemView.swift /Users/admin/builder/spi-builder-workspace/Sources/UIPreview/UICatalog/Preview.swift /Users/admin/builder/spi-builder-workspace/Sources/UIPreview/UICatalog/PreviewConfiguration.swift /Users/admin/builder/spi-builder-workspace/Sources/UIPreview/UICatalog/PreviewDescriptor.swift /Users/admin/builder/spi-builder-workspace/Sources/UIPreview/UICatalog/PreviewItemStyle.swift /Users/admin/builder/spi-builder-workspace/Sources/UIPreview/UICatalog/PreviewLegend.swift /Users/admin/builder/spi-builder-workspace/Sources/UIPreview/UICatalog/UICatalog.swift /Users/admin/builder/spi-builder-workspace/Sources/UIPreview/UICatalog/UICatalogPresentable.swift /Users/admin/builder/spi-builder-workspace/Sources/UIPreview/UIKitWrapper/UIViewControllerWrapper.swift /Users/admin/builder/spi-builder-workspace/Sources/UIPreview/UIKitWrapper/UIViewWrapper.swift /Users/admin/builder/spi-builder-workspace/Sources/UIPreview/UIKitWrapper/ViewCoordinator.swift -target arm64-apple-watchos9.0 -module-can-import-version SwiftUI 8.0.84.1 8.0.84 -disable-cross-import-overlay-search -load-resolved-plugin /Applications/Xcode-27.0.0-Release.Candidate.app/Contents/Developer/Platforms/WatchOS.platform/Developer/usr/lib/swift/host/plugins/libFoundationMacros.dylib\#/Applications/Xcode-27.0.0-Release.Candidate.app/Contents/Developer/Platforms/WatchOS.platform/Developer/usr/bin/swift-plugin-server\#FoundationMacros -load-resolved-plugin /Applications/Xcode-27.0.0-Release.Candidate.app/Contents/Developer/Platforms/WatchOS.platform/Developer/usr/lib/swift/host/plugins/libObservationMacros.dylib\#/Applications/Xcode-27.0.0-Release.Candidate.app/Contents/Developer/Platforms/WatchOS.platform/Developer/usr/bin/swift-plugin-server\#ObservationMacros -load-resolved-plugin /Applications/Xcode-27.0.0-Release.Candidate.app/Contents/Developer/Platforms/WatchOS.platform/Developer/usr/lib/swift/host/plugins/libPreviewsMacros.dylib\#/Applications/Xcode-27.0.0-Release.Candidate.app/Contents/Developer/Platforms/WatchOS.platform/Developer/usr/bin/swift-plugin-server\#PreviewsMacros -load-resolved-plugin /Applications/Xcode-27.0.0-Release.Candidate.app/Contents/Developer/Platforms/WatchOS.platform/Developer/usr/lib/swift/host/plugins/libSwiftMacros.dylib\#/Applications/Xcode-27.0.0-Release.Candidate.app/Contents/Developer/Platforms/WatchOS.platform/Developer/usr/bin/swift-plugin-server\#SwiftMacros -load-resolved-plugin /Applications/Xcode-27.0.0-Release.Candidate.app/Contents/Developer/Platforms/WatchOS.platform/Developer/usr/lib/swift/host/plugins/libSwiftUIMacros.dylib\#/Applications/Xcode-27.0.0-Release.Candidate.app/Contents/Developer/Platforms/WatchOS.platform/Developer/usr/bin/swift-plugin-server\#SwiftUIMacros -disable-implicit-swift-modules -Xcc -fno-implicit-modules -Xcc -fno-implicit-module-maps -explicit-swift-module-map-file /Users/admin/builder/spi-builder-workspace/.derivedData/Build/Intermediates.noindex/UIPreview.build/Debug-watchos/UIPreview-t.build/Objects-normal/arm64/UIPreview-dependencies-1.json -Xllvm -aarch64-use-tbi -enable-objc-interop -stack-check -sdk /Applications/Xcode-27.0.0-Release.Candidate.app/Contents/Developer/Platforms/WatchOS.platform/Developer/SDKs/WatchOS27.0.sdk -I /Users/admin/builder/spi-builder-workspace/.derivedData/Build/Products/Debug-watchos -Isystem /Applications/Xcode-27.0.0-Release.Candidate.app/Contents/Developer/Platforms/WatchOS.platform/Developer/usr/lib -F /Users/admin/builder/spi-builder-workspace/.derivedData/Build/Products/Debug-watchos -F /Applications/Xcode-27.0.0-Release.Candidate.app/Contents/Developer/Platforms/WatchOS.platform/Developer/Library/Frameworks -F /Applications/Xcode-27.0.0-Release.Candidate.app/Contents/Developer/Platforms/WatchOS.platform/Developer/SDKs/WatchOS27.0.sdk/Developer/Library/Frameworks -module-cache-path /Users/admin/builder/spi-builder-workspace/.derivedData/Build/Intermediates.noindex/SwiftExplicitPrecompiledModules -no-color-diagnostics -Xcc -fno-color-diagnostics -enable-testing -g -debug-info-format\=dwarf -dwarf-version\=4 -profile-generate -profile-coverage-mapping -swift-version 5 -Onone -D SWIFT_PACKAGE -D DEBUG -D SWIFT_MODULE_RESOURCE_BUNDLE_UNAVAILABLE -D Xcode -serialize-debugging-options -enable-experimental-feature DebugDescriptionMacro -empty-abi-descriptor -validate-clang-modules-once -clang-build-session-file /Users/admin/builder/spi-builder-workspace/.derivedData/ModuleCache.noindex/Session.modulevalidation -Xcc -working-directory -Xcc /Users/admin/builder/spi-builder-workspace/.swiftpm/xcode -enable-anonymous-context-mangled-names -file-compilation-dir /Users/admin/builder/spi-builder-workspace/.swiftpm/xcode -Xcc -D_LIBCPP_HARDENING_MODE\=_LIBCPP_HARDENING_MODE_DEBUG -Xcc -ivfsstatcache -Xcc /Users/admin/builder/spi-builder-workspace/.derivedData/SDKStatCaches.noindex/watchos27.0-24R360-e829b21a6f8c9b70876ba0858053c04477534ef55a1706bf4c1112bbb242f0a2.sdkstatcache -Xcc -fmodules-prune-interval\=86400 -Xcc -fmodules-prune-after\=345600 -Xcc -I/Users/admin/builder/spi-builder-workspace/.derivedData/Build/Products/Debug-watchos/include -Xcc -I/Users/admin/builder/spi-builder-workspace/.derivedData/Build/Intermediates.noindex/UIPreview.build/Debug-watchos/UIPreview-t.build/DerivedSources-normal/arm64 -Xcc -I/Users/admin/builder/spi-builder-workspace/.derivedData/Build/Intermediates.noindex/UIPreview.build/Debug-watchos/UIPreview-t.build/DerivedSources/arm64 -Xcc -I/Users/admin/builder/spi-builder-workspace/.derivedData/Build/Intermediates.noindex/UIPreview.build/Debug-watchos/UIPreview-t.build/DerivedSources -Xcc -DSWIFT_PACKAGE -Xcc -DDEBUG\=1 -no-auto-bridging-header-chaining -module-name UIPreview -const-gather-protocols-file /Users/admin/builder/spi-builder-workspace/.derivedData/Build/Intermediates.noindex/UIPreview.build/Debug-watchos/UIPreview-t.build/Objects-normal/arm64/UIPreview_const_extract_protocols.json -disable-clang-spi -clang-target arm64-apple-watchos27.0 -target-sdk-version 27.0 -target-sdk-name watchos27.0 -in-process-plugin-server-path /Applications/Xcode-27.0.0-Release.Candidate.app/Contents/Developer/Toolchains/XcodeDefault.xctoolchain/usr/lib/swift/host/libSwiftInProcPluginServer.dylib -emit-module-doc-path /Users/admin/builder/spi-builder-workspace/.derivedData/Build/Intermediates.noindex/UIPreview.build/Debug-watchos/UIPreview-t.build/Objects-normal/arm64/UIPreview.swiftdoc -emit-module-source-info-path /Users/admin/builder/spi-builder-workspace/.derivedData/Build/Intermediates.noindex/UIPreview.build/Debug-watchos/UIPreview-t.build/Objects-normal/arm64/UIPreview.swiftsourceinfo -emit-objc-header-path /Users/admin/builder/spi-builder-workspace/.derivedData/Build/Intermediates.noindex/UIPreview.build/Debug-watchos/UIPreview-t.build/Objects-normal/arm64/UIPreview-Swift.h -serialize-diagnostics-path /Users/admin/builder/spi-builder-workspace/.derivedData/Build/Intermediates.noindex/UIPreview.build/Debug-watchos/UIPreview-t.build/Objects-normal/arm64/UIPreview-primary-emit-module.dia -emit-dependencies-path /Users/admin/builder/spi-builder-workspace/.derivedData/Build/Intermediates.noindex/UIPreview.build/Debug-watchos/UIPreview-t.build/Objects-normal/arm64/UIPreview-primary-emit-module.d -parse-as-library -o /Users/admin/builder/spi-builder-workspace/.derivedData/Build/Intermediates.noindex/UIPreview.build/Debug-watchos/UIPreview-t.build/Objects-normal/arm64/UIPreview.swiftmodule -emit-abi-descriptor-path /Users/admin/builder/spi-builder-workspace/.derivedData/Build/Intermediates.noindex/UIPreview.build/Debug-watchos/UIPreview-t.build/Objects-normal/arm64/UIPreview.abi.json
SwiftCompile normal arm64 (in target 'UIPreview' from project 'UIPreview')
    cd /Users/admin/builder/spi-builder-workspace/.swiftpm/xcode

SwiftEmitModule normal arm64_32 Emitting\ module\ for\ UIPreview (in target 'UIPreview' from project 'UIPreview')
SwiftCompile normal arm64_32 (in target 'UIPreview' from project 'UIPreview')
    cd /Users/admin/builder/spi-builder-workspace/.swiftpm/xcode

PruneExplicitPrecompiledModules /Users/admin/builder/spi-builder-workspace/.derivedData/SDKExplicitPrecompiledModules
PruneExplicitPrecompiledModules /Users/admin/builder/spi-builder-workspace/.derivedData/Build/Intermediates.noindex/ExplicitPrecompiledModules
PruneExplicitPrecompiledModules /Users/admin/builder/spi-builder-workspace/.derivedData/Build/Intermediates.noindex/SwiftExplicitPrecompiledModules
2026-09-17 05:18:03.302 xcodebuild[801:4812] [MT] IDERunDestination: Supported platforms for the buildables in the current scheme is empty.
** BUILD FAILED **
The following build commands failed:
	SwiftEmitModule normal arm64 Emitting\ module\ for\ UIPreview (in target 'UIPreview' from project 'UIPreview')
	SwiftCompile normal arm64 (in target 'UIPreview' from project 'UIPreview')
	Building workspace UIPreview with scheme UIPreview
(3 failures)
BUILD FAILURE 6.4 watchOS