Build Information
Failed to build FCastSenderSDK, reference main (5d65d8), with Swift 6.4 for iOS using Xcode 27.0 on 23 Sep 2026 00:18:00 UTC.
Build Command
No build command. This typically means the build failed at an early stage where we determine the build command.Build Log
========================================
RunAll
========================================
Builder version: 5.1.0
Interrupt handler set up.
========================================
Checkout
========================================
Clone URL: https://github.com/futo-org/fcast-sender-sdk-swift.git
Reference: main
Initialized empty Git repository in /Users/admin/builder/spi-builder-workspace/.git/
From https://github.com/futo-org/fcast-sender-sdk-swift
* branch main -> FETCH_HEAD
* [new branch] main -> origin/main
HEAD is now at 5d65d80 add license
Cloned https://github.com/futo-org/fcast-sender-sdk-swift.git
Revision (git rev-parse @):
5d65d80325dbd333212dad2f79337e0e6166ae27
SUCCESS checkout https://github.com/futo-org/fcast-sender-sdk-swift.git at main
========================================
Build
========================================
Selected platform: iOS
Swift version: 6.4
Building package at path: $PWD
https://github.com/futo-org/fcast-sender-sdk-swift.git
Command line invocation:
/Applications/Xcode-27.0.0-Release.Candidate.app/Contents/Developer/usr/bin/xcodebuild -IDEClonedSourcePackagesDirPathOverride=/Users/admin/builder/spi-builder-workspace/.dependencies -resolvePackageDependencies
Resolve Package Graph
failed downloading 'https://gitlab.futo.org/videostreaming/fcast/-/jobs/91137/artifacts/raw/ios-bindings/fcast_sender_sdk.xcframework.zip' which is required by binary target 'fcast_sender_sdkFFI': badResponseStatusCode(404)fatalError
Resolve Package Graph
failed downloading 'https://gitlab.futo.org/videostreaming/fcast/-/jobs/91137/artifacts/raw/ios-bindings/fcast_sender_sdk.xcframework.zip' which is required by binary target 'fcast_sender_sdkFFI': badResponseStatusCode(404)fatalError
Resolved source packages:
spi-builder-workspace: (null)
2026-09-22 20:17:59.367 xcodebuild[529:3028] Writing error result bundle to /var/folders/xq/y_g06wb113726d38xsyx71_h0000gn/T/ResultBundle_2026-22-09_20-17-0059.xcresult
xcodebuild: error: Could not resolve package dependencies:
failed downloading 'https://gitlab.futo.org/videostreaming/fcast/-/jobs/91137/artifacts/raw/ios-bindings/fcast_sender_sdk.xcframework.zip' which is required by binary target 'fcast_sender_sdkFFI': badResponseStatusCode(404)
fatalError
Command line invocation:
/Applications/Xcode-27.0.0-Release.Candidate.app/Contents/Developer/usr/bin/xcodebuild -IDEClonedSourcePackagesDirPathOverride=/Users/admin/builder/spi-builder-workspace/.dependencies -resolvePackageDependencies
Resolve Package Graph
failed downloading 'https://gitlab.futo.org/videostreaming/fcast/-/jobs/91137/artifacts/raw/ios-bindings/fcast_sender_sdk.xcframework.zip' which is required by binary target 'fcast_sender_sdkFFI': badResponseStatusCode(404)fatalError
Resolved source packages:
spi-builder-workspace: (null)
2026-09-22 20:18:00.819 xcodebuild[599:3670] Writing error result bundle to /var/folders/xq/y_g06wb113726d38xsyx71_h0000gn/T/ResultBundle_2026-22-09_20-18-0000.xcresult
xcodebuild: error: Could not resolve package dependencies:
failed downloading 'https://gitlab.futo.org/videostreaming/fcast/-/jobs/91137/artifacts/raw/ios-bindings/fcast_sender_sdk.xcframework.zip' which is required by binary target 'fcast_sender_sdkFFI': badResponseStatusCode(404)
fatalError
BUILD FAILURE 6.4 iOS