The Swift Package Index logo.Swift Package Index

Build Information

Failed to build JSONPatch, reference v1.0.6 (1eb123), with Swift 6.4 for Wasm on 15 Oct 2026 23:25:30 UTC.

Build Command

bash -c docker run --pull=always --rm -v "checkouts-54344847-0":/host -w "$PWD" -e JAVA_HOME="/root/.sdkman/candidates/java/current" -e SPI_BUILD="1" -e SPI_PROCESSING="1" registry.gitlab.com/saguaro1/spi-images:wasm-6.4-latest swift build --swift-sdk swift-6.4.0-RELEASE_wasm 2>&1

Build Log

========================================
RunAll
========================================
Builder version: 5.1.3
Interrupt handler set up.
========================================
Checkout
========================================
Clone URL: https://github.com/raymccrae/swift-jsonpatch.git
Reference: v1.0.6
Initialized empty Git repository in /host/spi-builder-workspace/.git/
hint: Using 'master' as the name for the initial branch. This default branch name
hint: is subject to change. To configure the initial branch name to use in all
hint: of your new repositories, which will suppress this warning, call:
hint:
hint: 	git config --global init.defaultBranch <name>
hint:
hint: Names commonly chosen instead of 'master' are 'main', 'trunk' and
hint: 'development'. The just-created branch can be renamed via this command:
hint:
hint: 	git branch -m <name>
From https://github.com/raymccrae/swift-jsonpatch
 * tag               v1.0.6     -> FETCH_HEAD
HEAD is now at 1eb1236 Merge pull request #7 from chrisschlitt/feature/linux-support
Cloned https://github.com/raymccrae/swift-jsonpatch.git
Revision (git rev-parse @):
1eb12363c1ee681712d2a42d2ee6f0322f92cf31
SUCCESS checkout https://github.com/raymccrae/swift-jsonpatch.git at v1.0.6
========================================
Build
========================================
Selected platform:         wasm
Swift version:             6.4
Building package at path:  $PWD
https://github.com/raymccrae/swift-jsonpatch.git
Running build ...
bash -c docker run --pull=always --rm -v "checkouts-54344847-0":/host -w "$PWD" -e JAVA_HOME="/root/.sdkman/candidates/java/current" -e SPI_BUILD="1" -e SPI_PROCESSING="1" registry.gitlab.com/saguaro1/spi-images:wasm-6.4-latest swift build --swift-sdk swift-6.4.0-RELEASE_wasm 2>&1
wasm-6.4-latest: Pulling from saguaro1/spi-images
Digest: sha256:7a2e5502d3bb6640f9b2bbb1dadf9967024364ce9ed0ed0bd80cf1b699d193fd
Status: Image is up to date for registry.gitlab.com/saguaro1/spi-images:wasm-6.4-latest
Building for debugging...
[Planning deferred tasks]
/host/spi-builder-workspace/Sources/JSONPatch/JSONPointer.swift:186:16: warning: 'Hashable.hashValue' is deprecated as a protocol requirement; conform type 'JSONPointer' to 'Hashable' by implementing 'hash(into:)' instead [#]8;;https://docs.swift.org/compiler/documentation/diagnostics/deprecated-declaration\DeprecatedDeclaration]8;;\]
184 |     }
185 |     #else
186 |     public var hashValue: Int {
    |                `- warning: 'Hashable.hashValue' is deprecated as a protocol requirement; conform type 'JSONPointer' to 'Hashable' by implementing 'hash(into:)' instead [#]8;;https://docs.swift.org/compiler/documentation/diagnostics/deprecated-declaration\DeprecatedDeclaration]8;;\]
187 |         return components.hashValue
188 |     }
[#DeprecatedDeclaration]: <https://docs.swift.org/compiler/documentation/diagnostics/deprecated-declaration>
[27 / 35] JSONPatch
error: SwiftCompile normal wasm32 /host/spi-builder-workspace/Sources/JSONPatch/NSDictionary+DeepCopy.swift failed with a nonzero exit code. Command line:     cd /host
    builtin-SwiftPerFileCompile NSDictionary+DeepCopy.swift
/host/spi-builder-workspace/Sources/JSONPatch/NSDictionary+DeepCopy.swift:45:23: error: cannot assign through subscript: subscript is get-only
43 |             switch value {
44 |             case let array as NSArray:
45 |                 result[key] = array.deepMutableCopy()
   |                       `- error: cannot assign through subscript: subscript is get-only
46 |             case let dict as NSDictionary:
47 |                 result[key] = dict.deepMutableCopy()
Failed frontend command:
/usr/bin/swift-frontend -frontend -c /host/spi-builder-workspace/Sources/JSONPatch/JSONElement.swift /host/spi-builder-workspace/Sources/JSONPatch/JSONEquality.swift /host/spi-builder-workspace/Sources/JSONPatch/JSONError.swift /host/spi-builder-workspace/Sources/JSONPatch/JSONPatch.swift /host/spi-builder-workspace/Sources/JSONPatch/JSONPatchCodable.swift /host/spi-builder-workspace/Sources/JSONPatch/JSONPatchGenerator.swift /host/spi-builder-workspace/Sources/JSONPatch/JSONPointer.swift /host/spi-builder-workspace/Sources/JSONPatch/NSArray+DeepCopy.swift -primary-file /host/spi-builder-workspace/Sources/JSONPatch/NSDictionary+DeepCopy.swift -emit-dependencies-path /host/spi-builder-workspace/.build/out/Intermediates.noindex/JSONPatch.build/Debug-webassembly-wasm32/JSONPatch-t.build/Objects-normal/wasm32/NSDictionary+DeepCopy.d -emit-const-values-path /host/spi-builder-workspace/.build/out/Intermediates.noindex/JSONPatch.build/Debug-webassembly-wasm32/JSONPatch-t.build/Objects-normal/wasm32/NSDictionary+DeepCopy.swiftconstvalues -emit-reference-dependencies-path /host/spi-builder-workspace/.build/out/Intermediates.noindex/JSONPatch.build/Debug-webassembly-wasm32/JSONPatch-t.build/Objects-normal/wasm32/NSDictionary+DeepCopy.swiftdeps -serialize-diagnostics-path /host/spi-builder-workspace/.build/out/Intermediates.noindex/JSONPatch.build/Debug-webassembly-wasm32/JSONPatch-t.build/Objects-normal/wasm32/NSDictionary+DeepCopy.dia -target wasm32-unknown-wasip1 -disable-objc-interop -sdk /root/.swiftpm/swift-sdks/swift-6.4.0-RELEASE_wasm.artifactbundle/swift-6.4.0-RELEASE_wasm/wasm32-unknown-wasip1/WASI.sdk -sysroot /root/.swiftpm/swift-sdks/swift-6.4.0-RELEASE_wasm.artifactbundle/swift-6.4.0-RELEASE_wasm/wasm32-unknown-wasip1/WASI.sdk -I /host/spi-builder-workspace/.build/out/Products/Debug-webassembly-wasm32 -module-cache-path /host/spi-builder-workspace/.build/out/ModuleCache.noindex -color-diagnostics -Xcc -fcolor-diagnostics -enable-testing -g -debug-info-format\=dwarf -dwarf-version\=4 -swift-version 4 -Onone -D SWIFT_PACKAGE -D DEBUG -D SWIFT_MODULE_RESOURCE_BUNDLE_UNAVAILABLE -D Xcode -serialize-debugging-options -enable-experimental-feature DebugDescriptionMacro -empty-abi-descriptor -external-plugin-path /usr/lib/swift/host/plugins/testing\#/usr/bin/swift-plugin-server -validate-clang-modules-once -clang-build-session-file /host/spi-builder-workspace/.build/out/ModuleCache.noindex/Session.modulevalidation -Xcc -working-directory -Xcc /host -resource-dir /root/.swiftpm/swift-sdks/swift-6.4.0-RELEASE_wasm.artifactbundle/swift-6.4.0-RELEASE_wasm/wasm32-unknown-wasip1/swift.xctoolchain/usr/lib/swift_static -use-static-resource-dir -enable-anonymous-context-mangled-names -file-compilation-dir /host -Xcc -resource-dir -Xcc /root/.swiftpm/swift-sdks/swift-6.4.0-RELEASE_wasm.artifactbundle/swift-6.4.0-RELEASE_wasm/wasm32-unknown-wasip1/swift.xctoolchain/usr/lib/swift_static/clang -Xcc -D_LIBCPP_HARDENING_MODE\=_LIBCPP_HARDENING_MODE_DEBUG -Xcc -fmodules-prune-interval\=86400 -Xcc -fmodules-prune-after\=345600 -Xcc -I/host/spi-builder-workspace/.build/out/Products/Debug-webassembly-wasm32/include -Xcc -I/host/spi-builder-workspace/.build/out/Intermediates.noindex/JSONPatch.build/Debug-webassembly-wasm32/JSONPatch-t.build/DerivedSources-normal/wasm32 -Xcc -I/host/spi-builder-workspace/.build/out/Intermediates.noindex/JSONPatch.build/Debug-webassembly-wasm32/JSONPatch-t.build/DerivedSources/wasm32 -Xcc -I/host/spi-builder-workspace/.build/out/Intermediates.noindex/JSONPatch.build/Debug-webassembly-wasm32/JSONPatch-t.build/DerivedSources -Xcc -DSWIFT_PACKAGE -Xcc -DDEBUG\=1 -no-auto-bridging-header-chaining -module-name JSONPatch -const-gather-protocols-file /host/spi-builder-workspace/.build/out/Intermediates.noindex/JSONPatch.build/Debug-webassembly-wasm32/JSONPatch-t.build/Objects-normal/wasm32/JSONPatch_const_extract_protocols.json -in-process-plugin-server-path /usr/lib/swift/host/libSwiftInProcPluginServer.so -plugin-path /usr/lib/swift/host/plugins -plugin-path /usr/local/lib/swift/host/plugins -parse-as-library -o /host/spi-builder-workspace/.build/out/Intermediates.noindex/JSONPatch.build/Debug-webassembly-wasm32/JSONPatch-t.build/Objects-normal/wasm32/NSDictionary+DeepCopy.o -index-unit-output-path /JSONPatch.build/Debug-webassembly-wasm32/JSONPatch-t.build/Objects-normal/wasm32/NSDictionary+DeepCopy.o -index-store-path /host/spi-builder-workspace/.build/out -index-system-modules
[28 / 35] JSONPatch
error: SwiftCompile normal wasm32 /host/spi-builder-workspace/Sources/JSONPatch/JSONPatchCodable.swift failed with a nonzero exit code. Command line:     cd /host
    builtin-SwiftPerFileCompile JSONPatchCodable.swift
/host/spi-builder-workspace/Sources/JSONPatch/JSONPatchCodable.swift:169:16: error: cannot find 'CFNumberGetType' in scope
167 |         }
168 |         #else
169 |         switch CFNumberGetType(value) {
    |                `- error: cannot find 'CFNumberGetType' in scope
170 |         case .charType:
171 |             try encode(value.boolValue)
Failed frontend command:
/usr/bin/swift-frontend -frontend -c /host/spi-builder-workspace/Sources/JSONPatch/JSONElement.swift /host/spi-builder-workspace/Sources/JSONPatch/JSONEquality.swift /host/spi-builder-workspace/Sources/JSONPatch/JSONError.swift /host/spi-builder-workspace/Sources/JSONPatch/JSONPatch.swift -primary-file /host/spi-builder-workspace/Sources/JSONPatch/JSONPatchCodable.swift /host/spi-builder-workspace/Sources/JSONPatch/JSONPatchGenerator.swift /host/spi-builder-workspace/Sources/JSONPatch/JSONPointer.swift /host/spi-builder-workspace/Sources/JSONPatch/NSArray+DeepCopy.swift /host/spi-builder-workspace/Sources/JSONPatch/NSDictionary+DeepCopy.swift -emit-dependencies-path /host/spi-builder-workspace/.build/out/Intermediates.noindex/JSONPatch.build/Debug-webassembly-wasm32/JSONPatch-t.build/Objects-normal/wasm32/JSONPatchCodable.d -emit-const-values-path /host/spi-builder-workspace/.build/out/Intermediates.noindex/JSONPatch.build/Debug-webassembly-wasm32/JSONPatch-t.build/Objects-normal/wasm32/JSONPatchCodable.swiftconstvalues -emit-reference-dependencies-path /host/spi-builder-workspace/.build/out/Intermediates.noindex/JSONPatch.build/Debug-webassembly-wasm32/JSONPatch-t.build/Objects-normal/wasm32/JSONPatchCodable.swiftdeps -serialize-diagnostics-path /host/spi-builder-workspace/.build/out/Intermediates.noindex/JSONPatch.build/Debug-webassembly-wasm32/JSONPatch-t.build/Objects-normal/wasm32/JSONPatchCodable.dia -target wasm32-unknown-wasip1 -disable-objc-interop -sdk /root/.swiftpm/swift-sdks/swift-6.4.0-RELEASE_wasm.artifactbundle/swift-6.4.0-RELEASE_wasm/wasm32-unknown-wasip1/WASI.sdk -sysroot /root/.swiftpm/swift-sdks/swift-6.4.0-RELEASE_wasm.artifactbundle/swift-6.4.0-RELEASE_wasm/wasm32-unknown-wasip1/WASI.sdk -I /host/spi-builder-workspace/.build/out/Products/Debug-webassembly-wasm32 -module-cache-path /host/spi-builder-workspace/.build/out/ModuleCache.noindex -color-diagnostics -Xcc -fcolor-diagnostics -enable-testing -g -debug-info-format\=dwarf -dwarf-version\=4 -swift-version 4 -Onone -D SWIFT_PACKAGE -D DEBUG -D SWIFT_MODULE_RESOURCE_BUNDLE_UNAVAILABLE -D Xcode -serialize-debugging-options -enable-experimental-feature DebugDescriptionMacro -empty-abi-descriptor -external-plugin-path /usr/lib/swift/host/plugins/testing\#/usr/bin/swift-plugin-server -validate-clang-modules-once -clang-build-session-file /host/spi-builder-workspace/.build/out/ModuleCache.noindex/Session.modulevalidation -Xcc -working-directory -Xcc /host -resource-dir /root/.swiftpm/swift-sdks/swift-6.4.0-RELEASE_wasm.artifactbundle/swift-6.4.0-RELEASE_wasm/wasm32-unknown-wasip1/swift.xctoolchain/usr/lib/swift_static -use-static-resource-dir -enable-anonymous-context-mangled-names -file-compilation-dir /host -Xcc -resource-dir -Xcc /root/.swiftpm/swift-sdks/swift-6.4.0-RELEASE_wasm.artifactbundle/swift-6.4.0-RELEASE_wasm/wasm32-unknown-wasip1/swift.xctoolchain/usr/lib/swift_static/clang -Xcc -D_LIBCPP_HARDENING_MODE\=_LIBCPP_HARDENING_MODE_DEBUG -Xcc -fmodules-prune-interval\=86400 -Xcc -fmodules-prune-after\=345600 -Xcc -I/host/spi-builder-workspace/.build/out/Products/Debug-webassembly-wasm32/include -Xcc -I/host/spi-builder-workspace/.build/out/Intermediates.noindex/JSONPatch.build/Debug-webassembly-wasm32/JSONPatch-t.build/DerivedSources-normal/wasm32 -Xcc -I/host/spi-builder-workspace/.build/out/Intermediates.noindex/JSONPatch.build/Debug-webassembly-wasm32/JSONPatch-t.build/DerivedSources/wasm32 -Xcc -I/host/spi-builder-workspace/.build/out/Intermediates.noindex/JSONPatch.build/Debug-webassembly-wasm32/JSONPatch-t.build/DerivedSources -Xcc -DSWIFT_PACKAGE -Xcc -DDEBUG\=1 -no-auto-bridging-header-chaining -module-name JSONPatch -const-gather-protocols-file /host/spi-builder-workspace/.build/out/Intermediates.noindex/JSONPatch.build/Debug-webassembly-wasm32/JSONPatch-t.build/Objects-normal/wasm32/JSONPatch_const_extract_protocols.json -in-process-plugin-server-path /usr/lib/swift/host/libSwiftInProcPluginServer.so -plugin-path /usr/lib/swift/host/plugins -plugin-path /usr/local/lib/swift/host/plugins -parse-as-library -o /host/spi-builder-workspace/.build/out/Intermediates.noindex/JSONPatch.build/Debug-webassembly-wasm32/JSONPatch-t.build/Objects-normal/wasm32/JSONPatchCodable.o -index-unit-output-path /JSONPatch.build/Debug-webassembly-wasm32/JSONPatch-t.build/Objects-normal/wasm32/JSONPatchCodable.o -index-store-path /host/spi-builder-workspace/.build/out -index-system-modules
error: SwiftCompile normal wasm32 /host/spi-builder-workspace/Sources/JSONPatch/JSONElement.swift failed with a nonzero exit code. Command line:     cd /host
    builtin-SwiftPerFileCompile JSONElement.swift
error: SwiftCompile normal wasm32 /host/spi-builder-workspace/Sources/JSONPatch/JSONEquality.swift failed with a nonzero exit code. Command line:     cd /host
    builtin-SwiftPerFileCompile JSONEquality.swift
/host/spi-builder-workspace/Sources/JSONPatch/JSONElement.swift:164:59: error: 'NSDictionary' is not convertible to '[AnyHashable : Any]'
162 |             let mutable = dictionary.mutableCopy() as! NSMutableDictionary
163 |             #else
164 |             let mutable = NSMutableDictionary(dictionary: dictionary)
    |                                                           |- error: 'NSDictionary' is not convertible to '[AnyHashable : Any]'
    |                                                           `- note: did you mean to use 'as!' to force downcast?
165 |             #endif
166 |             self = .mutableObject(value: mutable)
/host/spi-builder-workspace/Sources/JSONPatch/JSONEquality.swift:32:16: error: cannot find 'CFNumberGetType' in scope
 30 |         return objCType.pointee == 0x63 // character code for 'c'
 31 |         #else
 32 |         return CFNumberGetType(self) == .charType
    |                `- error: cannot find 'CFNumberGetType' in scope
 33 |         #endif
 34 |     }
Failed frontend command:
/usr/bin/swift-frontend -frontend -c -primary-file /host/spi-builder-workspace/Sources/JSONPatch/JSONElement.swift -primary-file /host/spi-builder-workspace/Sources/JSONPatch/JSONEquality.swift /host/spi-builder-workspace/Sources/JSONPatch/JSONError.swift /host/spi-builder-workspace/Sources/JSONPatch/JSONPatch.swift /host/spi-builder-workspace/Sources/JSONPatch/JSONPatchCodable.swift /host/spi-builder-workspace/Sources/JSONPatch/JSONPatchGenerator.swift /host/spi-builder-workspace/Sources/JSONPatch/JSONPointer.swift /host/spi-builder-workspace/Sources/JSONPatch/NSArray+DeepCopy.swift /host/spi-builder-workspace/Sources/JSONPatch/NSDictionary+DeepCopy.swift -emit-dependencies-path /host/spi-builder-workspace/.build/out/Intermediates.noindex/JSONPatch.build/Debug-webassembly-wasm32/JSONPatch-t.build/Objects-normal/wasm32/JSONElement.d -emit-const-values-path /host/spi-builder-workspace/.build/out/Intermediates.noindex/JSONPatch.build/Debug-webassembly-wasm32/JSONPatch-t.build/Objects-normal/wasm32/JSONElement.swiftconstvalues -emit-reference-dependencies-path /host/spi-builder-workspace/.build/out/Intermediates.noindex/JSONPatch.build/Debug-webassembly-wasm32/JSONPatch-t.build/Objects-normal/wasm32/JSONElement.swiftdeps -serialize-diagnostics-path /host/spi-builder-workspace/.build/out/Intermediates.noindex/JSONPatch.build/Debug-webassembly-wasm32/JSONPatch-t.build/Objects-normal/wasm32/JSONElement.dia -emit-dependencies-path /host/spi-builder-workspace/.build/out/Intermediates.noindex/JSONPatch.build/Debug-webassembly-wasm32/JSONPatch-t.build/Objects-normal/wasm32/JSONEquality.d -emit-const-values-path /host/spi-builder-workspace/.build/out/Intermediates.noindex/JSONPatch.build/Debug-webassembly-wasm32/JSONPatch-t.build/Objects-normal/wasm32/JSONEquality.swiftconstvalues -emit-reference-dependencies-path /host/spi-builder-workspace/.build/out/Intermediates.noindex/JSONPatch.build/Debug-webassembly-wasm32/JSONPatch-t.build/Objects-normal/wasm32/JSONEquality.swiftdeps -serialize-diagnostics-path /host/spi-builder-workspace/.build/out/Intermediates.noindex/JSONPatch.build/Debug-webassembly-wasm32/JSONPatch-t.build/Objects-normal/wasm32/JSONEquality.dia -target wasm32-unknown-wasip1 -disable-objc-interop -sdk /root/.swiftpm/swift-sdks/swift-6.4.0-RELEASE_wasm.artifactbundle/swift-6.4.0-RELEASE_wasm/wasm32-unknown-wasip1/WASI.sdk -sysroot /root/.swiftpm/swift-sdks/swift-6.4.0-RELEASE_wasm.artifactbundle/swift-6.4.0-RELEASE_wasm/wasm32-unknown-wasip1/WASI.sdk -I /host/spi-builder-workspace/.build/out/Products/Debug-webassembly-wasm32 -module-cache-path /host/spi-builder-workspace/.build/out/ModuleCache.noindex -color-diagnostics -Xcc -fcolor-diagnostics -enable-testing -g -debug-info-format\=dwarf -dwarf-version\=4 -swift-version 4 -Onone -D SWIFT_PACKAGE -D DEBUG -D SWIFT_MODULE_RESOURCE_BUNDLE_UNAVAILABLE -D Xcode -serialize-debugging-options -enable-experimental-feature DebugDescriptionMacro -empty-abi-descriptor -external-plugin-path /usr/lib/swift/host/plugins/testing\#/usr/bin/swift-plugin-server -validate-clang-modules-once -clang-build-session-file /host/spi-builder-workspace/.build/out/ModuleCache.noindex/Session.modulevalidation -Xcc -working-directory -Xcc /host -resource-dir /root/.swiftpm/swift-sdks/swift-6.4.0-RELEASE_wasm.artifactbundle/swift-6.4.0-RELEASE_wasm/wasm32-unknown-wasip1/swift.xctoolchain/usr/lib/swift_static -use-static-resource-dir -enable-anonymous-context-mangled-names -file-compilation-dir /host -Xcc -resource-dir -Xcc /root/.swiftpm/swift-sdks/swift-6.4.0-RELEASE_wasm.artifactbundle/swift-6.4.0-RELEASE_wasm/wasm32-unknown-wasip1/swift.xctoolchain/usr/lib/swift_static/clang -Xcc -D_LIBCPP_HARDENING_MODE\=_LIBCPP_HARDENING_MODE_DEBUG -Xcc -fmodules-prune-interval\=86400 -Xcc -fmodules-prune-after\=345600 -Xcc -I/host/spi-builder-workspace/.build/out/Products/Debug-webassembly-wasm32/include -Xcc -I/host/spi-builder-workspace/.build/out/Intermediates.noindex/JSONPatch.build/Debug-webassembly-wasm32/JSONPatch-t.build/DerivedSources-normal/wasm32 -Xcc -I/host/spi-builder-workspace/.build/out/Intermediates.noindex/JSONPatch.build/Debug-webassembly-wasm32/JSONPatch-t.build/DerivedSources/wasm32 -Xcc -I/host/spi-builder-workspace/.build/out/Intermediates.noindex/JSONPatch.build/Debug-webassembly-wasm32/JSONPatch-t.build/DerivedSources -Xcc -DSWIFT_PACKAGE -Xcc -DDEBUG\=1 -no-auto-bridging-header-chaining -module-name JSONPatch -const-gather-protocols-file /host/spi-builder-workspace/.build/out/Intermediates.noindex/JSONPatch.build/Debug-webassembly-wasm32/JSONPatch-t.build/Objects-normal/wasm32/JSONPatch_const_extract_protocols.json -in-process-plugin-server-path /usr/lib/swift/host/libSwiftInProcPluginServer.so -plugin-path /usr/lib/swift/host/plugins -plugin-path /usr/local/lib/swift/host/plugins -parse-as-library -o /host/spi-builder-workspace/.build/out/Intermediates.noindex/JSONPatch.build/Debug-webassembly-wasm32/JSONPatch-t.build/Objects-normal/wasm32/JSONElement.o -o /host/spi-builder-workspace/.build/out/Intermediates.noindex/JSONPatch.build/Debug-webassembly-wasm32/JSONPatch-t.build/Objects-normal/wasm32/JSONEquality.o -index-unit-output-path /JSONPatch.build/Debug-webassembly-wasm32/JSONPatch-t.build/Objects-normal/wasm32/JSONElement.o -index-unit-output-path /JSONPatch.build/Debug-webassembly-wasm32/JSONPatch-t.build/Objects-normal/wasm32/JSONEquality.o -index-store-path /host/spi-builder-workspace/.build/out -index-system-modules
error: Build failed
BUILD FAILURE 6.4 wasm