The Swift Package Index logo.Swift Package Index

Build Information

Failed to build ASN1Codable, reference 0.1.3 (fce875), with Swift 6.4 for Wasm on 18 Sep 2026 20:20:47 UTC.

Build Command

bash -c docker run --pull=always --rm -v "checkouts-53886769-1":/host -w "$PWD" -e JAVA_HOME="/root/.sdkman/candidates/java/current" -e SPI_BUILD="1" -e SPI_PROCESSING="1" registry.gitlab.com/saguaro1/spi-images:wasm-6.4-latest swift build --swift-sdk swift-6.4.x-DEVELOPMENT-SNAPSHOT-2026-09-04-a_wasm 2>&1

Build Log

========================================
RunAll
========================================
Builder version: 5.1.0
Interrupt handler set up.
========================================
Checkout
========================================
Clone URL: https://github.com/PADL/ASN1Codable.git
Reference: 0.1.3
Initialized empty Git repository in /host/spi-builder-workspace/.git/
hint: Using 'master' as the name for the initial branch. This default branch name
hint: is subject to change. To configure the initial branch name to use in all
hint: of your new repositories, which will suppress this warning, call:
hint:
hint: 	git config --global init.defaultBranch <name>
hint:
hint: Names commonly chosen instead of 'master' are 'main', 'trunk' and
hint: 'development'. The just-created branch can be renamed via this command:
hint:
hint: 	git branch -m <name>
From https://github.com/PADL/ASN1Codable
 * tag               0.1.3      -> FETCH_HEAD
HEAD is now at fce8757 remove unused isString method
Cloned https://github.com/PADL/ASN1Codable.git
Revision (git rev-parse @):
fce8757cc6d98686a8b7cc9cb8722848eadb8e70
SUCCESS checkout https://github.com/PADL/ASN1Codable.git at 0.1.3
========================================
Build
========================================
Selected platform:         wasm
Swift version:             6.4
Building package at path:  $PWD
https://github.com/PADL/ASN1Codable.git
Running build ...
bash -c docker run --pull=always --rm -v "checkouts-53886769-1":/host -w "$PWD" -e JAVA_HOME="/root/.sdkman/candidates/java/current" -e SPI_BUILD="1" -e SPI_PROCESSING="1" registry.gitlab.com/saguaro1/spi-images:wasm-6.4-latest swift build --swift-sdk swift-6.4.x-DEVELOPMENT-SNAPSHOT-2026-09-04-a_wasm 2>&1
wasm-6.4-latest: Pulling from saguaro1/spi-images
Digest: sha256:4328fdb43c680d205c1d6761b1e3267aa38277eefdda9ddfb17b6a0f1a77857a
Status: Image is up to date for registry.gitlab.com/saguaro1/spi-images:wasm-6.4-latest
Fetching https://github.com/PADL/ASN1Kit
[1/1049] Fetching asn1kit
Fetched https://github.com/PADL/ASN1Kit (0.49s)
Fetching https://github.com/ole/Echo
[1/870] Fetching echo
Fetched https://github.com/ole/Echo (0.51s)
Fetching https://github.com/mkrd/Swift-BigInt
[1/2014] Fetching swift-bigint
Fetched https://github.com/mkrd/Swift-BigInt (0.57s)
Fetching https://github.com/apple/swift-argument-parser
Fetching https://github.com/apple/swift-atomics.git
Fetching https://github.com/Carthage/Commandant
Fetching https://github.com/SwiftCommon/DataKit.git
[1/2329] Fetching commandant
[2330/3553] Fetching commandant, datakit
[3554/5428] Fetching commandant, datakit, swift-atomics
Fetched https://github.com/SwiftCommon/DataKit.git (0.50s)
[2779/4204] Fetching commandant, swift-atomics
[4205/23122] Fetching commandant, swift-atomics, swift-argument-parser
Fetched https://github.com/apple/swift-atomics.git (0.58s)
[6302/21247] Fetching commandant, swift-argument-parser
Fetching https://github.com/Flight-School/AnyCodable
Fetched https://github.com/Carthage/Commandant (0.78s)
Fetched https://github.com/apple/swift-argument-parser (0.78s)
[1/782] Fetching anycodable
Fetched https://github.com/Flight-School/AnyCodable (0.48s)
Computing version for https://github.com/SwiftCommon/DataKit.git
Computed https://github.com/SwiftCommon/DataKit.git at 1.1.0 (1.46s)
Fetching https://github.com/Quick/Nimble
[1/19986] Fetching nimble
Fetched https://github.com/Quick/Nimble (1.13s)
Computing version for https://github.com/Flight-School/AnyCodable
Computed https://github.com/Flight-School/AnyCodable at 0.6.7 (1.32s)
Computing version for https://github.com/apple/swift-atomics.git
Computed https://github.com/apple/swift-atomics.git at 0.0.3 (0.18s)
Computing version for https://github.com/Quick/Nimble
Computed https://github.com/Quick/Nimble at 9.2.1 (0.19s)
Fetching https://github.com/mattgallagher/CwlPreconditionTesting.git
[1/1257] Fetching cwlpreconditiontesting
Fetched https://github.com/mattgallagher/CwlPreconditionTesting.git (0.47s)
Computing version for https://github.com/mattgallagher/CwlPreconditionTesting.git
Computed https://github.com/mattgallagher/CwlPreconditionTesting.git at 2.2.2 (0.64s)
Fetching https://github.com/mattgallagher/CwlCatchException.git
[1/460] Fetching cwlcatchexception
Fetched https://github.com/mattgallagher/CwlCatchException.git (0.45s)
Computing version for https://github.com/mattgallagher/CwlCatchException.git
Computed https://github.com/mattgallagher/CwlCatchException.git at 2.2.1 (0.64s)
Computing version for https://github.com/Carthage/Commandant
Computed https://github.com/Carthage/Commandant at 0.18.0 (0.18s)
Computing version for https://github.com/apple/swift-argument-parser
Computed https://github.com/apple/swift-argument-parser at 1.8.2 (0.19s)
Creating working copy for https://github.com/Flight-School/AnyCodable
Working copy of https://github.com/Flight-School/AnyCodable resolved at 0.6.7
Creating working copy for https://github.com/PADL/ASN1Kit
Working copy of https://github.com/PADL/ASN1Kit resolved at lhoward/pr (94f981e)
Creating working copy for https://github.com/mattgallagher/CwlPreconditionTesting.git
Working copy of https://github.com/mattgallagher/CwlPreconditionTesting.git resolved at 2.2.2
Creating working copy for https://github.com/Quick/Nimble
Working copy of https://github.com/Quick/Nimble resolved at 9.2.1
Creating working copy for https://github.com/apple/swift-argument-parser
Working copy of https://github.com/apple/swift-argument-parser resolved at 1.8.2
Creating working copy for https://github.com/SwiftCommon/DataKit.git
Working copy of https://github.com/SwiftCommon/DataKit.git resolved at 1.1.0
Creating working copy for https://github.com/ole/Echo
Working copy of https://github.com/ole/Echo resolved at fix-release-build (67dee07)
Creating working copy for https://github.com/Carthage/Commandant
Working copy of https://github.com/Carthage/Commandant resolved at 0.18.0
Creating working copy for https://github.com/apple/swift-atomics.git
Working copy of https://github.com/apple/swift-atomics.git resolved at 0.0.3
Creating working copy for https://github.com/mattgallagher/CwlCatchException.git
Working copy of https://github.com/mattgallagher/CwlCatchException.git resolved at 2.2.1
Creating working copy for https://github.com/mkrd/Swift-BigInt
Working copy of https://github.com/mkrd/Swift-BigInt resolved at master (e355084)
Building for debugging...
[Computing dependencies]
[Constructing description]
[Pre-planning 1 / 394]
[Planning deferred tasks]
[Starting]
[55 / 143] AnyCodable
[84 / 165] BigNumber
[89 / 178] _AtomicsShims
[92 / 178] BigNumber
error: SwiftCompile normal wasm32 failed with a nonzero exit code. Command line:     cd /host

/host/spi-builder-workspace/.build/checkouts/swift-atomics/Sources/Atomics/AtomicStrongReference.swift:42:5: error: cannot find '_sa_retain_n' in scope
 40 |   @inlinable
 41 |   internal func retain(by delta: Int) {
 42 |     _sa_retain_n(toOpaque(), UInt32(delta))
    |     `- error: cannot find '_sa_retain_n' in scope
 43 |   }
 44 |
/host/spi-builder-workspace/.build/checkouts/swift-atomics/Sources/Atomics/AtomicStrongReference.swift:47:5: error: cannot find '_sa_release_n' in scope
 45 |   @inlinable
 46 |   internal func release(by delta: Int) {
 47 |     _sa_release_n(toOpaque(), UInt32(delta))
    |     `- error: cannot find '_sa_release_n' in scope
 48 |   }
 49 | }
/host/spi-builder-workspace/.build/checkouts/swift-atomics/Sources/Atomics/autogenerated/IntegerConformances.swift:4954:23: error: cannot find '_sa_prepare_DoubleWord' in scope
4952 |     @inline(__always) @_alwaysEmitIntoClient
4953 |     public init(_ value: Value) {
4954 |       self._storage = _sa_prepare_DoubleWord(value)
     |                       `- error: cannot find '_sa_prepare_DoubleWord' in scope
4955 |     }
4956 |
/host/spi-builder-workspace/.build/checkouts/swift-atomics/Sources/Atomics/autogenerated/IntegerConformances.swift:4959:7: error: cannot find '_sa_dispose_DoubleWord' in scope
4957 |     @inline(__always) @_alwaysEmitIntoClient
4958 |     public func dispose() -> Value {
4959 |       _sa_dispose_DoubleWord(_storage)
     |       `- error: cannot find '_sa_dispose_DoubleWord' in scope
4960 |     }
4961 |   }
/host/spi-builder-workspace/.build/checkouts/swift-atomics/Sources/Atomics/autogenerated/IntegerConformances.swift:4983:14: error: cannot find '_sa_load_relaxed_DoubleWord' in scope
4981 |     switch ordering {
4982 |     case .relaxed:
4983 |       return _sa_load_relaxed_DoubleWord(pointer._extract)
     |              `- error: cannot find '_sa_load_relaxed_DoubleWord' in scope
4984 |     case .acquiring:
4985 |       return _sa_load_acquire_DoubleWord(pointer._extract)
/host/spi-builder-workspace/.build/checkouts/swift-atomics/Sources/Atomics/autogenerated/IntegerConformances.swift:4985:14: error: cannot find '_sa_load_acquire_DoubleWord' in scope
4983 |       return _sa_load_relaxed_DoubleWord(pointer._extract)
4984 |     case .acquiring:
4985 |       return _sa_load_acquire_DoubleWord(pointer._extract)
     |              `- error: cannot find '_sa_load_acquire_DoubleWord' in scope
4986 |     case .sequentiallyConsistent:
4987 |       return _sa_load_seq_cst_DoubleWord(pointer._extract)
/host/spi-builder-workspace/.build/checkouts/swift-atomics/Sources/Atomics/autogenerated/IntegerConformances.swift:4987:14: error: cannot find '_sa_load_seq_cst_DoubleWord' in scope
4985 |       return _sa_load_acquire_DoubleWord(pointer._extract)
4986 |     case .sequentiallyConsistent:
4987 |       return _sa_load_seq_cst_DoubleWord(pointer._extract)
     |              `- error: cannot find '_sa_load_seq_cst_DoubleWord' in scope
4988 |     default:
4989 |       fatalError("Unsupported ordering")
/host/spi-builder-workspace/.build/checkouts/swift-atomics/Sources/Atomics/autogenerated/IntegerConformances.swift:5002:7: error: cannot find '_sa_store_relaxed_DoubleWord' in scope
5000 |     switch ordering {
5001 |     case .relaxed:
5002 |       _sa_store_relaxed_DoubleWord(pointer._extract, desired)
     |       `- error: cannot find '_sa_store_relaxed_DoubleWord' in scope
5003 |     case .releasing:
5004 |       _sa_store_release_DoubleWord(pointer._extract, desired)
/host/spi-builder-workspace/.build/checkouts/swift-atomics/Sources/Atomics/autogenerated/IntegerConformances.swift:5004:7: error: cannot find '_sa_store_release_DoubleWord' in scope
5002 |       _sa_store_relaxed_DoubleWord(pointer._extract, desired)
5003 |     case .releasing:
5004 |       _sa_store_release_DoubleWord(pointer._extract, desired)
     |       `- error: cannot find '_sa_store_release_DoubleWord' in scope
5005 |     case .sequentiallyConsistent:
5006 |       _sa_store_seq_cst_DoubleWord(pointer._extract, desired)
/host/spi-builder-workspace/.build/checkouts/swift-atomics/Sources/Atomics/autogenerated/IntegerConformances.swift:5006:7: error: cannot find '_sa_store_seq_cst_DoubleWord' in scope
5004 |       _sa_store_release_DoubleWord(pointer._extract, desired)
5005 |     case .sequentiallyConsistent:
5006 |       _sa_store_seq_cst_DoubleWord(pointer._extract, desired)
     |       `- error: cannot find '_sa_store_seq_cst_DoubleWord' in scope
5007 |     default:
5008 |       fatalError("Unsupported ordering")
/host/spi-builder-workspace/.build/checkouts/swift-atomics/Sources/Atomics/autogenerated/IntegerConformances.swift:5021:14: error: cannot find '_sa_exchange_relaxed_DoubleWord' in scope
5019 |     switch ordering {
5020 |     case .relaxed:
5021 |       return _sa_exchange_relaxed_DoubleWord(pointer._extract, desired)
     |              `- error: cannot find '_sa_exchange_relaxed_DoubleWord' in scope
5022 |     case .acquiring:
5023 |       return _sa_exchange_acquire_DoubleWord(pointer._extract, desired)
/host/spi-builder-workspace/.build/checkouts/swift-atomics/Sources/Atomics/autogenerated/IntegerConformances.swift:5023:14: error: cannot find '_sa_exchange_acquire_DoubleWord' in scope
5021 |       return _sa_exchange_relaxed_DoubleWord(pointer._extract, desired)
5022 |     case .acquiring:
5023 |       return _sa_exchange_acquire_DoubleWord(pointer._extract, desired)
     |              `- error: cannot find '_sa_exchange_acquire_DoubleWord' in scope
5024 |     case .releasing:
5025 |       return _sa_exchange_release_DoubleWord(pointer._extract, desired)
/host/spi-builder-workspace/.build/checkouts/swift-atomics/Sources/Atomics/autogenerated/IntegerConformances.swift:5025:14: error: cannot find '_sa_exchange_release_DoubleWord' in scope
5023 |       return _sa_exchange_acquire_DoubleWord(pointer._extract, desired)
5024 |     case .releasing:
5025 |       return _sa_exchange_release_DoubleWord(pointer._extract, desired)
     |              `- error: cannot find '_sa_exchange_release_DoubleWord' in scope
5026 |     case .acquiringAndReleasing:
5027 |       return _sa_exchange_acq_rel_DoubleWord(pointer._extract, desired)
/host/spi-builder-workspace/.build/checkouts/swift-atomics/Sources/Atomics/autogenerated/IntegerConformances.swift:5027:14: error: cannot find '_sa_exchange_acq_rel_DoubleWord' in scope
5025 |       return _sa_exchange_release_DoubleWord(pointer._extract, desired)
5026 |     case .acquiringAndReleasing:
5027 |       return _sa_exchange_acq_rel_DoubleWord(pointer._extract, desired)
     |              `- error: cannot find '_sa_exchange_acq_rel_DoubleWord' in scope
5028 |     case .sequentiallyConsistent:
5029 |       return _sa_exchange_seq_cst_DoubleWord(pointer._extract, desired)
/host/spi-builder-workspace/.build/checkouts/swift-atomics/Sources/Atomics/autogenerated/IntegerConformances.swift:5029:14: error: cannot find '_sa_exchange_seq_cst_DoubleWord' in scope
5027 |       return _sa_exchange_acq_rel_DoubleWord(pointer._extract, desired)
5028 |     case .sequentiallyConsistent:
5029 |       return _sa_exchange_seq_cst_DoubleWord(pointer._extract, desired)
     |              `- error: cannot find '_sa_exchange_seq_cst_DoubleWord' in scope
5030 |     default:
5031 |       fatalError("Unsupported ordering")
/host/spi-builder-workspace/.build/checkouts/swift-atomics/Sources/Atomics/autogenerated/IntegerConformances.swift:5047:19: error: cannot find '_sa_cmpxchg_strong_relaxed_relaxed_DoubleWord' in scope
5045 |     switch ordering {
5046 |     case .relaxed:
5047 |       exchanged = _sa_cmpxchg_strong_relaxed_relaxed_DoubleWord(
     |                   `- error: cannot find '_sa_cmpxchg_strong_relaxed_relaxed_DoubleWord' in scope
5048 |         pointer._extract,
5049 |         &expected, desired)
/host/spi-builder-workspace/.build/checkouts/swift-atomics/Sources/Atomics/autogenerated/IntegerConformances.swift:5051:19: error: cannot find '_sa_cmpxchg_strong_acquire_acquire_DoubleWord' in scope
5049 |         &expected, desired)
5050 |     case .acquiring:
5051 |       exchanged = _sa_cmpxchg_strong_acquire_acquire_DoubleWord(
     |                   `- error: cannot find '_sa_cmpxchg_strong_acquire_acquire_DoubleWord' in scope
5052 |         pointer._extract,
5053 |         &expected, desired)
/host/spi-builder-workspace/.build/checkouts/swift-atomics/Sources/Atomics/autogenerated/IntegerConformances.swift:5055:19: error: cannot find '_sa_cmpxchg_strong_release_relaxed_DoubleWord' in scope
5053 |         &expected, desired)
5054 |     case .releasing:
5055 |       exchanged = _sa_cmpxchg_strong_release_relaxed_DoubleWord(
     |                   `- error: cannot find '_sa_cmpxchg_strong_release_relaxed_DoubleWord' in scope
5056 |         pointer._extract,
5057 |         &expected, desired)
/host/spi-builder-workspace/.build/checkouts/swift-atomics/Sources/Atomics/autogenerated/IntegerConformances.swift:5059:19: error: cannot find '_sa_cmpxchg_strong_acq_rel_acquire_DoubleWord' in scope
5057 |         &expected, desired)
5058 |     case .acquiringAndReleasing:
5059 |       exchanged = _sa_cmpxchg_strong_acq_rel_acquire_DoubleWord(
     |                   `- error: cannot find '_sa_cmpxchg_strong_acq_rel_acquire_DoubleWord' in scope
5060 |         pointer._extract,
5061 |         &expected, desired)
/host/spi-builder-workspace/.build/checkouts/swift-atomics/Sources/Atomics/autogenerated/IntegerConformances.swift:5063:19: error: cannot find '_sa_cmpxchg_strong_seq_cst_seq_cst_DoubleWord' in scope
5061 |         &expected, desired)
5062 |     case .sequentiallyConsistent:
5063 |       exchanged = _sa_cmpxchg_strong_seq_cst_seq_cst_DoubleWord(
     |                   `- error: cannot find '_sa_cmpxchg_strong_seq_cst_seq_cst_DoubleWord' in scope
5064 |         pointer._extract,
5065 |         &expected, desired)
/host/spi-builder-workspace/.build/checkouts/swift-atomics/Sources/Atomics/autogenerated/IntegerConformances.swift:5089:19: error: cannot find '_sa_cmpxchg_strong_relaxed_relaxed_DoubleWord' in scope
5087 |     switch (successOrdering, failureOrdering) {
5088 |     case (.relaxed, .relaxed):
5089 |       exchanged = _sa_cmpxchg_strong_relaxed_relaxed_DoubleWord(
     |                   `- error: cannot find '_sa_cmpxchg_strong_relaxed_relaxed_DoubleWord' in scope
5090 |         pointer._extract,
5091 |         &expected,
/host/spi-builder-workspace/.build/checkouts/swift-atomics/Sources/Atomics/autogenerated/IntegerConformances.swift:5094:19: error: cannot find '_sa_cmpxchg_strong_acquire_acquire_DoubleWord' in scope
5092 |         desired)
5093 |     case (.relaxed, .acquiring):
5094 |       exchanged = _sa_cmpxchg_strong_acquire_acquire_DoubleWord(
     |                   `- error: cannot find '_sa_cmpxchg_strong_acquire_acquire_DoubleWord' in scope
5095 |         pointer._extract,
5096 |         &expected,
/host/spi-builder-workspace/.build/checkouts/swift-atomics/Sources/Atomics/autogenerated/IntegerConformances.swift:5099:19: error: cannot find '_sa_cmpxchg_strong_seq_cst_seq_cst_DoubleWord' in scope
5097 |         desired)
5098 |     case (.relaxed, .sequentiallyConsistent):
5099 |       exchanged = _sa_cmpxchg_strong_seq_cst_seq_cst_DoubleWord(
     |                   `- error: cannot find '_sa_cmpxchg_strong_seq_cst_seq_cst_DoubleWord' in scope
5100 |         pointer._extract,
5101 |         &expected,
/host/spi-builder-workspace/.build/checkouts/swift-atomics/Sources/Atomics/autogenerated/IntegerConformances.swift:5104:19: error: cannot find '_sa_cmpxchg_strong_acquire_relaxed_DoubleWord' in scope
5102 |         desired)
5103 |     case (.acquiring, .relaxed):
5104 |       exchanged = _sa_cmpxchg_strong_acquire_relaxed_DoubleWord(
     |                   `- error: cannot find '_sa_cmpxchg_strong_acquire_relaxed_DoubleWord' in scope
5105 |         pointer._extract,
5106 |         &expected,
/host/spi-builder-workspace/.build/checkouts/swift-atomics/Sources/Atomics/autogenerated/IntegerConformances.swift:5109:19: error: cannot find '_sa_cmpxchg_strong_acquire_acquire_DoubleWord' in scope
5107 |         desired)
5108 |     case (.acquiring, .acquiring):
5109 |       exchanged = _sa_cmpxchg_strong_acquire_acquire_DoubleWord(
     |                   `- error: cannot find '_sa_cmpxchg_strong_acquire_acquire_DoubleWord' in scope
5110 |         pointer._extract,
5111 |         &expected,
/host/spi-builder-workspace/.build/checkouts/swift-atomics/Sources/Atomics/autogenerated/IntegerConformances.swift:5114:19: error: cannot find '_sa_cmpxchg_strong_seq_cst_seq_cst_DoubleWord' in scope
5112 |         desired)
5113 |     case (.acquiring, .sequentiallyConsistent):
5114 |       exchanged = _sa_cmpxchg_strong_seq_cst_seq_cst_DoubleWord(
     |                   `- error: cannot find '_sa_cmpxchg_strong_seq_cst_seq_cst_DoubleWord' in scope
5115 |         pointer._extract,
5116 |         &expected,
/host/spi-builder-workspace/.build/checkouts/swift-atomics/Sources/Atomics/autogenerated/IntegerConformances.swift:5119:19: error: cannot find '_sa_cmpxchg_strong_release_relaxed_DoubleWord' in scope
5117 |         desired)
5118 |     case (.releasing, .relaxed):
5119 |       exchanged = _sa_cmpxchg_strong_release_relaxed_DoubleWord(
     |                   `- error: cannot find '_sa_cmpxchg_strong_release_relaxed_DoubleWord' in scope
5120 |         pointer._extract,
5121 |         &expected,
/host/spi-builder-workspace/.build/checkouts/swift-atomics/Sources/Atomics/autogenerated/IntegerConformances.swift:5124:19: error: cannot find '_sa_cmpxchg_strong_acq_rel_acquire_DoubleWord' in scope
5122 |         desired)
5123 |     case (.releasing, .acquiring):
5124 |       exchanged = _sa_cmpxchg_strong_acq_rel_acquire_DoubleWord(
     |                   `- error: cannot find '_sa_cmpxchg_strong_acq_rel_acquire_DoubleWord' in scope
5125 |         pointer._extract,
5126 |         &expected,
/host/spi-builder-workspace/.build/checkouts/swift-atomics/Sources/Atomics/autogenerated/IntegerConformances.swift:5129:19: error: cannot find '_sa_cmpxchg_strong_seq_cst_seq_cst_DoubleWord' in scope
5127 |         desired)
5128 |     case (.releasing, .sequentiallyConsistent):
5129 |       exchanged = _sa_cmpxchg_strong_seq_cst_seq_cst_DoubleWord(
     |                   `- error: cannot find '_sa_cmpxchg_strong_seq_cst_seq_cst_DoubleWord' in scope
5130 |         pointer._extract,
5131 |         &expected,
/host/spi-builder-workspace/.build/checkouts/swift-atomics/Sources/Atomics/autogenerated/IntegerConformances.swift:5134:19: error: cannot find '_sa_cmpxchg_strong_acq_rel_relaxed_DoubleWord' in scope
5132 |         desired)
5133 |     case (.acquiringAndReleasing, .relaxed):
5134 |       exchanged = _sa_cmpxchg_strong_acq_rel_relaxed_DoubleWord(
     |                   `- error: cannot find '_sa_cmpxchg_strong_acq_rel_relaxed_DoubleWord' in scope
5135 |         pointer._extract,
5136 |         &expected,
/host/spi-builder-workspace/.build/checkouts/swift-atomics/Sources/Atomics/autogenerated/IntegerConformances.swift:5139:19: error: cannot find '_sa_cmpxchg_strong_acq_rel_acquire_DoubleWord' in scope
5137 |         desired)
5138 |     case (.acquiringAndReleasing, .acquiring):
5139 |       exchanged = _sa_cmpxchg_strong_acq_rel_acquire_DoubleWord(
     |                   `- error: cannot find '_sa_cmpxchg_strong_acq_rel_acquire_DoubleWord' in scope
5140 |         pointer._extract,
5141 |         &expected,
/host/spi-builder-workspace/.build/checkouts/swift-atomics/Sources/Atomics/autogenerated/IntegerConformances.swift:5144:19: error: cannot find '_sa_cmpxchg_strong_seq_cst_seq_cst_DoubleWord' in scope
5142 |         desired)
5143 |     case (.acquiringAndReleasing, .sequentiallyConsistent):
5144 |       exchanged = _sa_cmpxchg_strong_seq_cst_seq_cst_DoubleWord(
     |                   `- error: cannot find '_sa_cmpxchg_strong_seq_cst_seq_cst_DoubleWord' in scope
5145 |         pointer._extract,
5146 |         &expected,
/host/spi-builder-workspace/.build/checkouts/swift-atomics/Sources/Atomics/autogenerated/IntegerConformances.swift:5149:19: error: cannot find '_sa_cmpxchg_strong_seq_cst_relaxed_DoubleWord' in scope
5147 |         desired)
5148 |     case (.sequentiallyConsistent, .relaxed):
5149 |       exchanged = _sa_cmpxchg_strong_seq_cst_relaxed_DoubleWord(
     |                   `- error: cannot find '_sa_cmpxchg_strong_seq_cst_relaxed_DoubleWord' in scope
5150 |         pointer._extract,
5151 |         &expected,
/host/spi-builder-workspace/.build/checkouts/swift-atomics/Sources/Atomics/autogenerated/IntegerConformances.swift:5154:19: error: cannot find '_sa_cmpxchg_strong_seq_cst_acquire_DoubleWord' in scope
5152 |         desired)
5153 |     case (.sequentiallyConsistent, .acquiring):
5154 |       exchanged = _sa_cmpxchg_strong_seq_cst_acquire_DoubleWord(
     |                   `- error: cannot find '_sa_cmpxchg_strong_seq_cst_acquire_DoubleWord' in scope
5155 |         pointer._extract,
5156 |         &expected,
/host/spi-builder-workspace/.build/checkouts/swift-atomics/Sources/Atomics/autogenerated/IntegerConformances.swift:5159:19: error: cannot find '_sa_cmpxchg_strong_seq_cst_seq_cst_DoubleWord' in scope
5157 |         desired)
5158 |     case (.sequentiallyConsistent, .sequentiallyConsistent):
5159 |       exchanged = _sa_cmpxchg_strong_seq_cst_seq_cst_DoubleWord(
     |                   `- error: cannot find '_sa_cmpxchg_strong_seq_cst_seq_cst_DoubleWord' in scope
5160 |         pointer._extract,
5161 |         &expected,
/host/spi-builder-workspace/.build/checkouts/swift-atomics/Sources/Atomics/autogenerated/IntegerConformances.swift:5186:19: error: cannot find '_sa_cmpxchg_weak_relaxed_relaxed_DoubleWord' in scope
5184 |     switch (successOrdering, failureOrdering) {
5185 |     case (.relaxed, .relaxed):
5186 |       exchanged = _sa_cmpxchg_weak_relaxed_relaxed_DoubleWord(
     |                   `- error: cannot find '_sa_cmpxchg_weak_relaxed_relaxed_DoubleWord' in scope
5187 |         pointer._extract,
5188 |         &expected,
/host/spi-builder-workspace/.build/checkouts/swift-atomics/Sources/Atomics/autogenerated/IntegerConformances.swift:5191:19: error: cannot find '_sa_cmpxchg_weak_acquire_acquire_DoubleWord' in scope
5189 |         desired)
5190 |     case (.relaxed, .acquiring):
5191 |       exchanged = _sa_cmpxchg_weak_acquire_acquire_DoubleWord(
     |                   `- error: cannot find '_sa_cmpxchg_weak_acquire_acquire_DoubleWord' in scope
5192 |         pointer._extract,
5193 |         &expected,
/host/spi-builder-workspace/.build/checkouts/swift-atomics/Sources/Atomics/autogenerated/IntegerConformances.swift:5196:19: error: cannot find '_sa_cmpxchg_weak_seq_cst_seq_cst_DoubleWord' in scope
5194 |         desired)
5195 |     case (.relaxed, .sequentiallyConsistent):
5196 |       exchanged = _sa_cmpxchg_weak_seq_cst_seq_cst_DoubleWord(
     |                   `- error: cannot find '_sa_cmpxchg_weak_seq_cst_seq_cst_DoubleWord' in scope
5197 |         pointer._extract,
5198 |         &expected,
/host/spi-builder-workspace/.build/checkouts/swift-atomics/Sources/Atomics/autogenerated/IntegerConformances.swift:5201:19: error: cannot find '_sa_cmpxchg_weak_acquire_relaxed_DoubleWord' in scope
5199 |         desired)
5200 |     case (.acquiring, .relaxed):
5201 |       exchanged = _sa_cmpxchg_weak_acquire_relaxed_DoubleWord(
     |                   `- error: cannot find '_sa_cmpxchg_weak_acquire_relaxed_DoubleWord' in scope
5202 |         pointer._extract,
5203 |         &expected,
/host/spi-builder-workspace/.build/checkouts/swift-atomics/Sources/Atomics/autogenerated/IntegerConformances.swift:5206:19: error: cannot find '_sa_cmpxchg_weak_acquire_acquire_DoubleWord' in scope
5204 |         desired)
5205 |     case (.acquiring, .acquiring):
5206 |       exchanged = _sa_cmpxchg_weak_acquire_acquire_DoubleWord(
     |                   `- error: cannot find '_sa_cmpxchg_weak_acquire_acquire_DoubleWord' in scope
5207 |         pointer._extract,
5208 |         &expected,
/host/spi-builder-workspace/.build/checkouts/swift-atomics/Sources/Atomics/autogenerated/IntegerConformances.swift:5211:19: error: cannot find '_sa_cmpxchg_weak_seq_cst_seq_cst_DoubleWord' in scope
5209 |         desired)
5210 |     case (.acquiring, .sequentiallyConsistent):
5211 |       exchanged = _sa_cmpxchg_weak_seq_cst_seq_cst_DoubleWord(
     |                   `- error: cannot find '_sa_cmpxchg_weak_seq_cst_seq_cst_DoubleWord' in scope
5212 |         pointer._extract,
5213 |         &expected,
/host/spi-builder-workspace/.build/checkouts/swift-atomics/Sources/Atomics/autogenerated/IntegerConformances.swift:5216:19: error: cannot find '_sa_cmpxchg_weak_release_relaxed_DoubleWord' in scope
5214 |         desired)
5215 |     case (.releasing, .relaxed):
5216 |       exchanged = _sa_cmpxchg_weak_release_relaxed_DoubleWord(
     |                   `- error: cannot find '_sa_cmpxchg_weak_release_relaxed_DoubleWord' in scope
5217 |         pointer._extract,
5218 |         &expected,
/host/spi-builder-workspace/.build/checkouts/swift-atomics/Sources/Atomics/autogenerated/IntegerConformances.swift:5221:19: error: cannot find '_sa_cmpxchg_weak_acq_rel_acquire_DoubleWord' in scope
5219 |         desired)
5220 |     case (.releasing, .acquiring):
5221 |       exchanged = _sa_cmpxchg_weak_acq_rel_acquire_DoubleWord(
     |                   `- error: cannot find '_sa_cmpxchg_weak_acq_rel_acquire_DoubleWord' in scope
5222 |         pointer._extract,
5223 |         &expected,
/host/spi-builder-workspace/.build/checkouts/swift-atomics/Sources/Atomics/autogenerated/IntegerConformances.swift:5226:19: error: cannot find '_sa_cmpxchg_weak_seq_cst_seq_cst_DoubleWord' in scope
5224 |         desired)
5225 |     case (.releasing, .sequentiallyConsistent):
5226 |       exchanged = _sa_cmpxchg_weak_seq_cst_seq_cst_DoubleWord(
     |                   `- error: cannot find '_sa_cmpxchg_weak_seq_cst_seq_cst_DoubleWord' in scope
5227 |         pointer._extract,
5228 |         &expected,
/host/spi-builder-workspace/.build/checkouts/swift-atomics/Sources/Atomics/autogenerated/IntegerConformances.swift:5231:19: error: cannot find '_sa_cmpxchg_weak_acq_rel_relaxed_DoubleWord' in scope
5229 |         desired)
5230 |     case (.acquiringAndReleasing, .relaxed):
5231 |       exchanged = _sa_cmpxchg_weak_acq_rel_relaxed_DoubleWord(
     |                   `- error: cannot find '_sa_cmpxchg_weak_acq_rel_relaxed_DoubleWord' in scope
5232 |         pointer._extract,
5233 |         &expected,
/host/spi-builder-workspace/.build/checkouts/swift-atomics/Sources/Atomics/autogenerated/IntegerConformances.swift:5236:19: error: cannot find '_sa_cmpxchg_weak_acq_rel_acquire_DoubleWord' in scope
5234 |         desired)
5235 |     case (.acquiringAndReleasing, .acquiring):
5236 |       exchanged = _sa_cmpxchg_weak_acq_rel_acquire_DoubleWord(
     |                   `- error: cannot find '_sa_cmpxchg_weak_acq_rel_acquire_DoubleWord' in scope
5237 |         pointer._extract,
5238 |         &expected,
/host/spi-builder-workspace/.build/checkouts/swift-atomics/Sources/Atomics/autogenerated/IntegerConformances.swift:5241:19: error: cannot find '_sa_cmpxchg_weak_seq_cst_seq_cst_DoubleWord' in scope
5239 |         desired)
5240 |     case (.acquiringAndReleasing, .sequentiallyConsistent):
5241 |       exchanged = _sa_cmpxchg_weak_seq_cst_seq_cst_DoubleWord(
     |                   `- error: cannot find '_sa_cmpxchg_weak_seq_cst_seq_cst_DoubleWord' in scope
5242 |         pointer._extract,
5243 |         &expected,
/host/spi-builder-workspace/.build/checkouts/swift-atomics/Sources/Atomics/autogenerated/IntegerConformances.swift:5246:19: error: cannot find '_sa_cmpxchg_weak_seq_cst_relaxed_DoubleWord' in scope
5244 |         desired)
5245 |     case (.sequentiallyConsistent, .relaxed):
5246 |       exchanged = _sa_cmpxchg_weak_seq_cst_relaxed_DoubleWord(
     |                   `- error: cannot find '_sa_cmpxchg_weak_seq_cst_relaxed_DoubleWord' in scope
5247 |         pointer._extract,
5248 |         &expected,
/host/spi-builder-workspace/.build/checkouts/swift-atomics/Sources/Atomics/autogenerated/IntegerConformances.swift:5251:19: error: cannot find '_sa_cmpxchg_weak_seq_cst_acquire_DoubleWord' in scope
5249 |         desired)
5250 |     case (.sequentiallyConsistent, .acquiring):
5251 |       exchanged = _sa_cmpxchg_weak_seq_cst_acquire_DoubleWord(
     |                   `- error: cannot find '_sa_cmpxchg_weak_seq_cst_acquire_DoubleWord' in scope
5252 |         pointer._extract,
5253 |         &expected,
/host/spi-builder-workspace/.build/checkouts/swift-atomics/Sources/Atomics/autogenerated/IntegerConformances.swift:5256:19: error: cannot find '_sa_cmpxchg_weak_seq_cst_seq_cst_DoubleWord' in scope
5254 |         desired)
5255 |     case (.sequentiallyConsistent, .sequentiallyConsistent):
5256 |       exchanged = _sa_cmpxchg_weak_seq_cst_seq_cst_DoubleWord(
     |                   `- error: cannot find '_sa_cmpxchg_weak_seq_cst_seq_cst_DoubleWord' in scope
5257 |         pointer._extract,
5258 |         &expected,
Failed frontend command:
/usr/bin/swift-frontend -frontend -emit-module -experimental-skip-non-inlinable-function-bodies-without-types /host/spi-builder-workspace/.build/checkouts/swift-atomics/Sources/Atomics/AtomicInteger.swift /host/spi-builder-workspace/.build/checkouts/swift-atomics/Sources/Atomics/AtomicMemoryOrderings.swift /host/spi-builder-workspace/.build/checkouts/swift-atomics/Sources/Atomics/AtomicOptional.swift /host/spi-builder-workspace/.build/checkouts/swift-atomics/Sources/Atomics/AtomicRawRepresentable.swift /host/spi-builder-workspace/.build/checkouts/swift-atomics/Sources/Atomics/AtomicStrongReference.swift /host/spi-builder-workspace/.build/checkouts/swift-atomics/Sources/Atomics/AtomicValue.swift /host/spi-builder-workspace/.build/checkouts/swift-atomics/Sources/Atomics/DoubleWord.swift /host/spi-builder-workspace/.build/checkouts/swift-atomics/Sources/Atomics/autogenerated/AtomicBool.swift /host/spi-builder-workspace/.build/checkouts/swift-atomics/Sources/Atomics/autogenerated/AtomicLazyReference.swift /host/spi-builder-workspace/.build/checkouts/swift-atomics/Sources/Atomics/autogenerated/HighLevelTypes.swift /host/spi-builder-workspace/.build/checkouts/swift-atomics/Sources/Atomics/autogenerated/IntegerConformances.swift /host/spi-builder-workspace/.build/checkouts/swift-atomics/Sources/Atomics/autogenerated/PointerConformances.swift -target wasm32-unknown-wasip1 -disable-objc-interop -sdk /root/.swiftpm/swift-sdks/swift-6.4.x-DEVELOPMENT-SNAPSHOT-2026-09-04-a_wasm.artifactbundle/swift-6.4.x-DEVELOPMENT-SNAPSHOT-2026-09-04-a_wasm/wasm32-unknown-wasip1/WASI.sdk -sysroot /root/.swiftpm/swift-sdks/swift-6.4.x-DEVELOPMENT-SNAPSHOT-2026-09-04-a_wasm.artifactbundle/swift-6.4.x-DEVELOPMENT-SNAPSHOT-2026-09-04-a_wasm/wasm32-unknown-wasip1/WASI.sdk -I /host/spi-builder-workspace/.build/out/Products/Debug-webassembly-wasm32 -module-cache-path /host/spi-builder-workspace/.build/out/ModuleCache.noindex -color-diagnostics -Xcc -fcolor-diagnostics -enable-testing -g -debug-info-format\=dwarf -dwarf-version\=4 -suppress-warnings -swift-version 5 -Onone -D SWIFT_PACKAGE -D DEBUG -D SWIFT_MODULE_RESOURCE_BUNDLE_UNAVAILABLE -D Xcode -serialize-debugging-options -enable-experimental-feature DebugDescriptionMacro -empty-abi-descriptor -external-plugin-path /usr/lib/swift/host/plugins/testing\#/usr/bin/swift-plugin-server -validate-clang-modules-once -clang-build-session-file /host/spi-builder-workspace/.build/out/ModuleCache.noindex/Session.modulevalidation -Xcc -working-directory -Xcc /host -resource-dir /root/.swiftpm/swift-sdks/swift-6.4.x-DEVELOPMENT-SNAPSHOT-2026-09-04-a_wasm.artifactbundle/swift-6.4.x-DEVELOPMENT-SNAPSHOT-2026-09-04-a_wasm/wasm32-unknown-wasip1/swift.xctoolchain/usr/lib/swift_static -use-static-resource-dir -enable-anonymous-context-mangled-names -file-compilation-dir /host -Xcc -resource-dir -Xcc /root/.swiftpm/swift-sdks/swift-6.4.x-DEVELOPMENT-SNAPSHOT-2026-09-04-a_wasm.artifactbundle/swift-6.4.x-DEVELOPMENT-SNAPSHOT-2026-09-04-a_wasm/wasm32-unknown-wasip1/swift.xctoolchain/usr/lib/swift_static/clang -Xcc -fmodule-map-file\=/host/spi-builder-workspace/.build/out/Intermediates.noindex/GeneratedModuleMaps-webassembly-wasm32/_AtomicsShims.modulemap -Xcc -D_LIBCPP_HARDENING_MODE\=_LIBCPP_HARDENING_MODE_DEBUG -Xcc -fmodules-prune-interval\=86400 -Xcc -fmodules-prune-after\=345600 -Xcc -I/host/spi-builder-workspace/.build/checkouts/swift-atomics/Sources/_AtomicsShims/include -Xcc -I/host/spi-builder-workspace/.build/out/Products/Debug-webassembly-wasm32/include -Xcc -I/host/spi-builder-workspace/.build/out/Intermediates.noindex/swift-atomics.build/Debug-webassembly-wasm32/Atomics-t.build/DerivedSources-normal/wasm32 -Xcc -I/host/spi-builder-workspace/.build/out/Intermediates.noindex/swift-atomics.build/Debug-webassembly-wasm32/Atomics-t.build/DerivedSources/wasm32 -Xcc -I/host/spi-builder-workspace/.build/out/Intermediates.noindex/swift-atomics.build/Debug-webassembly-wasm32/Atomics-t.build/DerivedSources -Xcc -DSWIFT_PACKAGE -Xcc -DDEBUG\=1 -no-auto-bridging-header-chaining -module-name Atomics -const-gather-protocols-file /host/spi-builder-workspace/.build/out/Intermediates.noindex/swift-atomics.build/Debug-webassembly-wasm32/Atomics-t.build/Objects-normal/wasm32/Atomics_const_extract_protocols.json -in-process-plugin-server-path /usr/lib/swift/host/libSwiftInProcPluginServer.so -plugin-path /usr/lib/swift/host/plugins -plugin-path /usr/local/lib/swift/host/plugins -emit-module-doc-path /host/spi-builder-workspace/.build/out/Intermediates.noindex/swift-atomics.build/Debug-webassembly-wasm32/Atomics-t.build/Objects-normal/wasm32/Modules/Atomics.swiftdoc -emit-module-source-info-path /host/spi-builder-workspace/.build/out/Intermediates.noindex/swift-atomics.build/Debug-webassembly-wasm32/Atomics-t.build/Objects-normal/wasm32/Modules/Atomics.swiftsourceinfo -emit-objc-header-path /host/spi-builder-workspace/.build/out/Intermediates.noindex/swift-atomics.build/Debug-webassembly-wasm32/Atomics-t.build/Objects-normal/wasm32/Atomics-Swift.h -serialize-diagnostics-path /host/spi-builder-workspace/.build/out/Intermediates.noindex/swift-atomics.build/Debug-webassembly-wasm32/Atomics-t.build/Objects-normal/wasm32/Atomics-primary-emit-module.dia -emit-dependencies-path /host/spi-builder-workspace/.build/out/Intermediates.noindex/swift-atomics.build/Debug-webassembly-wasm32/Atomics-t.build/Objects-normal/wasm32/Atomics-primary-emit-module.d -parse-as-library -o /host/spi-builder-workspace/.build/out/Intermediates.noindex/swift-atomics.build/Debug-webassembly-wasm32/Atomics-t.build/Objects-normal/wasm32/Modules/Atomics.swiftmodule
[113 / 178] DataKit-product
error: Build failed
BUILD FAILURE 6.4 wasm