The Swift Package Index logo.Swift Package Index

Build Information

Failed to build FlutterSwift, reference 3.47.1 (7c35d3), with Swift 6.4 for Linux on 16 Sep 2026 16:29:59 UTC.

Build Command

bash -c docker run --pull=always --rm -v "checkouts-53886769-1":/host -w "$PWD" -e JAVA_HOME="/root/.sdkman/candidates/java/current" -e SPI_BUILD="1" -e SPI_PROCESSING="1" registry.gitlab.com/saguaro1/spi-images:basic-6.4-latest swift build --triple x86_64-unknown-linux-gnu 2>&1

Build Log

========================================
RunAll
========================================
Builder version: 5.1.0
Interrupt handler set up.
========================================
Checkout
========================================
Clone URL: https://github.com/PADL/FlutterSwift.git
Reference: 3.47.1
Initialized empty Git repository in /host/spi-builder-workspace/.git/
hint: Using 'master' as the name for the initial branch. This default branch name
hint: is subject to change. To configure the initial branch name to use in all
hint: of your new repositories, which will suppress this warning, call:
hint:
hint: 	git config --global init.defaultBranch <name>
hint:
hint: Names commonly chosen instead of 'master' are 'main', 'trunk' and
hint: 'development'. The just-created branch can be renamed via this command:
hint:
hint: 	git branch -m <name>
From https://github.com/PADL/FlutterSwift
 * tag               3.47.1     -> FETCH_HEAD
HEAD is now at 7c35d38 update counter example dependencies
Submodule path 'Sources/CxxFlutterSwift/flutter-embedded-linux': checked out 'ee831b1510e16911ca81200a3f066daaf2a087af'
Submodule 'Sources/CxxFlutterSwift/flutter-embedded-linux' (https://github.com/flutter-elinux/flutter-embedded-linux) registered for path 'Sources/CxxFlutterSwift/flutter-embedded-linux'
Cloning into '/host/spi-builder-workspace/Sources/CxxFlutterSwift/flutter-embedded-linux'...
Cloned https://github.com/PADL/FlutterSwift.git
Revision (git rev-parse @):
7c35d38cf708769039b0ac9bc2143115c443bf28
SUCCESS checkout https://github.com/PADL/FlutterSwift.git at 3.47.1
========================================
Build
========================================
Selected platform:         linux
Swift version:             6.4
Building package at path:  $PWD
https://github.com/PADL/FlutterSwift.git
Running build ...
bash -c docker run --pull=always --rm -v "checkouts-53886769-1":/host -w "$PWD" -e JAVA_HOME="/root/.sdkman/candidates/java/current" -e SPI_BUILD="1" -e SPI_PROCESSING="1" registry.gitlab.com/saguaro1/spi-images:basic-6.4-latest swift build --triple x86_64-unknown-linux-gnu 2>&1
basic-6.4-latest: Pulling from saguaro1/spi-images
Digest: sha256:c77fcce225e223ac0fafed844619173fc6de8d62dd560eeb28db3182af6a282b
Status: Image is up to date for registry.gitlab.com/saguaro1/spi-images:basic-6.4-latest
Fetching https://github.com/xtremekforever/swift-systemd
[1/446] Fetching swift-systemd
Fetched https://github.com/xtremekforever/swift-systemd (0.48s)
Fetching https://github.com/apple/swift-system
Fetching https://github.com/apple/swift-atomics
Fetching https://github.com/lhoward/AsyncExtensions
Fetching https://github.com/swift-server/swift-service-lifecycle.git
Fetching https://github.com/apple/swift-binary-parsing
Fetching https://github.com/apple/swift-log
[1/8086] Fetching swift-log
[7521/9961] Fetching swift-log, swift-atomics
[8669/12804] Fetching swift-log, swift-atomics, swift-service-lifecycle
[12805/19702] Fetching swift-log, swift-atomics, swift-service-lifecycle, swift-system
Fetched https://github.com/apple/swift-atomics (0.63s)
Fetching https://github.com/apple/swift-async-algorithms
[1/919] Fetching asyncextensions
[121/2303] Fetching asyncextensions, swift-binary-parsing
Fetched https://github.com/lhoward/AsyncExtensions (0.96s)
Fetched https://github.com/swift-server/swift-service-lifecycle.git (0.96s)
Fetched https://github.com/apple/swift-system (0.96s)
[306/8107] Fetching swift-binary-parsing, swift-async-algorithms
Fetched https://github.com/apple/swift-async-algorithms (0.60s)
[333/1384] Fetching swift-binary-parsing
Fetched https://github.com/apple/swift-log (1.36s)
Fetched https://github.com/apple/swift-binary-parsing (1.37s)
Computing version for https://github.com/apple/swift-binary-parsing
Computed https://github.com/apple/swift-binary-parsing at 0.0.2 (1.62s)
Fetching https://github.com/swiftlang/swift-syntax.git
[1/79917] Fetching swift-syntax
Fetched https://github.com/swiftlang/swift-syntax.git (2.90s)
Computing version for https://github.com/swiftlang/swift-syntax.git
Computed https://github.com/swiftlang/swift-syntax.git at 602.0.0 (3.22s)
Computing version for https://github.com/lhoward/AsyncExtensions
Computed https://github.com/lhoward/AsyncExtensions at 0.9.6 (0.16s)
Fetching https://github.com/apple/swift-collections.git
[1/27245] Fetching swift-collections
Fetched https://github.com/apple/swift-collections.git (1.31s)
Computing version for https://github.com/apple/swift-atomics
Computed https://github.com/apple/swift-atomics at 1.3.1 (1.49s)
Computing version for https://github.com/apple/swift-async-algorithms
Computed https://github.com/apple/swift-async-algorithms at 1.1.5 (0.21s)
Computing version for https://github.com/apple/swift-collections.git
Computed https://github.com/apple/swift-collections.git at 1.6.0 (0.28s)
Computing version for https://github.com/swift-server/swift-service-lifecycle.git
Computed https://github.com/swift-server/swift-service-lifecycle.git at 2.12.0 (0.16s)
Computing version for https://github.com/apple/swift-log
Computed https://github.com/apple/swift-log at 1.15.1 (0.19s)
Computing version for https://github.com/apple/swift-system
Computed https://github.com/apple/swift-system at 1.8.1 (0.20s)
Creating working copy for https://github.com/apple/swift-collections.git
Working copy of https://github.com/apple/swift-collections.git resolved at 1.6.0
Creating working copy for https://github.com/swiftlang/swift-syntax.git
Working copy of https://github.com/swiftlang/swift-syntax.git resolved at 602.0.0
Creating working copy for https://github.com/apple/swift-log
Working copy of https://github.com/apple/swift-log resolved at 1.15.1
Creating working copy for https://github.com/apple/swift-system
Working copy of https://github.com/apple/swift-system resolved at 1.8.1
Creating working copy for https://github.com/apple/swift-binary-parsing
Working copy of https://github.com/apple/swift-binary-parsing resolved at 0.0.2
Creating working copy for https://github.com/xtremekforever/swift-systemd
Working copy of https://github.com/xtremekforever/swift-systemd resolved at main (17a40ac)
Creating working copy for https://github.com/apple/swift-async-algorithms
Working copy of https://github.com/apple/swift-async-algorithms resolved at 1.1.5
Creating working copy for https://github.com/apple/swift-atomics
Working copy of https://github.com/apple/swift-atomics resolved at 1.3.1
Creating working copy for https://github.com/lhoward/AsyncExtensions
Working copy of https://github.com/lhoward/AsyncExtensions resolved at 0.9.6
Creating working copy for https://github.com/swift-server/swift-service-lifecycle.git
Working copy of https://github.com/swift-server/swift-service-lifecycle.git resolved at 2.12.0
warning: 'spi-builder-workspace': found 1 file(s) which are unhandled; explicitly declare them as resources or exclude from the target
    /host/spi-builder-workspace/Examples/counter/swift/swift-java.config
warning: 'spi-builder-workspace': you may be able to install xkbcommon using your system-packager:
    apt-get install libxkbcommon-dev
warning: 'spi-builder-workspace': you may be able to install libudev using your system-packager:
    apt-get install libudev-dev
warning: 'spi-builder-workspace': you may be able to install libinput using your system-packager:
    apt-get install libinput-dev
warning: 'spi-builder-workspace': you may be able to install libdrm using your system-packager:
    apt-get install libdrm-dev
warning: 'spi-builder-workspace': you may be able to install gbm using your system-packager:
    apt-get install libgbm-dev
warning: 'spi-builder-workspace': you may be able to install egl using your system-packager:
    apt-get install libegl1-mesa-dev libgles2-mesa-dev
Building for debugging...
[Computing dependencies]
[Provisioning 1 / 64]
[Pre-planning 1 / 1251]
[Planning deferred tasks]
[Starting]
[40 / 526] SwiftSyntaxMacros
[246 / 542] SwiftSyntax510
[274 / 551] SwiftSyntax510
[283 / 551] SystemPackage-product
[285 / 552] SystemPackage-product
[287 / 553] SwiftSyntax601
[299 / 556] SwiftSyntax601
[308 / 578] InternalCollectionsUtilities
[310 / 587] Atomics
[314 / 596] SwiftSyntax
[314 / 596] SystemPackage
[317 / 596] Logging
[323 / 596] InternalCollectionsUtilities
[328 / 596] SwiftSyntax
[328 / 596] Atomics
[329 / 596] SwiftSyntax
[337 / 596] Logging
[338 / 596] Logging
[339 / 596] Logging-product
[341 / 596] Systemd
[343 / 596] InternalCollectionsUtilities
[348 / 598] Logging
[349 / 598] _RopeModule
[353 / 598] InternalCollectionsUtilities
[354 / 598] HeapModule
[357 / 598] Atomics
[358 / 598] Atomics-product
[359 / 598] Atomics-product
[362 / 599] InternalCollectionsUtilities
[366 / 599] InternalCollectionsUtilities
[369 / 600]
[371 / 609] _RopeModule
[371 / 609] Atomics
[374 / 610] _RopeModule
[375 / 610] _RopeModule
[377 / 610] _RopeModule
[381 / 610] _RopeModule
[383 / 610] _RopeModule
[384 / 610] Atomics
[387 / 611]
[389 / 621] LibDRM
[391 / 623] _RopeModule
[396 / 623] _RopeModule
[397 / 624] Systemd
[401 / 624] Systemd
[407 / 624] Systemd
[408 / 624] Systemd
[409 / 624] Systemd
[410 / 624] Systemd-product
[416 / 637] HeapModule
[418 / 655] HashTreeCollections
[419 / 655] HeapModule
error: SwiftCompile normal x86_64 failed with a nonzero exit code. Command line:     cd /host

<module-includes>:1:10: note: in file included from <module-includes>:1:
1 | #include "CLibDRM.h"
  |          `- note: in file included from <module-includes>:1:
2 |
/host/spi-builder-workspace/Sources/CLibDRM/CLibDRM.h:4:10: error: 'xf86drm.h' file not found
2 |
3 | #ifndef __APPLE__
4 | #include <xf86drm.h>
  |          `- error: 'xf86drm.h' file not found
5 | #include <xf86drmMode.h>
6 | #endif
/host/spi-builder-workspace/Sources/LibDRM/LibDRM.swift:10:8: error: could not build C module 'CLibDRM'
  8 |  */
  9 |
 10 | import CLibDRM
    |        `- error: could not build C module 'CLibDRM'
 11 | import Glibc
 12 | import SystemPackage
Failed frontend command:
/usr/bin/swift-frontend -frontend -emit-module -experimental-skip-non-inlinable-function-bodies-without-types /host/spi-builder-workspace/Sources/LibDRM/LibDRM.swift -target x86_64-unknown-linux-gnu -disable-objc-interop -cxx-interoperability-mode\=default -I /usr/include -I /usr/lib/swift -I /usr/include/drm -I /host/spi-builder-workspace/.build/out/Products/Debug-linux-x86_64 -module-cache-path /host/spi-builder-workspace/.build/out/ModuleCache.noindex -color-diagnostics -Xcc -fcolor-diagnostics -enable-testing -g -debug-info-format\=dwarf -dwarf-version\=4 -swift-version 6 -Onone -D SWIFT_PACKAGE -D DEBUG -D SWIFT_MODULE_RESOURCE_BUNDLE_UNAVAILABLE -D DISPLAY_BACKEND_TYPE_DRM_GBM -D FLUTTER_TARGET_BACKEND_GBM -D Xcode -serialize-debugging-options -enable-experimental-feature Lifetimes -enable-upcoming-feature NonisolatedNonsendingByDefault -enable-experimental-feature DebugDescriptionMacro -empty-abi-descriptor -external-plugin-path /usr/lib/swift/host/plugins/testing\#/usr/bin/swift-plugin-server -validate-clang-modules-once -clang-build-session-file /host/spi-builder-workspace/.build/out/ModuleCache.noindex/Session.modulevalidation -Xcc -working-directory -Xcc /host -enable-anonymous-context-mangled-names -file-compilation-dir /host -Xcc -fmodule-map-file\=/host/spi-builder-workspace/.build/checkouts/swift-system/Sources/CSystem/include/module.modulemap -Xcc -fmodule-map-file\=/host/spi-builder-workspace/Sources/CLibDRM/module.modulemap -Xcc -std\=c++17 -Xcc -fno-omit-frame-pointer -Xcc -D_LIBCPP_HARDENING_MODE\=_LIBCPP_HARDENING_MODE_DEBUG -Xcc -fmodules-prune-interval\=86400 -Xcc -fmodules-prune-after\=345600 -Xcc -I/host/spi-builder-workspace/.build/checkouts/swift-system/Sources/CSystem/include -Xcc -I/host/spi-builder-workspace/.build/out/Products/Debug-linux-x86_64/include -Xcc -I/host/spi-builder-workspace/.build/out/Intermediates.noindex/FlutterSwift.build/Debug-linux-x86_64/LibDRM-t.build/DerivedSources-normal/x86_64 -Xcc -I/host/spi-builder-workspace/.build/out/Intermediates.noindex/FlutterSwift.build/Debug-linux-x86_64/LibDRM-t.build/DerivedSources/x86_64 -Xcc -I/host/spi-builder-workspace/.build/out/Intermediates.noindex/FlutterSwift.build/Debug-linux-x86_64/LibDRM-t.build/DerivedSources -Xcc -DSWIFT_PACKAGE -Xcc -DDEBUG\=1 -no-auto-bridging-header-chaining -module-name LibDRM -package-name spi_builder_workspace -const-gather-protocols-file /host/spi-builder-workspace/.build/out/Intermediates.noindex/FlutterSwift.build/Debug-linux-x86_64/LibDRM-t.build/Objects-normal/x86_64/LibDRM_const_extract_protocols.json -in-process-plugin-server-path /usr/lib/swift/host/libSwiftInProcPluginServer.so -plugin-path /usr/lib/swift/host/plugins -plugin-path /usr/local/lib/swift/host/plugins -emit-module-doc-path /host/spi-builder-workspace/.build/out/Intermediates.noindex/FlutterSwift.build/Debug-linux-x86_64/LibDRM-t.build/Objects-normal/x86_64/Modules/LibDRM.swiftdoc -emit-module-source-info-path /host/spi-builder-workspace/.build/out/Intermediates.noindex/FlutterSwift.build/Debug-linux-x86_64/LibDRM-t.build/Objects-normal/x86_64/Modules/LibDRM.swiftsourceinfo -emit-objc-header-path /host/spi-builder-workspace/.build/out/Intermediates.noindex/FlutterSwift.build/Debug-linux-x86_64/LibDRM-t.build/Objects-normal/x86_64/LibDRM-Swift.h -serialize-diagnostics-path /host/spi-builder-workspace/.build/out/Intermediates.noindex/FlutterSwift.build/Debug-linux-x86_64/LibDRM-t.build/Objects-normal/x86_64/LibDRM-primary-emit-module.dia -emit-dependencies-path /host/spi-builder-workspace/.build/out/Intermediates.noindex/FlutterSwift.build/Debug-linux-x86_64/LibDRM-t.build/Objects-normal/x86_64/LibDRM-primary-emit-module.d -parse-as-library -o /host/spi-builder-workspace/.build/out/Intermediates.noindex/FlutterSwift.build/Debug-linux-x86_64/LibDRM-t.build/Objects-normal/x86_64/Modules/LibDRM.swiftmodule
error: Build failed
BUILD FAILURE 6.4 linux