Build Information
Failed to build swift-nio-imap, reference 0.4.0 (d67f12), with Swift 6.3 for Wasm on 21 Jul 2026 17:31:39 UTC.
Build Command
bash -c docker run --pull=always --rm -v "checkouts-54344849-3":/host -w "$PWD" -e JAVA_HOME="/root/.sdkman/candidates/java/current" -e SPI_BUILD="1" -e SPI_PROCESSING="1" registry.gitlab.com/saguaro1/spi-images:wasm-6.3-latest swift build --swift-sdk swift-6.3.2-RELEASE_wasm 2>&1Build Log
========================================
RunAll
========================================
Builder version: 333316120c8b89ed7d21f1b34865290794301d91
Interrupt handler set up.
========================================
Checkout
========================================
Clone URL: https://github.com/apple/swift-nio-imap.git
Reference: 0.4.0
Initialized empty Git repository in /host/spi-builder-workspace/.git/
hint: Using 'master' as the name for the initial branch. This default branch name
hint: is subject to change. To configure the initial branch name to use in all
hint: of your new repositories, which will suppress this warning, call:
hint:
hint: git config --global init.defaultBranch <name>
hint:
hint: Names commonly chosen instead of 'master' are 'main', 'trunk' and
hint: 'development'. The just-created branch can be renamed via this command:
hint:
hint: git branch -m <name>
From https://github.com/apple/swift-nio-imap
* tag 0.4.0 -> FETCH_HEAD
HEAD is now at d67f124 Replace C ctype calls with pure-Swift ASCII checks in UInt8+ParseTypeMembership (#838)
Cloned https://github.com/apple/swift-nio-imap.git
Revision (git rev-parse @):
d67f1243f731457cb9f2eb0beb27eff9e533bf7b
SUCCESS checkout https://github.com/apple/swift-nio-imap.git at 0.4.0
========================================
Build
========================================
Selected platform: wasm
Swift version: 6.3
Building package at path: $PWD
https://github.com/apple/swift-nio-imap.git
Running build ...
bash -c docker run --pull=always --rm -v "checkouts-54344849-3":/host -w "$PWD" -e JAVA_HOME="/root/.sdkman/candidates/java/current" -e SPI_BUILD="1" -e SPI_PROCESSING="1" registry.gitlab.com/saguaro1/spi-images:wasm-6.3-latest swift build --swift-sdk swift-6.3.2-RELEASE_wasm 2>&1
wasm-6.3-latest: Pulling from saguaro1/spi-images
Digest: sha256:501b6bfc4ca8a27c305c68f9d5c778f996de82635741ab45476a03ffa6fa26d2
Status: Image is up to date for registry.gitlab.com/saguaro1/spi-images:wasm-6.3-latest
Fetching https://github.com/apple/swift-se0270-range-set.git
Fetching https://github.com/apple/swift-nio
Fetching https://github.com/apple/swift-collections.git
[1/26314] Fetching swift-collections
[5527/26390] Fetching swift-collections, swift-se0270-range-set
[15603/111069] Fetching swift-collections, swift-se0270-range-set, swift-nio
Fetched https://github.com/apple/swift-collections.git from cache (1.26s)
[9391/84755] Fetching swift-se0270-range-set, swift-nio
Fetched https://github.com/apple/swift-se0270-range-set.git from cache (4.70s)
Fetched https://github.com/apple/swift-nio from cache (4.73s)
Computing version for https://github.com/apple/swift-se0270-range-set.git
Computed https://github.com/apple/swift-se0270-range-set.git at 1.0.1 (5.64s)
Computing version for https://github.com/apple/swift-collections.git
Computed https://github.com/apple/swift-collections.git at 1.6.0 (0.23s)
Computing version for https://github.com/apple/swift-nio
Computed https://github.com/apple/swift-nio at 2.101.3 (0.29s)
Fetching https://github.com/apple/swift-atomics.git
Fetching https://github.com/apple/swift-system.git
[1/6274] Fetching swift-system
[3076/8142] Fetching swift-system, swift-atomics
Fetched https://github.com/apple/swift-system.git from cache (0.56s)
Fetched https://github.com/apple/swift-atomics.git from cache (0.58s)
Computing version for https://github.com/apple/swift-atomics.git
Computed https://github.com/apple/swift-atomics.git at 1.3.1 (0.75s)
Computing version for https://github.com/apple/swift-system.git
Computed https://github.com/apple/swift-system.git at 1.7.5 (0.24s)
Creating working copy for https://github.com/apple/swift-nio
Working copy of https://github.com/apple/swift-nio resolved at 2.101.3
Creating working copy for https://github.com/apple/swift-atomics.git
Working copy of https://github.com/apple/swift-atomics.git resolved at 1.3.1
Creating working copy for https://github.com/apple/swift-collections.git
Working copy of https://github.com/apple/swift-collections.git resolved at 1.6.0
Creating working copy for https://github.com/apple/swift-se0270-range-set.git
Working copy of https://github.com/apple/swift-se0270-range-set.git resolved at 1.0.1
Creating working copy for https://github.com/apple/swift-system.git
Working copy of https://github.com/apple/swift-system.git resolved at 1.7.5
Building for debugging...
[0/28] Write sources
[14/28] Compiling CNIOWindows WSAStartup.c
[15/28] Compiling CNIOLinux shim.c
[16/28] Compiling _AtomicsShims.c
[17/28] Compiling CNIOWindows shim.c
[18/28] Compiling CNIOLinux liburing_shims.c
[18/28] Compiling CNIOFreeBSD shim.c
[20/28] Compiling CNIOWASI CNIOWASI.c
[21/28] Compiling CNIOPosix event_loop_id.c
[22/28] Compiling CNIOOpenBSD shim.c
[23/28] Write sources
[24/28] Compiling CNIODarwin shim.c
[25/28] Write swift-version-24593BA9C3E375BF.txt
[27/77] Emitting module _NIOBase64
[28/77] Emitting module InternalCollectionsUtilities
[28/79] Compiling c-nioatomics.c
[29/79] Compiling c-atomics.c
[31/86] Compiling Atomics UnsafeAtomic.swift
[32/86] Compiling Atomics UnsafeAtomicLazyReference.swift
[33/88] Compiling SE0270_RangeSet DiscontiguousSlice.swift
[34/88] Compiling Atomics OptionalRawRepresentable.swift
[35/88] Compiling Atomics RawRepresentable.swift
[36/88] Compiling Atomics AtomicBool.swift
[37/88] Compiling Atomics AtomicMemoryOrderings.swift
[38/88] Compiling Atomics DoubleWord.swift
[39/88] Compiling Atomics ManagedAtomic.swift
[40/88] Compiling Atomics ManagedAtomicLazyReference.swift
[41/88] Emitting module Atomics
[42/88] Compiling Atomics AtomicStorage.swift
[43/88] Compiling Atomics AtomicValue.swift
[44/88] Compiling SE0270_RangeSet Pair.swift
[45/88] Compiling Atomics AtomicInteger.swift
[46/88] Compiling Atomics AtomicOptionalWrappable.swift
[47/88] Compiling Atomics AtomicReference.swift
[55/88] Compiling Atomics IntegerConformances.swift
[56/88] Compiling Atomics PointerConformances.swift
[57/88] Compiling Atomics Primitives.native.swift
[61/88] Compiling Atomics IntegerOperations.swift
[62/88] Compiling Atomics Unmanaged extensions.swift
[70/89] Compiling SE0270_RangeSet CollectionExtensions.swift
[71/89] Emitting module SE0270_RangeSet
[73/89] Compiling _NIOBase64 Base64.swift
[74/90] Compiling _NIODataStructures _TinyArray.swift
[75/90] Compiling _NIODataStructures PriorityQueue.swift
[77/92] Compiling SE0270_RangeSet RangeSet.swift
[78/92] Compiling SE0270_RangeSet Partition.swift
[79/92] Compiling SE0270_RangeSet RangeSetStorage.swift
[80/136] Compiling ContainersPreview BorrowingIteratorProtocol+Copy.swift
[81/136] Compiling ContainersPreview BorrowingIteratorProtocol+ElementsEqual.swift
[84/183] Compiling OrderedCollections OrderedDictionary+Deprecations.swift
[85/183] Compiling OrderedCollections OrderedDictionary+Descriptions.swift
[86/183] Compiling OrderedCollections OrderedDictionary+Elements.SubSequence.swift
[87/183] Compiling OrderedCollections OrderedDictionary+Elements.swift
[88/183] Compiling OrderedCollections OrderedDictionary+Equatable.swift
[89/189] Compiling OrderedCollections OrderedSet+Descriptions.swift
[90/189] Compiling OrderedCollections OrderedSet+Diffing.swift
[91/189] Compiling OrderedCollections OrderedSet+Equatable.swift
[92/189] Compiling OrderedCollections OrderedSet+ExpressibleByArrayLiteral.swift
[93/189] Compiling OrderedCollections OrderedSet+Partial SetAlgebra formSymmetricDifference.swift
[94/189] Compiling ContainersPreview BorrowingIteratorProtocol+Map.swift
[95/189] Compiling ContainersPreview BorrowingIteratorProtocol+Reduce.swift
[96/189] Compiling ContainersPreview BorrowingIteratorProtocol+SpanwiseZip.swift
[97/189] Compiling OrderedCollections _HashTable+CustomStringConvertible.swift
[98/189] Compiling OrderedCollections _HashTable+Testing.swift
[99/189] Emitting module ContainersPreview
[100/189] Compiling OrderedCollections _HashTable+UnsafeHandle.swift
[101/189] Compiling OrderedCollections _HashTable.swift
[102/189] Compiling OrderedCollections _Hashtable+Header.swift
[103/189] Compiling OrderedCollections OrderedDictionary+Codable.swift
[104/189] Compiling OrderedCollections OrderedDictionary+CustomReflectable.swift
[105/189] Compiling OrderedCollections OrderedSet+Partial SetAlgebra isStrictSuperset.swift
[106/189] Compiling OrderedCollections OrderedSet+Partial SetAlgebra isSubset.swift
[107/189] Compiling OrderedCollections OrderedDictionary+Hashable.swift
[108/189] Compiling OrderedCollections OrderedDictionary+Initializers.swift
[109/189] Compiling OrderedCollections OrderedDictionary+Invariants.swift
[110/189] Compiling OrderedCollections OrderedSet+Partial SetAlgebra formUnion.swift
[111/189] Compiling OrderedCollections OrderedSet+Partial SetAlgebra intersection.swift
[112/189] Compiling OrderedCollections OrderedSet+Partial SetAlgebra isDisjoint.swift
[113/189] Compiling OrderedCollections OrderedSet+Partial SetAlgebra isEqualSet.swift
[114/189] Compiling OrderedCollections OrderedSet+Partial SetAlgebra isStrictSubset.swift
[115/189] Compiling ContainersPreview Ref.swift
[116/189] Compiling ContainersPreview Shared.swift
[117/189] Compiling ContainersPreview SpanIterator.swift
[118/189] Compiling ContainersPreview UniqueBox.swift
[127/189] Compiling OrderedCollections OrderedDictionary+ExpressibleByDictionaryLiteral.swift
[128/189] Compiling OrderedCollections OrderedDictionary+Values.swift
[129/189] Compiling OrderedCollections OrderedDictionary.swift
[130/189] Compiling OrderedCollections OrderedSet+Codable.swift
[131/189] Compiling OrderedCollections OrderedSet+CustomReflectable.swift
[132/197] Compiling NIOConcurrencyHelpers NIOLockedValueBox.swift
[133/197] Compiling NIOConcurrencyHelpers NIOThreadPoolWorkAvailable.swift
[135/197] Emitting module NIOConcurrencyHelpers
[136/197] Compiling NIOConcurrencyHelpers NIOLock.swift
[137/197] Compiling NIOConcurrencyHelpers NIOAtomic.swift
[138/197] Compiling NIOConcurrencyHelpers lock.swift
[139/197] Compiling NIOConcurrencyHelpers atomics.swift
[141/199] Compiling _NIODataStructures Heap.swift
[142/199] Emitting module _NIODataStructures
[144/240] Compiling OrderedCollections OrderedSet+Partial SetAlgebra isSuperset.swift
[145/240] Compiling OrderedCollections OrderedSet+Partial SetAlgebra subtract.swift
[146/240] Compiling OrderedCollections OrderedSet+Partial SetAlgebra subtracting.swift
[147/240] Compiling OrderedCollections OrderedSet+Partial SetAlgebra symmetricDifference.swift
[148/240] Compiling OrderedCollections OrderedSet+Partial SetAlgebra union.swift
[149/240] Compiling OrderedCollections OrderedSet+Partial SetAlgebra+Basics.swift
[150/240] Compiling OrderedCollections OrderedSet+RandomAccessCollection.swift
[151/240] Compiling OrderedCollections OrderedSet+ReserveCapacity.swift
[152/240] Compiling DequeModule Deque+Equatable.swift
[153/240] Compiling DequeModule Deque+ExpressibleByArrayLiteral.swift
[154/240] Compiling DequeModule UniqueDeque+Hashable.swift
[155/240] Compiling DequeModule UniqueDeque+Initializers.swift
[156/240] Compiling DequeModule UniqueDeque+Insertions.swift
[157/240] Compiling DequeModule UniqueDeque+Prepend.swift
[158/240] Compiling DequeModule UniqueDeque+Removals.swift
[159/240] Compiling DequeModule UniqueDeque+Container.swift
[161/240] Compiling DequeModule UniqueDeque+Deprecated.swift
[162/240] Compiling DequeModule UniqueDeque+Descriptions.swift
[163/240] Compiling DequeModule UniqueDeque+Equatable.swift
[164/240] Compiling DequeModule UniqueDeque+Experimental.swift
[165/245] Compiling DequeModule UniqueDeque+Append.swift
[166/245] Compiling DequeModule UniqueDeque+Consumption.swift
[167/245] Compiling DequeModule Deque+Extras.swift
[168/245] Compiling DequeModule Deque+Hashable.swift
[169/245] Compiling DequeModule Deque+Testing.swift
[170/245] Compiling DequeModule Deque._Storage.swift
[171/245] Compiling DequeModule Deque._UnsafeHandle.swift
[172/245] Compiling DequeModule Deque.swift
[173/245] Compiling DequeModule RigidDeque+Append.swift
[174/245] Compiling DequeModule RigidDeque+Consumption.swift
[175/245] Compiling DequeModule RigidDeque+Container.swift
[176/245] Compiling DequeModule RigidDeque+Descriptions.swift
[177/245] Compiling DequeModule Deque+Codable.swift
[178/245] Compiling DequeModule Deque+Collection.swift
[179/245] Compiling DequeModule Deque+CustomReflectable.swift
[180/245] Compiling DequeModule Deque+Descriptions.swift
[181/245] Compiling DequeModule RigidDeque+Equatable.swift
[182/245] Compiling DequeModule RigidDeque+Experimental.swift
[183/245] Compiling DequeModule RigidDeque+Hashable.swift
[184/245] Compiling DequeModule RigidDeque+Initializers.swift
[185/245] Compiling DequeModule RigidDeque+Insertions.swift
[186/245] Compiling DequeModule RigidDeque+Prepend.swift
[187/245] Compiling DequeModule _DequeBuffer.swift
[188/245] Compiling DequeModule _DequeBufferHeader.swift
[206/245] Compiling DequeModule RigidDeque+Removals.swift
[207/245] Compiling DequeModule RigidDeque+Replacements.swift
[208/245] Compiling DequeModule RigidDeque+Testing.swift
[209/245] Compiling DequeModule RigidDeque.swift
[212/245] Compiling OrderedCollections OrderedSet+Sendable.swift
[213/245] Compiling OrderedCollections OrderedSet+SubSequence.swift
[214/245] Compiling OrderedCollections OrderedSet+Testing.swift
[215/245] Compiling OrderedCollections OrderedSet+UnorderedView.swift
[216/245] Compiling OrderedCollections OrderedSet+UnstableInternals.swift
[217/245] Compiling OrderedCollections OrderedSet.swift
[218/245] Compiling OrderedCollections _UnsafeBitset.swift
[225/245] Compiling DequeModule UniqueDeque+Replacements.swift
[226/245] Compiling DequeModule UniqueDeque.swift
[227/245] Compiling DequeModule _DequeSlot.swift
[228/245] Compiling DequeModule _UnsafeDequeHandle.swift
[229/245] Compiling DequeModule _UnsafeDequeSegments.swift
[230/245] Compiling OrderedCollections OrderedSet+Partial MutableCollection.swift
[231/245] Compiling OrderedCollections OrderedSet+Partial RangeReplaceableCollection.swift
[232/245] Compiling OrderedCollections OrderedSet+Partial SetAlgebra formIntersection.swift
[233/245] Emitting module OrderedCollections
[241/246] Emitting module DequeModule
[248/311] Compiling NIOCore IPProtocol.swift
[249/311] Compiling NIOCore IntegerBitPacking.swift
[250/311] Compiling NIOCore IntegerTypes.swift
[251/311] Compiling NIOCore Interfaces.swift
[252/311] Compiling NIOCore Linux.swift
[253/311] Compiling NIOCore MarkedCircularBuffer.swift
[254/311] Compiling NIOCore MulticastChannel.swift
[255/311] Compiling NIOCore NIOAny.swift
[256/311] Compiling NIOCore NIOCloseOnErrorHandler.swift
[257/319] Compiling NIOCore CircularBuffer.swift
[258/319] Compiling NIOCore Codec.swift
[259/319] Compiling NIOCore ConvenienceOptionSupport.swift
[260/319] Compiling NIOCore DeadChannel.swift
[261/319] Compiling NIOCore DispatchQueue+WithFuture.swift
[262/319] Compiling NIOCore EventLoop+Deprecated.swift
[263/319] Compiling NIOCore EventLoop+SerialExecutor.swift
[264/319] Compiling NIOCore EventLoop.swift
[265/319] Compiling NIOCore EventLoopFuture+AssumeIsolated.swift
[266/319] Compiling NIOCore NIOCoreSendableMetatype.swift
[267/319] Compiling NIOCore NIODecodedAsyncSequence.swift
[268/319] Compiling NIOCore NIOLoopBound.swift
[269/319] Compiling NIOCore NIOPooledRecvBufferAllocator.swift
[270/319] Compiling NIOCore NIOScheduledCallback.swift
[271/319] Compiling NIOCore NIOSendable.swift
[272/319] Compiling NIOCore NIOSplitLinesMessageDecoder.swift
[273/319] Compiling NIOCore NIOTransportAccessibleChannelCore.swift
[274/319] Compiling NIOCore RecvByteBufferAllocator.swift
[275/319] Compiling NIOCore SingleStepByteToMessageDecoder.swift
[276/319] Compiling NIOCore SocketAddresses.swift
[277/319] Compiling NIOCore SocketOptionProvider.swift
[278/319] Compiling NIOCore SystemCallHelpers.swift
[279/319] Compiling NIOCore TimeAmount+Duration.swift
[280/319] Compiling NIOCore TypeAssistedChannelHandler.swift
[281/319] Compiling NIOCore UniversalBootstrapSupport.swift
[282/319] Compiling NIOCore Utilities.swift
[283/319] Compiling NIOCore AddressedEnvelope.swift
[284/319] Compiling NIOCore AsyncAwaitSupport.swift
[285/319] Compiling NIOCore AsyncChannel.swift
[286/319] Compiling NIOCore AsyncChannelHandler.swift
[287/319] Compiling NIOCore AsyncChannelInboundStream.swift
[288/319] Compiling NIOCore AsyncChannelOutboundWriter.swift
[289/319] Compiling NIOCore NIOAsyncSequenceProducer.swift
[290/319] Compiling NIOCore NIOAsyncSequenceProducerStrategies.swift
[291/319] Compiling NIOCore NIOAsyncWriter.swift
[292/319] Compiling NIOCore NIOThrowingAsyncSequenceProducer.swift
[293/319] Compiling NIOCore BSDSocketAPI.swift
[294/319] Compiling NIOCore ByteBuffer-aux.swift
[295/319] Compiling NIOCore ByteBuffer-binaryEncodedLengthPrefix.swift
[296/319] Compiling NIOCore ByteBuffer-conversions.swift
[297/319] Compiling NIOCore ByteBuffer-core.swift
[298/319] Compiling NIOCore ByteBuffer-hex.swift
[299/319] Compiling NIOCore ByteBuffer-int.swift
[300/319] Compiling NIOCore ByteBuffer-lengthPrefix.swift
[301/319] Compiling NIOCore ByteBuffer-multi-int.swift
[302/319] Compiling NIOCore ByteBuffer-quicBinaryEncodingStrategy.swift
[303/319] Compiling NIOCore ByteBuffer-views.swift
[304/319] Compiling NIOCore Channel.swift
[305/319] Compiling NIOCore ChannelHandler.swift
[306/319] Compiling NIOCore ChannelHandlers.swift
[307/319] Compiling NIOCore ChannelInvoker.swift
[308/319] Compiling NIOCore ChannelOption.swift
[309/319] Compiling NIOCore ChannelPipeline.swift
[310/319] Compiling NIOCore EventLoopFuture+Deprecated.swift
[311/319] Compiling NIOCore EventLoopFuture+WithEventLoop.swift
[312/319] Compiling NIOCore EventLoopFuture.swift
[313/319] Compiling NIOCore FileDescriptor.swift
[314/319] Compiling NIOCore FileHandle.swift
[315/319] Compiling NIOCore FileRegion.swift
[316/319] Compiling NIOCore GlobalSingletons.swift
[317/319] Compiling NIOCore IO.swift
[318/319] Compiling NIOCore IOData.swift
[319/319] Emitting module NIOCore
error: emit-module command failed with exit code 1 (use -v to see invocation)
[321/374] Emitting module NIOPosix
/host/spi-builder-workspace/.build/checkouts/swift-nio/Sources/NIOPosix/BaseSocketChannel+AccessibleTransport.swift:17:11: error: cannot find type 'BaseSocketChannel' in scope
15 | import NIOCore
16 |
17 | extension BaseSocketChannel where SocketType: BaseSocket {
| `- error: cannot find type 'BaseSocketChannel' in scope
18 | /// The underlying transport type backing this channel.
19 | typealias Transport = NIOBSDSocket.Handle
/host/spi-builder-workspace/.build/checkouts/swift-nio/Sources/NIOPosix/BaseSocketChannel+AccessibleTransport.swift:27:11: error: cannot find type 'BaseSocketChannel' in scope
25 | }
26 |
27 | extension BaseSocketChannel where SocketType: PipePair {
| `- error: cannot find type 'BaseSocketChannel' in scope
28 | /// The underlying transport type backing this channel.
29 | typealias Transport = NIOBSDSocket.PipeHandle
/host/spi-builder-workspace/.build/checkouts/swift-nio/Sources/NIOPosix/BaseSocketChannel+AccessibleTransport.swift:42:11: error: cannot find type 'SocketChannel' in scope
40 | }
41 |
42 | extension SocketChannel: NIOTransportAccessibleChannelCore {}
| `- error: cannot find type 'SocketChannel' in scope
43 | extension ServerSocketChannel: NIOTransportAccessibleChannelCore {}
44 | extension DatagramChannel: NIOTransportAccessibleChannelCore {}
/host/spi-builder-workspace/.build/checkouts/swift-nio/Sources/NIOPosix/BaseSocketChannel+AccessibleTransport.swift:43:11: error: cannot find type 'ServerSocketChannel' in scope
41 |
42 | extension SocketChannel: NIOTransportAccessibleChannelCore {}
43 | extension ServerSocketChannel: NIOTransportAccessibleChannelCore {}
| `- error: cannot find type 'ServerSocketChannel' in scope
44 | extension DatagramChannel: NIOTransportAccessibleChannelCore {}
45 | extension PipeChannel: NIOTransportAccessibleChannelCore {}
/host/spi-builder-workspace/.build/checkouts/swift-nio/Sources/NIOPosix/BaseSocketChannel+AccessibleTransport.swift:44:11: error: cannot find type 'DatagramChannel' in scope
42 | extension SocketChannel: NIOTransportAccessibleChannelCore {}
43 | extension ServerSocketChannel: NIOTransportAccessibleChannelCore {}
44 | extension DatagramChannel: NIOTransportAccessibleChannelCore {}
| `- error: cannot find type 'DatagramChannel' in scope
45 | extension PipeChannel: NIOTransportAccessibleChannelCore {}
46 |
/host/spi-builder-workspace/.build/checkouts/swift-nio/Sources/NIOPosix/BaseSocketChannel+AccessibleTransport.swift:45:11: error: cannot find type 'PipeChannel' in scope
43 | extension ServerSocketChannel: NIOTransportAccessibleChannelCore {}
44 | extension DatagramChannel: NIOTransportAccessibleChannelCore {}
45 | extension PipeChannel: NIOTransportAccessibleChannelCore {}
| `- error: cannot find type 'PipeChannel' in scope
46 |
[322/374] Compiling NIOPosix BSDSocketAPICommon.swift
/host/spi-builder-workspace/.build/checkouts/swift-nio/Sources/NIOPosix/BaseSocketChannel+AccessibleTransport.swift:17:11: error: cannot find type 'BaseSocketChannel' in scope
15 | import NIOCore
16 |
17 | extension BaseSocketChannel where SocketType: BaseSocket {
| `- error: cannot find type 'BaseSocketChannel' in scope
18 | /// The underlying transport type backing this channel.
19 | typealias Transport = NIOBSDSocket.Handle
/host/spi-builder-workspace/.build/checkouts/swift-nio/Sources/NIOPosix/BaseSocketChannel+AccessibleTransport.swift:27:11: error: cannot find type 'BaseSocketChannel' in scope
25 | }
26 |
27 | extension BaseSocketChannel where SocketType: PipePair {
| `- error: cannot find type 'BaseSocketChannel' in scope
28 | /// The underlying transport type backing this channel.
29 | typealias Transport = NIOBSDSocket.PipeHandle
/host/spi-builder-workspace/.build/checkouts/swift-nio/Sources/NIOPosix/BaseSocketChannel+AccessibleTransport.swift:42:11: error: cannot find type 'SocketChannel' in scope
40 | }
41 |
42 | extension SocketChannel: NIOTransportAccessibleChannelCore {}
| `- error: cannot find type 'SocketChannel' in scope
43 | extension ServerSocketChannel: NIOTransportAccessibleChannelCore {}
44 | extension DatagramChannel: NIOTransportAccessibleChannelCore {}
/host/spi-builder-workspace/.build/checkouts/swift-nio/Sources/NIOPosix/BaseSocketChannel+AccessibleTransport.swift:43:11: error: cannot find type 'ServerSocketChannel' in scope
41 |
42 | extension SocketChannel: NIOTransportAccessibleChannelCore {}
43 | extension ServerSocketChannel: NIOTransportAccessibleChannelCore {}
| `- error: cannot find type 'ServerSocketChannel' in scope
44 | extension DatagramChannel: NIOTransportAccessibleChannelCore {}
45 | extension PipeChannel: NIOTransportAccessibleChannelCore {}
/host/spi-builder-workspace/.build/checkouts/swift-nio/Sources/NIOPosix/BaseSocketChannel+AccessibleTransport.swift:44:11: error: cannot find type 'DatagramChannel' in scope
42 | extension SocketChannel: NIOTransportAccessibleChannelCore {}
43 | extension ServerSocketChannel: NIOTransportAccessibleChannelCore {}
44 | extension DatagramChannel: NIOTransportAccessibleChannelCore {}
| `- error: cannot find type 'DatagramChannel' in scope
45 | extension PipeChannel: NIOTransportAccessibleChannelCore {}
46 |
/host/spi-builder-workspace/.build/checkouts/swift-nio/Sources/NIOPosix/BaseSocketChannel+AccessibleTransport.swift:45:11: error: cannot find type 'PipeChannel' in scope
43 | extension ServerSocketChannel: NIOTransportAccessibleChannelCore {}
44 | extension DatagramChannel: NIOTransportAccessibleChannelCore {}
45 | extension PipeChannel: NIOTransportAccessibleChannelCore {}
| `- error: cannot find type 'PipeChannel' in scope
46 |
/host/spi-builder-workspace/.build/checkouts/swift-nio/Sources/NIOPosix/BaseSocketChannel+AccessibleTransport.swift:17:29: error: 'where' clause cannot be applied to a non-generic top-level declaration
15 | import NIOCore
16 |
17 | extension BaseSocketChannel where SocketType: BaseSocket {
| `- error: 'where' clause cannot be applied to a non-generic top-level declaration
18 | /// The underlying transport type backing this channel.
19 | typealias Transport = NIOBSDSocket.Handle
/host/spi-builder-workspace/.build/checkouts/swift-nio/Sources/NIOPosix/BaseSocketChannel+AccessibleTransport.swift:27:29: error: 'where' clause cannot be applied to a non-generic top-level declaration
25 | }
26 |
27 | extension BaseSocketChannel where SocketType: PipePair {
| `- error: 'where' clause cannot be applied to a non-generic top-level declaration
28 | /// The underlying transport type backing this channel.
29 | typealias Transport = NIOBSDSocket.PipeHandle
[323/374] Compiling NIOPosix BSDSocketAPIPosix.swift
/host/spi-builder-workspace/.build/checkouts/swift-nio/Sources/NIOPosix/BaseSocketChannel+AccessibleTransport.swift:17:11: error: cannot find type 'BaseSocketChannel' in scope
15 | import NIOCore
16 |
17 | extension BaseSocketChannel where SocketType: BaseSocket {
| `- error: cannot find type 'BaseSocketChannel' in scope
18 | /// The underlying transport type backing this channel.
19 | typealias Transport = NIOBSDSocket.Handle
/host/spi-builder-workspace/.build/checkouts/swift-nio/Sources/NIOPosix/BaseSocketChannel+AccessibleTransport.swift:27:11: error: cannot find type 'BaseSocketChannel' in scope
25 | }
26 |
27 | extension BaseSocketChannel where SocketType: PipePair {
| `- error: cannot find type 'BaseSocketChannel' in scope
28 | /// The underlying transport type backing this channel.
29 | typealias Transport = NIOBSDSocket.PipeHandle
/host/spi-builder-workspace/.build/checkouts/swift-nio/Sources/NIOPosix/BaseSocketChannel+AccessibleTransport.swift:42:11: error: cannot find type 'SocketChannel' in scope
40 | }
41 |
42 | extension SocketChannel: NIOTransportAccessibleChannelCore {}
| `- error: cannot find type 'SocketChannel' in scope
43 | extension ServerSocketChannel: NIOTransportAccessibleChannelCore {}
44 | extension DatagramChannel: NIOTransportAccessibleChannelCore {}
/host/spi-builder-workspace/.build/checkouts/swift-nio/Sources/NIOPosix/BaseSocketChannel+AccessibleTransport.swift:43:11: error: cannot find type 'ServerSocketChannel' in scope
41 |
42 | extension SocketChannel: NIOTransportAccessibleChannelCore {}
43 | extension ServerSocketChannel: NIOTransportAccessibleChannelCore {}
| `- error: cannot find type 'ServerSocketChannel' in scope
44 | extension DatagramChannel: NIOTransportAccessibleChannelCore {}
45 | extension PipeChannel: NIOTransportAccessibleChannelCore {}
/host/spi-builder-workspace/.build/checkouts/swift-nio/Sources/NIOPosix/BaseSocketChannel+AccessibleTransport.swift:44:11: error: cannot find type 'DatagramChannel' in scope
42 | extension SocketChannel: NIOTransportAccessibleChannelCore {}
43 | extension ServerSocketChannel: NIOTransportAccessibleChannelCore {}
44 | extension DatagramChannel: NIOTransportAccessibleChannelCore {}
| `- error: cannot find type 'DatagramChannel' in scope
45 | extension PipeChannel: NIOTransportAccessibleChannelCore {}
46 |
/host/spi-builder-workspace/.build/checkouts/swift-nio/Sources/NIOPosix/BaseSocketChannel+AccessibleTransport.swift:45:11: error: cannot find type 'PipeChannel' in scope
43 | extension ServerSocketChannel: NIOTransportAccessibleChannelCore {}
44 | extension DatagramChannel: NIOTransportAccessibleChannelCore {}
45 | extension PipeChannel: NIOTransportAccessibleChannelCore {}
| `- error: cannot find type 'PipeChannel' in scope
46 |
/host/spi-builder-workspace/.build/checkouts/swift-nio/Sources/NIOPosix/BaseSocketChannel+AccessibleTransport.swift:17:29: error: 'where' clause cannot be applied to a non-generic top-level declaration
15 | import NIOCore
16 |
17 | extension BaseSocketChannel where SocketType: BaseSocket {
| `- error: 'where' clause cannot be applied to a non-generic top-level declaration
18 | /// The underlying transport type backing this channel.
19 | typealias Transport = NIOBSDSocket.Handle
/host/spi-builder-workspace/.build/checkouts/swift-nio/Sources/NIOPosix/BaseSocketChannel+AccessibleTransport.swift:27:29: error: 'where' clause cannot be applied to a non-generic top-level declaration
25 | }
26 |
27 | extension BaseSocketChannel where SocketType: PipePair {
| `- error: 'where' clause cannot be applied to a non-generic top-level declaration
28 | /// The underlying transport type backing this channel.
29 | typealias Transport = NIOBSDSocket.PipeHandle
[324/374] Compiling NIOPosix BSDSocketAPIWindows.swift
/host/spi-builder-workspace/.build/checkouts/swift-nio/Sources/NIOPosix/BaseSocketChannel+AccessibleTransport.swift:17:11: error: cannot find type 'BaseSocketChannel' in scope
15 | import NIOCore
16 |
17 | extension BaseSocketChannel where SocketType: BaseSocket {
| `- error: cannot find type 'BaseSocketChannel' in scope
18 | /// The underlying transport type backing this channel.
19 | typealias Transport = NIOBSDSocket.Handle
/host/spi-builder-workspace/.build/checkouts/swift-nio/Sources/NIOPosix/BaseSocketChannel+AccessibleTransport.swift:27:11: error: cannot find type 'BaseSocketChannel' in scope
25 | }
26 |
27 | extension BaseSocketChannel where SocketType: PipePair {
| `- error: cannot find type 'BaseSocketChannel' in scope
28 | /// The underlying transport type backing this channel.
29 | typealias Transport = NIOBSDSocket.PipeHandle
/host/spi-builder-workspace/.build/checkouts/swift-nio/Sources/NIOPosix/BaseSocketChannel+AccessibleTransport.swift:42:11: error: cannot find type 'SocketChannel' in scope
40 | }
41 |
42 | extension SocketChannel: NIOTransportAccessibleChannelCore {}
| `- error: cannot find type 'SocketChannel' in scope
43 | extension ServerSocketChannel: NIOTransportAccessibleChannelCore {}
44 | extension DatagramChannel: NIOTransportAccessibleChannelCore {}
/host/spi-builder-workspace/.build/checkouts/swift-nio/Sources/NIOPosix/BaseSocketChannel+AccessibleTransport.swift:43:11: error: cannot find type 'ServerSocketChannel' in scope
41 |
42 | extension SocketChannel: NIOTransportAccessibleChannelCore {}
43 | extension ServerSocketChannel: NIOTransportAccessibleChannelCore {}
| `- error: cannot find type 'ServerSocketChannel' in scope
44 | extension DatagramChannel: NIOTransportAccessibleChannelCore {}
45 | extension PipeChannel: NIOTransportAccessibleChannelCore {}
/host/spi-builder-workspace/.build/checkouts/swift-nio/Sources/NIOPosix/BaseSocketChannel+AccessibleTransport.swift:44:11: error: cannot find type 'DatagramChannel' in scope
42 | extension SocketChannel: NIOTransportAccessibleChannelCore {}
43 | extension ServerSocketChannel: NIOTransportAccessibleChannelCore {}
44 | extension DatagramChannel: NIOTransportAccessibleChannelCore {}
| `- error: cannot find type 'DatagramChannel' in scope
45 | extension PipeChannel: NIOTransportAccessibleChannelCore {}
46 |
/host/spi-builder-workspace/.build/checkouts/swift-nio/Sources/NIOPosix/BaseSocketChannel+AccessibleTransport.swift:45:11: error: cannot find type 'PipeChannel' in scope
43 | extension ServerSocketChannel: NIOTransportAccessibleChannelCore {}
44 | extension DatagramChannel: NIOTransportAccessibleChannelCore {}
45 | extension PipeChannel: NIOTransportAccessibleChannelCore {}
| `- error: cannot find type 'PipeChannel' in scope
46 |
/host/spi-builder-workspace/.build/checkouts/swift-nio/Sources/NIOPosix/BaseSocketChannel+AccessibleTransport.swift:17:29: error: 'where' clause cannot be applied to a non-generic top-level declaration
15 | import NIOCore
16 |
17 | extension BaseSocketChannel where SocketType: BaseSocket {
| `- error: 'where' clause cannot be applied to a non-generic top-level declaration
18 | /// The underlying transport type backing this channel.
19 | typealias Transport = NIOBSDSocket.Handle
/host/spi-builder-workspace/.build/checkouts/swift-nio/Sources/NIOPosix/BaseSocketChannel+AccessibleTransport.swift:27:29: error: 'where' clause cannot be applied to a non-generic top-level declaration
25 | }
26 |
27 | extension BaseSocketChannel where SocketType: PipePair {
| `- error: 'where' clause cannot be applied to a non-generic top-level declaration
28 | /// The underlying transport type backing this channel.
29 | typealias Transport = NIOBSDSocket.PipeHandle
[325/374] Compiling NIOPosix BaseSocket.swift
/host/spi-builder-workspace/.build/checkouts/swift-nio/Sources/NIOPosix/BaseSocketChannel+AccessibleTransport.swift:17:11: error: cannot find type 'BaseSocketChannel' in scope
15 | import NIOCore
16 |
17 | extension BaseSocketChannel where SocketType: BaseSocket {
| `- error: cannot find type 'BaseSocketChannel' in scope
18 | /// The underlying transport type backing this channel.
19 | typealias Transport = NIOBSDSocket.Handle
/host/spi-builder-workspace/.build/checkouts/swift-nio/Sources/NIOPosix/BaseSocketChannel+AccessibleTransport.swift:27:11: error: cannot find type 'BaseSocketChannel' in scope
25 | }
26 |
27 | extension BaseSocketChannel where SocketType: PipePair {
| `- error: cannot find type 'BaseSocketChannel' in scope
28 | /// The underlying transport type backing this channel.
29 | typealias Transport = NIOBSDSocket.PipeHandle
/host/spi-builder-workspace/.build/checkouts/swift-nio/Sources/NIOPosix/BaseSocketChannel+AccessibleTransport.swift:42:11: error: cannot find type 'SocketChannel' in scope
40 | }
41 |
42 | extension SocketChannel: NIOTransportAccessibleChannelCore {}
| `- error: cannot find type 'SocketChannel' in scope
43 | extension ServerSocketChannel: NIOTransportAccessibleChannelCore {}
44 | extension DatagramChannel: NIOTransportAccessibleChannelCore {}
/host/spi-builder-workspace/.build/checkouts/swift-nio/Sources/NIOPosix/BaseSocketChannel+AccessibleTransport.swift:43:11: error: cannot find type 'ServerSocketChannel' in scope
41 |
42 | extension SocketChannel: NIOTransportAccessibleChannelCore {}
43 | extension ServerSocketChannel: NIOTransportAccessibleChannelCore {}
| `- error: cannot find type 'ServerSocketChannel' in scope
44 | extension DatagramChannel: NIOTransportAccessibleChannelCore {}
45 | extension PipeChannel: NIOTransportAccessibleChannelCore {}
/host/spi-builder-workspace/.build/checkouts/swift-nio/Sources/NIOPosix/BaseSocketChannel+AccessibleTransport.swift:44:11: error: cannot find type 'DatagramChannel' in scope
42 | extension SocketChannel: NIOTransportAccessibleChannelCore {}
43 | extension ServerSocketChannel: NIOTransportAccessibleChannelCore {}
44 | extension DatagramChannel: NIOTransportAccessibleChannelCore {}
| `- error: cannot find type 'DatagramChannel' in scope
45 | extension PipeChannel: NIOTransportAccessibleChannelCore {}
46 |
/host/spi-builder-workspace/.build/checkouts/swift-nio/Sources/NIOPosix/BaseSocketChannel+AccessibleTransport.swift:45:11: error: cannot find type 'PipeChannel' in scope
43 | extension ServerSocketChannel: NIOTransportAccessibleChannelCore {}
44 | extension DatagramChannel: NIOTransportAccessibleChannelCore {}
45 | extension PipeChannel: NIOTransportAccessibleChannelCore {}
| `- error: cannot find type 'PipeChannel' in scope
46 |
/host/spi-builder-workspace/.build/checkouts/swift-nio/Sources/NIOPosix/BaseSocketChannel+AccessibleTransport.swift:17:29: error: 'where' clause cannot be applied to a non-generic top-level declaration
15 | import NIOCore
16 |
17 | extension BaseSocketChannel where SocketType: BaseSocket {
| `- error: 'where' clause cannot be applied to a non-generic top-level declaration
18 | /// The underlying transport type backing this channel.
19 | typealias Transport = NIOBSDSocket.Handle
/host/spi-builder-workspace/.build/checkouts/swift-nio/Sources/NIOPosix/BaseSocketChannel+AccessibleTransport.swift:27:29: error: 'where' clause cannot be applied to a non-generic top-level declaration
25 | }
26 |
27 | extension BaseSocketChannel where SocketType: PipePair {
| `- error: 'where' clause cannot be applied to a non-generic top-level declaration
28 | /// The underlying transport type backing this channel.
29 | typealias Transport = NIOBSDSocket.PipeHandle
[326/374] Compiling NIOPosix BaseSocketChannel+AccessibleTransport.swift
/host/spi-builder-workspace/.build/checkouts/swift-nio/Sources/NIOPosix/BaseSocketChannel+AccessibleTransport.swift:17:11: error: cannot find type 'BaseSocketChannel' in scope
15 | import NIOCore
16 |
17 | extension BaseSocketChannel where SocketType: BaseSocket {
| `- error: cannot find type 'BaseSocketChannel' in scope
18 | /// The underlying transport type backing this channel.
19 | typealias Transport = NIOBSDSocket.Handle
/host/spi-builder-workspace/.build/checkouts/swift-nio/Sources/NIOPosix/BaseSocketChannel+AccessibleTransport.swift:27:11: error: cannot find type 'BaseSocketChannel' in scope
25 | }
26 |
27 | extension BaseSocketChannel where SocketType: PipePair {
| `- error: cannot find type 'BaseSocketChannel' in scope
28 | /// The underlying transport type backing this channel.
29 | typealias Transport = NIOBSDSocket.PipeHandle
/host/spi-builder-workspace/.build/checkouts/swift-nio/Sources/NIOPosix/BaseSocketChannel+AccessibleTransport.swift:42:11: error: cannot find type 'SocketChannel' in scope
40 | }
41 |
42 | extension SocketChannel: NIOTransportAccessibleChannelCore {}
| `- error: cannot find type 'SocketChannel' in scope
43 | extension ServerSocketChannel: NIOTransportAccessibleChannelCore {}
44 | extension DatagramChannel: NIOTransportAccessibleChannelCore {}
/host/spi-builder-workspace/.build/checkouts/swift-nio/Sources/NIOPosix/BaseSocketChannel+AccessibleTransport.swift:43:11: error: cannot find type 'ServerSocketChannel' in scope
41 |
42 | extension SocketChannel: NIOTransportAccessibleChannelCore {}
43 | extension ServerSocketChannel: NIOTransportAccessibleChannelCore {}
| `- error: cannot find type 'ServerSocketChannel' in scope
44 | extension DatagramChannel: NIOTransportAccessibleChannelCore {}
45 | extension PipeChannel: NIOTransportAccessibleChannelCore {}
/host/spi-builder-workspace/.build/checkouts/swift-nio/Sources/NIOPosix/BaseSocketChannel+AccessibleTransport.swift:44:11: error: cannot find type 'DatagramChannel' in scope
42 | extension SocketChannel: NIOTransportAccessibleChannelCore {}
43 | extension ServerSocketChannel: NIOTransportAccessibleChannelCore {}
44 | extension DatagramChannel: NIOTransportAccessibleChannelCore {}
| `- error: cannot find type 'DatagramChannel' in scope
45 | extension PipeChannel: NIOTransportAccessibleChannelCore {}
46 |
/host/spi-builder-workspace/.build/checkouts/swift-nio/Sources/NIOPosix/BaseSocketChannel+AccessibleTransport.swift:45:11: error: cannot find type 'PipeChannel' in scope
43 | extension ServerSocketChannel: NIOTransportAccessibleChannelCore {}
44 | extension DatagramChannel: NIOTransportAccessibleChannelCore {}
45 | extension PipeChannel: NIOTransportAccessibleChannelCore {}
| `- error: cannot find type 'PipeChannel' in scope
46 |
/host/spi-builder-workspace/.build/checkouts/swift-nio/Sources/NIOPosix/BaseSocketChannel+AccessibleTransport.swift:17:29: error: 'where' clause cannot be applied to a non-generic top-level declaration
15 | import NIOCore
16 |
17 | extension BaseSocketChannel where SocketType: BaseSocket {
| `- error: 'where' clause cannot be applied to a non-generic top-level declaration
18 | /// The underlying transport type backing this channel.
19 | typealias Transport = NIOBSDSocket.Handle
/host/spi-builder-workspace/.build/checkouts/swift-nio/Sources/NIOPosix/BaseSocketChannel+AccessibleTransport.swift:27:29: error: 'where' clause cannot be applied to a non-generic top-level declaration
25 | }
26 |
27 | extension BaseSocketChannel where SocketType: PipePair {
| `- error: 'where' clause cannot be applied to a non-generic top-level declaration
28 | /// The underlying transport type backing this channel.
29 | typealias Transport = NIOBSDSocket.PipeHandle
[327/374] Compiling NIOPosix BaseSocketChannel+SocketOptionProvider.swift
/host/spi-builder-workspace/.build/checkouts/swift-nio/Sources/NIOPosix/BaseSocketChannel+AccessibleTransport.swift:17:11: error: cannot find type 'BaseSocketChannel' in scope
15 | import NIOCore
16 |
17 | extension BaseSocketChannel where SocketType: BaseSocket {
| `- error: cannot find type 'BaseSocketChannel' in scope
18 | /// The underlying transport type backing this channel.
19 | typealias Transport = NIOBSDSocket.Handle
/host/spi-builder-workspace/.build/checkouts/swift-nio/Sources/NIOPosix/BaseSocketChannel+AccessibleTransport.swift:27:11: error: cannot find type 'BaseSocketChannel' in scope
25 | }
26 |
27 | extension BaseSocketChannel where SocketType: PipePair {
| `- error: cannot find type 'BaseSocketChannel' in scope
28 | /// The underlying transport type backing this channel.
29 | typealias Transport = NIOBSDSocket.PipeHandle
/host/spi-builder-workspace/.build/checkouts/swift-nio/Sources/NIOPosix/BaseSocketChannel+AccessibleTransport.swift:42:11: error: cannot find type 'SocketChannel' in scope
40 | }
41 |
42 | extension SocketChannel: NIOTransportAccessibleChannelCore {}
| `- error: cannot find type 'SocketChannel' in scope
43 | extension ServerSocketChannel: NIOTransportAccessibleChannelCore {}
44 | extension DatagramChannel: NIOTransportAccessibleChannelCore {}
/host/spi-builder-workspace/.build/checkouts/swift-nio/Sources/NIOPosix/BaseSocketChannel+AccessibleTransport.swift:43:11: error: cannot find type 'ServerSocketChannel' in scope
41 |
42 | extension SocketChannel: NIOTransportAccessibleChannelCore {}
43 | extension ServerSocketChannel: NIOTransportAccessibleChannelCore {}
| `- error: cannot find type 'ServerSocketChannel' in scope
44 | extension DatagramChannel: NIOTransportAccessibleChannelCore {}
45 | extension PipeChannel: NIOTransportAccessibleChannelCore {}
/host/spi-builder-workspace/.build/checkouts/swift-nio/Sources/NIOPosix/BaseSocketChannel+AccessibleTransport.swift:44:11: error: cannot find type 'DatagramChannel' in scope
42 | extension SocketChannel: NIOTransportAccessibleChannelCore {}
43 | extension ServerSocketChannel: NIOTransportAccessibleChannelCore {}
44 | extension DatagramChannel: NIOTransportAccessibleChannelCore {}
| `- error: cannot find type 'DatagramChannel' in scope
45 | extension PipeChannel: NIOTransportAccessibleChannelCore {}
46 |
/host/spi-builder-workspace/.build/checkouts/swift-nio/Sources/NIOPosix/BaseSocketChannel+AccessibleTransport.swift:45:11: error: cannot find type 'PipeChannel' in scope
43 | extension ServerSocketChannel: NIOTransportAccessibleChannelCore {}
44 | extension DatagramChannel: NIOTransportAccessibleChannelCore {}
45 | extension PipeChannel: NIOTransportAccessibleChannelCore {}
| `- error: cannot find type 'PipeChannel' in scope
46 |
/host/spi-builder-workspace/.build/checkouts/swift-nio/Sources/NIOPosix/BaseSocketChannel+AccessibleTransport.swift:17:29: error: 'where' clause cannot be applied to a non-generic top-level declaration
15 | import NIOCore
16 |
17 | extension BaseSocketChannel where SocketType: BaseSocket {
| `- error: 'where' clause cannot be applied to a non-generic top-level declaration
18 | /// The underlying transport type backing this channel.
19 | typealias Transport = NIOBSDSocket.Handle
/host/spi-builder-workspace/.build/checkouts/swift-nio/Sources/NIOPosix/BaseSocketChannel+AccessibleTransport.swift:27:29: error: 'where' clause cannot be applied to a non-generic top-level declaration
25 | }
26 |
27 | extension BaseSocketChannel where SocketType: PipePair {
| `- error: 'where' clause cannot be applied to a non-generic top-level declaration
28 | /// The underlying transport type backing this channel.
29 | typealias Transport = NIOBSDSocket.PipeHandle
[328/374] Compiling NIOPosix BaseSocketChannel.swift
/host/spi-builder-workspace/.build/checkouts/swift-nio/Sources/NIOPosix/BaseSocketChannel+AccessibleTransport.swift:17:11: error: cannot find type 'BaseSocketChannel' in scope
15 | import NIOCore
16 |
17 | extension BaseSocketChannel where SocketType: BaseSocket {
| `- error: cannot find type 'BaseSocketChannel' in scope
18 | /// The underlying transport type backing this channel.
19 | typealias Transport = NIOBSDSocket.Handle
/host/spi-builder-workspace/.build/checkouts/swift-nio/Sources/NIOPosix/BaseSocketChannel+AccessibleTransport.swift:27:11: error: cannot find type 'BaseSocketChannel' in scope
25 | }
26 |
27 | extension BaseSocketChannel where SocketType: PipePair {
| `- error: cannot find type 'BaseSocketChannel' in scope
28 | /// The underlying transport type backing this channel.
29 | typealias Transport = NIOBSDSocket.PipeHandle
/host/spi-builder-workspace/.build/checkouts/swift-nio/Sources/NIOPosix/BaseSocketChannel+AccessibleTransport.swift:42:11: error: cannot find type 'SocketChannel' in scope
40 | }
41 |
42 | extension SocketChannel: NIOTransportAccessibleChannelCore {}
| `- error: cannot find type 'SocketChannel' in scope
43 | extension ServerSocketChannel: NIOTransportAccessibleChannelCore {}
44 | extension DatagramChannel: NIOTransportAccessibleChannelCore {}
/host/spi-builder-workspace/.build/checkouts/swift-nio/Sources/NIOPosix/BaseSocketChannel+AccessibleTransport.swift:43:11: error: cannot find type 'ServerSocketChannel' in scope
41 |
42 | extension SocketChannel: NIOTransportAccessibleChannelCore {}
43 | extension ServerSocketChannel: NIOTransportAccessibleChannelCore {}
| `- error: cannot find type 'ServerSocketChannel' in scope
44 | extension DatagramChannel: NIOTransportAccessibleChannelCore {}
45 | extension PipeChannel: NIOTransportAccessibleChannelCore {}
/host/spi-builder-workspace/.build/checkouts/swift-nio/Sources/NIOPosix/BaseSocketChannel+AccessibleTransport.swift:44:11: error: cannot find type 'DatagramChannel' in scope
42 | extension SocketChannel: NIOTransportAccessibleChannelCore {}
43 | extension ServerSocketChannel: NIOTransportAccessibleChannelCore {}
44 | extension DatagramChannel: NIOTransportAccessibleChannelCore {}
| `- error: cannot find type 'DatagramChannel' in scope
45 | extension PipeChannel: NIOTransportAccessibleChannelCore {}
46 |
/host/spi-builder-workspace/.build/checkouts/swift-nio/Sources/NIOPosix/BaseSocketChannel+AccessibleTransport.swift:45:11: error: cannot find type 'PipeChannel' in scope
43 | extension ServerSocketChannel: NIOTransportAccessibleChannelCore {}
44 | extension DatagramChannel: NIOTransportAccessibleChannelCore {}
45 | extension PipeChannel: NIOTransportAccessibleChannelCore {}
| `- error: cannot find type 'PipeChannel' in scope
46 |
/host/spi-builder-workspace/.build/checkouts/swift-nio/Sources/NIOPosix/BaseSocketChannel+AccessibleTransport.swift:17:29: error: 'where' clause cannot be applied to a non-generic top-level declaration
15 | import NIOCore
16 |
17 | extension BaseSocketChannel where SocketType: BaseSocket {
| `- error: 'where' clause cannot be applied to a non-generic top-level declaration
18 | /// The underlying transport type backing this channel.
19 | typealias Transport = NIOBSDSocket.Handle
/host/spi-builder-workspace/.build/checkouts/swift-nio/Sources/NIOPosix/BaseSocketChannel+AccessibleTransport.swift:27:29: error: 'where' clause cannot be applied to a non-generic top-level declaration
25 | }
26 |
27 | extension BaseSocketChannel where SocketType: PipePair {
| `- error: 'where' clause cannot be applied to a non-generic top-level declaration
28 | /// The underlying transport type backing this channel.
29 | typealias Transport = NIOBSDSocket.PipeHandle
[329/381] Compiling NIOPosix Selectable.swift
[330/381] Compiling NIOPosix SelectableChannel.swift
[331/381] Compiling NIOPosix SelectableEventLoop.swift
[332/381] Compiling NIOPosix SelectorEpoll.swift
[333/381] Compiling NIOPosix SelectorGeneric.swift
[334/381] Compiling NIOPosix SelectorKqueue.swift
[335/381] Compiling NIOPosix SelectorUring.swift
[336/381] Compiling NIOPosix BaseStreamSocketChannel.swift
[337/381] Compiling NIOPosix Bootstrap.swift
[338/381] Compiling NIOPosix ControlMessage.swift
[339/381] Compiling NIOPosix DatagramVectorReadManager.swift
[340/381] Compiling NIOPosix Errors+Any.swift
[341/381] Compiling NIOPosix FileDescriptor.swift
[342/381] Compiling NIOPosix GetaddrinfoResolver.swift
[343/381] Compiling NIOPosix HappyEyeballs.swift
[344/381] Compiling NIOPosix IO.swift
[345/381] Compiling NIOPosix IntegerBitPacking.swift
[346/381] Compiling NIOPosix IntegerTypes.swift
[347/381] Compiling NIOPosix Linux.swift
[348/381] Compiling NIOPosix LinuxCPUSet.swift
[349/381] Compiling NIOPosix LinuxUring.swift
[350/381] Compiling NIOPosix SelectorWSAPoll.swift
[351/381] Compiling NIOPosix ServerSocket.swift
[352/381] Compiling NIOPosix Socket.swift
[353/381] Compiling NIOPosix SocketChannel.swift
[354/381] Compiling NIOPosix SocketProtocols.swift
[355/381] Compiling NIOPosix StructuredConcurrencyHelpers.swift
[356/381] Compiling NIOPosix System.swift
[357/381] Compiling NIOPosix MultiThreadedEventLoopGroup.swift
[358/381] Compiling NIOPosix NIOPosixSendableMetatype.swift
[359/381] Compiling NIOPosix NIORandomizedDNSResolver.swift
[360/381] Compiling NIOPosix NIOThreadPool.swift
[361/381] Compiling NIOPosix NonBlockingFileIO.swift
[362/381] Compiling NIOPosix PendingDatagramWritesManager.swift
[363/381] Compiling NIOPosix PendingWritesManager.swift
[364/381] Compiling NIOPosix PipeChannel.swift
[365/381] Compiling NIOPosix PipePair.swift
[366/381] Compiling NIOPosix Pool.swift
[367/381] Compiling NIOPosix PosixSingletons+ConcurrencyTakeOver.swift
[368/381] Compiling NIOPosix PosixSingletons.swift
[369/381] Compiling NIOPosix RawSocketBootstrap.swift
[370/381] Compiling NIOPosix Resolver.swift
[371/381] Compiling NIOPosix Thread.swift
[372/381] Compiling NIOPosix ThreadPosix.swift
[373/381] Compiling NIOPosix ThreadWindows.swift
[374/381] Compiling NIOPosix Utilities.swift
[375/381] Compiling NIOPosix VsockAddress.swift
[376/381] Compiling NIOPosix VsockChannelEvents.swift
[377/381] Compiling NIOPosix Windows.swift
[378/381] Emitting module NIOEmbedded
[379/381] Compiling NIOEmbedded AsyncTestingEventLoop.swift
BUILD FAILURE 6.3 wasm