The Swift Package Index logo.Swift Package Index

Build Information

Failed to build ZendeskSDKConfigurationsSDK, reference 4.0.1 (18de37), with Swift 6.4 for macOS (Xcode) using Xcode 27.0 on 21 Sep 2026 07:38:12 UTC.

Build Command

env DEVELOPER_DIR=/Applications/Xcode-27.0.0-Release.Candidate.app xcrun xcodebuild -IDEClonedSourcePackagesDirPathOverride=$PWD/.dependencies -skipMacroValidation -skipPackagePluginValidation -derivedDataPath $PWD/.derivedData build -scheme ZendeskSDKConfigurationsSDK -destination platform=macOS,arch=arm64

Build Log

========================================
RunAll
========================================
Builder version: 5.1.0
Interrupt handler set up.
========================================
Checkout
========================================
Clone URL: https://github.com/zendesk/sdkconfigurations_sdk_ios.git
Reference: 4.0.1
Initialized empty Git repository in /Users/admin/builder/spi-builder-workspace/.git/
From https://github.com/zendesk/sdkconfigurations_sdk_ios
 * tag               4.0.1      -> FETCH_HEAD
HEAD is now at 18de371 [RELEASE] New version 4.0.1
Cloned https://github.com/zendesk/sdkconfigurations_sdk_ios.git
Revision (git rev-parse @):
18de371f71f6a92b34f63013fe2fbe46caf0811e
SUCCESS checkout https://github.com/zendesk/sdkconfigurations_sdk_ios.git at 4.0.1
========================================
Build
========================================
Selected platform:         macosXcodebuild
Swift version:             6.4
Building package at path:  $PWD
https://github.com/zendesk/sdkconfigurations_sdk_ios.git
Command line invocation:
    /Applications/Xcode-27.0.0-Release.Candidate.app/Contents/Developer/usr/bin/xcodebuild -IDEClonedSourcePackagesDirPathOverride=/Users/admin/builder/spi-builder-workspace/.dependencies -resolvePackageDependencies
Resolve Package Graph
Resolve Package Graph
Resolved source packages:
  ZendeskSDKConfigurationsSDK: /Users/admin/builder/spi-builder-workspace
resolved source packages: ZendeskSDKConfigurationsSDK
2026-09-21 03:37:25.585 xcodebuild[526:3015] [MT] IDERunDestination: Supported platforms for the buildables in the current scheme is empty.
{
  "dependencies" : [
  ],
  "manifest_display_name" : "ZendeskSDKConfigurationsSDK",
  "name" : "ZendeskSDKConfigurationsSDK",
  "path" : "/Users/admin/builder/spi-builder-workspace",
  "platforms" : [
    {
      "name" : "ios",
      "version" : "12.0"
    }
  ],
  "products" : [
    {
      "name" : "ZendeskSDKConfigurationsSDK",
      "targets" : [
        "SDKConfigurations"
      ],
      "type" : {
        "library" : [
          "automatic"
        ]
      }
    }
  ],
  "targets" : [
    {
      "c99name" : "SDKConfigurations",
      "module_type" : "BinaryTarget",
      "name" : "SDKConfigurations",
      "path" : "SDKConfigurations.xcframework",
      "product_memberships" : [
        "ZendeskSDKConfigurationsSDK"
      ],
      "sources" : [
      ],
      "type" : "binary"
    }
  ],
  "tools_version" : "5.3"
}
{
  "workspace" : {
    "name" : "ZendeskSDKConfigurationsSDK",
    "schemes" : [
      "ZendeskSDKConfigurationsSDK"
    ]
  }
}
2026-09-21 03:38:06.588 xcodebuild[656:4213] [MT] IDERunDestination: Supported platforms for the buildables in the current scheme is empty.
Running build ...
env DEVELOPER_DIR=/Applications/Xcode-27.0.0-Release.Candidate.app xcrun xcodebuild -IDEClonedSourcePackagesDirPathOverride=$PWD/.dependencies -skipMacroValidation -skipPackagePluginValidation -derivedDataPath $PWD/.derivedData build -scheme ZendeskSDKConfigurationsSDK -destination platform=macOS,arch=arm64
Command line invocation:
    /Applications/Xcode-27.0.0-Release.Candidate.app/Contents/Developer/usr/bin/xcodebuild -IDEClonedSourcePackagesDirPathOverride=/Users/admin/builder/spi-builder-workspace/.dependencies -skipMacroValidation -skipPackagePluginValidation -derivedDataPath /Users/admin/builder/spi-builder-workspace/.derivedData build -scheme ZendeskSDKConfigurationsSDK -destination platform=macOS,arch=arm64
Resolve Package Graph
Resolved source packages:
  ZendeskSDKConfigurationsSDK: /Users/admin/builder/spi-builder-workspace
ComputePackagePrebuildTargetDependencyGraph
Prepare packages
CreateBuildRequest
SendProjectDescription
CreateBuildOperation
ComputeTargetDependencyGraph
note: Building targets in dependency order
note: Target dependency graph (1 target)
    Target 'ZendeskSDKConfigurationsSDK-product' in project 'ZendeskSDKConfigurationsSDK' (no dependencies)
GatherProvisioningInputs
CreateBuildDescription
ExecuteExternalTool /Applications/Xcode-27.0.0-Release.Candidate.app/Contents/Developer/Toolchains/XcodeDefault.xctoolchain/usr/bin/clang -v -E -dM -isysroot /Applications/Xcode-27.0.0-Release.Candidate.app/Contents/Developer/Platforms/MacOSX.platform/Developer/SDKs/MacOSX27.0.sdk -x c -c /dev/null
Build description signature: 70000d6277ef754807e45d0b7b4f4a65
Build description path: /Users/admin/builder/spi-builder-workspace/.derivedData/Build/Intermediates.noindex/XCBuildData/70000d6277ef754807e45d0b7b4f4a65.xcbuilddata
/Users/admin/builder/spi-builder-workspace/SDKConfigurations.xcframework:1:1: error: While building for macOS, no library for this platform was found in '/Users/admin/builder/spi-builder-workspace/SDKConfigurations.xcframework'. (in target 'ZendeskSDKConfigurationsSDK-product' from project 'ZendeskSDKConfigurationsSDK')
2026-09-21 03:38:08.291 xcodebuild[667:4312] [MT] IDERunDestination: Supported platforms for the buildables in the current scheme is empty.
--- xcodebuild: WARNING: Using the first of multiple matching destinations:
{ platform:macOS, arch:arm64, id:f1abcbd0d3df99acc78445f912655cb5fd0ebd53, name:My Mac }
{ platform:macOS, arch:arm64, variant:Mac Catalyst, id:f1abcbd0d3df99acc78445f912655cb5fd0ebd53, name:My Mac }
{ platform:macOS, arch:arm64, variant:DriverKit, id:f1abcbd0d3df99acc78445f912655cb5fd0ebd53, name:My Mac }
{ platform:macOS, arch:arm64, variant:Designed for [iPad,iPhone], id:f1abcbd0d3df99acc78445f912655cb5fd0ebd53, name:My Mac }
** BUILD FAILED **
The following build commands failed:
	Building workspace ZendeskSDKConfigurationsSDK with scheme ZendeskSDKConfigurationsSDK
(1 failure)
Command line invocation:
    /Applications/Xcode-27.0.0-Release.Candidate.app/Contents/Developer/usr/bin/xcodebuild -IDEClonedSourcePackagesDirPathOverride=/Users/admin/builder/spi-builder-workspace/.dependencies -resolvePackageDependencies
Resolve Package Graph
Resolved source packages:
  ZendeskSDKConfigurationsSDK: /Users/admin/builder/spi-builder-workspace
resolved source packages: ZendeskSDKConfigurationsSDK
2026-09-21 03:38:09.875 xcodebuild[701:4524] [MT] IDERunDestination: Supported platforms for the buildables in the current scheme is empty.
{
  "dependencies" : [
  ],
  "manifest_display_name" : "ZendeskSDKConfigurationsSDK",
  "name" : "ZendeskSDKConfigurationsSDK",
  "path" : "/Users/admin/builder/spi-builder-workspace",
  "platforms" : [
    {
      "name" : "ios",
      "version" : "12.0"
    }
  ],
  "products" : [
    {
      "name" : "ZendeskSDKConfigurationsSDK",
      "targets" : [
        "SDKConfigurations"
      ],
      "type" : {
        "library" : [
          "automatic"
        ]
      }
    }
  ],
  "targets" : [
    {
      "c99name" : "SDKConfigurations",
      "module_type" : "BinaryTarget",
      "name" : "SDKConfigurations",
      "path" : "SDKConfigurations.xcframework",
      "product_memberships" : [
        "ZendeskSDKConfigurationsSDK"
      ],
      "sources" : [
      ],
      "type" : "binary"
    }
  ],
  "tools_version" : "5.3"
}
{
  "workspace" : {
    "name" : "ZendeskSDKConfigurationsSDK",
    "schemes" : [
      "ZendeskSDKConfigurationsSDK"
    ]
  }
}
2026-09-21 03:38:11.104 xcodebuild[709:4579] [MT] IDERunDestination: Supported platforms for the buildables in the current scheme is empty.
Running build ...
env DEVELOPER_DIR=/Applications/Xcode-27.0.0-Release.Candidate.app xcrun xcodebuild -IDEClonedSourcePackagesDirPathOverride=$PWD/.dependencies -skipMacroValidation -skipPackagePluginValidation -derivedDataPath $PWD/.derivedData build -scheme ZendeskSDKConfigurationsSDK -destination platform=macOS,arch=arm64
Command line invocation:
    /Applications/Xcode-27.0.0-Release.Candidate.app/Contents/Developer/usr/bin/xcodebuild -IDEClonedSourcePackagesDirPathOverride=/Users/admin/builder/spi-builder-workspace/.dependencies -skipMacroValidation -skipPackagePluginValidation -derivedDataPath /Users/admin/builder/spi-builder-workspace/.derivedData build -scheme ZendeskSDKConfigurationsSDK -destination platform=macOS,arch=arm64
Resolve Package Graph
Resolved source packages:
  ZendeskSDKConfigurationsSDK: /Users/admin/builder/spi-builder-workspace
ComputePackagePrebuildTargetDependencyGraph
Prepare packages
CreateBuildRequest
SendProjectDescription
CreateBuildOperation
ComputeTargetDependencyGraph
note: Building targets in dependency order
note: Target dependency graph (1 target)
    Target 'ZendeskSDKConfigurationsSDK-product' in project 'ZendeskSDKConfigurationsSDK' (no dependencies)
GatherProvisioningInputs
CreateBuildDescription
/Users/admin/builder/spi-builder-workspace/SDKConfigurations.xcframework:1:1: error: While building for macOS, no library for this platform was found in '/Users/admin/builder/spi-builder-workspace/SDKConfigurations.xcframework'. (in target 'ZendeskSDKConfigurationsSDK-product' from project 'ZendeskSDKConfigurationsSDK')
2026-09-21 03:38:12.085 xcodebuild[710:4604] [MT] IDERunDestination: Supported platforms for the buildables in the current scheme is empty.
--- xcodebuild: WARNING: Using the first of multiple matching destinations:
{ platform:macOS, arch:arm64, id:f1abcbd0d3df99acc78445f912655cb5fd0ebd53, name:My Mac }
{ platform:macOS, arch:arm64, variant:Mac Catalyst, id:f1abcbd0d3df99acc78445f912655cb5fd0ebd53, name:My Mac }
{ platform:macOS, arch:arm64, variant:DriverKit, id:f1abcbd0d3df99acc78445f912655cb5fd0ebd53, name:My Mac }
{ platform:macOS, arch:arm64, variant:Designed for [iPad,iPhone], id:f1abcbd0d3df99acc78445f912655cb5fd0ebd53, name:My Mac }
** BUILD FAILED **
The following build commands failed:
	Building workspace ZendeskSDKConfigurationsSDK with scheme ZendeskSDKConfigurationsSDK
(1 failure)
BUILD FAILURE 6.4 macosXcodebuild