Build Information
Failed to build swift-profile-recorder, reference 0.3.18 (e110ba), with Swift 6.2 for Wasm on 15 Jul 2026 05:42:03 UTC.
Build Command
bash -c docker run --pull=always --rm -v "checkouts-53886770-0":/host -w "$PWD" -e JAVA_HOME="/root/.sdkman/candidates/java/current" -e SPI_BUILD="1" -e SPI_PROCESSING="1" registry.gitlab.com/saguaro1/spi-images:wasm-6.2-latest swift build --swift-sdk swift-6.2-RELEASE_wasm 2>&1Build Log
========================================
RunAll
========================================
Builder version: e8bafa5c5d5b3cc8a20258ddf060ad6c89f46bf9
Interrupt handler set up.
========================================
Checkout
========================================
Clone URL: https://github.com/apple/swift-profile-recorder.git
Reference: 0.3.18
Initialized empty Git repository in /host/spi-builder-workspace/.git/
hint: Using 'master' as the name for the initial branch. This default branch name
hint: is subject to change. To configure the initial branch name to use in all
hint: of your new repositories, which will suppress this warning, call:
hint:
hint: git config --global init.defaultBranch <name>
hint:
hint: Names commonly chosen instead of 'master' are 'main', 'trunk' and
hint: 'development'. The just-created branch can be renamed via this command:
hint:
hint: git branch -m <name>
From https://github.com/apple/swift-profile-recorder
* tag 0.3.18 -> FETCH_HEAD
HEAD is now at e110ba8 Fixed Static Linux SDK build by importing Musl instead of Glibc when applicable (#65)
Cloned https://github.com/apple/swift-profile-recorder.git
Revision (git rev-parse @):
e110ba85da7d43a47b0e964726e84fddcf720192
SPI manifest file found: $PWD/.spi.yml
SUCCESS checkout https://github.com/apple/swift-profile-recorder.git at 0.3.18
========================================
Build
========================================
Selected platform: wasm
Swift version: 6.2
Building package at path: $PWD
https://github.com/apple/swift-profile-recorder.git
Running build ...
bash -c docker run --pull=always --rm -v "checkouts-53886770-0":/host -w "$PWD" -e JAVA_HOME="/root/.sdkman/candidates/java/current" -e SPI_BUILD="1" -e SPI_PROCESSING="1" registry.gitlab.com/saguaro1/spi-images:wasm-6.2-latest swift build --swift-sdk swift-6.2-RELEASE_wasm 2>&1
wasm-6.2-latest: Pulling from saguaro1/spi-images
Digest: sha256:dc8dffc38f1d92eca7ee5312617822470123661393ed20672e77964f9dcaaffb
Status: Image is up to date for registry.gitlab.com/saguaro1/spi-images:wasm-6.2-latest
Fetching https://github.com/swift-server/async-http-client.git
Fetching https://github.com/apple/swift-log.git
Fetching https://github.com/apple/swift-protobuf.git
Fetching https://github.com/apple/swift-configuration.git
Fetching https://github.com/apple/swift-nio.git
[1/7732] Fetching swift-log
[2321/11111] Fetching swift-log, swift-configuration
[11112/27130] Fetching swift-log, swift-configuration, async-http-client
Fetched https://github.com/apple/swift-configuration.git from cache (0.60s)
[8213/23751] Fetching swift-log, async-http-client
Fetching https://github.com/apple/swift-atomics.git
Fetched https://github.com/apple/swift-log.git from cache (0.66s)
[3685/16019] Fetching async-http-client
Fetching https://github.com/apple/swift-argument-parser.git
[8652/100512] Fetching async-http-client, swift-nio
[17710/152276] Fetching async-http-client, swift-nio, swift-protobuf
[23351/154144] Fetching async-http-client, swift-nio, swift-protobuf, swift-atomics
[38601/172168] Fetching async-http-client, swift-nio, swift-protobuf, swift-atomics, swift-argument-parser
Fetched https://github.com/apple/swift-atomics.git from cache (0.72s)
[49992/170300] Fetching async-http-client, swift-nio, swift-protobuf, swift-argument-parser
Fetching https://github.com/apple/swift-nio-extras.git
Fetched https://github.com/swift-server/async-http-client.git from cache (1.36s)
[39076/154281] Fetching swift-nio, swift-protobuf, swift-argument-parser
Fetched https://github.com/apple/swift-argument-parser.git from cache (1.13s)
[49837/136257] Fetching swift-nio, swift-protobuf
[52944/142855] Fetching swift-nio, swift-protobuf, swift-nio-extras
Fetched https://github.com/apple/swift-nio-extras.git from cache (0.89s)
[69332/136257] Fetching swift-nio, swift-protobuf
Fetched https://github.com/apple/swift-nio.git from cache (5.93s)
Fetched https://github.com/apple/swift-protobuf.git from cache (7.00s)
Computing version for https://github.com/apple/swift-configuration.git
Computed https://github.com/apple/swift-configuration.git at 1.2.0 (7.92s)
Fetching https://github.com/apple/swift-collections
Fetching https://github.com/apple/swift-system
Fetching https://github.com/swift-server/swift-service-lifecycle
[1/2775] Fetching swift-service-lifecycle
Fetched https://github.com/swift-server/swift-service-lifecycle from cache (0.57s)
[1/6164] Fetching swift-system
[3083/32257] Fetching swift-system, swift-collections
Fetched https://github.com/apple/swift-system from cache (0.71s)
[2088/26093] Fetching swift-collections
Fetched https://github.com/apple/swift-collections from cache (1.20s)
Computing version for https://github.com/apple/swift-nio.git
Computed https://github.com/apple/swift-nio.git at 2.101.2 (1.57s)
Computing version for https://github.com/apple/swift-atomics.git
Computed https://github.com/apple/swift-atomics.git at 1.3.1 (0.15s)
Computing version for https://github.com/swift-server/swift-service-lifecycle
Computed https://github.com/swift-server/swift-service-lifecycle at 2.11.0 (0.15s)
Fetching https://github.com/apple/swift-async-algorithms.git
[1/6599] Fetching swift-async-algorithms
Fetched https://github.com/apple/swift-async-algorithms.git from cache (0.57s)
Computing version for https://github.com/apple/swift-async-algorithms.git
Computed https://github.com/apple/swift-async-algorithms.git at 1.1.5 (0.79s)
Computing version for https://github.com/apple/swift-collections
Computed https://github.com/apple/swift-collections at 1.6.0 (0.25s)
Computing version for https://github.com/apple/swift-system
Computed https://github.com/apple/swift-system at 1.7.4 (0.19s)
Computing version for https://github.com/apple/swift-protobuf.git
Computed https://github.com/apple/swift-protobuf.git at 1.38.1 (0.18s)
Computing version for https://github.com/swift-server/async-http-client.git
Computed https://github.com/swift-server/async-http-client.git at 1.35.0 (0.17s)
Fetching https://github.com/apple/swift-distributed-tracing.git
Fetching https://github.com/apple/swift-service-context.git
Fetching https://github.com/apple/swift-nio-http2.git
Fetching https://github.com/apple/swift-nio-ssl.git
Fetching https://github.com/apple/swift-nio-transport-services.git
Fetching https://github.com/apple/swift-algorithms.git
[1/1307] Fetching swift-service-context
[315/7172] Fetching swift-service-context, swift-distributed-tracing
[2768/13248] Fetching swift-service-context, swift-distributed-tracing, swift-algorithms
[7912/16108] Fetching swift-service-context, swift-distributed-tracing, swift-algorithms, swift-nio-transport-services
Fetched https://github.com/apple/swift-distributed-tracing.git from cache (0.48s)
[7385/22399] Fetching swift-service-context, swift-algorithms, swift-nio-transport-services, swift-nio-http2
Fetched https://github.com/apple/swift-algorithms.git from cache (0.51s)
[1916/16323] Fetching swift-service-context, swift-nio-transport-services, swift-nio-http2
[4004/31912] Fetching swift-service-context, swift-nio-transport-services, swift-nio-http2, swift-nio-ssl
Fetched https://github.com/apple/swift-service-context.git from cache (1.34s)
Fetched https://github.com/apple/swift-nio-transport-services.git from cache (1.34s)
Fetched https://github.com/apple/swift-nio-http2.git from cache (1.34s)
Fetched https://github.com/apple/swift-nio-ssl.git from cache (1.35s)
Computing version for https://github.com/apple/swift-service-context.git
Computed https://github.com/apple/swift-service-context.git at 1.3.0 (1.51s)
Computing version for https://github.com/apple/swift-distributed-tracing.git
Computed https://github.com/apple/swift-distributed-tracing.git at 1.4.1 (0.17s)
Computing version for https://github.com/apple/swift-algorithms.git
Computed https://github.com/apple/swift-algorithms.git at 1.2.1 (0.93s)
Fetching https://github.com/apple/swift-numerics.git
[1/6441] Fetching swift-numerics
Fetched https://github.com/apple/swift-numerics.git from cache (0.65s)
Computing version for https://github.com/apple/swift-numerics.git
Computed https://github.com/apple/swift-numerics.git at 1.1.1 (0.88s)
Computing version for https://github.com/apple/swift-nio-transport-services.git
Computed https://github.com/apple/swift-nio-transport-services.git at 1.28.0 (0.23s)
Computing version for https://github.com/apple/swift-nio-http2.git
Computed https://github.com/apple/swift-nio-http2.git at 1.44.0 (0.25s)
Computing version for https://github.com/apple/swift-nio-ssl.git
Computed https://github.com/apple/swift-nio-ssl.git at 2.37.1 (0.35s)
Computing version for https://github.com/apple/swift-log.git
Computed https://github.com/apple/swift-log.git at 1.14.0 (0.40s)
Computing version for https://github.com/apple/swift-nio-extras.git
Computed https://github.com/apple/swift-nio-extras.git at 1.34.3 (0.46s)
Fetching https://github.com/apple/swift-http-types.git
Fetching https://github.com/apple/swift-asn1.git
Fetching https://github.com/apple/swift-http-structured-headers.git
Fetching https://github.com/apple/swift-certificates.git
[1/1914] Fetching swift-asn1
[767/3133] Fetching swift-asn1, swift-http-types
[2464/10525] Fetching swift-asn1, swift-http-types, swift-certificates
[10526/11774] Fetching swift-asn1, swift-http-types, swift-certificates, swift-http-structured-headers
Fetched https://github.com/apple/swift-asn1.git from cache (0.57s)
Fetched https://github.com/apple/swift-certificates.git from cache (0.57s)
[1607/2468] Fetching swift-http-types, swift-http-structured-headers
Fetched https://github.com/apple/swift-http-types.git from cache (0.66s)
Fetched https://github.com/apple/swift-http-structured-headers.git from cache (0.66s)
Computing version for https://github.com/apple/swift-http-types.git
Computed https://github.com/apple/swift-http-types.git at 1.6.0 (0.84s)
Computing version for https://github.com/apple/swift-asn1.git
Computed https://github.com/apple/swift-asn1.git at 1.7.1 (0.23s)
Computing version for https://github.com/apple/swift-http-structured-headers.git
Computed https://github.com/apple/swift-http-structured-headers.git at 1.7.0 (0.22s)
Computing version for https://github.com/apple/swift-certificates.git
Computed https://github.com/apple/swift-certificates.git at 1.19.3 (0.23s)
Fetching https://github.com/apple/swift-crypto.git
[1/17780] Fetching swift-crypto
Fetched https://github.com/apple/swift-crypto.git from cache (1.39s)
Computing version for https://github.com/apple/swift-crypto.git
Computed https://github.com/apple/swift-crypto.git at 4.5.0 (1.95s)
Computing version for https://github.com/apple/swift-argument-parser.git
Computed https://github.com/apple/swift-argument-parser.git at 1.8.2 (0.24s)
Creating working copy for https://github.com/apple/swift-protobuf.git
Working copy of https://github.com/apple/swift-protobuf.git resolved at 1.38.1
Creating working copy for https://github.com/swift-server/swift-service-lifecycle
Working copy of https://github.com/swift-server/swift-service-lifecycle resolved at 2.11.0
Creating working copy for https://github.com/apple/swift-collections
Working copy of https://github.com/apple/swift-collections resolved at 1.6.0
Creating working copy for https://github.com/apple/swift-asn1.git
Working copy of https://github.com/apple/swift-asn1.git resolved at 1.7.1
Creating working copy for https://github.com/apple/swift-nio-extras.git
Working copy of https://github.com/apple/swift-nio-extras.git resolved at 1.34.3
Creating working copy for https://github.com/apple/swift-async-algorithms.git
Working copy of https://github.com/apple/swift-async-algorithms.git resolved at 1.1.5
Creating working copy for https://github.com/apple/swift-algorithms.git
Working copy of https://github.com/apple/swift-algorithms.git resolved at 1.2.1
Creating working copy for https://github.com/apple/swift-http-types.git
Working copy of https://github.com/apple/swift-http-types.git resolved at 1.6.0
Creating working copy for https://github.com/apple/swift-configuration.git
Working copy of https://github.com/apple/swift-configuration.git resolved at 1.2.0
Creating working copy for https://github.com/apple/swift-http-structured-headers.git
Working copy of https://github.com/apple/swift-http-structured-headers.git resolved at 1.7.0
Creating working copy for https://github.com/apple/swift-distributed-tracing.git
Working copy of https://github.com/apple/swift-distributed-tracing.git resolved at 1.4.1
Creating working copy for https://github.com/apple/swift-nio-ssl.git
Working copy of https://github.com/apple/swift-nio-ssl.git resolved at 2.37.1
Creating working copy for https://github.com/apple/swift-certificates.git
Working copy of https://github.com/apple/swift-certificates.git resolved at 1.19.3
Creating working copy for https://github.com/apple/swift-numerics.git
Working copy of https://github.com/apple/swift-numerics.git resolved at 1.1.1
Creating working copy for https://github.com/apple/swift-nio-http2.git
Working copy of https://github.com/apple/swift-nio-http2.git resolved at 1.44.0
Creating working copy for https://github.com/swift-server/async-http-client.git
Working copy of https://github.com/swift-server/async-http-client.git resolved at 1.35.0
Creating working copy for https://github.com/apple/swift-service-context.git
Working copy of https://github.com/apple/swift-service-context.git resolved at 1.3.0
Creating working copy for https://github.com/apple/swift-nio-transport-services.git
Working copy of https://github.com/apple/swift-nio-transport-services.git resolved at 1.28.0
Creating working copy for https://github.com/apple/swift-system
Working copy of https://github.com/apple/swift-system resolved at 1.7.4
Creating working copy for https://github.com/apple/swift-crypto.git
Working copy of https://github.com/apple/swift-crypto.git resolved at 4.5.0
Creating working copy for https://github.com/apple/swift-argument-parser.git
Working copy of https://github.com/apple/swift-argument-parser.git resolved at 1.8.2
Creating working copy for https://github.com/apple/swift-atomics.git
Working copy of https://github.com/apple/swift-atomics.git resolved at 1.3.1
Creating working copy for https://github.com/apple/swift-log.git
Working copy of https://github.com/apple/swift-log.git resolved at 1.14.0
Creating working copy for https://github.com/apple/swift-nio.git
Working copy of https://github.com/apple/swift-nio.git resolved at 2.101.2
[1/1] Compiling plugin SwiftProtobufPlugin
[2/2] Compiling plugin GenerateManual
[3/3] Compiling plugin GenerateDoccReference
Building for debugging...
[3/86] Write sources
[30/86] Compiling CProfileRecorderDarwin empty.c
[31/86] Compiling CProfileRecorderSwiftELF empty.c
[32/86] Compiling CNIOWindows shim.c
[33/86] Compiling CNIOWindows WSAStartup.c
[34/86] Compiling CNIOWASI CNIOWASI.c
[35/86] Compiling _AtomicsShims.c
[36/86] Compiling CSystem shims.c
[37/86] Compiling CNIOPosix event_loop_id.c
[38/86] Compiling CNIOOpenBSD shim.c
[39/86] Compiling CNIOLinux liburing_shims.c
[40/86] Compiling CNIOLinux shim.c
[41/86] Compiling CNIODarwin shim.c
[42/86] Write sources
[45/86] Compiling CNIOFreeBSD shim.c
[46/86] Compiling CNIOLLHTTP c_nio_http.c
[47/86] Write swift-version-24593BA9C3E375BF.txt
[48/86] Compiling CNIOLLHTTP c_nio_api.c
[49/224] Compiling CNIOLLHTTP c_nio_llhttp.c
[50/242] Compiling c-nioatomics.c
[52/260] Compiling SwiftProtobuf Google_Protobuf_Wrappers+Extensions.swift
[53/260] Compiling SwiftProtobuf HashVisitor.swift
[54/260] Compiling SwiftProtobuf Internal.swift
[55/260] Compiling SwiftProtobuf JSONDecoder.swift
[56/260] Compiling SwiftProtobuf JSONDecodingError.swift
[57/265] Compiling Atomics IntegerConformances.swift
[58/265] Compiling Atomics PointerConformances.swift
[59/265] Compiling Atomics Primitives.native.swift
[60/265] Emitting module InternalCollectionsUtilities
[61/267] Compiling Atomics DoubleWord.swift
[62/267] Compiling Atomics OptionalRawRepresentable.swift
[63/267] Compiling Atomics AtomicInteger.swift
[64/267] Compiling Atomics AtomicOptionalWrappable.swift
[65/267] Compiling Atomics AtomicReference.swift
[66/267] Emitting module SystemPackage
[67/267] Compiling Atomics UnsafeAtomic.swift
[68/267] Compiling Atomics UnsafeAtomicLazyReference.swift
[69/267] Compiling Atomics ManagedAtomic.swift
[70/267] Compiling Atomics ManagedAtomicLazyReference.swift
[71/269] Compiling Atomics IntegerOperations.swift
[72/269] Compiling Atomics Unmanaged extensions.swift
[75/269] Compiling Atomics AtomicStorage.swift
[76/269] Compiling Atomics AtomicValue.swift
[77/269] Compiling Atomics AtomicMemoryOrderings.swift
[78/269] Compiling Atomics RawRepresentable.swift
[79/269] Compiling Atomics AtomicBool.swift
[80/269] Compiling Logging LoggingSystem.swift
[97/273] Emitting module _NIOBase64
[98/273] Compiling _NIOBase64 Base64.swift
[100/274] Compiling _NIODataStructures PriorityQueue.swift
[101/274] Compiling _NIODataStructures _TinyArray.swift
[102/274] Compiling Logging Logger+Attributes.swift
[105/310] Compiling ContainersPreview BorrowingSequence+Utilities.swift
[106/310] Compiling ContainersPreview BorrowingSequence.swift
[107/310] Compiling ContainersPreview BidirectionalContainer.swift
[108/310] Compiling ContainersPreview Container+Filter.swift
[109/310] Compiling ContainersPreview Container+SpanwiseZip.swift
[110/310] Compiling Logging MetadataProvider.swift
[111/310] Compiling ContainersPreview Producer+Map.swift
[112/310] Compiling ContainersPreview Producer+Reduce.swift
[113/310] Compiling ContainersPreview Producer.swift
[114/310] Compiling ContainersPreview InputSpan.swift
[115/310] Compiling ContainersPreview MutableRef.swift
[120/310] Compiling SwiftProtobuf Message+BinaryAdditions.swift
[121/310] Compiling ContainersPreview Drain+Reduce.swift
[122/310] Compiling ContainersPreview Drain.swift
[123/310] Compiling ContainersPreview Producer+Collect.swift
[124/310] Compiling ContainersPreview Drain+Map.swift
[128/310] Compiling ContainersPreview Producer+Filter.swift
[130/314] Compiling c-atomics.c
[132/314] Compiling ContainersPreview BorrowingIteratorProtocol+Copy.swift
[133/314] Compiling ContainersPreview BorrowingIteratorProtocol+ElementsEqual.swift
[134/314] Compiling ContainersPreview OutputSpan+Extras.swift
[135/314] Compiling ContainersPreview TemporaryAllocation.swift
[135/314] Wrapping AST for _NIOBase64 for debugging
[137/314] Emitting module Logging
[138/314] Compiling ContainersPreview BorrowingIteratorProtocol+Map.swift
[139/314] Compiling ContainersPreview BorrowingIteratorProtocol+Reduce.swift
[140/314] Compiling ContainersPreview BorrowingIteratorProtocol+SpanwiseZip.swift
[141/314] Compiling ContainersPreview BorrowingIteratorProtocol.swift
[142/314] Compiling ContainersPreview BorrowingSequence+Algorithms.swift
[143/314] Compiling ContainersPreview BorrowingSequence+Standard Conformances.swift
[148/321] Compiling ContainersPreview Container.swift
[149/321] Compiling ContainersPreview ContainerIterator.swift
[150/321] Compiling ContainersPreview DynamicContainer.swift
[151/321] Compiling ContainersPreview MutableContainer.swift
[152/321] Compiling ContainersPreview PermutableContainer.swift
[158/321] Compiling Logging Logger+With.swift
[159/321] Compiling Logging Logger.swift
[160/322] Compiling NIOConcurrencyHelpers lock.swift
[161/322] Emitting module _NIODataStructures
[162/322] Compiling _NIODataStructures Heap.swift
[169/323] Compiling ContainersPreview RandomAccessContainer.swift
[170/323] Compiling ContainersPreview RangeExpression2.swift
[171/323] Compiling ContainersPreview RangeReplaceableContainer.swift
[172/323] Compiling ContainersPreview Strideable+Limits.swift
[176/323] Emitting module ContainersPreview
[182/323] Compiling ContainersPreview BorrowingIteratorProtocol+Filter.swift
[183/323] Compiling ContainersPreview Ref.swift
[184/323] Compiling ContainersPreview Shared.swift
[185/323] Compiling ContainersPreview SpanIterator.swift
[186/323] Compiling ContainersPreview UniqueBox.swift
[186/324] Wrapping AST for InternalCollectionsUtilities for debugging
[187/324] Wrapping AST for Logging for debugging
[190/324] Compiling NIOConcurrencyHelpers NIOLockedValueBox.swift
[190/324] Wrapping AST for _NIODataStructures for debugging
[191/324] Wrapping AST for ContainersPreview for debugging
[193/365] Compiling NIOConcurrencyHelpers NIOAtomic.swift
[194/365] Emitting module NIOConcurrencyHelpers
[195/365] Compiling NIOConcurrencyHelpers NIOLock.swift
[196/365] Compiling NIOConcurrencyHelpers atomics.swift
[197/365] Compiling NIOConcurrencyHelpers NIOThreadPoolWorkAvailable.swift
[198/366] Wrapping AST for NIOConcurrencyHelpers for debugging
[200/366] Compiling SwiftProtobuf Message+BinaryAdditions_Data.swift
[201/366] Compiling SwiftProtobuf Message+FieldMask.swift
[202/366] Compiling SwiftProtobuf Message+JSONAdditions.swift
[203/366] Compiling SwiftProtobuf Message+JSONAdditions_Data.swift
[204/366] Compiling SwiftProtobuf Message+JSONArrayAdditions.swift
[205/366] Compiling SwiftProtobuf Message+JSONArrayAdditions_Data.swift
[206/366] Compiling SwiftProtobuf Message+TextFormatAdditions.swift
[207/366] Compiling SwiftProtobuf Message.swift
[208/366] Compiling SwiftProtobuf MessageExtension.swift
[209/366] Compiling SwiftProtobuf NameMap.swift
[210/366] Compiling SwiftProtobuf PathDecoder.swift
[211/366] Compiling SwiftProtobuf PathVisitor.swift
[212/377] Compiling DequeModule UniqueDeque+Container.swift
[213/377] Compiling DequeModule UniqueDeque+Deprecated.swift
[214/377] Compiling DequeModule UniqueDeque+Descriptions.swift
[215/377] Compiling DequeModule UniqueDeque+Equatable.swift
[216/377] Compiling DequeModule UniqueDeque+Experimental.swift
[217/377] Compiling DequeModule UniqueDeque+Hashable.swift
[218/377] Compiling DequeModule UniqueDeque+Initializers.swift
[219/377] Compiling DequeModule UniqueDeque+Insertions.swift
[220/377] Compiling DequeModule UniqueDeque+Prepend.swift
[221/377] Compiling DequeModule UniqueDeque+Removals.swift
[226/382] Compiling DequeModule UniqueDeque+Replacements.swift
[227/382] Compiling SwiftProtobuf TextFormatEncodingOptions.swift
[228/382] Compiling SwiftProtobuf TextFormatEncodingVisitor.swift
[229/382] Compiling SwiftProtobuf TextFormatScanner.swift
[230/382] Compiling SwiftProtobuf TimeUtils.swift
[231/382] Compiling SwiftProtobuf UnknownStorage.swift
[232/382] Compiling SwiftProtobuf UnsafeRawPointer+Shims.swift
[233/382] Compiling SwiftProtobuf Varint.swift
[234/382] Compiling SwiftProtobuf Version.swift
[235/382] Compiling SwiftProtobuf Visitor.swift
[236/382] Compiling SwiftProtobuf WireFormat.swift
[237/382] Compiling SwiftProtobuf ZigZag.swift
[238/382] Compiling SwiftProtobuf ProtoNameProviding.swift
[239/382] Compiling SwiftProtobuf ProtobufAPIVersionCheck.swift
[240/382] Compiling SwiftProtobuf ProtobufMap.swift
[241/382] Compiling SwiftProtobuf SelectiveVisitor.swift
[242/382] Compiling SwiftProtobuf SimpleExtensionMap.swift
[243/382] Compiling SwiftProtobuf StringUtils.swift
[244/382] Compiling SwiftProtobuf SwiftProtobufContiguousBytes.swift
[245/382] Compiling SwiftProtobuf SwiftProtobufError.swift
[246/382] Compiling SwiftProtobuf TextFormatDecoder.swift
[247/382] Compiling SwiftProtobuf TextFormatDecodingError.swift
[248/382] Compiling SwiftProtobuf TextFormatDecodingOptions.swift
[249/382] Compiling SwiftProtobuf TextFormatEncoder.swift
[251/383] Compiling DequeModule RigidDeque+Equatable.swift
[252/383] Compiling DequeModule RigidDeque+Experimental.swift
[253/383] Compiling DequeModule RigidDeque+Hashable.swift
[254/383] Compiling DequeModule RigidDeque+Initializers.swift
[255/383] Compiling DequeModule RigidDeque+Insertions.swift
[256/383] Compiling DequeModule RigidDeque+Prepend.swift
[257/383] Compiling DequeModule _DequeBuffer.swift
[258/383] Compiling DequeModule _DequeBufferHeader.swift
[259/383] Compiling DequeModule RigidDeque+Append.swift
[260/383] Compiling DequeModule RigidDeque+Consumption.swift
[261/383] Compiling DequeModule RigidDeque+Container.swift
[262/383] Compiling DequeModule RigidDeque+Descriptions.swift
[263/383] Compiling DequeModule RigidDeque+Removals.swift
[264/383] Compiling DequeModule RigidDeque+Replacements.swift
[265/383] Compiling DequeModule RigidDeque+Testing.swift
[266/383] Compiling DequeModule RigidDeque.swift
[267/383] Compiling DequeModule UniqueDeque+Append.swift
[268/383] Compiling DequeModule UniqueDeque+Consumption.swift
[268/383] Wrapping AST for SystemPackage for debugging
[270/383] Emitting module ArgumentParserToolInfo
[271/383] Compiling ArgumentParserToolInfo ToolInfo.swift
[290/384] Compiling DequeModule UniqueDeque.swift
[291/384] Compiling DequeModule _DequeSlot.swift
[292/384] Compiling DequeModule _UnsafeDequeHandle.swift
[293/384] Compiling DequeModule _UnsafeDequeSegments.swift
[294/384] Compiling SwiftProtobuf ExtensionMap.swift
[295/384] Compiling SwiftProtobuf FieldTag.swift
[296/384] Compiling SwiftProtobuf FieldTypes.swift
[308/384] Wrapping AST for ArgumentParserToolInfo for debugging
[310/431] Emitting module Atomics
[311/431] Compiling ArgumentParser CommandGroup.swift
[312/431] Compiling ArgumentParser EnumerableFlag.swift
[313/431] Compiling ArgumentParser ExpressibleByArgument.swift
[314/431] Compiling ArgumentParser ArgumentVisibility.swift
[315/431] Compiling ArgumentParser CompletionKind.swift
[316/431] Compiling ArgumentParser Errors.swift
[317/432] Wrapping AST for Atomics for debugging
[319/432] Compiling ArgumentParser OptionGroup.swift
[320/432] Compiling ArgumentParser ParentCommand.swift
[321/432] Compiling ArgumentParser AsyncParsableCommand.swift
[322/432] Compiling ArgumentParser CommandConfiguration.swift
[328/432] Compiling ArgumentParser Flag.swift
[329/432] Compiling ArgumentParser NameSpecification.swift
[330/432] Compiling ArgumentParser Option.swift
[331/432] Emitting module ArgumentParser
[338/438] Compiling ArgumentParser ParsableArguments.swift
[339/438] Emitting module DequeModule
[340/438] Compiling ArgumentParser AsyncCompletionsValidator.swift
[341/438] Compiling ArgumentParser CodingKeyValidator.swift
[342/438] Compiling ArgumentParser NonsenseFlagsValidator.swift
[343/438] Compiling ArgumentParser ParsableArgumentsValidation.swift
[344/438] Compiling ArgumentParser PositionalArgumentsValidator.swift
[345/438] Compiling ArgumentParser UniqueNamesValidator.swift
[346/438] Compiling ArgumentParser Mutex.swift
[347/438] Compiling ArgumentParser Platform.swift
[348/438] Compiling ArgumentParser SequenceExtensions.swift
[349/438] Compiling ArgumentParser StringExtensions.swift
[350/438] Compiling ArgumentParser SwiftExtensions.swift
[351/438] Compiling ArgumentParser Tree.swift
[352/438] Compiling ArgumentParser HelpCommand.swift
[353/438] Compiling ArgumentParser HelpGenerator.swift
[354/438] Compiling ArgumentParser MessageInfo.swift
[355/438] Compiling ArgumentParser UsageGenerator.swift
[356/438] Compiling ArgumentParser CollectionExtensions.swift
[357/438] Compiling ArgumentParser Foundation.swift
[358/438] Emitting module SwiftProtobuf
[383/439] Compiling ArgumentParser BashCompletionsGenerator.swift
[384/439] Compiling ArgumentParser CompletionsGenerator.swift
[385/439] Compiling ArgumentParser FishCompletionsGenerator.swift
[386/439] Compiling ArgumentParser ZshCompletionsGenerator.swift
[387/439] Compiling ArgumentParser Argument.swift
[388/439] Compiling ArgumentParser ArgumentDiscussion.swift
[389/439] Compiling ArgumentParser ArgumentHelp.swift
[390/439] Compiling ArgumentParser ParsableCommand.swift
[391/439] Compiling ArgumentParser ArgumentDecoder.swift
[392/439] Compiling ArgumentParser ArgumentDefinition.swift
[393/439] Compiling ArgumentParser ArgumentSet.swift
[394/439] Compiling ArgumentParser CommandParser.swift
[395/439] Compiling ArgumentParser InputKey.swift
[396/439] Compiling ArgumentParser InputOrigin.swift
[397/439] Compiling ArgumentParser Name.swift
[398/439] Compiling ArgumentParser Parsed.swift
[399/439] Compiling ArgumentParser ParsedValues.swift
[400/439] Compiling ArgumentParser ParserError.swift
[401/439] Compiling ArgumentParser SplitArguments.swift
[402/439] Compiling ArgumentParser DumpHelpGenerator.swift
[404/458] Wrapping AST for DequeModule for debugging
[405/500] Wrapping AST for ArgumentParser for debugging
[407/547] Compiling NIOCore ByteBuffer-binaryEncodedLengthPrefix.swift
[408/547] Compiling NIOCore ByteBuffer-conversions.swift
[409/547] Compiling NIOCore ByteBuffer-core.swift
[410/547] Compiling NIOCore ByteBuffer-hex.swift
[411/547] Compiling NIOCore ByteBuffer-int.swift
[412/547] Compiling NIOCore ByteBuffer-lengthPrefix.swift
[413/552] Compiling Configuration Span.swift
[414/552] Compiling Configuration ConfigBytesFromStringDecoder.swift
[415/552] Compiling NIOCore NIOLoopBound.swift
[416/552] Compiling NIOCore NIOPooledRecvBufferAllocator.swift
[417/552] Compiling NIOCore NIOScheduledCallback.swift
[418/552] Compiling NIOCore NIOSendable.swift
[419/552] Compiling NIOCore NIOSplitLinesMessageDecoder.swift
[420/552] Compiling NIOCore NIOTransportAccessibleChannelCore.swift
[421/552] Compiling NIOCore RecvByteBufferAllocator.swift
[422/560] Compiling NIOCore IPProtocol.swift
[423/560] Compiling NIOCore IntegerBitPacking.swift
[424/560] Compiling NIOCore IntegerTypes.swift
[425/560] Compiling NIOCore Interfaces.swift
[426/560] Compiling NIOCore Linux.swift
[427/560] Compiling NIOCore MarkedCircularBuffer.swift
[428/560] Compiling NIOCore MulticastChannel.swift
[429/560] Compiling NIOCore NIOAny.swift
[430/560] Compiling NIOCore NIOCloseOnErrorHandler.swift
[431/560] Compiling NIOCore EventLoop+SerialExecutor.swift
[432/560] Compiling NIOCore EventLoop.swift
[433/560] Compiling NIOCore EventLoopFuture+AssumeIsolated.swift
[434/560] Compiling NIOCore EventLoopFuture+Deprecated.swift
[435/560] Compiling NIOCore EventLoopFuture+WithEventLoop.swift
[436/560] Compiling NIOCore EventLoopFuture.swift
[440/560] Compiling NIOCore FileDescriptor.swift
[441/560] Compiling NIOCore FileHandle.swift
[442/560] Compiling NIOCore FileRegion.swift
[443/560] Compiling NIOCore GlobalSingletons.swift
[444/560] Compiling NIOCore IO.swift
[445/560] Compiling NIOCore IOData.swift
[446/560] Compiling NIOCore CircularBuffer.swift
[447/560] Compiling NIOCore Codec.swift
[448/560] Compiling NIOCore ConvenienceOptionSupport.swift
[449/560] Compiling NIOCore DeadChannel.swift
[450/560] Compiling NIOCore DispatchQueue+WithFuture.swift
[451/560] Compiling NIOCore EventLoop+Deprecated.swift
[452/560] Compiling Configuration CombineLatestManyStorage.swift
[453/560] Compiling Configuration AsyncSequences.swift
[454/560] Compiling Configuration FoundationExtensions.swift
[457/560] Compiling NIOCore ByteBuffer-multi-int.swift
[458/560] Compiling NIOCore ByteBuffer-quicBinaryEncodingStrategy.swift
[459/560] Compiling NIOCore ByteBuffer-views.swift
[460/560] Compiling NIOCore Channel.swift
[461/560] Compiling NIOCore ChannelHandler.swift
[462/560] Compiling NIOCore ChannelHandlers.swift
[469/560] Compiling NIOCore SingleStepByteToMessageDecoder.swift
[470/560] Compiling NIOCore SocketAddresses.swift
[471/560] Compiling NIOCore SocketOptionProvider.swift
[472/560] Compiling NIOCore SystemCallHelpers.swift
[473/560] Compiling NIOCore TimeAmount+Duration.swift
[474/560] Compiling NIOCore TypeAssistedChannelHandler.swift
[475/560] Compiling NIOCore UniversalBootstrapSupport.swift
[476/560] Compiling NIOCore Utilities.swift
[486/560] Compiling NIOCore AddressedEnvelope.swift
[487/560] Compiling NIOCore AsyncAwaitSupport.swift
[488/560] Compiling NIOCore AsyncChannel.swift
[489/560] Compiling NIOCore AsyncChannelHandler.swift
[490/560] Compiling NIOCore AsyncChannelInboundStream.swift
[491/560] Compiling NIOCore AsyncChannelOutboundWriter.swift
[492/560] Compiling NIOCore NIOAsyncSequenceProducer.swift
[493/560] Compiling NIOCore NIOAsyncSequenceProducerStrategies.swift
[494/560] Compiling NIOCore NIOAsyncWriter.swift
[495/560] Compiling SwiftProtobuf any.pb.swift
[496/560] Compiling SwiftProtobuf api.pb.swift
[497/560] Compiling SwiftProtobuf descriptor.pb.swift
[498/560] Compiling SwiftProtobuf duration.pb.swift
[499/560] Compiling SwiftProtobuf empty.pb.swift
[500/560] Compiling SwiftProtobuf field_mask.pb.swift
[501/560] Compiling SwiftProtobuf source_context.pb.swift
[502/560] Compiling SwiftProtobuf struct.pb.swift
[503/560] Compiling SwiftProtobuf timestamp.pb.swift
[504/560] Compiling SwiftProtobuf type.pb.swift
[505/560] Compiling SwiftProtobuf wrappers.pb.swift
[506/561] Wrapping AST for SwiftProtobuf for debugging
[511/561] Compiling NIOCore NIOThrowingAsyncSequenceProducer.swift
[512/561] Compiling NIOCore BSDSocketAPI.swift
[513/561] Compiling NIOCore ByteBuffer-aux.swift
[520/561] Emitting module Configuration
[521/562] Wrapping AST for Configuration for debugging
[523/562] Emitting module NIOCore
[542/566] Wrapping AST for NIOCore for debugging
[544/636] Compiling NIOPosix Selectable.swift
[545/636] Compiling NIOPosix SelectableChannel.swift
[546/636] Compiling NIOPosix SelectableEventLoop.swift
[547/636] Compiling NIOPosix SelectorEpoll.swift
[548/636] Compiling NIOPosix SelectorGeneric.swift
[549/636] Compiling NIOPosix SelectorKqueue.swift
[550/636] Compiling NIOPosix SelectorUring.swift
error: emit-module command failed with exit code 1 (use -v to see invocation)
[551/643] Emitting module NIOPosix
/host/spi-builder-workspace/.build/checkouts/swift-nio/Sources/NIOPosix/BaseSocketChannel+AccessibleTransport.swift:17:11: error: cannot find type 'BaseSocketChannel' in scope
15 | import NIOCore
16 |
17 | extension BaseSocketChannel where SocketType: BaseSocket {
| `- error: cannot find type 'BaseSocketChannel' in scope
18 | /// The underlying transport type backing this channel.
19 | typealias Transport = NIOBSDSocket.Handle
/host/spi-builder-workspace/.build/checkouts/swift-nio/Sources/NIOPosix/BaseSocketChannel+AccessibleTransport.swift:27:11: error: cannot find type 'BaseSocketChannel' in scope
25 | }
26 |
27 | extension BaseSocketChannel where SocketType: PipePair {
| `- error: cannot find type 'BaseSocketChannel' in scope
28 | /// The underlying transport type backing this channel.
29 | typealias Transport = NIOBSDSocket.PipeHandle
/host/spi-builder-workspace/.build/checkouts/swift-nio/Sources/NIOPosix/BaseSocketChannel+AccessibleTransport.swift:42:11: error: cannot find type 'SocketChannel' in scope
40 | }
41 |
42 | extension SocketChannel: NIOTransportAccessibleChannelCore {}
| `- error: cannot find type 'SocketChannel' in scope
43 | extension ServerSocketChannel: NIOTransportAccessibleChannelCore {}
44 | extension DatagramChannel: NIOTransportAccessibleChannelCore {}
/host/spi-builder-workspace/.build/checkouts/swift-nio/Sources/NIOPosix/BaseSocketChannel+AccessibleTransport.swift:43:11: error: cannot find type 'ServerSocketChannel' in scope
41 |
42 | extension SocketChannel: NIOTransportAccessibleChannelCore {}
43 | extension ServerSocketChannel: NIOTransportAccessibleChannelCore {}
| `- error: cannot find type 'ServerSocketChannel' in scope
44 | extension DatagramChannel: NIOTransportAccessibleChannelCore {}
45 | extension PipeChannel: NIOTransportAccessibleChannelCore {}
/host/spi-builder-workspace/.build/checkouts/swift-nio/Sources/NIOPosix/BaseSocketChannel+AccessibleTransport.swift:44:11: error: cannot find type 'DatagramChannel' in scope
42 | extension SocketChannel: NIOTransportAccessibleChannelCore {}
43 | extension ServerSocketChannel: NIOTransportAccessibleChannelCore {}
44 | extension DatagramChannel: NIOTransportAccessibleChannelCore {}
| `- error: cannot find type 'DatagramChannel' in scope
45 | extension PipeChannel: NIOTransportAccessibleChannelCore {}
46 |
/host/spi-builder-workspace/.build/checkouts/swift-nio/Sources/NIOPosix/BaseSocketChannel+AccessibleTransport.swift:45:11: error: cannot find type 'PipeChannel' in scope
43 | extension ServerSocketChannel: NIOTransportAccessibleChannelCore {}
44 | extension DatagramChannel: NIOTransportAccessibleChannelCore {}
45 | extension PipeChannel: NIOTransportAccessibleChannelCore {}
| `- error: cannot find type 'PipeChannel' in scope
46 |
[552/643] Compiling NIOHTTP1 HTTPDecoder.swift
[553/643] Compiling NIOHTTP1 HTTPEncoder.swift
[554/643] Compiling NIOHTTP1 NIOHTTPClientUpgradeHandler.swift
[555/643] Compiling NIOHTTP1 NIOHTTPObjectAggregator.swift
[556/643] Compiling NIOPosix Errors+Any.swift
[557/643] Compiling NIOHTTP1 HTTPTypes.swift
[558/643] Compiling NIOHTTP1 NIOTypedHTTPClientUpgradeHandler.swift
[559/643] Compiling NIOHTTP1 HTTPHeaderValidator.swift
[560/643] Compiling NIOHTTP1 HTTPHeaders+Validation.swift
[561/643] Compiling NIOHTTP1 HTTPPipelineSetup.swift
[562/643] Compiling NIOHTTP1 HTTPServerPipelineHandler.swift
[563/643] Compiling NIOHTTP1 HTTPServerProtocolErrorHandler.swift
[564/643] Compiling NIOHTTP1 HTTPServerUpgradeHandler.swift
[565/643] Compiling NIOHTTP1 ByteCollectionUtils.swift
[566/643] Compiling NIOHTTP1 NIOTypedHTTPClientUpgraderStateMachine.swift
[567/643] Compiling NIOPosix IO.swift
[568/643] Compiling NIOPosix IntegerBitPacking.swift
[569/643] Compiling NIOPosix IntegerTypes.swift
[570/643] Compiling NIOPosix Linux.swift
[571/643] Compiling NIOPosix LinuxCPUSet.swift
[572/643] Compiling NIOPosix LinuxUring.swift
[573/643] Compiling NIOPosix MultiThreadedEventLoopGroup.swift
[574/643] Compiling NIOPosix NIOPosixSendableMetatype.swift
[575/643] Compiling NIOPosix NIORandomizedDNSResolver.swift
[576/643] Compiling NIOPosix NIOThreadPool.swift
[577/643] Compiling NIOPosix NonBlockingFileIO.swift
[578/643] Compiling NIOPosix PendingDatagramWritesManager.swift
[579/643] Compiling NIOPosix PendingWritesManager.swift
[580/643] Compiling NIOPosix BSDSocketAPICommon.swift
/host/spi-builder-workspace/.build/checkouts/swift-nio/Sources/NIOPosix/BaseSocketChannel+AccessibleTransport.swift:17:11: error: cannot find type 'BaseSocketChannel' in scope
15 | import NIOCore
16 |
17 | extension BaseSocketChannel where SocketType: BaseSocket {
| `- error: cannot find type 'BaseSocketChannel' in scope
18 | /// The underlying transport type backing this channel.
19 | typealias Transport = NIOBSDSocket.Handle
/host/spi-builder-workspace/.build/checkouts/swift-nio/Sources/NIOPosix/BaseSocketChannel+AccessibleTransport.swift:27:11: error: cannot find type 'BaseSocketChannel' in scope
25 | }
26 |
27 | extension BaseSocketChannel where SocketType: PipePair {
| `- error: cannot find type 'BaseSocketChannel' in scope
28 | /// The underlying transport type backing this channel.
29 | typealias Transport = NIOBSDSocket.PipeHandle
/host/spi-builder-workspace/.build/checkouts/swift-nio/Sources/NIOPosix/BaseSocketChannel+AccessibleTransport.swift:42:11: error: cannot find type 'SocketChannel' in scope
40 | }
41 |
42 | extension SocketChannel: NIOTransportAccessibleChannelCore {}
| `- error: cannot find type 'SocketChannel' in scope
43 | extension ServerSocketChannel: NIOTransportAccessibleChannelCore {}
44 | extension DatagramChannel: NIOTransportAccessibleChannelCore {}
/host/spi-builder-workspace/.build/checkouts/swift-nio/Sources/NIOPosix/BaseSocketChannel+AccessibleTransport.swift:43:11: error: cannot find type 'ServerSocketChannel' in scope
41 |
42 | extension SocketChannel: NIOTransportAccessibleChannelCore {}
43 | extension ServerSocketChannel: NIOTransportAccessibleChannelCore {}
| `- error: cannot find type 'ServerSocketChannel' in scope
44 | extension DatagramChannel: NIOTransportAccessibleChannelCore {}
45 | extension PipeChannel: NIOTransportAccessibleChannelCore {}
/host/spi-builder-workspace/.build/checkouts/swift-nio/Sources/NIOPosix/BaseSocketChannel+AccessibleTransport.swift:44:11: error: cannot find type 'DatagramChannel' in scope
42 | extension SocketChannel: NIOTransportAccessibleChannelCore {}
43 | extension ServerSocketChannel: NIOTransportAccessibleChannelCore {}
44 | extension DatagramChannel: NIOTransportAccessibleChannelCore {}
| `- error: cannot find type 'DatagramChannel' in scope
45 | extension PipeChannel: NIOTransportAccessibleChannelCore {}
46 |
/host/spi-builder-workspace/.build/checkouts/swift-nio/Sources/NIOPosix/BaseSocketChannel+AccessibleTransport.swift:45:11: error: cannot find type 'PipeChannel' in scope
43 | extension ServerSocketChannel: NIOTransportAccessibleChannelCore {}
44 | extension DatagramChannel: NIOTransportAccessibleChannelCore {}
45 | extension PipeChannel: NIOTransportAccessibleChannelCore {}
| `- error: cannot find type 'PipeChannel' in scope
46 |
/host/spi-builder-workspace/.build/checkouts/swift-nio/Sources/NIOPosix/BaseSocketChannel+AccessibleTransport.swift:17:29: error: 'where' clause cannot be applied to a non-generic top-level declaration
15 | import NIOCore
16 |
17 | extension BaseSocketChannel where SocketType: BaseSocket {
| `- error: 'where' clause cannot be applied to a non-generic top-level declaration
18 | /// The underlying transport type backing this channel.
19 | typealias Transport = NIOBSDSocket.Handle
/host/spi-builder-workspace/.build/checkouts/swift-nio/Sources/NIOPosix/BaseSocketChannel+AccessibleTransport.swift:27:29: error: 'where' clause cannot be applied to a non-generic top-level declaration
25 | }
26 |
27 | extension BaseSocketChannel where SocketType: PipePair {
| `- error: 'where' clause cannot be applied to a non-generic top-level declaration
28 | /// The underlying transport type backing this channel.
29 | typealias Transport = NIOBSDSocket.PipeHandle
[581/643] Compiling NIOPosix BSDSocketAPIPosix.swift
/host/spi-builder-workspace/.build/checkouts/swift-nio/Sources/NIOPosix/BaseSocketChannel+AccessibleTransport.swift:17:11: error: cannot find type 'BaseSocketChannel' in scope
15 | import NIOCore
16 |
17 | extension BaseSocketChannel where SocketType: BaseSocket {
| `- error: cannot find type 'BaseSocketChannel' in scope
18 | /// The underlying transport type backing this channel.
19 | typealias Transport = NIOBSDSocket.Handle
/host/spi-builder-workspace/.build/checkouts/swift-nio/Sources/NIOPosix/BaseSocketChannel+AccessibleTransport.swift:27:11: error: cannot find type 'BaseSocketChannel' in scope
25 | }
26 |
27 | extension BaseSocketChannel where SocketType: PipePair {
| `- error: cannot find type 'BaseSocketChannel' in scope
28 | /// The underlying transport type backing this channel.
29 | typealias Transport = NIOBSDSocket.PipeHandle
/host/spi-builder-workspace/.build/checkouts/swift-nio/Sources/NIOPosix/BaseSocketChannel+AccessibleTransport.swift:42:11: error: cannot find type 'SocketChannel' in scope
40 | }
41 |
42 | extension SocketChannel: NIOTransportAccessibleChannelCore {}
| `- error: cannot find type 'SocketChannel' in scope
43 | extension ServerSocketChannel: NIOTransportAccessibleChannelCore {}
44 | extension DatagramChannel: NIOTransportAccessibleChannelCore {}
/host/spi-builder-workspace/.build/checkouts/swift-nio/Sources/NIOPosix/BaseSocketChannel+AccessibleTransport.swift:43:11: error: cannot find type 'ServerSocketChannel' in scope
41 |
42 | extension SocketChannel: NIOTransportAccessibleChannelCore {}
43 | extension ServerSocketChannel: NIOTransportAccessibleChannelCore {}
| `- error: cannot find type 'ServerSocketChannel' in scope
44 | extension DatagramChannel: NIOTransportAccessibleChannelCore {}
45 | extension PipeChannel: NIOTransportAccessibleChannelCore {}
/host/spi-builder-workspace/.build/checkouts/swift-nio/Sources/NIOPosix/BaseSocketChannel+AccessibleTransport.swift:44:11: error: cannot find type 'DatagramChannel' in scope
42 | extension SocketChannel: NIOTransportAccessibleChannelCore {}
43 | extension ServerSocketChannel: NIOTransportAccessibleChannelCore {}
44 | extension DatagramChannel: NIOTransportAccessibleChannelCore {}
| `- error: cannot find type 'DatagramChannel' in scope
45 | extension PipeChannel: NIOTransportAccessibleChannelCore {}
46 |
/host/spi-builder-workspace/.build/checkouts/swift-nio/Sources/NIOPosix/BaseSocketChannel+AccessibleTransport.swift:45:11: error: cannot find type 'PipeChannel' in scope
43 | extension ServerSocketChannel: NIOTransportAccessibleChannelCore {}
44 | extension DatagramChannel: NIOTransportAccessibleChannelCore {}
45 | extension PipeChannel: NIOTransportAccessibleChannelCore {}
| `- error: cannot find type 'PipeChannel' in scope
46 |
/host/spi-builder-workspace/.build/checkouts/swift-nio/Sources/NIOPosix/BaseSocketChannel+AccessibleTransport.swift:17:29: error: 'where' clause cannot be applied to a non-generic top-level declaration
15 | import NIOCore
16 |
17 | extension BaseSocketChannel where SocketType: BaseSocket {
| `- error: 'where' clause cannot be applied to a non-generic top-level declaration
18 | /// The underlying transport type backing this channel.
19 | typealias Transport = NIOBSDSocket.Handle
/host/spi-builder-workspace/.build/checkouts/swift-nio/Sources/NIOPosix/BaseSocketChannel+AccessibleTransport.swift:27:29: error: 'where' clause cannot be applied to a non-generic top-level declaration
25 | }
26 |
27 | extension BaseSocketChannel where SocketType: PipePair {
| `- error: 'where' clause cannot be applied to a non-generic top-level declaration
28 | /// The underlying transport type backing this channel.
29 | typealias Transport = NIOBSDSocket.PipeHandle
[582/643] Compiling NIOPosix BSDSocketAPIWindows.swift
/host/spi-builder-workspace/.build/checkouts/swift-nio/Sources/NIOPosix/BaseSocketChannel+AccessibleTransport.swift:17:11: error: cannot find type 'BaseSocketChannel' in scope
15 | import NIOCore
16 |
17 | extension BaseSocketChannel where SocketType: BaseSocket {
| `- error: cannot find type 'BaseSocketChannel' in scope
18 | /// The underlying transport type backing this channel.
19 | typealias Transport = NIOBSDSocket.Handle
/host/spi-builder-workspace/.build/checkouts/swift-nio/Sources/NIOPosix/BaseSocketChannel+AccessibleTransport.swift:27:11: error: cannot find type 'BaseSocketChannel' in scope
25 | }
26 |
27 | extension BaseSocketChannel where SocketType: PipePair {
| `- error: cannot find type 'BaseSocketChannel' in scope
28 | /// The underlying transport type backing this channel.
29 | typealias Transport = NIOBSDSocket.PipeHandle
/host/spi-builder-workspace/.build/checkouts/swift-nio/Sources/NIOPosix/BaseSocketChannel+AccessibleTransport.swift:42:11: error: cannot find type 'SocketChannel' in scope
40 | }
41 |
42 | extension SocketChannel: NIOTransportAccessibleChannelCore {}
| `- error: cannot find type 'SocketChannel' in scope
43 | extension ServerSocketChannel: NIOTransportAccessibleChannelCore {}
44 | extension DatagramChannel: NIOTransportAccessibleChannelCore {}
/host/spi-builder-workspace/.build/checkouts/swift-nio/Sources/NIOPosix/BaseSocketChannel+AccessibleTransport.swift:43:11: error: cannot find type 'ServerSocketChannel' in scope
41 |
42 | extension SocketChannel: NIOTransportAccessibleChannelCore {}
43 | extension ServerSocketChannel: NIOTransportAccessibleChannelCore {}
| `- error: cannot find type 'ServerSocketChannel' in scope
44 | extension DatagramChannel: NIOTransportAccessibleChannelCore {}
45 | extension PipeChannel: NIOTransportAccessibleChannelCore {}
/host/spi-builder-workspace/.build/checkouts/swift-nio/Sources/NIOPosix/BaseSocketChannel+AccessibleTransport.swift:44:11: error: cannot find type 'DatagramChannel' in scope
42 | extension SocketChannel: NIOTransportAccessibleChannelCore {}
43 | extension ServerSocketChannel: NIOTransportAccessibleChannelCore {}
44 | extension DatagramChannel: NIOTransportAccessibleChannelCore {}
| `- error: cannot find type 'DatagramChannel' in scope
45 | extension PipeChannel: NIOTransportAccessibleChannelCore {}
46 |
/host/spi-builder-workspace/.build/checkouts/swift-nio/Sources/NIOPosix/BaseSocketChannel+AccessibleTransport.swift:45:11: error: cannot find type 'PipeChannel' in scope
43 | extension ServerSocketChannel: NIOTransportAccessibleChannelCore {}
44 | extension DatagramChannel: NIOTransportAccessibleChannelCore {}
45 | extension PipeChannel: NIOTransportAccessibleChannelCore {}
| `- error: cannot find type 'PipeChannel' in scope
46 |
/host/spi-builder-workspace/.build/checkouts/swift-nio/Sources/NIOPosix/BaseSocketChannel+AccessibleTransport.swift:17:29: error: 'where' clause cannot be applied to a non-generic top-level declaration
15 | import NIOCore
16 |
17 | extension BaseSocketChannel where SocketType: BaseSocket {
| `- error: 'where' clause cannot be applied to a non-generic top-level declaration
18 | /// The underlying transport type backing this channel.
19 | typealias Transport = NIOBSDSocket.Handle
/host/spi-builder-workspace/.build/checkouts/swift-nio/Sources/NIOPosix/BaseSocketChannel+AccessibleTransport.swift:27:29: error: 'where' clause cannot be applied to a non-generic top-level declaration
25 | }
26 |
27 | extension BaseSocketChannel where SocketType: PipePair {
| `- error: 'where' clause cannot be applied to a non-generic top-level declaration
28 | /// The underlying transport type backing this channel.
29 | typealias Transport = NIOBSDSocket.PipeHandle
[583/643] Compiling NIOPosix BaseSocket.swift
/host/spi-builder-workspace/.build/checkouts/swift-nio/Sources/NIOPosix/BaseSocketChannel+AccessibleTransport.swift:17:11: error: cannot find type 'BaseSocketChannel' in scope
15 | import NIOCore
16 |
17 | extension BaseSocketChannel where SocketType: BaseSocket {
| `- error: cannot find type 'BaseSocketChannel' in scope
18 | /// The underlying transport type backing this channel.
19 | typealias Transport = NIOBSDSocket.Handle
/host/spi-builder-workspace/.build/checkouts/swift-nio/Sources/NIOPosix/BaseSocketChannel+AccessibleTransport.swift:27:11: error: cannot find type 'BaseSocketChannel' in scope
25 | }
26 |
27 | extension BaseSocketChannel where SocketType: PipePair {
| `- error: cannot find type 'BaseSocketChannel' in scope
28 | /// The underlying transport type backing this channel.
29 | typealias Transport = NIOBSDSocket.PipeHandle
/host/spi-builder-workspace/.build/checkouts/swift-nio/Sources/NIOPosix/BaseSocketChannel+AccessibleTransport.swift:42:11: error: cannot find type 'SocketChannel' in scope
40 | }
41 |
42 | extension SocketChannel: NIOTransportAccessibleChannelCore {}
| `- error: cannot find type 'SocketChannel' in scope
43 | extension ServerSocketChannel: NIOTransportAccessibleChannelCore {}
44 | extension DatagramChannel: NIOTransportAccessibleChannelCore {}
/host/spi-builder-workspace/.build/checkouts/swift-nio/Sources/NIOPosix/BaseSocketChannel+AccessibleTransport.swift:43:11: error: cannot find type 'ServerSocketChannel' in scope
41 |
42 | extension SocketChannel: NIOTransportAccessibleChannelCore {}
43 | extension ServerSocketChannel: NIOTransportAccessibleChannelCore {}
| `- error: cannot find type 'ServerSocketChannel' in scope
44 | extension DatagramChannel: NIOTransportAccessibleChannelCore {}
45 | extension PipeChannel: NIOTransportAccessibleChannelCore {}
/host/spi-builder-workspace/.build/checkouts/swift-nio/Sources/NIOPosix/BaseSocketChannel+AccessibleTransport.swift:44:11: error: cannot find type 'DatagramChannel' in scope
42 | extension SocketChannel: NIOTransportAccessibleChannelCore {}
43 | extension ServerSocketChannel: NIOTransportAccessibleChannelCore {}
44 | extension DatagramChannel: NIOTransportAccessibleChannelCore {}
| `- error: cannot find type 'DatagramChannel' in scope
45 | extension PipeChannel: NIOTransportAccessibleChannelCore {}
46 |
/host/spi-builder-workspace/.build/checkouts/swift-nio/Sources/NIOPosix/BaseSocketChannel+AccessibleTransport.swift:45:11: error: cannot find type 'PipeChannel' in scope
43 | extension ServerSocketChannel: NIOTransportAccessibleChannelCore {}
44 | extension DatagramChannel: NIOTransportAccessibleChannelCore {}
45 | extension PipeChannel: NIOTransportAccessibleChannelCore {}
| `- error: cannot find type 'PipeChannel' in scope
46 |
/host/spi-builder-workspace/.build/checkouts/swift-nio/Sources/NIOPosix/BaseSocketChannel+AccessibleTransport.swift:17:29: error: 'where' clause cannot be applied to a non-generic top-level declaration
15 | import NIOCore
16 |
17 | extension BaseSocketChannel where SocketType: BaseSocket {
| `- error: 'where' clause cannot be applied to a non-generic top-level declaration
18 | /// The underlying transport type backing this channel.
19 | typealias Transport = NIOBSDSocket.Handle
/host/spi-builder-workspace/.build/checkouts/swift-nio/Sources/NIOPosix/BaseSocketChannel+AccessibleTransport.swift:27:29: error: 'where' clause cannot be applied to a non-generic top-level declaration
25 | }
26 |
27 | extension BaseSocketChannel where SocketType: PipePair {
| `- error: 'where' clause cannot be applied to a non-generic top-level declaration
28 | /// The underlying transport type backing this channel.
29 | typealias Transport = NIOBSDSocket.PipeHandle
[584/643] Compiling NIOPosix BaseSocketChannel+AccessibleTransport.swift
/host/spi-builder-workspace/.build/checkouts/swift-nio/Sources/NIOPosix/BaseSocketChannel+AccessibleTransport.swift:17:11: error: cannot find type 'BaseSocketChannel' in scope
15 | import NIOCore
16 |
17 | extension BaseSocketChannel where SocketType: BaseSocket {
| `- error: cannot find type 'BaseSocketChannel' in scope
18 | /// The underlying transport type backing this channel.
19 | typealias Transport = NIOBSDSocket.Handle
/host/spi-builder-workspace/.build/checkouts/swift-nio/Sources/NIOPosix/BaseSocketChannel+AccessibleTransport.swift:27:11: error: cannot find type 'BaseSocketChannel' in scope
25 | }
26 |
27 | extension BaseSocketChannel where SocketType: PipePair {
| `- error: cannot find type 'BaseSocketChannel' in scope
28 | /// The underlying transport type backing this channel.
29 | typealias Transport = NIOBSDSocket.PipeHandle
/host/spi-builder-workspace/.build/checkouts/swift-nio/Sources/NIOPosix/BaseSocketChannel+AccessibleTransport.swift:42:11: error: cannot find type 'SocketChannel' in scope
40 | }
41 |
42 | extension SocketChannel: NIOTransportAccessibleChannelCore {}
| `- error: cannot find type 'SocketChannel' in scope
43 | extension ServerSocketChannel: NIOTransportAccessibleChannelCore {}
44 | extension DatagramChannel: NIOTransportAccessibleChannelCore {}
/host/spi-builder-workspace/.build/checkouts/swift-nio/Sources/NIOPosix/BaseSocketChannel+AccessibleTransport.swift:43:11: error: cannot find type 'ServerSocketChannel' in scope
41 |
42 | extension SocketChannel: NIOTransportAccessibleChannelCore {}
43 | extension ServerSocketChannel: NIOTransportAccessibleChannelCore {}
| `- error: cannot find type 'ServerSocketChannel' in scope
44 | extension DatagramChannel: NIOTransportAccessibleChannelCore {}
45 | extension PipeChannel: NIOTransportAccessibleChannelCore {}
/host/spi-builder-workspace/.build/checkouts/swift-nio/Sources/NIOPosix/BaseSocketChannel+AccessibleTransport.swift:44:11: error: cannot find type 'DatagramChannel' in scope
42 | extension SocketChannel: NIOTransportAccessibleChannelCore {}
43 | extension ServerSocketChannel: NIOTransportAccessibleChannelCore {}
44 | extension DatagramChannel: NIOTransportAccessibleChannelCore {}
| `- error: cannot find type 'DatagramChannel' in scope
45 | extension PipeChannel: NIOTransportAccessibleChannelCore {}
46 |
/host/spi-builder-workspace/.build/checkouts/swift-nio/Sources/NIOPosix/BaseSocketChannel+AccessibleTransport.swift:45:11: error: cannot find type 'PipeChannel' in scope
43 | extension ServerSocketChannel: NIOTransportAccessibleChannelCore {}
44 | extension DatagramChannel: NIOTransportAccessibleChannelCore {}
45 | extension PipeChannel: NIOTransportAccessibleChannelCore {}
| `- error: cannot find type 'PipeChannel' in scope
46 |
/host/spi-builder-workspace/.build/checkouts/swift-nio/Sources/NIOPosix/BaseSocketChannel+AccessibleTransport.swift:17:29: error: 'where' clause cannot be applied to a non-generic top-level declaration
15 | import NIOCore
16 |
17 | extension BaseSocketChannel where SocketType: BaseSocket {
| `- error: 'where' clause cannot be applied to a non-generic top-level declaration
18 | /// The underlying transport type backing this channel.
19 | typealias Transport = NIOBSDSocket.Handle
/host/spi-builder-workspace/.build/checkouts/swift-nio/Sources/NIOPosix/BaseSocketChannel+AccessibleTransport.swift:27:29: error: 'where' clause cannot be applied to a non-generic top-level declaration
25 | }
26 |
27 | extension BaseSocketChannel where SocketType: PipePair {
| `- error: 'where' clause cannot be applied to a non-generic top-level declaration
28 | /// The underlying transport type backing this channel.
29 | typealias Transport = NIOBSDSocket.PipeHandle
[585/643] Compiling NIOPosix BaseSocketChannel+SocketOptionProvider.swift
/host/spi-builder-workspace/.build/checkouts/swift-nio/Sources/NIOPosix/BaseSocketChannel+AccessibleTransport.swift:17:11: error: cannot find type 'BaseSocketChannel' in scope
15 | import NIOCore
16 |
17 | extension BaseSocketChannel where SocketType: BaseSocket {
| `- error: cannot find type 'BaseSocketChannel' in scope
18 | /// The underlying transport type backing this channel.
19 | typealias Transport = NIOBSDSocket.Handle
/host/spi-builder-workspace/.build/checkouts/swift-nio/Sources/NIOPosix/BaseSocketChannel+AccessibleTransport.swift:27:11: error: cannot find type 'BaseSocketChannel' in scope
25 | }
26 |
27 | extension BaseSocketChannel where SocketType: PipePair {
| `- error: cannot find type 'BaseSocketChannel' in scope
28 | /// The underlying transport type backing this channel.
29 | typealias Transport = NIOBSDSocket.PipeHandle
/host/spi-builder-workspace/.build/checkouts/swift-nio/Sources/NIOPosix/BaseSocketChannel+AccessibleTransport.swift:42:11: error: cannot find type 'SocketChannel' in scope
40 | }
41 |
42 | extension SocketChannel: NIOTransportAccessibleChannelCore {}
| `- error: cannot find type 'SocketChannel' in scope
43 | extension ServerSocketChannel: NIOTransportAccessibleChannelCore {}
44 | extension DatagramChannel: NIOTransportAccessibleChannelCore {}
/host/spi-builder-workspace/.build/checkouts/swift-nio/Sources/NIOPosix/BaseSocketChannel+AccessibleTransport.swift:43:11: error: cannot find type 'ServerSocketChannel' in scope
41 |
42 | extension SocketChannel: NIOTransportAccessibleChannelCore {}
43 | extension ServerSocketChannel: NIOTransportAccessibleChannelCore {}
| `- error: cannot find type 'ServerSocketChannel' in scope
44 | extension DatagramChannel: NIOTransportAccessibleChannelCore {}
45 | extension PipeChannel: NIOTransportAccessibleChannelCore {}
/host/spi-builder-workspace/.build/checkouts/swift-nio/Sources/NIOPosix/BaseSocketChannel+AccessibleTransport.swift:44:11: error: cannot find type 'DatagramChannel' in scope
42 | extension SocketChannel: NIOTransportAccessibleChannelCore {}
43 | extension ServerSocketChannel: NIOTransportAccessibleChannelCore {}
44 | extension DatagramChannel: NIOTransportAccessibleChannelCore {}
| `- error: cannot find type 'DatagramChannel' in scope
45 | extension PipeChannel: NIOTransportAccessibleChannelCore {}
46 |
/host/spi-builder-workspace/.build/checkouts/swift-nio/Sources/NIOPosix/BaseSocketChannel+AccessibleTransport.swift:45:11: error: cannot find type 'PipeChannel' in scope
43 | extension ServerSocketChannel: NIOTransportAccessibleChannelCore {}
44 | extension DatagramChannel: NIOTransportAccessibleChannelCore {}
45 | extension PipeChannel: NIOTransportAccessibleChannelCore {}
| `- error: cannot find type 'PipeChannel' in scope
46 |
/host/spi-builder-workspace/.build/checkouts/swift-nio/Sources/NIOPosix/BaseSocketChannel+AccessibleTransport.swift:17:29: error: 'where' clause cannot be applied to a non-generic top-level declaration
15 | import NIOCore
16 |
17 | extension BaseSocketChannel where SocketType: BaseSocket {
| `- error: 'where' clause cannot be applied to a non-generic top-level declaration
18 | /// The underlying transport type backing this channel.
19 | typealias Transport = NIOBSDSocket.Handle
/host/spi-builder-workspace/.build/checkouts/swift-nio/Sources/NIOPosix/BaseSocketChannel+AccessibleTransport.swift:27:29: error: 'where' clause cannot be applied to a non-generic top-level declaration
25 | }
26 |
27 | extension BaseSocketChannel where SocketType: PipePair {
| `- error: 'where' clause cannot be applied to a non-generic top-level declaration
28 | /// The underlying transport type backing this channel.
29 | typealias Transport = NIOBSDSocket.PipeHandle
[586/643] Compiling NIOPosix BaseSocketChannel.swift
/host/spi-builder-workspace/.build/checkouts/swift-nio/Sources/NIOPosix/BaseSocketChannel+AccessibleTransport.swift:17:11: error: cannot find type 'BaseSocketChannel' in scope
15 | import NIOCore
16 |
17 | extension BaseSocketChannel where SocketType: BaseSocket {
| `- error: cannot find type 'BaseSocketChannel' in scope
18 | /// The underlying transport type backing this channel.
19 | typealias Transport = NIOBSDSocket.Handle
/host/spi-builder-workspace/.build/checkouts/swift-nio/Sources/NIOPosix/BaseSocketChannel+AccessibleTransport.swift:27:11: error: cannot find type 'BaseSocketChannel' in scope
25 | }
26 |
27 | extension BaseSocketChannel where SocketType: PipePair {
| `- error: cannot find type 'BaseSocketChannel' in scope
28 | /// The underlying transport type backing this channel.
29 | typealias Transport = NIOBSDSocket.PipeHandle
/host/spi-builder-workspace/.build/checkouts/swift-nio/Sources/NIOPosix/BaseSocketChannel+AccessibleTransport.swift:42:11: error: cannot find type 'SocketChannel' in scope
40 | }
41 |
42 | extension SocketChannel: NIOTransportAccessibleChannelCore {}
| `- error: cannot find type 'SocketChannel' in scope
43 | extension ServerSocketChannel: NIOTransportAccessibleChannelCore {}
44 | extension DatagramChannel: NIOTransportAccessibleChannelCore {}
/host/spi-builder-workspace/.build/checkouts/swift-nio/Sources/NIOPosix/BaseSocketChannel+AccessibleTransport.swift:43:11: error: cannot find type 'ServerSocketChannel' in scope
41 |
42 | extension SocketChannel: NIOTransportAccessibleChannelCore {}
43 | extension ServerSocketChannel: NIOTransportAccessibleChannelCore {}
| `- error: cannot find type 'ServerSocketChannel' in scope
44 | extension DatagramChannel: NIOTransportAccessibleChannelCore {}
45 | extension PipeChannel: NIOTransportAccessibleChannelCore {}
/host/spi-builder-workspace/.build/checkouts/swift-nio/Sources/NIOPosix/BaseSocketChannel+AccessibleTransport.swift:44:11: error: cannot find type 'DatagramChannel' in scope
42 | extension SocketChannel: NIOTransportAccessibleChannelCore {}
43 | extension ServerSocketChannel: NIOTransportAccessibleChannelCore {}
44 | extension DatagramChannel: NIOTransportAccessibleChannelCore {}
| `- error: cannot find type 'DatagramChannel' in scope
45 | extension PipeChannel: NIOTransportAccessibleChannelCore {}
46 |
/host/spi-builder-workspace/.build/checkouts/swift-nio/Sources/NIOPosix/BaseSocketChannel+AccessibleTransport.swift:45:11: error: cannot find type 'PipeChannel' in scope
43 | extension ServerSocketChannel: NIOTransportAccessibleChannelCore {}
44 | extension DatagramChannel: NIOTransportAccessibleChannelCore {}
45 | extension PipeChannel: NIOTransportAccessibleChannelCore {}
| `- error: cannot find type 'PipeChannel' in scope
46 |
/host/spi-builder-workspace/.build/checkouts/swift-nio/Sources/NIOPosix/BaseSocketChannel+AccessibleTransport.swift:17:29: error: 'where' clause cannot be applied to a non-generic top-level declaration
15 | import NIOCore
16 |
17 | extension BaseSocketChannel where SocketType: BaseSocket {
| `- error: 'where' clause cannot be applied to a non-generic top-level declaration
18 | /// The underlying transport type backing this channel.
19 | typealias Transport = NIOBSDSocket.Handle
/host/spi-builder-workspace/.build/checkouts/swift-nio/Sources/NIOPosix/BaseSocketChannel+AccessibleTransport.swift:27:29: error: 'where' clause cannot be applied to a non-generic top-level declaration
25 | }
26 |
27 | extension BaseSocketChannel where SocketType: PipePair {
| `- error: 'where' clause cannot be applied to a non-generic top-level declaration
28 | /// The underlying transport type backing this channel.
29 | typealias Transport = NIOBSDSocket.PipeHandle
[587/643] Compiling NIOPosix SelectorWSAPoll.swift
[588/643] Compiling NIOPosix ServerSocket.swift
[589/643] Compiling NIOPosix Socket.swift
[590/643] Compiling NIOPosix SocketChannel.swift
[591/643] Compiling NIOPosix SocketProtocols.swift
[592/643] Compiling NIOPosix StructuredConcurrencyHelpers.swift
[593/643] Compiling NIOPosix System.swift
[594/643] Compiling NIOFoundationEssentialsCompat Codable+ByteBuffer.swift
[595/643] Compiling NIOEmbedded AsyncTestingEventLoop.swift
[596/643] Compiling NIOPosix Thread.swift
[597/643] Compiling NIOPosix ThreadPosix.swift
[598/643] Compiling NIOPosix ThreadWindows.swift
[599/643] Compiling NIOPosix Utilities.swift
[600/643] Compiling NIOPosix VsockAddress.swift
[601/643] Compiling NIOPosix VsockChannelEvents.swift
[602/643] Compiling NIOPosix Windows.swift
[603/643] Emitting module NIOFoundationEssentialsCompat
BUILD FAILURE 6.2 wasm