Build Information
Failed to build EnigmaKit, reference 1.1.0 (85eea4), with Swift 6.4 for macOS (Xcode) using Xcode 27.0 on 15 Sep 2026 22:30:59 UTC.
Build Command
env DEVELOPER_DIR=/Applications/Xcode-27.0.0-Release.Candidate.app xcrun xcodebuild -IDEClonedSourcePackagesDirPathOverride=$PWD/.dependencies -skipMacroValidation -skipPackagePluginValidation -derivedDataPath $PWD/.derivedData build -scheme EnigmaKit-Package -destination platform=macOS,arch=arm64Build Log
========================================
RunAll
========================================
Builder version: 5.1.0
Interrupt handler set up.
========================================
Checkout
========================================
Clone URL: https://github.com/mikaoj/EnigmaKit.git
Reference: 1.1.0
Initialized empty Git repository in /Users/admin/builder/spi-builder-workspace/.git/
From https://github.com/mikaoj/EnigmaKit
* tag 1.1.0 -> FETCH_HEAD
HEAD is now at 85eea48 Bumped version to 1.1.0
Cloned https://github.com/mikaoj/EnigmaKit.git
Revision (git rev-parse @):
85eea48667d754bf11a4820b9eec9990e6edadc3
SUCCESS checkout https://github.com/mikaoj/EnigmaKit.git at 1.1.0
========================================
Build
========================================
Selected platform: macosXcodebuild
Swift version: 6.4
Building package at path: $PWD
https://github.com/mikaoj/EnigmaKit.git
Command line invocation:
/Applications/Xcode-27.0.0-Release.Candidate.app/Contents/Developer/usr/bin/xcodebuild -IDEClonedSourcePackagesDirPathOverride=/Users/admin/builder/spi-builder-workspace/.dependencies -resolvePackageDependencies
resolved source packages:
{
"dependencies" : [
],
"manifest_display_name" : "EnigmaKit",
"name" : "EnigmaKit",
"path" : "/Users/admin/builder/spi-builder-workspace",
"platforms" : [
],
"products" : [
{
"name" : "EnigmaKit",
"targets" : [
"EnigmaKit"
],
"type" : {
"library" : [
"automatic"
]
}
}
],
"targets" : [
{
"c99name" : "EnigmaKitTests",
"module_type" : "SwiftTarget",
"name" : "EnigmaKitTests",
"path" : "Tests/EnigmaKitTests",
"sources" : [
"EnigmaTests.swift",
"PlugboardTests.swift",
"ReflectorTests.swift",
"RotorTests.swift",
"SpindleTests.swift",
"WheelTests.swift"
],
"target_dependencies" : [
"EnigmaKit"
],
"type" : "test"
},
{
"c99name" : "EnigmaKit",
"module_type" : "SwiftTarget",
"name" : "EnigmaKit",
"path" : "Sources/EnigmaKit",
"product_memberships" : [
"EnigmaKit"
],
"sources" : [
"Array.swift",
"Enigma.swift",
"Plugboard.swift",
"Reflector.swift",
"Rotor.swift",
"Spindle.swift",
"Wheel.swift"
],
"type" : "library"
}
],
"tools_version" : "4.0"
}
{
"project" : {
"configurations" : [
"Debug",
"Release"
],
"name" : "EnigmaKit",
"schemes" : [
"EnigmaKit-Package",
"EnigmaKitPackageTests"
],
"targets" : [
"EnigmaKitTests",
"EnigmaKit",
"EnigmaKitPackageTests"
]
}
}
Running build ...
env DEVELOPER_DIR=/Applications/Xcode-27.0.0-Release.Candidate.app xcrun xcodebuild -IDEClonedSourcePackagesDirPathOverride=$PWD/.dependencies -skipMacroValidation -skipPackagePluginValidation -derivedDataPath $PWD/.derivedData build -scheme EnigmaKit-Package -destination platform=macOS,arch=arm64
Command line invocation:
/Applications/Xcode-27.0.0-Release.Candidate.app/Contents/Developer/usr/bin/xcodebuild -IDEClonedSourcePackagesDirPathOverride=/Users/admin/builder/spi-builder-workspace/.dependencies -skipMacroValidation -skipPackagePluginValidation -derivedDataPath /Users/admin/builder/spi-builder-workspace/.derivedData build -scheme EnigmaKit-Package -destination platform=macOS,arch=arm64
ComputePackagePrebuildTargetDependencyGraph
Prepare packages
CreateBuildRequest
SendProjectDescription
CreateBuildOperation
ComputeTargetDependencyGraph
note: Building targets in dependency order
note: Target dependency graph (1 target)
Target 'EnigmaKit' in project 'EnigmaKit' (no dependencies)
GatherProvisioningInputs
CreateBuildDescription
ExecuteExternalTool /Applications/Xcode-27.0.0-Release.Candidate.app/Contents/Developer/Toolchains/XcodeDefault.xctoolchain/usr/bin/clang -v -E -dM -isysroot /Applications/Xcode-27.0.0-Release.Candidate.app/Contents/Developer/Platforms/MacOSX.platform/Developer/SDKs/MacOSX27.0.sdk -x c -c /dev/null
ExecuteExternalTool /Applications/Xcode-27.0.0-Release.Candidate.app/Contents/Developer/Toolchains/XcodeDefault.xctoolchain/usr/bin/swiftc --version
ExecuteExternalTool /Applications/Xcode-27.0.0-Release.Candidate.app/Contents/Developer/Toolchains/XcodeDefault.xctoolchain/usr/bin/ld -version_details
Build description signature: 588a320b1620a4839c4246678bd85637
Build description path: /Users/admin/builder/spi-builder-workspace/.derivedData/Build/Intermediates.noindex/XCBuildData/588a320b1620a4839c4246678bd85637.xcbuilddata
/Users/admin/builder/spi-builder-workspace/EnigmaKit.xcodeproj: error: The macOS deployment target 'MACOSX_DEPLOYMENT_TARGET' is set to 10.10, but the range of supported deployment target versions is 12.0 to 27.0.x. (in target 'EnigmaKit' from project 'EnigmaKit')
** BUILD FAILED **
The following build commands failed:
Building project EnigmaKit with scheme EnigmaKit-Package
(1 failure)
Command line invocation:
/Applications/Xcode-27.0.0-Release.Candidate.app/Contents/Developer/usr/bin/xcodebuild -IDEClonedSourcePackagesDirPathOverride=/Users/admin/builder/spi-builder-workspace/.dependencies -resolvePackageDependencies
resolved source packages:
{
"dependencies" : [
],
"manifest_display_name" : "EnigmaKit",
"name" : "EnigmaKit",
"path" : "/Users/admin/builder/spi-builder-workspace",
"platforms" : [
],
"products" : [
{
"name" : "EnigmaKit",
"targets" : [
"EnigmaKit"
],
"type" : {
"library" : [
"automatic"
]
}
}
],
"targets" : [
{
"c99name" : "EnigmaKitTests",
"module_type" : "SwiftTarget",
"name" : "EnigmaKitTests",
"path" : "Tests/EnigmaKitTests",
"sources" : [
"EnigmaTests.swift",
"PlugboardTests.swift",
"ReflectorTests.swift",
"RotorTests.swift",
"SpindleTests.swift",
"WheelTests.swift"
],
"target_dependencies" : [
"EnigmaKit"
],
"type" : "test"
},
{
"c99name" : "EnigmaKit",
"module_type" : "SwiftTarget",
"name" : "EnigmaKit",
"path" : "Sources/EnigmaKit",
"product_memberships" : [
"EnigmaKit"
],
"sources" : [
"Array.swift",
"Enigma.swift",
"Plugboard.swift",
"Reflector.swift",
"Rotor.swift",
"Spindle.swift",
"Wheel.swift"
],
"type" : "library"
}
],
"tools_version" : "4.0"
}
{
"project" : {
"configurations" : [
"Debug",
"Release"
],
"name" : "EnigmaKit",
"schemes" : [
"EnigmaKit-Package",
"EnigmaKitPackageTests"
],
"targets" : [
"EnigmaKitTests",
"EnigmaKit",
"EnigmaKitPackageTests"
]
}
}
Running build ...
env DEVELOPER_DIR=/Applications/Xcode-27.0.0-Release.Candidate.app xcrun xcodebuild -IDEClonedSourcePackagesDirPathOverride=$PWD/.dependencies -skipMacroValidation -skipPackagePluginValidation -derivedDataPath $PWD/.derivedData build -scheme EnigmaKit-Package -destination platform=macOS,arch=arm64
Command line invocation:
/Applications/Xcode-27.0.0-Release.Candidate.app/Contents/Developer/usr/bin/xcodebuild -IDEClonedSourcePackagesDirPathOverride=/Users/admin/builder/spi-builder-workspace/.dependencies -skipMacroValidation -skipPackagePluginValidation -derivedDataPath /Users/admin/builder/spi-builder-workspace/.derivedData build -scheme EnigmaKit-Package -destination platform=macOS,arch=arm64
ComputePackagePrebuildTargetDependencyGraph
Prepare packages
CreateBuildRequest
SendProjectDescription
CreateBuildOperation
ComputeTargetDependencyGraph
note: Building targets in dependency order
note: Target dependency graph (1 target)
Target 'EnigmaKit' in project 'EnigmaKit' (no dependencies)
GatherProvisioningInputs
CreateBuildDescription
/Users/admin/builder/spi-builder-workspace/EnigmaKit.xcodeproj: error: The macOS deployment target 'MACOSX_DEPLOYMENT_TARGET' is set to 10.10, but the range of supported deployment target versions is 12.0 to 27.0.x. (in target 'EnigmaKit' from project 'EnigmaKit')
** BUILD FAILED **
The following build commands failed:
Building project EnigmaKit with scheme EnigmaKit-Package
(1 failure)
BUILD FAILURE 6.4 macosXcodebuild