Build Information
Failed to build Shark, reference 2.2.0 (76a06f), with Swift 6.1 for Wasm on 21 Aug 2026 20:40:56 UTC.
Build Command
bash -c docker run --pull=always --rm -v "checkouts-53886770-1":/host -w "$PWD" -e JAVA_HOME="/root/.sdkman/candidates/java/current" -e SPI_BUILD="1" -e SPI_PROCESSING="1" registry.gitlab.com/saguaro1/spi-images:wasm-6.1-latest swift build --swift-sdk wasm32-unknown-wasi 2>&1Build Log
========================================
RunAll
========================================
Builder version: 5.0.2
Interrupt handler set up.
========================================
Checkout
========================================
Clone URL: https://github.com/kaandedeoglu/shark.git
Reference: 2.2.0
Initialized empty Git repository in /host/spi-builder-workspace/.git/
hint: Using 'master' as the name for the initial branch. This default branch name
hint: is subject to change. To configure the initial branch name to use in all
hint: of your new repositories, which will suppress this warning, call:
hint:
hint: git config --global init.defaultBranch <name>
hint:
hint: Names commonly chosen instead of 'master' are 'main', 'trunk' and
hint: 'development'. The just-created branch can be renamed via this command:
hint:
hint: git branch -m <name>
From https://github.com/kaandedeoglu/shark
* tag 2.2.0 -> FETCH_HEAD
HEAD is now at 76a06fb Prepare Shark 2.2.0 release
Cloned https://github.com/kaandedeoglu/shark.git
Revision (git rev-parse @):
76a06fbe246287c42e4854af6d23cf389405401a
SUCCESS checkout https://github.com/kaandedeoglu/shark.git at 2.2.0
========================================
Build
========================================
Selected platform: wasm
Swift version: 6.1
Building package at path: $PWD
https://github.com/kaandedeoglu/shark.git
https://github.com/kaandedeoglu/shark.git
WARNING: environment variable SUPPRESS_SWIFT_6_FLAGS is not set
Running build ...
bash -c docker run --pull=always --rm -v "checkouts-53886770-1":/host -w "$PWD" -e JAVA_HOME="/root/.sdkman/candidates/java/current" -e SPI_BUILD="1" -e SPI_PROCESSING="1" registry.gitlab.com/saguaro1/spi-images:wasm-6.1-latest swift build --swift-sdk wasm32-unknown-wasi -Xswiftc -Xfrontend -Xswiftc -stats-output-dir -Xswiftc -Xfrontend -Xswiftc .stats -Xswiftc -strict-concurrency=complete -Xswiftc -enable-upcoming-feature -Xswiftc StrictConcurrency -Xswiftc -enable-upcoming-feature -Xswiftc DisableOutwardActorInference -Xswiftc -enable-upcoming-feature -Xswiftc GlobalActorIsolatedTypesUsability -Xswiftc -enable-upcoming-feature -Xswiftc InferSendableFromCaptures 2>&1
wasm-6.1-latest: Pulling from saguaro1/spi-images
Digest: sha256:290f441d1f5b7bf0dbbe61e8b7514208804cdcb507d57b3c762463ad036298f7
Status: Image is up to date for registry.gitlab.com/saguaro1/spi-images:wasm-6.1-latest
Fetching https://github.com/tuist/XcodeProj.git
Fetching https://github.com/apple/swift-argument-parser
[1/24856] Fetching xcodeproj
[4227/43260] Fetching xcodeproj, swift-argument-parser
[18642/24856] Fetching xcodeproj
Fetched https://github.com/apple/swift-argument-parser from cache (0.80s)
Fetched https://github.com/tuist/XcodeProj.git from cache (1.14s)
Computing version for https://github.com/tuist/XcodeProj.git
Computed https://github.com/tuist/XcodeProj.git at 9.16.0 (1.37s)
Fetching https://github.com/tadija/AEXML.git
Fetching https://github.com/kylef/PathKit.git
[1/1460] Fetching pathkit
Fetched https://github.com/kylef/PathKit.git from cache (0.49s)
[1/2159] Fetching aexml
Fetched https://github.com/tadija/AEXML.git from cache (0.89s)
Computing version for https://github.com/kylef/PathKit.git
Computed https://github.com/kylef/PathKit.git at 1.0.1 (1.84s)
Fetching https://github.com/kylef/Spectre.git
[1/1021] Fetching spectre
Fetched https://github.com/kylef/Spectre.git from cache (0.98s)
Computing version for https://github.com/tadija/AEXML.git
Computed https://github.com/tadija/AEXML.git at 4.7.0 (1.20s)
Computing version for https://github.com/kylef/Spectre.git
Computed https://github.com/kylef/Spectre.git at 0.10.1 (0.92s)
Computing version for https://github.com/apple/swift-argument-parser
Computed https://github.com/apple/swift-argument-parser at 1.8.2 (0.23s)
Creating working copy for https://github.com/apple/swift-argument-parser
Working copy of https://github.com/apple/swift-argument-parser resolved at 1.8.2
Creating working copy for https://github.com/kylef/Spectre.git
Working copy of https://github.com/kylef/Spectre.git resolved at 0.10.1
Creating working copy for https://github.com/tuist/XcodeProj.git
Working copy of https://github.com/tuist/XcodeProj.git resolved at 9.16.0
Creating working copy for https://github.com/tadija/AEXML.git
Working copy of https://github.com/tadija/AEXML.git resolved at 4.7.0
Creating working copy for https://github.com/kylef/PathKit.git
Working copy of https://github.com/kylef/PathKit.git resolved at 1.0.1
[1/1] Compiling plugin GenerateManual
[2/2] Compiling plugin GenerateDoccReference
Building for debugging...
[2/19] Write sources
[9/19] Write swift-version-24593BA9C3E375BF.txt
[11/30] Emitting module ArgumentParserToolInfo
<unknown>:0: warning: upcoming feature 'InferSendableFromCaptures' is already enabled as of Swift version 6
<unknown>:0: warning: upcoming feature 'GlobalActorIsolatedTypesUsability' is already enabled as of Swift version 6
<unknown>:0: warning: upcoming feature 'DisableOutwardActorInference' is already enabled as of Swift version 6
[12/30] Compiling ArgumentParserToolInfo ToolInfo.swift
<unknown>:0: warning: upcoming feature 'InferSendableFromCaptures' is already enabled as of Swift version 6
<unknown>:0: warning: upcoming feature 'GlobalActorIsolatedTypesUsability' is already enabled as of Swift version 6
<unknown>:0: warning: upcoming feature 'DisableOutwardActorInference' is already enabled as of Swift version 6
[13/31] Wrapping AST for ArgumentParserToolInfo for debugging
[15/78] Compiling AEXML Options.swift
[16/78] Compiling AEXML Parser.swift
error: emit-module command failed with exit code 1 (use -v to see invocation)
[17/78] Emitting module PathKit
/host/spi-builder-workspace/.build/checkouts/PathKit/Sources/PathKit.swift:8:8: error: no such module 'Darwin'
6 | let system_glob = Glibc.glob
7 | #else
8 | import Darwin
| `- error: no such module 'Darwin'
9 |
10 | let system_glob = Darwin.glob
[18/78] Compiling PathKit PathKit.swift
/host/spi-builder-workspace/.build/checkouts/PathKit/Sources/PathKit.swift:8:8: error: no such module 'Darwin'
6 | let system_glob = Glibc.glob
7 | #else
8 | import Darwin
| `- error: no such module 'Darwin'
9 |
10 | let system_glob = Darwin.glob
<unknown>:0: warning: upcoming feature 'InferSendableFromCaptures' is already enabled as of Swift version 6
<unknown>:0: warning: upcoming feature 'GlobalActorIsolatedTypesUsability' is already enabled as of Swift version 6
<unknown>:0: warning: upcoming feature 'DisableOutwardActorInference' is already enabled as of Swift version 6
[19/78] Emitting module AEXML
[20/78] Compiling AEXML Error.swift
[21/78] Compiling AEXML Builders.swift
[22/78] Compiling AEXML Document.swift
Running build ...
bash -c docker run --pull=always --rm -v "checkouts-53886770-1":/host -w "$PWD" -e JAVA_HOME="/root/.sdkman/candidates/java/current" -e SPI_BUILD="1" -e SPI_PROCESSING="1" registry.gitlab.com/saguaro1/spi-images:wasm-6.1-latest swift build --swift-sdk wasm32-unknown-wasi 2>&1
wasm-6.1-latest: Pulling from saguaro1/spi-images
Digest: sha256:290f441d1f5b7bf0dbbe61e8b7514208804cdcb507d57b3c762463ad036298f7
Status: Image is up to date for registry.gitlab.com/saguaro1/spi-images:wasm-6.1-latest
[0/1] Planning build
[1/1] Compiling plugin GenerateManual
[2/2] Compiling plugin GenerateDoccReference
Building for debugging...
[2/12] Write swift-version-24593BA9C3E375BF.txt
[4/23] Compiling AEXML Options.swift
[5/23] Compiling AEXML Parser.swift
[6/23] Compiling AEXML Document.swift
error: emit-module command failed with exit code 1 (use -v to see invocation)
[7/23] Emitting module PathKit
/host/spi-builder-workspace/.build/checkouts/PathKit/Sources/PathKit.swift:8:8: error: no such module 'Darwin'
6 | let system_glob = Glibc.glob
7 | #else
8 | import Darwin
| `- error: no such module 'Darwin'
9 |
10 | let system_glob = Darwin.glob
[8/23] Compiling PathKit PathKit.swift
/host/spi-builder-workspace/.build/checkouts/PathKit/Sources/PathKit.swift:8:8: error: no such module 'Darwin'
6 | let system_glob = Glibc.glob
7 | #else
8 | import Darwin
| `- error: no such module 'Darwin'
9 |
10 | let system_glob = Darwin.glob
[9/23] Emitting module ArgumentParserToolInfo
[10/23] Emitting module AEXML
[11/23] Compiling AEXML Builders.swift
[12/23] Compiling AEXML Error.swift
BUILD FAILURE 6.1 wasm