The Swift Package Index logo.Swift Package Index

Build Information

Failed to build SwiftBlockfrostAPI, reference 0.2.1 (b7ade6), with Swift 6.4 for Wasm on 25 Sep 2026 07:57:05 UTC.

Build Command

bash -c docker run --pull=always --rm -v "checkouts-54344847-3":/host -w "$PWD" -e JAVA_HOME="/root/.sdkman/candidates/java/current" -e SPI_BUILD="1" -e SPI_PROCESSING="1" registry.gitlab.com/saguaro1/spi-images:wasm-6.4-latest swift build --swift-sdk swift-6.4.x-DEVELOPMENT-SNAPSHOT-2026-09-04-a_wasm 2>&1

Build Log

========================================
RunAll
========================================
Builder version: 5.1.0
Interrupt handler set up.
========================================
Checkout
========================================
Clone URL: https://github.com/Kingpin-Apps/swift-blockfrost-api.git
Reference: 0.2.1
Initialized empty Git repository in /host/spi-builder-workspace/.git/
hint: Using 'master' as the name for the initial branch. This default branch name
hint: is subject to change. To configure the initial branch name to use in all
hint: of your new repositories, which will suppress this warning, call:
hint:
hint: 	git config --global init.defaultBranch <name>
hint:
hint: Names commonly chosen instead of 'master' are 'main', 'trunk' and
hint: 'development'. The just-created branch can be renamed via this command:
hint:
hint: 	git branch -m <name>
From https://github.com/Kingpin-Apps/swift-blockfrost-api
 * tag               0.2.1      -> FETCH_HEAD
HEAD is now at b7ade64 bump: version 0.2.0 → 0.2.1
Cloned https://github.com/Kingpin-Apps/swift-blockfrost-api.git
Revision (git rev-parse @):
b7ade6420034b41606c8a55753588cf0a765f67a
SPI manifest file found: $PWD/.spi.yml
SUCCESS checkout https://github.com/Kingpin-Apps/swift-blockfrost-api.git at 0.2.1
========================================
Build
========================================
Selected platform:         wasm
Swift version:             6.4
Building package at path:  $PWD
https://github.com/Kingpin-Apps/swift-blockfrost-api.git
Running build ...
bash -c docker run --pull=always --rm -v "checkouts-54344847-3":/host -w "$PWD" -e JAVA_HOME="/root/.sdkman/candidates/java/current" -e SPI_BUILD="1" -e SPI_PROCESSING="1" registry.gitlab.com/saguaro1/spi-images:wasm-6.4-latest swift build --swift-sdk swift-6.4.x-DEVELOPMENT-SNAPSHOT-2026-09-04-a_wasm 2>&1
wasm-6.4-latest: Pulling from saguaro1/spi-images
Digest: sha256:4328fdb43c680d205c1d6761b1e3267aa38277eefdda9ddfb17b6a0f1a77857a
Status: Image is up to date for registry.gitlab.com/saguaro1/spi-images:wasm-6.4-latest
Fetching https://github.com/apple/swift-openapi-generator
Fetching https://github.com/apple/swift-openapi-urlsession
Fetching https://github.com/apple/swift-openapi-runtime
Fetching https://github.com/apple/swift-nio-ssl
[1/1179] Fetching swift-openapi-urlsession
[1098/17244] Fetching swift-openapi-urlsession, swift-nio-ssl
[1099/24192] Fetching swift-openapi-urlsession, swift-nio-ssl, swift-openapi-runtime
Fetching https://github.com/apple/swift-nio
Fetched https://github.com/apple/swift-openapi-urlsession (0.57s)
[2364/23013] Fetching swift-nio-ssl, swift-openapi-runtime
[6950/41420] Fetching swift-nio-ssl, swift-openapi-runtime, swift-openapi-generator
Fetched https://github.com/apple/swift-openapi-runtime (0.70s)
[186/34472] Fetching swift-nio-ssl, swift-openapi-generator
[34473/120563] Fetching swift-nio-ssl, swift-openapi-generator, swift-nio
Fetched https://github.com/apple/swift-openapi-generator (1.97s)
[34145/102156] Fetching swift-nio-ssl, swift-nio
Fetched https://github.com/apple/swift-nio-ssl (1.98s)
[19801/86091] Fetching swift-nio
Fetched https://github.com/apple/swift-nio (3.33s)
Computing version for https://github.com/apple/swift-openapi-urlsession
Computed https://github.com/apple/swift-openapi-urlsession at 1.3.1 (5.22s)
Fetching https://github.com/apple/swift-http-types
Fetching https://github.com/apple/swift-collections
[1/1935] Fetching swift-http-types
Fetched https://github.com/apple/swift-http-types (0.54s)
[1/27712] Fetching swift-collections
Fetched https://github.com/apple/swift-collections (1.29s)
Computing version for https://github.com/apple/swift-openapi-runtime
Computed https://github.com/apple/swift-openapi-runtime at 1.12.1 (1.50s)
Computing version for https://github.com/apple/swift-http-types
Computed https://github.com/apple/swift-http-types at 1.8.0 (0.25s)
Computing version for https://github.com/apple/swift-openapi-generator
Computed https://github.com/apple/swift-openapi-generator at 1.13.1 (0.29s)
Fetching https://github.com/jpsim/Yams
Fetching https://github.com/mattpolzin/OpenAPIKit
Fetching https://github.com/apple/swift-argument-parser
Fetching https://github.com/apple/swift-algorithms
[1/6145] Fetching swift-algorithms
[186/25086] Fetching swift-algorithms, swift-argument-parser
[1482/36947] Fetching swift-algorithms, swift-argument-parser, yams
Fetched https://github.com/apple/swift-algorithms (0.63s)
[7698/30802] Fetching swift-argument-parser, yams
Fetched https://github.com/apple/swift-argument-parser (0.92s)
[8185/11861] Fetching yams
[11862/187028] Fetching yams, openapikit
Fetched https://github.com/jpsim/Yams (5.38s)
Fetched https://github.com/mattpolzin/OpenAPIKit (5.42s)
Computing version for https://github.com/apple/swift-algorithms
Computed https://github.com/apple/swift-algorithms at 1.2.1 (6.52s)
Fetching https://github.com/apple/swift-numerics.git
[1/6640] Fetching swift-numerics
Fetched https://github.com/apple/swift-numerics.git (0.60s)
Computing version for https://github.com/mattpolzin/OpenAPIKit
Computed https://github.com/mattpolzin/OpenAPIKit at 6.4.0 (0.79s)
Computing version for https://github.com/apple/swift-numerics.git
Computed https://github.com/apple/swift-numerics.git at 1.1.1 (0.16s)
Computing version for https://github.com/apple/swift-argument-parser
Computed https://github.com/apple/swift-argument-parser at 1.8.2 (0.19s)
Computing version for https://github.com/apple/swift-nio-ssl
Computed https://github.com/apple/swift-nio-ssl at 2.37.5 (0.24s)
Computing version for https://github.com/apple/swift-nio
Computed https://github.com/apple/swift-nio at 2.103.0 (0.37s)
Fetching https://github.com/apple/swift-system.git
Fetching https://github.com/apple/swift-atomics.git
[1/1881] Fetching swift-atomics
[1882/8833] Fetching swift-atomics, swift-system
Fetched https://github.com/apple/swift-atomics.git (0.63s)
[2573/6952] Fetching swift-system
Fetched https://github.com/apple/swift-system.git (0.77s)
Computing version for https://github.com/apple/swift-atomics.git
Computed https://github.com/apple/swift-atomics.git at 1.3.1 (0.98s)
Computing version for https://github.com/apple/swift-collections
Computed https://github.com/apple/swift-collections at 1.7.0 (0.42s)
Computing version for https://github.com/apple/swift-system.git
Computed https://github.com/apple/swift-system.git at 1.8.1 (0.28s)
Computing version for https://github.com/jpsim/Yams
Computed https://github.com/jpsim/Yams at 6.2.2 (0.23s)
Creating working copy for https://github.com/apple/swift-openapi-generator
Working copy of https://github.com/apple/swift-openapi-generator resolved at 1.13.1
Creating working copy for https://github.com/apple/swift-collections
Working copy of https://github.com/apple/swift-collections resolved at 1.7.0
Creating working copy for https://github.com/jpsim/Yams
Working copy of https://github.com/jpsim/Yams resolved at 6.2.2
Creating working copy for https://github.com/apple/swift-nio-ssl
Working copy of https://github.com/apple/swift-nio-ssl resolved at 2.37.5
Creating working copy for https://github.com/apple/swift-openapi-urlsession
Working copy of https://github.com/apple/swift-openapi-urlsession resolved at 1.3.1
Creating working copy for https://github.com/apple/swift-argument-parser
Working copy of https://github.com/apple/swift-argument-parser resolved at 1.8.2
Creating working copy for https://github.com/apple/swift-openapi-runtime
Working copy of https://github.com/apple/swift-openapi-runtime resolved at 1.12.1
Creating working copy for https://github.com/apple/swift-algorithms
Working copy of https://github.com/apple/swift-algorithms resolved at 1.2.1
Creating working copy for https://github.com/apple/swift-http-types
Working copy of https://github.com/apple/swift-http-types resolved at 1.8.0
Creating working copy for https://github.com/apple/swift-system.git
Working copy of https://github.com/apple/swift-system.git resolved at 1.8.1
Creating working copy for https://github.com/apple/swift-atomics.git
Working copy of https://github.com/apple/swift-atomics.git resolved at 1.3.1
Creating working copy for https://github.com/apple/swift-nio
Working copy of https://github.com/apple/swift-nio resolved at 2.103.0
Creating working copy for https://github.com/mattpolzin/OpenAPIKit
Working copy of https://github.com/mattpolzin/OpenAPIKit resolved at 6.4.0
Creating working copy for https://github.com/apple/swift-numerics.git
Working copy of https://github.com/apple/swift-numerics.git resolved at 1.1.1
Building for debugging...
[Computing dependencies]
[Constructing description]
[Pre-planning 1 / 1464]
[Planning 299 / 1464]
[Planning 1008 / 1464]
[Planning 1426 / 1464]
[Planning deferred tasks]
[Constructing 201 / 3494]
[Constructing 2743 / 3494]
[Starting]
[78 / 873] OpenAPIKitCompat
[78 / 873] OpenAPIKitCore
[212 / 873] Algorithms
[226 / 879]
[230 / 882] _NIODataStructures
[235 / 887] HTTPTypes
[236 / 912] RealModule
[239 / 939] OpenAPIKitCore
[240 / 939] _NIOBase64
[243 / 939] _NIODataStructures
[256 / 939] RealModule
[263 / 939] Yams
[263 / 939] OpenAPIKitCore
[275 / 939] Yams
[276 / 939] Yams
[286 / 939] _NIODataStructures
[289 / 940] _NIOBase64
[289 / 940] Yams-product
[291 / 940] _NIOBase64
[293 / 941] _NIOBase64
[296 / 941] RealModule
[297 / 941] _NIODataStructures
[299 / 941] _NIODataStructures
[300 / 941] _NIODataStructures
[302 / 941] RealModule-product
[305 / 941] OpenAPIKitCore
[307 / 942] RealModule
[308 / 942] OpenAPIKitCore
[310 / 942] RealModule
[314 / 942] OpenAPIKit30
[316 / 943] Yams
[317 / 943] NIOConcurrencyHelpers
[319 / 943] Yams
[322 / 943] NIOConcurrencyHelpers
[324 / 943] InternalCollectionsUtilities
[325 / 943] SpanPreview
[326 / 943] SpanPreview
[329 / 943] InternalCollectionsUtilities
[331 / 943] HTTPTypes
[332 / 944] NIOConcurrencyHelpers
[334 / 945] OpenAPIKitCore
[336 / 945] OpenAPIKitCore
[337 / 945] HTTPTypes-product
[338 / 945] HTTPTypes-product
[339 / 945] InternalCollectionsUtilities
[341 / 945] HTTPTypes
[342 / 945] HTTPTypes
[343 / 945] OpenAPIKitCore
[345 / 945] CYaml
[346 / 945] CYaml
[348 / 945] CYaml
[349 / 945] HTTPTypes
[359 / 945]
[366 / 952] SpanPreview
[369 / 952] SpanPreview
[381 / 974] CNIOLinux
[387 / 995] OpenAPIKit
[388 / 995] SpanPreview
[396 / 995] OpenAPIRuntime
error: SwiftCompile normal wasm32 /host/spi-builder-workspace/.build/checkouts/swift-openapi-runtime/Sources/OpenAPIRuntime/Interface/ClientTransport.swift failed with a nonzero exit code. Command line:     cd /host
    builtin-SwiftPerFileCompile ClientTransport.swift
error: SwiftCompile normal wasm32 /host/spi-builder-workspace/.build/checkouts/swift-openapi-runtime/Sources/OpenAPIRuntime/Interface/CurrencyTypes.swift failed with a nonzero exit code. Command line:     cd /host
    builtin-SwiftPerFileCompile CurrencyTypes.swift
error: SwiftCompile normal wasm32 /host/spi-builder-workspace/.build/checkouts/swift-openapi-runtime/Sources/OpenAPIRuntime/Interface/ErrorHandlingMiddleware.swift failed with a nonzero exit code. Command line:     cd /host
    builtin-SwiftPerFileCompile ErrorHandlingMiddleware.swift
error: SwiftCompile normal wasm32 /host/spi-builder-workspace/.build/checkouts/swift-openapi-runtime/Sources/OpenAPIRuntime/Interface/HTTPBody.swift failed with a nonzero exit code. Command line:     cd /host
    builtin-SwiftPerFileCompile HTTPBody.swift
error: SwiftCompile normal wasm32 /host/spi-builder-workspace/.build/checkouts/swift-openapi-runtime/Sources/OpenAPIRuntime/Interface/QuerySpaceNormalizingMiddleware.swift failed with a nonzero exit code. Command line:     cd /host
    builtin-SwiftPerFileCompile QuerySpaceNormalizingMiddleware.swift
error: SwiftCompile normal wasm32 /host/spi-builder-workspace/.build/checkouts/swift-openapi-runtime/Sources/OpenAPIRuntime/Interface/SendableMetatype.swift failed with a nonzero exit code. Command line:     cd /host
    builtin-SwiftPerFileCompile SendableMetatype.swift
error: SwiftCompile normal wasm32 /host/spi-builder-workspace/.build/checkouts/swift-openapi-runtime/Sources/OpenAPIRuntime/Interface/ServerTransport.swift failed with a nonzero exit code. Command line:     cd /host
    builtin-SwiftPerFileCompile ServerTransport.swift
[397 / 996] OpenAPIRuntime
error: SwiftCompile normal wasm32 /host/spi-builder-workspace/.build/checkouts/swift-openapi-runtime/Sources/OpenAPIRuntime/Interface/UniversalClient.swift failed with a nonzero exit code. Command line:     cd /host
    builtin-SwiftPerFileCompile UniversalClient.swift
error: SwiftCompile normal wasm32 /host/spi-builder-workspace/.build/checkouts/swift-openapi-runtime/Sources/OpenAPIRuntime/Interface/UniversalServer.swift failed with a nonzero exit code. Command line:     cd /host
    builtin-SwiftPerFileCompile UniversalServer.swift
/root/.swiftpm/swift-sdks/swift-6.4.x-DEVELOPMENT-SNAPSHOT-2026-09-04-a_wasm.artifactbundle/swift-6.4.x-DEVELOPMENT-SNAPSHOT-2026-09-04-a_wasm/wasm32-unknown-wasip1/swift.xctoolchain/usr/lib/swift_static/CoreFoundation/CoreFoundation.h:28:10: note: while building module 'wasi_emulated_signal' imported from /root/.swiftpm/swift-sdks/swift-6.4.x-DEVELOPMENT-SNAPSHOT-2026-09-04-a_wasm.artifactbundle/swift-6.4.x-DEVELOPMENT-SNAPSHOT-2026-09-04-a_wasm/wasm32-unknown-wasip1/swift.xctoolchain/usr/lib/swift_static/CoreFoundation/CoreFoundation.h:28:
 26 | #include <setjmp.h>
 27 | #endif
 28 | #include <signal.h>
    |          `- note: while building module 'wasi_emulated_signal' imported from /root/.swiftpm/swift-sdks/swift-6.4.x-DEVELOPMENT-SNAPSHOT-2026-09-04-a_wasm.artifactbundle/swift-6.4.x-DEVELOPMENT-SNAPSHOT-2026-09-04-a_wasm/wasm32-unknown-wasip1/swift.xctoolchain/usr/lib/swift_static/CoreFoundation/CoreFoundation.h:28:
 29 | #include <stddef.h>
 30 | #include <stdio.h>
<module-includes>:1:10: note: in file included from <module-includes>:1:
1 | #include "signal.h"
  |          `- note: in file included from <module-includes>:1:
2 |
/root/.swiftpm/swift-sdks/swift-6.4.x-DEVELOPMENT-SNAPSHOT-2026-09-04-a_wasm.artifactbundle/swift-6.4.x-DEVELOPMENT-SNAPSHOT-2026-09-04-a_wasm/wasm32-unknown-wasip1/WASI.sdk/include/wasm32-wasip1/signal.h:2:2: error: "wasm lacks signal support; to enable minimal signal emulation, compile with -D_WASI_EMULATED_SIGNAL and link with -lwasi-emulated-signal"
  1 | #ifndef _WASI_EMULATED_SIGNAL
  2 | #error "wasm lacks signal support; to enable minimal signal emulation, \
    |  `- error: "wasm lacks signal support; to enable minimal signal emulation, compile with -D_WASI_EMULATED_SIGNAL and link with -lwasi-emulated-signal"
  3 | compile with -D_WASI_EMULATED_SIGNAL and link with -lwasi-emulated-signal"
  4 | #else
<module-includes>:1:10: note: in file included from <module-includes>:1:
1 | #include "CoreFoundation.h"
  |          `- note: in file included from <module-includes>:1:
2 |
/root/.swiftpm/swift-sdks/swift-6.4.x-DEVELOPMENT-SNAPSHOT-2026-09-04-a_wasm.artifactbundle/swift-6.4.x-DEVELOPMENT-SNAPSHOT-2026-09-04-a_wasm/wasm32-unknown-wasip1/swift.xctoolchain/usr/lib/swift_static/CoreFoundation/CoreFoundation.h:28:10: error: could not build module 'wasi_emulated_signal'
 26 | #include <setjmp.h>
 27 | #endif
 28 | #include <signal.h>
    |          `- error: could not build module 'wasi_emulated_signal'
 29 | #include <stddef.h>
 30 | #include <stdio.h>
/root/.swiftpm/swift-sdks/swift-6.4.x-DEVELOPMENT-SNAPSHOT-2026-09-04-a_wasm.artifactbundle/swift-6.4.x-DEVELOPMENT-SNAPSHOT-2026-09-04-a_wasm/wasm32-unknown-wasip1/swift.xctoolchain/usr/lib/swift_static/CoreFoundation/ForSwiftFoundationOnly.h:86:10: note: while building module 'wasi_emulated_mman' imported from /root/.swiftpm/swift-sdks/swift-6.4.x-DEVELOPMENT-SNAPSHOT-2026-09-04-a_wasm.artifactbundle/swift-6.4.x-DEVELOPMENT-SNAPSHOT-2026-09-04-a_wasm/wasm32-unknown-wasip1/swift.xctoolchain/usr/lib/swift_static/CoreFoundation/ForSwiftFoundationOnly.h:86:
 84 | #undef _WASI_EMULATED_MMAN
 85 | #define _WASI_EMULATED_MMAN
 86 | #include <sys/mman.h>
    |          `- note: while building module 'wasi_emulated_mman' imported from /root/.swiftpm/swift-sdks/swift-6.4.x-DEVELOPMENT-SNAPSHOT-2026-09-04-a_wasm.artifactbundle/swift-6.4.x-DEVELOPMENT-SNAPSHOT-2026-09-04-a_wasm/wasm32-unknown-wasip1/swift.xctoolchain/usr/lib/swift_static/CoreFoundation/ForSwiftFoundationOnly.h:86:
 87 | #elif TARGET_OS_LINUX
 88 | #include <errno.h>
<module-includes>:1:10: note: in file included from <module-includes>:1:
1 | #include "sys/mman.h"
  |          `- note: in file included from <module-includes>:1:
2 |
/root/.swiftpm/swift-sdks/swift-6.4.x-DEVELOPMENT-SNAPSHOT-2026-09-04-a_wasm.artifactbundle/swift-6.4.x-DEVELOPMENT-SNAPSHOT-2026-09-04-a_wasm/wasm32-unknown-wasip1/WASI.sdk/include/wasm32-wasip1/sys/mman.h:2:2: error: "WASI lacks a true mmap; to enable minimal mmap emulation, compile with -D_WASI_EMULATED_MMAN and link with -lwasi-emulated-mman"
  1 | #ifndef _WASI_EMULATED_MMAN
  2 | #error "WASI lacks a true mmap; to enable minimal mmap emulation, \
    |  `- error: "WASI lacks a true mmap; to enable minimal mmap emulation, compile with -D_WASI_EMULATED_MMAN and link with -lwasi-emulated-mman"
  3 | compile with -D_WASI_EMULATED_MMAN and link with -lwasi-emulated-mman"
  4 | #else
/host/spi-builder-workspace/.build/checkouts/swift-openapi-runtime/Sources/OpenAPIRuntime/Base/OpenAPIValue.swift:22:8: error: could not build C module 'CoreFoundation'
 20 |
 21 | #if canImport(CoreFoundation) && (FullFoundation || canImport(Darwin))
 22 | import CoreFoundation
    |        `- error: could not build C module 'CoreFoundation'
 23 | #endif
 24 |
Failed frontend command:
/usr/bin/swift-frontend -frontend -c /host/spi-builder-workspace/.build/checkouts/swift-openapi-runtime/Sources/OpenAPIRuntime/Base/Acceptable.swift /host/spi-builder-workspace/.build/checkouts/swift-openapi-runtime/Sources/OpenAPIRuntime/Base/Base64EncodedData.swift /host/spi-builder-workspace/.build/checkouts/swift-openapi-runtime/Sources/OpenAPIRuntime/Base/ByteUtilities.swift /host/spi-builder-workspace/.build/checkouts/swift-openapi-runtime/Sources/OpenAPIRuntime/Base/ContentDisposition.swift /host/spi-builder-workspace/.build/checkouts/swift-openapi-runtime/Sources/OpenAPIRuntime/Base/CopyOnWriteBox.swift /host/spi-builder-workspace/.build/checkouts/swift-openapi-runtime/Sources/OpenAPIRuntime/Base/Lock.swift /host/spi-builder-workspace/.build/checkouts/swift-openapi-runtime/Sources/OpenAPIRuntime/Base/OpenAPIMIMEType.swift /host/spi-builder-workspace/.build/checkouts/swift-openapi-runtime/Sources/OpenAPIRuntime/Base/OpenAPIValue.swift /host/spi-builder-workspace/.build/checkouts/swift-openapi-runtime/Sources/OpenAPIRuntime/Base/PrettyStringConvertible.swift /host/spi-builder-workspace/.build/checkouts/swift-openapi-runtime/Sources/OpenAPIRuntime/Base/UndocumentedPayload.swift /host/spi-builder-workspace/.build/checkouts/swift-openapi-runtime/Sources/OpenAPIRuntime/Base/WarningSuppressingAnnotations.swift /host/spi-builder-workspace/.build/checkouts/swift-openapi-runtime/Sources/OpenAPIRuntime/Conversion/CodableExtensions.swift /host/spi-builder-workspace/.build/checkouts/swift-openapi-runtime/Sources/OpenAPIRuntime/Conversion/Configuration.swift /host/spi-builder-workspace/.build/checkouts/swift-openapi-runtime/Sources/OpenAPIRuntime/Conversion/Converter+Client.swift /host/spi-builder-workspace/.build/checkouts/swift-openapi-runtime/Sources/OpenAPIRuntime/Conversion/Converter+Common.swift /host/spi-builder-workspace/.build/checkouts/swift-openapi-runtime/Sources/OpenAPIRuntime/Conversion/Converter+Server.swift /host/spi-builder-workspace/.build/checkouts/swift-openapi-runtime/Sources/OpenAPIRuntime/Conversion/Converter.swift /host/spi-builder-workspace/.build/checkouts/swift-openapi-runtime/Sources/OpenAPIRuntime/Conversion/CurrencyExtensions.swift /host/spi-builder-workspace/.build/checkouts/swift-openapi-runtime/Sources/OpenAPIRuntime/Conversion/ErrorExtensions.swift /host/spi-builder-workspace/.build/checkouts/swift-openapi-runtime/Sources/OpenAPIRuntime/Conversion/FoundationExtensions.swift /host/spi-builder-workspace/.build/checkouts/swift-openapi-runtime/Sources/OpenAPIRuntime/Conversion/ParameterStyles.swift /host/spi-builder-workspace/.build/checkouts/swift-openapi-runtime/Sources/OpenAPIRuntime/Conversion/ServerVariable.swift /host/spi-builder-workspace/.build/checkouts/swift-openapi-runtime/Sources/OpenAPIRuntime/Conversion/URLExtensions.swift /host/spi-builder-workspace/.build/checkouts/swift-openapi-runtime/Sources/OpenAPIRuntime/Deprecated/Deprecated.swift /host/spi-builder-workspace/.build/checkouts/swift-openapi-runtime/Sources/OpenAPIRuntime/Errors/ClientError.swift /host/spi-builder-workspace/.build/checkouts/swift-openapi-runtime/Sources/OpenAPIRuntime/Errors/CodingErrors.swift /host/spi-builder-workspace/.build/checkouts/swift-openapi-runtime/Sources/OpenAPIRuntime/Errors/RuntimeError.swift /host/spi-builder-workspace/.build/checkouts/swift-openapi-runtime/Sources/OpenAPIRuntime/Errors/ServerError.swift /host/spi-builder-workspace/.build/checkouts/swift-openapi-runtime/Sources/OpenAPIRuntime/EventStreams/JSONLinesDecoding.swift /host/spi-builder-workspace/.build/checkouts/swift-openapi-runtime/Sources/OpenAPIRuntime/EventStreams/JSONLinesEncoding.swift /host/spi-builder-workspace/.build/checkouts/swift-openapi-runtime/Sources/OpenAPIRuntime/EventStreams/JSONSequenceDecoding.swift /host/spi-builder-workspace/.build/checkouts/swift-openapi-runtime/Sources/OpenAPIRuntime/EventStreams/JSONSequenceEncoding.swift /host/spi-builder-workspace/.build/checkouts/swift-openapi-runtime/Sources/OpenAPIRuntime/EventStreams/ServerSentEvents.swift /host/spi-builder-workspace/.build/checkouts/swift-openapi-runtime/Sources/OpenAPIRuntime/EventStreams/ServerSentEventsDecoding.swift /host/spi-builder-workspace/.build/checkouts/swift-openapi-runtime/Sources/OpenAPIRuntime/EventStreams/ServerSentEventsEncoding.swift /host/spi-builder-workspace/.build/checkouts/swift-openapi-runtime/Sources/OpenAPIRuntime/Interface/AsyncSequenceCommon.swift -primary-file /host/spi-builder-workspace/.build/checkouts/swift-openapi-runtime/Sources/OpenAPIRuntime/Interface/ClientTransport.swift -primary-file /host/spi-builder-workspace/.build/checkouts/swift-openapi-runtime/Sources/OpenAPIRuntime/Interface/CurrencyTypes.swift -primary-file /host/spi-builder-workspace/.build/checkouts/swift-openapi-runtime/Sources/OpenAPIRuntime/Interface/ErrorHandlingMiddleware.swift -primary-file /host/spi-builder-workspace/.build/checkouts/swift-openapi-runtime/Sources/OpenAPIRuntime/Interface/HTTPBody.swift -primary-file /host/spi-builder-workspace/.build/checkouts/swift-openapi-runtime/Sources/OpenAPIRuntime/Interface/QuerySpaceNormalizingMiddleware.swift -primary-file /host/spi-builder-workspace/.build/checkouts/swift-openapi-runtime/Sources/OpenAPIRuntime/Interface/SendableMetatype.swift -primary-file /host/spi-builder-workspace/.build/checkouts/swift-openapi-runtime/Sources/OpenAPIRuntime/Interface/ServerTransport.swift -primary-file /host/spi-builder-workspace/.build/checkouts/swift-openapi-runtime/Sources/OpenAPIRuntime/Interface/UniversalClient.swift -primary-file /host/spi-builder-workspace/.build/checkouts/swift-openapi-runtime/Sources/OpenAPIRuntime/Interface/UniversalServer.swift /host/spi-builder-workspace/.build/checkouts/swift-openapi-runtime/Sources/OpenAPIRuntime/Multipart/MultipartBoundaryGenerator.swift /host/spi-builder-workspace/.build/checkouts/swift-openapi-runtime/Sources/OpenAPIRuntime/Multipart/MultipartBytesToFramesSequence.swift /host/spi-builder-workspace/.build/checkouts/swift-openapi-runtime/Sources/OpenAPIRuntime/Multipart/MultipartFramesToBytesSequence.swift /host/spi-builder-workspace/.build/checkouts/swift-openapi-runtime/Sources/OpenAPIRuntime/Multipart/MultipartFramesToRawPartsSequence.swift /host/spi-builder-workspace/.build/checkouts/swift-openapi-runtime/Sources/OpenAPIRuntime/Multipart/MultipartInternalTypes.swift /host/spi-builder-workspace/.build/checkouts/swift-openapi-runtime/Sources/OpenAPIRuntime/Multipart/MultipartPublicTypes.swift /host/spi-builder-workspace/.build/checkouts/swift-openapi-runtime/Sources/OpenAPIRuntime/Multipart/MultipartPublicTypesExtensions.swift /host/spi-builder-workspace/.build/checkouts/swift-openapi-runtime/Sources/OpenAPIRuntime/Multipart/MultipartRawPartsToFramesSequence.swift /host/spi-builder-workspace/.build/checkouts/swift-openapi-runtime/Sources/OpenAPIRuntime/Multipart/MultipartValidation.swift /host/spi-builder-workspace/.build/checkouts/swift-openapi-runtime/Sources/OpenAPIRuntime/Multipart/OpenAPIMIMEType+Multipart.swift /host/spi-builder-workspace/.build/checkouts/swift-openapi-runtime/Sources/OpenAPIRuntime/URICoder/Common/URICodeCodingKey.swift /host/spi-builder-workspace/.build/checkouts/swift-openapi-runtime/Sources/OpenAPIRuntime/URICoder/Common/URICoderConfiguration.swift /host/spi-builder-workspace/.build/checkouts/swift-openapi-runtime/Sources/OpenAPIRuntime/URICoder/Common/URIEncodedNode.swift /host/spi-builder-workspace/.build/checkouts/swift-openapi-runtime/Sources/OpenAPIRuntime/URICoder/Common/URIParsedTypes.swift /host/spi-builder-workspace/.build/checkouts/swift-openapi-runtime/Sources/OpenAPIRuntime/URICoder/Decoding/URIDecoder.swift /host/spi-builder-workspace/.build/checkouts/swift-openapi-runtime/Sources/OpenAPIRuntime/URICoder/Decoding/URIValueFromNodeDecoder+Keyed.swift /host/spi-builder-workspace/.build/checkouts/swift-openapi-runtime/Sources/OpenAPIRuntime/URICoder/Decoding/URIValueFromNodeDecoder+Single.swift /host/spi-builder-workspace/.build/checkouts/swift-openapi-runtime/Sources/OpenAPIRuntime/URICoder/Decoding/URIValueFromNodeDecoder+Unkeyed.swift /host/spi-builder-workspace/.build/checkouts/swift-openapi-runtime/Sources/OpenAPIRuntime/URICoder/Decoding/URIValueFromNodeDecoder.swift /host/spi-builder-workspace/.build/checkouts/swift-openapi-runtime/Sources/OpenAPIRuntime/URICoder/Encoding/URIEncoder.swift /host/spi-builder-workspace/.build/checkouts/swift-openapi-runtime/Sources/OpenAPIRuntime/URICoder/Encoding/URIValueToNodeEncoder+Keyed.swift /host/spi-builder-workspace/.build/checkouts/swift-openapi-runtime/Sources/OpenAPIRuntime/URICoder/Encoding/URIValueToNodeEncoder+Single.swift /host/spi-builder-workspace/.build/checkouts/swift-openapi-runtime/Sources/OpenAPIRuntime/URICoder/Encoding/URIValueToNodeEncoder+Unkeyed.swift /host/spi-builder-workspace/.build/checkouts/swift-openapi-runtime/Sources/OpenAPIRuntime/URICoder/Encoding/URIValueToNodeEncoder.swift /host/spi-builder-workspace/.build/checkouts/swift-openapi-runtime/Sources/OpenAPIRuntime/URICoder/Parsing/URIParser.swift /host/spi-builder-workspace/.build/checkouts/swift-openapi-runtime/Sources/OpenAPIRuntime/URICoder/Serialization/URISerializer.swift -supplementary-output-file-map /host/spi-builder-workspace/.build/out/Intermediates.noindex/swift-openapi-runtime.build/Debug-webassembly-wasm32/OpenAPIRuntime-t.build/Objects-normal/wasm32/supplementaryOutputs-26 -target wasm32-unknown-wasip1 -disable-objc-interop -sdk /root/.swiftpm/swift-sdks/swift-6.4.x-DEVELOPMENT-SNAPSHOT-2026-09-04-a_wasm.artifactbundle/swift-6.4.x-DEVELOPMENT-SNAPSHOT-2026-09-04-a_wasm/wasm32-unknown-wasip1/WASI.sdk -sysroot /root/.swiftpm/swift-sdks/swift-6.4.x-DEVELOPMENT-SNAPSHOT-2026-09-04-a_wasm.artifactbundle/swift-6.4.x-DEVELOPMENT-SNAPSHOT-2026-09-04-a_wasm/wasm32-unknown-wasip1/WASI.sdk -I /host/spi-builder-workspace/.build/out/Products/Debug-webassembly-wasm32 -module-cache-path /host/spi-builder-workspace/.build/out/ModuleCache.noindex -color-diagnostics -Xcc -fcolor-diagnostics -enable-testing -g -debug-info-format\=dwarf -dwarf-version\=4 -suppress-warnings -swift-version 6 -Onone -D SWIFT_PACKAGE -D DEBUG -D SWIFT_MODULE_RESOURCE_BUNDLE_UNAVAILABLE -D FullFoundation -D Xcode -serialize-debugging-options -enable-upcoming-feature ExistentialAny -enable-upcoming-feature MemberImportVisibility -enable-upcoming-feature InternalImportsByDefault -enable-experimental-feature DebugDescriptionMacro -empty-abi-descriptor -external-plugin-path /usr/lib/swift/host/plugins/testing\#/usr/bin/swift-plugin-server -user-module-version 1.12.1 -validate-clang-modules-once -clang-build-session-file /host/spi-builder-workspace/.build/out/ModuleCache.noindex/Session.modulevalidation -Xcc -working-directory -Xcc /host -resource-dir /root/.swiftpm/swift-sdks/swift-6.4.x-DEVELOPMENT-SNAPSHOT-2026-09-04-a_wasm.artifactbundle/swift-6.4.x-DEVELOPMENT-SNAPSHOT-2026-09-04-a_wasm/wasm32-unknown-wasip1/swift.xctoolchain/usr/lib/swift_static -use-static-resource-dir -enable-anonymous-context-mangled-names -file-compilation-dir /host -Xcc -resource-dir -Xcc /root/.swiftpm/swift-sdks/swift-6.4.x-DEVELOPMENT-SNAPSHOT-2026-09-04-a_wasm.artifactbundle/swift-6.4.x-DEVELOPMENT-SNAPSHOT-2026-09-04-a_wasm/wasm32-unknown-wasip1/swift.xctoolchain/usr/lib/swift_static/clang -Xcc -D_LIBCPP_HARDENING_MODE\=_LIBCPP_HARDENING_MODE_DEBUG -Xcc -fmodules-prune-interval\=86400 -Xcc -fmodules-prune-after\=345600 -Xcc -I/host/spi-builder-workspace/.build/out/Products/Debug-webassembly-wasm32/include -Xcc -I/host/spi-builder-workspace/.build/out/Intermediates.noindex/swift-openapi-runtime.build/Debug-webassembly-wasm32/OpenAPIRuntime-t.build/DerivedSources-normal/wasm32 -Xcc -I/host/spi-builder-workspace/.build/out/Intermediates.noindex/swift-openapi-runtime.build/Debug-webassembly-wasm32/OpenAPIRuntime-t.build/DerivedSources/wasm32 -Xcc -I/host/spi-builder-workspace/.build/out/Intermediates.noindex/swift-openapi-runtime.build/Debug-webassembly-wasm32/OpenAPIRuntime-t.build/DerivedSources -Xcc -DSWIFT_PACKAGE -Xcc -DDEBUG\=1 -no-auto-bridging-header-chaining -module-name OpenAPIRuntime -package-name swift_openapi_runtime -const-gather-protocols-file /host/spi-builder-workspace/.build/out/Intermediates.noindex/swift-openapi-runtime.build/Debug-webassembly-wasm32/OpenAPIRuntime-t.build/Objects-normal/wasm32/OpenAPIRuntime_const_extract_protocols.json -in-process-plugin-server-path /usr/lib/swift/host/libSwiftInProcPluginServer.so -plugin-path /usr/lib/swift/host/plugins -plugin-path /usr/local/lib/swift/host/plugins -parse-as-library -o /host/spi-builder-workspace/.build/out/Intermediates.noindex/swift-openapi-runtime.build/Debug-webassembly-wasm32/OpenAPIRuntime-t.build/Objects-normal/wasm32/ClientTransport.o -o /host/spi-builder-workspace/.build/out/Intermediates.noindex/swift-openapi-runtime.build/Debug-webassembly-wasm32/OpenAPIRuntime-t.build/Objects-normal/wasm32/CurrencyTypes.o -o /host/spi-builder-workspace/.build/out/Intermediates.noindex/swift-openapi-runtime.build/Debug-webassembly-wasm32/OpenAPIRuntime-t.build/Objects-normal/wasm32/ErrorHandlingMiddleware.o -o /host/spi-builder-workspace/.build/out/Intermediates.noindex/swift-openapi-runtime.build/Debug-webassembly-wasm32/OpenAPIRuntime-t.build/Objects-normal/wasm32/HTTPBody.o -o /host/spi-builder-workspace/.build/out/Intermediates.noindex/swift-openapi-runtime.build/Debug-webassembly-wasm32/OpenAPIRuntime-t.build/Objects-normal/wasm32/QuerySpaceNormalizingMiddleware.o -o /host/spi-builder-workspace/.build/out/Intermediates.noindex/swift-openapi-runtime.build/Debug-webassembly-wasm32/OpenAPIRuntime-t.build/Objects-normal/wasm32/SendableMetatype.o -o /host/spi-builder-workspace/.build/out/Intermediates.noindex/swift-openapi-runtime.build/Debug-webassembly-wasm32/OpenAPIRuntime-t.build/Objects-normal/wasm32/ServerTransport.o -o /host/spi-builder-workspace/.build/out/Intermediates.noindex/swift-openapi-runtime.build/Debug-webassembly-wasm32/OpenAPIRuntime-t.build/Objects-normal/wasm32/UniversalClient.o -o /host/spi-builder-workspace/.build/out/Intermediates.noindex/swift-openapi-runtime.build/Debug-webassembly-wasm32/OpenAPIRuntime-t.build/Objects-normal/wasm32/UniversalServer.o -index-unit-output-path /swift-openapi-runtime.build/Debug-webassembly-wasm32/OpenAPIRuntime-t.build/Objects-normal/wasm32/ClientTransport.o -index-unit-output-path /swift-openapi-runtime.build/Debug-webassembly-wasm32/OpenAPIRuntime-t.build/Objects-normal/wasm32/CurrencyTypes.o -index-unit-output-path /swift-openapi-runtime.build/Debug-webassembly-wasm32/OpenAPIRuntime-t.build/Objects-normal/wasm32/ErrorHandlingMiddleware.o -index-unit-output-path /swift-openapi-runtime.build/Debug-webassembly-wasm32/OpenAPIRuntime-t.build/Objects-normal/wasm32/HTTPBody.o -index-unit-output-path /swift-openapi-runtime.build/Debug-webassembly-wasm32/OpenAPIRuntime-t.build/Objects-normal/wasm32/QuerySpaceNormalizingMiddleware.o -index-unit-output-path /swift-openapi-runtime.build/Debug-webassembly-wasm32/OpenAPIRuntime-t.build/Objects-normal/wasm32/SendableMetatype.o -index-unit-output-path /swift-openapi-runtime.build/Debug-webassembly-wasm32/OpenAPIRuntime-t.build/Objects-normal/wasm32/ServerTransport.o -index-unit-output-path /swift-openapi-runtime.build/Debug-webassembly-wasm32/OpenAPIRuntime-t.build/Objects-normal/wasm32/UniversalClient.o -index-unit-output-path /swift-openapi-runtime.build/Debug-webassembly-wasm32/OpenAPIRuntime-t.build/Objects-normal/wasm32/UniversalServer.o -index-store-path /host/spi-builder-workspace/.build/out -index-system-modules
error: Build failed
BUILD FAILURE 6.4 wasm