Build Information
Failed to build FRZSwizzling, reference main (bd52a8), with Swift 6.4 for watchOS using Xcode 27.0 on 20 Sep 2026 09:06:48 UTC.
Build Command
env DEVELOPER_DIR=/Applications/Xcode-27.0.0-Release.Candidate.app xcrun xcodebuild -IDEClonedSourcePackagesDirPathOverride=$PWD/.dependencies -skipMacroValidation -skipPackagePluginValidation -derivedDataPath $PWD/.derivedData build -scheme FRZSwizzling -destination generic/platform=watchOSBuild Log
========================================
RunAll
========================================
Builder version: 5.1.0
Interrupt handler set up.
========================================
Checkout
========================================
Clone URL: https://github.com/Frizlab/FRZSwizzling.git
Reference: main
Initialized empty Git repository in /Users/admin/builder/spi-builder-workspace/.git/
From https://github.com/Frizlab/FRZSwizzling
* branch main -> FETCH_HEAD
* [new branch] main -> origin/main
HEAD is now at bd52a84 Use a better prefix for classes and methods
Cloned https://github.com/Frizlab/FRZSwizzling.git
Revision (git rev-parse @):
bd52a8451b7888a7d33edb1584db072a32484b40
SUCCESS checkout https://github.com/Frizlab/FRZSwizzling.git at main
========================================
Build
========================================
Selected platform: watchOS
Swift version: 6.4
Building package at path: $PWD
https://github.com/Frizlab/FRZSwizzling.git
Command line invocation:
/Applications/Xcode-27.0.0-Release.Candidate.app/Contents/Developer/usr/bin/xcodebuild -IDEClonedSourcePackagesDirPathOverride=/Users/admin/builder/spi-builder-workspace/.dependencies -resolvePackageDependencies
resolved source packages:
{
"dependencies" : [
],
"manifest_display_name" : "FRZSwizzling",
"name" : "FRZSwizzling",
"path" : "/Users/admin/builder/spi-builder-workspace",
"platforms" : [
],
"products" : [
{
"name" : "FRZSwizzling",
"targets" : [
"FRZSwizzling"
],
"type" : {
"library" : [
"automatic"
]
}
}
],
"targets" : [
{
"c99name" : "FRZSwizzlingTests",
"module_type" : "ClangTarget",
"name" : "FRZSwizzlingTests",
"path" : "Tests",
"sources" : [
"FRZSwizzlingTestsSPM.m",
"Helpers/FSZSimpleObject+Swizzling.m",
"Helpers/FSZSimpleObject.m"
],
"target_dependencies" : [
"FRZSwizzling"
],
"type" : "test"
},
{
"c99name" : "FRZSwizzling",
"module_type" : "ClangTarget",
"name" : "FRZSwizzling",
"path" : "Sources",
"product_memberships" : [
"FRZSwizzling"
],
"sources" : [
"NSObject+FRZSwizzling.m"
],
"type" : "library"
}
],
"tools_version" : "5.0"
}
{
"project" : {
"configurations" : [
"Debug",
"Release"
],
"name" : "FRZSwizzling",
"schemes" : [
"FRZSwizzling"
],
"targets" : [
"FRZSwizzling",
"FRZSwizzlingTests"
]
}
}
Running build ...
env DEVELOPER_DIR=/Applications/Xcode-27.0.0-Release.Candidate.app xcrun xcodebuild -IDEClonedSourcePackagesDirPathOverride=$PWD/.dependencies -skipMacroValidation -skipPackagePluginValidation -derivedDataPath $PWD/.derivedData build -scheme FRZSwizzling -destination generic/platform=watchOS
Command line invocation:
/Applications/Xcode-27.0.0-Release.Candidate.app/Contents/Developer/usr/bin/xcodebuild -IDEClonedSourcePackagesDirPathOverride=/Users/admin/builder/spi-builder-workspace/.dependencies -skipMacroValidation -skipPackagePluginValidation -derivedDataPath /Users/admin/builder/spi-builder-workspace/.derivedData build -scheme FRZSwizzling -destination generic/platform=watchOS
ComputePackagePrebuildTargetDependencyGraph
Prepare packages
CreateBuildRequest
SendProjectDescription
CreateBuildOperation
ComputeTargetDependencyGraph
note: Building targets in dependency order
note: Target dependency graph (1 target)
Target 'FRZSwizzling' in project 'FRZSwizzling' (no dependencies)
GatherProvisioningInputs
CreateBuildDescription
ExecuteExternalTool /Applications/Xcode-27.0.0-Release.Candidate.app/Contents/Developer/Toolchains/XcodeDefault.xctoolchain/usr/bin/clang -v -E -dM -isysroot /Applications/Xcode-27.0.0-Release.Candidate.app/Contents/Developer/Platforms/WatchOS.platform/Developer/SDKs/WatchOS27.0.sdk -x c -c /dev/null
ExecuteExternalTool /Applications/Xcode-27.0.0-Release.Candidate.app/Contents/Developer/Toolchains/XcodeDefault.xctoolchain/usr/bin/clang -v -E -dM -arch arm64 -isysroot /Applications/Xcode-27.0.0-Release.Candidate.app/Contents/Developer/Platforms/WatchOS.platform/Developer/SDKs/WatchOS27.0.sdk -x c -c /dev/null
ExecuteExternalTool /Applications/Xcode-27.0.0-Release.Candidate.app/Contents/Developer/Toolchains/XcodeDefault.xctoolchain/usr/bin/clang -v -E -dM -arch arm64 -isysroot /Applications/Xcode-27.0.0-Release.Candidate.app/Contents/Developer/Platforms/WatchOS.platform/Developer/SDKs/WatchOS27.0.sdk -x objective-c -c /dev/null
ExecuteExternalTool /Applications/Xcode-27.0.0-Release.Candidate.app/Contents/Developer/Toolchains/XcodeDefault.xctoolchain/usr/bin/ld -version_details
ExecuteExternalTool /Applications/Xcode-27.0.0-Release.Candidate.app/Contents/Developer/Toolchains/XcodeDefault.xctoolchain/usr/bin/clang -v -E -dM -arch arm64_32 -isysroot /Applications/Xcode-27.0.0-Release.Candidate.app/Contents/Developer/Platforms/WatchOS.platform/Developer/SDKs/WatchOS27.0.sdk -x c -c /dev/null
ExecuteExternalTool /Applications/Xcode-27.0.0-Release.Candidate.app/Contents/Developer/Toolchains/XcodeDefault.xctoolchain/usr/bin/clang -v -E -dM -arch arm64_32 -isysroot /Applications/Xcode-27.0.0-Release.Candidate.app/Contents/Developer/Platforms/WatchOS.platform/Developer/SDKs/WatchOS27.0.sdk -x objective-c -c /dev/null
Build description signature: 6739f3500e58bccad88787c8d46f44a8
Build description path: /Users/admin/builder/spi-builder-workspace/.derivedData/Build/Intermediates.noindex/XCBuildData/6739f3500e58bccad88787c8d46f44a8.xcbuilddata
/Users/admin/builder/spi-builder-workspace/FRZSwizzling.xcodeproj: error: The watchOS deployment target 'WATCHOS_DEPLOYMENT_TARGET' is set to 4.0, but the range of supported deployment target versions is 9.0 to 27.0.x. (in target 'FRZSwizzling' from project 'FRZSwizzling')
error: The armv7k architecture is deprecated. You should update your ARCHS build setting to remove the armv7k architecture. (in target 'FRZSwizzling' from project 'FRZSwizzling')
** BUILD FAILED **
The following build commands failed:
Building project FRZSwizzling with scheme FRZSwizzling
(1 failure)
Command line invocation:
/Applications/Xcode-27.0.0-Release.Candidate.app/Contents/Developer/usr/bin/xcodebuild -IDEClonedSourcePackagesDirPathOverride=/Users/admin/builder/spi-builder-workspace/.dependencies -resolvePackageDependencies
resolved source packages:
{
"dependencies" : [
],
"manifest_display_name" : "FRZSwizzling",
"name" : "FRZSwizzling",
"path" : "/Users/admin/builder/spi-builder-workspace",
"platforms" : [
],
"products" : [
{
"name" : "FRZSwizzling",
"targets" : [
"FRZSwizzling"
],
"type" : {
"library" : [
"automatic"
]
}
}
],
"targets" : [
{
"c99name" : "FRZSwizzlingTests",
"module_type" : "ClangTarget",
"name" : "FRZSwizzlingTests",
"path" : "Tests",
"sources" : [
"FRZSwizzlingTestsSPM.m",
"Helpers/FSZSimpleObject+Swizzling.m",
"Helpers/FSZSimpleObject.m"
],
"target_dependencies" : [
"FRZSwizzling"
],
"type" : "test"
},
{
"c99name" : "FRZSwizzling",
"module_type" : "ClangTarget",
"name" : "FRZSwizzling",
"path" : "Sources",
"product_memberships" : [
"FRZSwizzling"
],
"sources" : [
"NSObject+FRZSwizzling.m"
],
"type" : "library"
}
],
"tools_version" : "5.0"
}
{
"project" : {
"configurations" : [
"Debug",
"Release"
],
"name" : "FRZSwizzling",
"schemes" : [
"FRZSwizzling"
],
"targets" : [
"FRZSwizzling",
"FRZSwizzlingTests"
]
}
}
Running build ...
env DEVELOPER_DIR=/Applications/Xcode-27.0.0-Release.Candidate.app xcrun xcodebuild -IDEClonedSourcePackagesDirPathOverride=$PWD/.dependencies -skipMacroValidation -skipPackagePluginValidation -derivedDataPath $PWD/.derivedData build -scheme FRZSwizzling -destination generic/platform=watchOS
Command line invocation:
/Applications/Xcode-27.0.0-Release.Candidate.app/Contents/Developer/usr/bin/xcodebuild -IDEClonedSourcePackagesDirPathOverride=/Users/admin/builder/spi-builder-workspace/.dependencies -skipMacroValidation -skipPackagePluginValidation -derivedDataPath /Users/admin/builder/spi-builder-workspace/.derivedData build -scheme FRZSwizzling -destination generic/platform=watchOS
ComputePackagePrebuildTargetDependencyGraph
Prepare packages
CreateBuildRequest
SendProjectDescription
CreateBuildOperation
ComputeTargetDependencyGraph
note: Building targets in dependency order
note: Target dependency graph (1 target)
Target 'FRZSwizzling' in project 'FRZSwizzling' (no dependencies)
GatherProvisioningInputs
CreateBuildDescription
error: The armv7k architecture is deprecated. You should update your ARCHS build setting to remove the armv7k architecture. (in target 'FRZSwizzling' from project 'FRZSwizzling')
/Users/admin/builder/spi-builder-workspace/FRZSwizzling.xcodeproj: error: The watchOS deployment target 'WATCHOS_DEPLOYMENT_TARGET' is set to 4.0, but the range of supported deployment target versions is 9.0 to 27.0.x. (in target 'FRZSwizzling' from project 'FRZSwizzling')
** BUILD FAILED **
The following build commands failed:
Building project FRZSwizzling with scheme FRZSwizzling
(1 failure)
BUILD FAILURE 6.4 watchOS