Build Information
Failed to build XMLCoder, reference master (3d8bc3), with Swift 6.4 for watchOS using Xcode 27.0 on 18 Sep 2026 09:17:06 UTC.
Build Command
env DEVELOPER_DIR=/Applications/Xcode-27.0.0-Release.Candidate.app xcrun xcodebuild -IDEClonedSourcePackagesDirPathOverride=$PWD/.dependencies -skipMacroValidation -skipPackagePluginValidation -derivedDataPath $PWD/.derivedData build -scheme XMLCoder -destination generic/platform=watchOSBuild Log
========================================
RunAll
========================================
Builder version: 5.1.0
Interrupt handler set up.
========================================
Checkout
========================================
Clone URL: https://github.com/franklefebvre/xmlcoder.git
Reference: master
Initialized empty Git repository in /Users/admin/builder/spi-builder-workspace/.git/
From https://github.com/franklefebvre/xmlcoder
* branch master -> FETCH_HEAD
* [new branch] master -> origin/master
HEAD is now at 3d8bc3e Merge branch 'release/0.3.3'
Cloned https://github.com/franklefebvre/xmlcoder.git
Revision (git rev-parse @):
3d8bc3ef41ddbfaa5381392085adcef7c9bd8851
SUCCESS checkout https://github.com/franklefebvre/xmlcoder.git at master
========================================
Build
========================================
Selected platform: watchOS
Swift version: 6.4
Building package at path: $PWD
https://github.com/franklefebvre/xmlcoder.git
Command line invocation:
/Applications/Xcode-27.0.0-Release.Candidate.app/Contents/Developer/usr/bin/xcodebuild -IDEClonedSourcePackagesDirPathOverride=/Users/admin/builder/spi-builder-workspace/.dependencies -resolvePackageDependencies
Resolve Package Graph
Resolve Package Graph
Resolved source packages:
XMLCoder: /Users/admin/builder/spi-builder-workspace
resolved source packages: XMLCoder
2026-09-18 05:16:16.254 xcodebuild[528:3019] [MT] IDERunDestination: Supported platforms for the buildables in the current scheme is empty.
{
"dependencies" : [
],
"manifest_display_name" : "XMLCoder",
"name" : "XMLCoder",
"path" : "/Users/admin/builder/spi-builder-workspace",
"platforms" : [
],
"products" : [
{
"name" : "XMLCoder",
"targets" : [
"XMLCoder"
],
"type" : {
"library" : [
"automatic"
]
}
}
],
"swift_languages_versions" : [
"5"
],
"targets" : [
{
"c99name" : "XMLCoderTests",
"module_type" : "SwiftTarget",
"name" : "XMLCoderTests",
"path" : "Tests/XMLCoderTests",
"sources" : [
"CombineSupportTests.swift",
"XCTestManifests.swift",
"XMLCodableTestTypes.swift",
"XMLDecoderTests.swift",
"XMLEncoderTests.swift",
"XMLTests.swift",
"XMLTestsCommon.swift"
],
"target_dependencies" : [
"XMLCoder"
],
"type" : "test"
},
{
"c99name" : "XMLCoder",
"module_type" : "SwiftTarget",
"name" : "XMLCoder",
"path" : "Sources/XMLCoder",
"product_memberships" : [
"XMLCoder"
],
"sources" : [
"CombineSupport.swift",
"Data+Hex.swift",
"XMLCoder.swift",
"XMLDecoder.swift",
"XMLDecoderInternal.swift",
"XMLElementStorage.swift",
"XMLEncoder.swift",
"XMLEncoderInternal.swift",
"XMLNamespaceProvider.swift"
],
"type" : "library"
}
],
"tools_version" : "5.0"
}
{
"workspace" : {
"name" : "XMLCoder",
"schemes" : [
"XMLCoder"
]
}
}
2026-09-18 05:16:57.125 xcodebuild[646:4139] [MT] IDERunDestination: Supported platforms for the buildables in the current scheme is empty.
Running build ...
env DEVELOPER_DIR=/Applications/Xcode-27.0.0-Release.Candidate.app xcrun xcodebuild -IDEClonedSourcePackagesDirPathOverride=$PWD/.dependencies -skipMacroValidation -skipPackagePluginValidation -derivedDataPath $PWD/.derivedData build -scheme XMLCoder -destination generic/platform=watchOS
Command line invocation:
/Applications/Xcode-27.0.0-Release.Candidate.app/Contents/Developer/usr/bin/xcodebuild -IDEClonedSourcePackagesDirPathOverride=/Users/admin/builder/spi-builder-workspace/.dependencies -skipMacroValidation -skipPackagePluginValidation -derivedDataPath /Users/admin/builder/spi-builder-workspace/.derivedData build -scheme XMLCoder -destination generic/platform=watchOS
Resolve Package Graph
Resolved source packages:
XMLCoder: /Users/admin/builder/spi-builder-workspace
ComputePackagePrebuildTargetDependencyGraph
Prepare packages
CreateBuildRequest
SendProjectDescription
CreateBuildOperation
ComputeTargetDependencyGraph
note: Building targets in dependency order
note: Target dependency graph (2 targets)
Target 'XMLCoder-product' in project 'XMLCoder'
➜ Explicit dependency on target 'XMLCoder' in project 'XMLCoder'
Target 'XMLCoder' in project 'XMLCoder' (no dependencies)
GatherProvisioningInputs
CreateBuildDescription
ExecuteExternalTool /Applications/Xcode-27.0.0-Release.Candidate.app/Contents/Developer/Toolchains/XcodeDefault.xctoolchain/usr/bin/clang -v -E -dM -isysroot /Applications/Xcode-27.0.0-Release.Candidate.app/Contents/Developer/Platforms/WatchOS.platform/Developer/SDKs/WatchOS27.0.sdk -x c -c /dev/null
ExecuteExternalTool /Applications/Xcode-27.0.0-Release.Candidate.app/Contents/Developer/Toolchains/XcodeDefault.xctoolchain/usr/bin/swiftc --version
ExecuteExternalTool /Applications/Xcode-27.0.0-Release.Candidate.app/Contents/Developer/Toolchains/XcodeDefault.xctoolchain/usr/bin/ld -version_details
Build description signature: bc4ada16029ad3e4f5ca2fbf397ffe3c
Build description path: /Users/admin/builder/spi-builder-workspace/.derivedData/Build/Intermediates.noindex/XCBuildData/bc4ada16029ad3e4f5ca2fbf397ffe3c.xcbuilddata
CreateBuildDirectory /Users/admin/builder/spi-builder-workspace/.derivedData/SDKExplicitPrecompiledModules
cd /Users/admin/builder/spi-builder-workspace/.swiftpm/xcode
builtin-create-build-directory /Users/admin/builder/spi-builder-workspace/.derivedData/SDKExplicitPrecompiledModules
CreateBuildDirectory /Users/admin/builder/spi-builder-workspace/.derivedData/ModuleCache.noindex
cd /Users/admin/builder/spi-builder-workspace/.swiftpm/xcode
builtin-create-build-directory /Users/admin/builder/spi-builder-workspace/.derivedData/ModuleCache.noindex
CreateBuildDirectory /Users/admin/builder/spi-builder-workspace/.derivedData/CompilationCache.noindex
cd /Users/admin/builder/spi-builder-workspace/.swiftpm/xcode
builtin-create-build-directory /Users/admin/builder/spi-builder-workspace/.derivedData/CompilationCache.noindex
CreateBuildDirectory /Users/admin/builder/spi-builder-workspace/.derivedData/Build/Products
cd /Users/admin/builder/spi-builder-workspace/.swiftpm/xcode
builtin-create-build-directory /Users/admin/builder/spi-builder-workspace/.derivedData/Build/Products
CreateBuildDirectory /Users/admin/builder/spi-builder-workspace/.derivedData/Build/Intermediates.noindex
cd /Users/admin/builder/spi-builder-workspace/.swiftpm/xcode
builtin-create-build-directory /Users/admin/builder/spi-builder-workspace/.derivedData/Build/Intermediates.noindex
ClangStatCache /Applications/Xcode-27.0.0-Release.Candidate.app/Contents/Developer/Toolchains/XcodeDefault.xctoolchain/usr/bin/clang-stat-cache /Applications/Xcode-27.0.0-Release.Candidate.app/Contents/Developer/Platforms/WatchOS.platform/Developer/SDKs/WatchOS27.0.sdk /Users/admin/builder/spi-builder-workspace/.derivedData/SDKStatCaches.noindex/watchos27.0-24R360-e829b21a6f8c9b70876ba0858053c04477534ef55a1706bf4c1112bbb242f0a2.sdkstatcache
cd /Users/admin/builder/spi-builder-workspace/.swiftpm/xcode
/Applications/Xcode-27.0.0-Release.Candidate.app/Contents/Developer/Toolchains/XcodeDefault.xctoolchain/usr/bin/clang-stat-cache /Applications/Xcode-27.0.0-Release.Candidate.app/Contents/Developer/Platforms/WatchOS.platform/Developer/SDKs/WatchOS27.0.sdk -o /Users/admin/builder/spi-builder-workspace/.derivedData/SDKStatCaches.noindex/watchos27.0-24R360-e829b21a6f8c9b70876ba0858053c04477534ef55a1706bf4c1112bbb242f0a2.sdkstatcache
CreateBuildDirectory /Users/admin/builder/spi-builder-workspace/.derivedData/Build/Intermediates.noindex/SwiftExplicitPrecompiledModules
cd /Users/admin/builder/spi-builder-workspace/.swiftpm/xcode
builtin-create-build-directory /Users/admin/builder/spi-builder-workspace/.derivedData/Build/Intermediates.noindex/SwiftExplicitPrecompiledModules
CreateBuildDirectory /Users/admin/builder/spi-builder-workspace/.derivedData/Build/Intermediates.noindex/PrecompiledHeaders
cd /Users/admin/builder/spi-builder-workspace/.swiftpm/xcode
builtin-create-build-directory /Users/admin/builder/spi-builder-workspace/.derivedData/Build/Intermediates.noindex/PrecompiledHeaders
CreateBuildDirectory /Users/admin/builder/spi-builder-workspace/.derivedData/Build/Products/Debug-watchos
cd /Users/admin/builder/spi-builder-workspace/.swiftpm/xcode
builtin-create-build-directory /Users/admin/builder/spi-builder-workspace/.derivedData/Build/Products/Debug-watchos
CreateBuildDirectory /Users/admin/builder/spi-builder-workspace/.derivedData/Build/Intermediates.noindex/ExplicitPrecompiledModules
cd /Users/admin/builder/spi-builder-workspace/.swiftpm/xcode
builtin-create-build-directory /Users/admin/builder/spi-builder-workspace/.derivedData/Build/Intermediates.noindex/ExplicitPrecompiledModules
CreateBuildDirectory /Users/admin/builder/spi-builder-workspace/.derivedData/Build/Intermediates.noindex/EagerLinkingTBDs/Debug-watchos
cd /Users/admin/builder/spi-builder-workspace/.swiftpm/xcode
builtin-create-build-directory /Users/admin/builder/spi-builder-workspace/.derivedData/Build/Intermediates.noindex/EagerLinkingTBDs/Debug-watchos
CreateBuildDirectory /Users/admin/builder/spi-builder-workspace/.derivedData/Build/Products/Debug-watchos/PackageFrameworks
cd /Users/admin/builder/spi-builder-workspace/.swiftpm/xcode
builtin-create-build-directory /Users/admin/builder/spi-builder-workspace/.derivedData/Build/Products/Debug-watchos/PackageFrameworks
WriteAuxiliaryFile /Users/admin/builder/spi-builder-workspace/.derivedData/Build/Intermediates.noindex/XMLCoder.build/Debug-watchos/XMLCoder-t.build/XMLCoder.modulemap (in target 'XMLCoder' from project 'XMLCoder')
cd /Users/admin/builder/spi-builder-workspace
write-file /Users/admin/builder/spi-builder-workspace/.derivedData/Build/Intermediates.noindex/XMLCoder.build/Debug-watchos/XMLCoder-t.build/XMLCoder.modulemap
WriteAuxiliaryFile /Users/admin/builder/spi-builder-workspace/.derivedData/Build/Intermediates.noindex/XMLCoder.build/Debug-watchos/XMLCoder-t.build/XMLCoder.DependencyMetadataFileList (in target 'XMLCoder' from project 'XMLCoder')
cd /Users/admin/builder/spi-builder-workspace
write-file /Users/admin/builder/spi-builder-workspace/.derivedData/Build/Intermediates.noindex/XMLCoder.build/Debug-watchos/XMLCoder-t.build/XMLCoder.DependencyMetadataFileList
WriteAuxiliaryFile /Users/admin/builder/spi-builder-workspace/.derivedData/Build/Intermediates.noindex/XMLCoder.build/Debug-watchos/XMLCoder-t.build/XMLCoder.DependencyStaticMetadataFileList (in target 'XMLCoder' from project 'XMLCoder')
cd /Users/admin/builder/spi-builder-workspace
write-file /Users/admin/builder/spi-builder-workspace/.derivedData/Build/Intermediates.noindex/XMLCoder.build/Debug-watchos/XMLCoder-t.build/XMLCoder.DependencyStaticMetadataFileList
WriteAuxiliaryFile /Users/admin/builder/spi-builder-workspace/.derivedData/Build/Intermediates.noindex/XMLCoder.build/Debug-watchos/XMLCoder-t.build/Objects-normal/arm64_32/XMLCoder.LinkFileList (in target 'XMLCoder' from project 'XMLCoder')
cd /Users/admin/builder/spi-builder-workspace
write-file /Users/admin/builder/spi-builder-workspace/.derivedData/Build/Intermediates.noindex/XMLCoder.build/Debug-watchos/XMLCoder-t.build/Objects-normal/arm64_32/XMLCoder.LinkFileList
WriteAuxiliaryFile /Users/admin/builder/spi-builder-workspace/.derivedData/Build/Intermediates.noindex/XMLCoder.build/Debug-watchos/XMLCoder-t.build/Objects-normal/arm64_32/XMLCoder_const_extract_protocols.json (in target 'XMLCoder' from project 'XMLCoder')
cd /Users/admin/builder/spi-builder-workspace
write-file /Users/admin/builder/spi-builder-workspace/.derivedData/Build/Intermediates.noindex/XMLCoder.build/Debug-watchos/XMLCoder-t.build/Objects-normal/arm64_32/XMLCoder_const_extract_protocols.json
WriteAuxiliaryFile /Users/admin/builder/spi-builder-workspace/.derivedData/Build/Intermediates.noindex/XMLCoder.build/Debug-watchos/XMLCoder-t.build/Objects-normal/arm64_32/XMLCoder-OutputFileMap.json (in target 'XMLCoder' from project 'XMLCoder')
cd /Users/admin/builder/spi-builder-workspace
write-file /Users/admin/builder/spi-builder-workspace/.derivedData/Build/Intermediates.noindex/XMLCoder.build/Debug-watchos/XMLCoder-t.build/Objects-normal/arm64_32/XMLCoder-OutputFileMap.json
WriteAuxiliaryFile /Users/admin/builder/spi-builder-workspace/.derivedData/Build/Intermediates.noindex/XMLCoder.build/Debug-watchos/XMLCoder-t.build/Objects-normal/arm64_32/XMLCoder.SwiftFileList (in target 'XMLCoder' from project 'XMLCoder')
cd /Users/admin/builder/spi-builder-workspace
write-file /Users/admin/builder/spi-builder-workspace/.derivedData/Build/Intermediates.noindex/XMLCoder.build/Debug-watchos/XMLCoder-t.build/Objects-normal/arm64_32/XMLCoder.SwiftFileList
WriteAuxiliaryFile /Users/admin/builder/spi-builder-workspace/.derivedData/Build/Intermediates.noindex/XMLCoder.build/Debug-watchos/XMLCoder-t.build/Objects-normal/arm64_32/XMLCoder.SwiftConstValuesFileList (in target 'XMLCoder' from project 'XMLCoder')
cd /Users/admin/builder/spi-builder-workspace
write-file /Users/admin/builder/spi-builder-workspace/.derivedData/Build/Intermediates.noindex/XMLCoder.build/Debug-watchos/XMLCoder-t.build/Objects-normal/arm64_32/XMLCoder.SwiftConstValuesFileList
WriteAuxiliaryFile /Users/admin/builder/spi-builder-workspace/.derivedData/Build/Intermediates.noindex/XMLCoder.build/Debug-watchos/XMLCoder-t.build/Objects-normal/arm64/XMLCoder_const_extract_protocols.json (in target 'XMLCoder' from project 'XMLCoder')
cd /Users/admin/builder/spi-builder-workspace
write-file /Users/admin/builder/spi-builder-workspace/.derivedData/Build/Intermediates.noindex/XMLCoder.build/Debug-watchos/XMLCoder-t.build/Objects-normal/arm64/XMLCoder_const_extract_protocols.json
WriteAuxiliaryFile /Users/admin/builder/spi-builder-workspace/.derivedData/Build/Intermediates.noindex/XMLCoder.build/Debug-watchos/XMLCoder-t.build/Objects-normal/arm64/XMLCoder.SwiftFileList (in target 'XMLCoder' from project 'XMLCoder')
cd /Users/admin/builder/spi-builder-workspace
write-file /Users/admin/builder/spi-builder-workspace/.derivedData/Build/Intermediates.noindex/XMLCoder.build/Debug-watchos/XMLCoder-t.build/Objects-normal/arm64/XMLCoder.SwiftFileList
WriteAuxiliaryFile /Users/admin/builder/spi-builder-workspace/.derivedData/Build/Intermediates.noindex/XMLCoder.build/Debug-watchos/XMLCoder-t.build/Objects-normal/arm64/XMLCoder.SwiftConstValuesFileList (in target 'XMLCoder' from project 'XMLCoder')
cd /Users/admin/builder/spi-builder-workspace
write-file /Users/admin/builder/spi-builder-workspace/.derivedData/Build/Intermediates.noindex/XMLCoder.build/Debug-watchos/XMLCoder-t.build/Objects-normal/arm64/XMLCoder.SwiftConstValuesFileList
WriteAuxiliaryFile /Users/admin/builder/spi-builder-workspace/.derivedData/Build/Intermediates.noindex/XMLCoder.build/Debug-watchos/XMLCoder-t.build/Objects-normal/arm64/XMLCoder.LinkFileList (in target 'XMLCoder' from project 'XMLCoder')
cd /Users/admin/builder/spi-builder-workspace
write-file /Users/admin/builder/spi-builder-workspace/.derivedData/Build/Intermediates.noindex/XMLCoder.build/Debug-watchos/XMLCoder-t.build/Objects-normal/arm64/XMLCoder.LinkFileList
WriteAuxiliaryFile /Users/admin/builder/spi-builder-workspace/.derivedData/Build/Intermediates.noindex/XMLCoder.build/Debug-watchos/XMLCoder-t.build/Objects-normal/arm64/XMLCoder-OutputFileMap.json (in target 'XMLCoder' from project 'XMLCoder')
cd /Users/admin/builder/spi-builder-workspace
write-file /Users/admin/builder/spi-builder-workspace/.derivedData/Build/Intermediates.noindex/XMLCoder.build/Debug-watchos/XMLCoder-t.build/Objects-normal/arm64/XMLCoder-OutputFileMap.json
Copy /Users/admin/builder/spi-builder-workspace/.derivedData/Build/Intermediates.noindex/GeneratedModuleMaps-watchos/XMLCoder.modulemap /Users/admin/builder/spi-builder-workspace/.derivedData/Build/Intermediates.noindex/XMLCoder.build/Debug-watchos/XMLCoder-t.build/XMLCoder.modulemap (in target 'XMLCoder' from project 'XMLCoder')
cd /Users/admin/builder/spi-builder-workspace
builtin-copy -exclude .DS_Store -exclude CVS -exclude .svn -exclude .git -exclude .hg -resolve-src-symlinks /Users/admin/builder/spi-builder-workspace/.derivedData/Build/Intermediates.noindex/XMLCoder.build/Debug-watchos/XMLCoder-t.build/XMLCoder.modulemap /Users/admin/builder/spi-builder-workspace/.derivedData/Build/Intermediates.noindex/GeneratedModuleMaps-watchos
SwiftDriver XMLCoder normal arm64 com.apple.xcode.tools.swift.compiler (in target 'XMLCoder' from project 'XMLCoder')
cd /Users/admin/builder/spi-builder-workspace/.swiftpm/xcode
builtin-SwiftDriver -- /Applications/Xcode-27.0.0-Release.Candidate.app/Contents/Developer/Toolchains/XcodeDefault.xctoolchain/usr/bin/swiftc -parse-as-library -module-name XMLCoder -Onone @/Users/admin/builder/spi-builder-workspace/.derivedData/Build/Intermediates.noindex/XMLCoder.build/Debug-watchos/XMLCoder-t.build/Objects-normal/arm64/XMLCoder.SwiftFileList -DSWIFT_PACKAGE -DDEBUG -DSWIFT_MODULE_RESOURCE_BUNDLE_UNAVAILABLE -DXcode -plugin-path /Applications/Xcode-27.0.0-Release.Candidate.app/Contents/Developer/Toolchains/XcodeDefault.xctoolchain/usr/lib/swift/host/plugins/testing -enable-experimental-feature DebugDescriptionMacro -sdk /Applications/Xcode-27.0.0-Release.Candidate.app/Contents/Developer/Platforms/WatchOS.platform/Developer/SDKs/WatchOS27.0.sdk -target arm64-apple-watchos9.0 -g -module-cache-path /Users/admin/builder/spi-builder-workspace/.derivedData/ModuleCache.noindex -Xfrontend -serialize-debugging-options -profile-coverage-mapping -profile-generate -enable-testing -index-store-path /Users/admin/builder/spi-builder-workspace/.derivedData/Index.noindex/DataStore -Xcc -D_LIBCPP_HARDENING_MODE\=_LIBCPP_HARDENING_MODE_DEBUG -swift-version 5 -I /Users/admin/builder/spi-builder-workspace/.derivedData/Build/Products/Debug-watchos -Isystem /Applications/Xcode-27.0.0-Release.Candidate.app/Contents/Developer/Platforms/WatchOS.platform/Developer/usr/lib -F /Users/admin/builder/spi-builder-workspace/.derivedData/Build/Products/Debug-watchos -F /Applications/Xcode-27.0.0-Release.Candidate.app/Contents/Developer/Platforms/WatchOS.platform/Developer/Library/Frameworks -F /Applications/Xcode-27.0.0-Release.Candidate.app/Contents/Developer/Platforms/WatchOS.platform/Developer/SDKs/WatchOS27.0.sdk/Developer/Library/Frameworks -c -j10 -enable-batch-mode -incremental -Xcc -ivfsstatcache -Xcc /Users/admin/builder/spi-builder-workspace/.derivedData/SDKStatCaches.noindex/watchos27.0-24R360-e829b21a6f8c9b70876ba0858053c04477534ef55a1706bf4c1112bbb242f0a2.sdkstatcache -output-file-map /Users/admin/builder/spi-builder-workspace/.derivedData/Build/Intermediates.noindex/XMLCoder.build/Debug-watchos/XMLCoder-t.build/Objects-normal/arm64/XMLCoder-OutputFileMap.json -save-temps -no-color-diagnostics -explicit-module-build -module-cache-path /Users/admin/builder/spi-builder-workspace/.derivedData/Build/Intermediates.noindex/SwiftExplicitPrecompiledModules -clang-scanner-module-cache-path /Users/admin/builder/spi-builder-workspace/.derivedData/ModuleCache.noindex -sdk-module-cache-path /Users/admin/builder/spi-builder-workspace/.derivedData/SDKExplicitPrecompiledModules -emit-dependencies -emit-module -emit-module-path /Users/admin/builder/spi-builder-workspace/.derivedData/Build/Intermediates.noindex/XMLCoder.build/Debug-watchos/XMLCoder-t.build/Objects-normal/arm64/XMLCoder.swiftmodule -serialize-diagnostics -dependency-scan-serialize-diagnostics-path /Users/admin/builder/spi-builder-workspace/.derivedData/Build/Intermediates.noindex/XMLCoder.build/Debug-watchos/XMLCoder-t.build/Objects-normal/arm64/XMLCoder-dependency-scan.dia -validate-clang-modules-once -clang-build-session-file /Users/admin/builder/spi-builder-workspace/.derivedData/ModuleCache.noindex/Session.modulevalidation -Xcc -fmodules-prune-interval\=86400 -Xcc -fmodules-prune-after\=345600 -emit-const-values -const-gather-protocols-list /Users/admin/builder/spi-builder-workspace/.derivedData/Build/Intermediates.noindex/XMLCoder.build/Debug-watchos/XMLCoder-t.build/Objects-normal/arm64/XMLCoder_const_extract_protocols.json -Xcc -I/Users/admin/builder/spi-builder-workspace/.derivedData/Build/Products/Debug-watchos/include -Xcc -I/Users/admin/builder/spi-builder-workspace/.derivedData/Build/Intermediates.noindex/XMLCoder.build/Debug-watchos/XMLCoder-t.build/DerivedSources-normal/arm64 -Xcc -I/Users/admin/builder/spi-builder-workspace/.derivedData/Build/Intermediates.noindex/XMLCoder.build/Debug-watchos/XMLCoder-t.build/DerivedSources/arm64 -Xcc -I/Users/admin/builder/spi-builder-workspace/.derivedData/Build/Intermediates.noindex/XMLCoder.build/Debug-watchos/XMLCoder-t.build/DerivedSources -Xcc -DSWIFT_PACKAGE -Xcc -DDEBUG\=1 -emit-objc-header -emit-objc-header-path /Users/admin/builder/spi-builder-workspace/.derivedData/Build/Intermediates.noindex/XMLCoder.build/Debug-watchos/XMLCoder-t.build/Objects-normal/arm64/XMLCoder-Swift.h -working-directory /Users/admin/builder/spi-builder-workspace/.swiftpm/xcode -experimental-emit-module-separately -disable-cmo
SwiftDriver XMLCoder normal arm64_32 com.apple.xcode.tools.swift.compiler (in target 'XMLCoder' from project 'XMLCoder')
cd /Users/admin/builder/spi-builder-workspace/.swiftpm/xcode
builtin-SwiftDriver -- /Applications/Xcode-27.0.0-Release.Candidate.app/Contents/Developer/Toolchains/XcodeDefault.xctoolchain/usr/bin/swiftc -parse-as-library -module-name XMLCoder -Onone @/Users/admin/builder/spi-builder-workspace/.derivedData/Build/Intermediates.noindex/XMLCoder.build/Debug-watchos/XMLCoder-t.build/Objects-normal/arm64_32/XMLCoder.SwiftFileList -DSWIFT_PACKAGE -DDEBUG -DSWIFT_MODULE_RESOURCE_BUNDLE_UNAVAILABLE -DXcode -plugin-path /Applications/Xcode-27.0.0-Release.Candidate.app/Contents/Developer/Toolchains/XcodeDefault.xctoolchain/usr/lib/swift/host/plugins/testing -enable-experimental-feature DebugDescriptionMacro -sdk /Applications/Xcode-27.0.0-Release.Candidate.app/Contents/Developer/Platforms/WatchOS.platform/Developer/SDKs/WatchOS27.0.sdk -target arm64_32-apple-watchos9.0 -g -module-cache-path /Users/admin/builder/spi-builder-workspace/.derivedData/ModuleCache.noindex -Xfrontend -serialize-debugging-options -profile-coverage-mapping -profile-generate -enable-testing -index-store-path /Users/admin/builder/spi-builder-workspace/.derivedData/Index.noindex/DataStore -Xcc -D_LIBCPP_HARDENING_MODE\=_LIBCPP_HARDENING_MODE_DEBUG -swift-version 5 -I /Users/admin/builder/spi-builder-workspace/.derivedData/Build/Products/Debug-watchos -Isystem /Applications/Xcode-27.0.0-Release.Candidate.app/Contents/Developer/Platforms/WatchOS.platform/Developer/usr/lib -F /Users/admin/builder/spi-builder-workspace/.derivedData/Build/Products/Debug-watchos -F /Applications/Xcode-27.0.0-Release.Candidate.app/Contents/Developer/Platforms/WatchOS.platform/Developer/Library/Frameworks -F /Applications/Xcode-27.0.0-Release.Candidate.app/Contents/Developer/Platforms/WatchOS.platform/Developer/SDKs/WatchOS27.0.sdk/Developer/Library/Frameworks -c -j10 -enable-batch-mode -incremental -Xcc -ivfsstatcache -Xcc /Users/admin/builder/spi-builder-workspace/.derivedData/SDKStatCaches.noindex/watchos27.0-24R360-e829b21a6f8c9b70876ba0858053c04477534ef55a1706bf4c1112bbb242f0a2.sdkstatcache -output-file-map /Users/admin/builder/spi-builder-workspace/.derivedData/Build/Intermediates.noindex/XMLCoder.build/Debug-watchos/XMLCoder-t.build/Objects-normal/arm64_32/XMLCoder-OutputFileMap.json -save-temps -no-color-diagnostics -explicit-module-build -module-cache-path /Users/admin/builder/spi-builder-workspace/.derivedData/Build/Intermediates.noindex/SwiftExplicitPrecompiledModules -clang-scanner-module-cache-path /Users/admin/builder/spi-builder-workspace/.derivedData/ModuleCache.noindex -sdk-module-cache-path /Users/admin/builder/spi-builder-workspace/.derivedData/SDKExplicitPrecompiledModules -emit-dependencies -emit-module -emit-module-path /Users/admin/builder/spi-builder-workspace/.derivedData/Build/Intermediates.noindex/XMLCoder.build/Debug-watchos/XMLCoder-t.build/Objects-normal/arm64_32/XMLCoder.swiftmodule -serialize-diagnostics -dependency-scan-serialize-diagnostics-path /Users/admin/builder/spi-builder-workspace/.derivedData/Build/Intermediates.noindex/XMLCoder.build/Debug-watchos/XMLCoder-t.build/Objects-normal/arm64_32/XMLCoder-dependency-scan.dia -validate-clang-modules-once -clang-build-session-file /Users/admin/builder/spi-builder-workspace/.derivedData/ModuleCache.noindex/Session.modulevalidation -Xcc -fmodules-prune-interval\=86400 -Xcc -fmodules-prune-after\=345600 -emit-const-values -const-gather-protocols-list /Users/admin/builder/spi-builder-workspace/.derivedData/Build/Intermediates.noindex/XMLCoder.build/Debug-watchos/XMLCoder-t.build/Objects-normal/arm64_32/XMLCoder_const_extract_protocols.json -Xcc -I/Users/admin/builder/spi-builder-workspace/.derivedData/Build/Products/Debug-watchos/include -Xcc -I/Users/admin/builder/spi-builder-workspace/.derivedData/Build/Intermediates.noindex/XMLCoder.build/Debug-watchos/XMLCoder-t.build/DerivedSources-normal/arm64_32 -Xcc -I/Users/admin/builder/spi-builder-workspace/.derivedData/Build/Intermediates.noindex/XMLCoder.build/Debug-watchos/XMLCoder-t.build/DerivedSources/arm64_32 -Xcc -I/Users/admin/builder/spi-builder-workspace/.derivedData/Build/Intermediates.noindex/XMLCoder.build/Debug-watchos/XMLCoder-t.build/DerivedSources -Xcc -DSWIFT_PACKAGE -Xcc -DDEBUG\=1 -emit-objc-header -emit-objc-header-path /Users/admin/builder/spi-builder-workspace/.derivedData/Build/Intermediates.noindex/XMLCoder.build/Debug-watchos/XMLCoder-t.build/Objects-normal/arm64_32/XMLCoder-Swift.h -working-directory /Users/admin/builder/spi-builder-workspace/.swiftpm/xcode -experimental-emit-module-separately -disable-cmo
SwiftExplicitDependencyGeneratePcm arm64 /Users/admin/builder/spi-builder-workspace/.derivedData/SDKExplicitPrecompiledModules/_Builtin_stdarg-A7UU8LE6MP85SM26YO7PBZNUQ.pcm
SwiftExplicitDependencyGeneratePcm arm64 /Users/admin/builder/spi-builder-workspace/.derivedData/SDKExplicitPrecompiledModules/_Builtin_stdbool-83J96QSOFE9VX04AAS6310UAE.pcm
SwiftExplicitDependencyGeneratePcm arm64_32 /Users/admin/builder/spi-builder-workspace/.derivedData/SDKExplicitPrecompiledModules/SwiftShims-9CQQGWTSNTN9EB5NSHDWUJICH.pcm
SwiftExplicitDependencyGeneratePcm arm64 /Users/admin/builder/spi-builder-workspace/.derivedData/SDKExplicitPrecompiledModules/ptrauth-3TZ9WJCGLYD25HQPWH4968ONX.pcm
SwiftExplicitDependencyGeneratePcm arm64 /Users/admin/builder/spi-builder-workspace/.derivedData/SDKExplicitPrecompiledModules/_SwiftConcurrencyShims-659N52XSKR5F0QSB880BH2FJR.pcm
SwiftExplicitDependencyGeneratePcm arm64_32 /Users/admin/builder/spi-builder-workspace/.derivedData/SDKExplicitPrecompiledModules/_Builtin_stdarg-D305JG44A2WPI6CJY37X3QJE8.pcm
SwiftExplicitDependencyGeneratePcm arm64_32 /Users/admin/builder/spi-builder-workspace/.derivedData/SDKExplicitPrecompiledModules/_AvailabilityInternal-244WAN3Z1QBT7PIA64EZEFY1R.pcm
SwiftExplicitDependencyGeneratePcm arm64_32 /Users/admin/builder/spi-builder-workspace/.derivedData/SDKExplicitPrecompiledModules/ptrauth-BFXF358ME5AK535N5A9Z766WU.pcm
SwiftExplicitDependencyGeneratePcm arm64 /Users/admin/builder/spi-builder-workspace/.derivedData/SDKExplicitPrecompiledModules/_Builtin_stddef-1FU30Y8SWFB7OUUHMJQH5J6FM.pcm
SwiftExplicitDependencyGeneratePcm arm64_32 /Users/admin/builder/spi-builder-workspace/.derivedData/SDKExplicitPrecompiledModules/_SwiftConcurrencyShims-6RTBPQ03V7BM9SPRK8SUE055H.pcm
SwiftExplicitDependencyGeneratePcm arm64 /Users/admin/builder/spi-builder-workspace/.derivedData/SDKExplicitPrecompiledModules/_Builtin_float-C0CW5Q4HGBQYKE77TC42IAFB5.pcm
SwiftExplicitDependencyGeneratePcm arm64_32 /Users/admin/builder/spi-builder-workspace/.derivedData/SDKExplicitPrecompiledModules/ptrcheck-7ELIH9BTIGVKX3UBITM9N72WD.pcm
SwiftExplicitDependencyGeneratePcm arm64_32 /Users/admin/builder/spi-builder-workspace/.derivedData/SDKExplicitPrecompiledModules/_Builtin_stddef-H44EFHQX6XSS5MZ7QP6YJZ76.pcm
SwiftExplicitDependencyGeneratePcm arm64_32 /Users/admin/builder/spi-builder-workspace/.derivedData/SDKExplicitPrecompiledModules/_Builtin_stdbool-A967K8W8YUYEC9SN52KJ7OO88.pcm
SwiftExplicitDependencyGeneratePcm arm64 /Users/admin/builder/spi-builder-workspace/.derivedData/SDKExplicitPrecompiledModules/_AvailabilityInternal-BUNV3UXM65NT37THI4W1AM0SF.pcm
SwiftExplicitDependencyGeneratePcm arm64_32 /Users/admin/builder/spi-builder-workspace/.derivedData/SDKExplicitPrecompiledModules/_Builtin_float-6KO8O3PEWRCA4WC6PPLOYO6WJ.pcm
SwiftExplicitDependencyGeneratePcm arm64 /Users/admin/builder/spi-builder-workspace/.derivedData/SDKExplicitPrecompiledModules/SwiftShims-4MXFZPV6FEB0XBYXCGPWAMQGL.pcm
SwiftExplicitDependencyGeneratePcm arm64 /Users/admin/builder/spi-builder-workspace/.derivedData/SDKExplicitPrecompiledModules/ptrcheck-AIF0NDOYZ8ORBNHQAQR5NNB8M.pcm
SwiftExplicitDependencyGeneratePcm arm64_32 /Users/admin/builder/spi-builder-workspace/.derivedData/SDKExplicitPrecompiledModules/_DarwinFoundation1-2GWF9RFMPLQW4PDHS3NARVI3G.pcm
SwiftExplicitDependencyGeneratePcm arm64 /Users/admin/builder/spi-builder-workspace/.derivedData/SDKExplicitPrecompiledModules/_DarwinFoundation1-7SPX3MD0HMP55E4OLNCPNDQ53.pcm
SwiftExplicitDependencyGeneratePcm arm64_32 /Users/admin/builder/spi-builder-workspace/.derivedData/SDKExplicitPrecompiledModules/_DarwinFoundation2-9MY8GOSYRO0M9MKNXF6D3MBNK.pcm
SwiftExplicitDependencyGeneratePcm arm64_32 /Users/admin/builder/spi-builder-workspace/.derivedData/SDKExplicitPrecompiledModules/_Builtin_limits-3VKBU2AFTD65PAJZ5CJ3LHFM2.pcm
SwiftExplicitDependencyGeneratePcm arm64 /Users/admin/builder/spi-builder-workspace/.derivedData/SDKExplicitPrecompiledModules/_Builtin_limits-9GWPA2B0H20DYUNYHYCWKABJG.pcm
SwiftExplicitDependencyGeneratePcm arm64 /Users/admin/builder/spi-builder-workspace/.derivedData/SDKExplicitPrecompiledModules/_DarwinFoundation2-D0XAPJU49S5E9XMKYOFGSTB1Q.pcm
SwiftExplicitDependencyGeneratePcm arm64_32 /Users/admin/builder/spi-builder-workspace/.derivedData/SDKExplicitPrecompiledModules/sys_types-8TLLMW08ZJWDGIIPKOYFGHHZW.pcm
SwiftExplicitDependencyGeneratePcm arm64_32 /Users/admin/builder/spi-builder-workspace/.derivedData/SDKExplicitPrecompiledModules/_Builtin_stdint-1HMXWI3V0V4TXHRWZOMZGZ80Y.pcm
SwiftExplicitDependencyGeneratePcm arm64_32 /Users/admin/builder/spi-builder-workspace/.derivedData/SDKExplicitPrecompiledModules/string_h-BFVLUQUSBZWYMLCU9QI7VZALW.pcm
SwiftExplicitDependencyGeneratePcm arm64 /Users/admin/builder/spi-builder-workspace/.derivedData/SDKExplicitPrecompiledModules/string_h-E6PRXK75PHIPCZFWOFCQ3QBMK.pcm
SwiftExplicitDependencyGeneratePcm arm64 /Users/admin/builder/spi-builder-workspace/.derivedData/SDKExplicitPrecompiledModules/_Builtin_stdint-8XMILLJZEGRN2XG7XZUXZ5RLX.pcm
SwiftExplicitDependencyGeneratePcm arm64 /Users/admin/builder/spi-builder-workspace/.derivedData/SDKExplicitPrecompiledModules/sys_types-2KXQLI78OUCDP779AE68GZJ2.pcm
SwiftExplicitDependencyGeneratePcm arm64_32 /Users/admin/builder/spi-builder-workspace/.derivedData/SDKExplicitPrecompiledModules/_DarwinFoundation3-3DUTYQDQSD9HUAAVY947NMWOI.pcm
SwiftExplicitDependencyGeneratePcm arm64 /Users/admin/builder/spi-builder-workspace/.derivedData/SDKExplicitPrecompiledModules/_DarwinFoundation3-B97LRG0E9GON2NUE65TVG81HU.pcm
SwiftExplicitDependencyGeneratePcm arm64 /Users/admin/builder/spi-builder-workspace/.derivedData/SDKExplicitPrecompiledModules/_Builtin_inttypes-3UQSCM7WNM9EK4HZML8TY5J3D.pcm
SwiftExplicitDependencyGeneratePcm arm64_32 /Users/admin/builder/spi-builder-workspace/.derivedData/SDKExplicitPrecompiledModules/_Builtin_inttypes-D2KPCR4PEX9AQA33NGLUT5SBR.pcm
SwiftExplicitDependencyGeneratePcm arm64 /Users/admin/builder/spi-builder-workspace/.derivedData/SDKExplicitPrecompiledModules/Darwin-3984OXKFNSPE77NT743WK8SEX.pcm
SwiftExplicitDependencyGeneratePcm arm64_32 /Users/admin/builder/spi-builder-workspace/.derivedData/SDKExplicitPrecompiledModules/Darwin-3FVT1SKLN2ZQ5RVOABMTQBB34.pcm
SwiftExplicitDependencyGeneratePcm arm64_32 /Users/admin/builder/spi-builder-workspace/.derivedData/SDKExplicitPrecompiledModules/ObjectiveC-6IJNELR2E80E7LUKESVCP2KET.pcm
SwiftExplicitDependencyGeneratePcm arm64 /Users/admin/builder/spi-builder-workspace/.derivedData/SDKExplicitPrecompiledModules/ObjectiveC-72IVD3VS2RS8Q28D9PIMY0KQP.pcm
SwiftExplicitDependencyGeneratePcm arm64_32 /Users/admin/builder/spi-builder-workspace/.derivedData/SDKExplicitPrecompiledModules/os_object-5YWTC6L4756IWSTPGXS5NM0D0.pcm
SwiftExplicitDependencyGeneratePcm arm64 /Users/admin/builder/spi-builder-workspace/.derivedData/SDKExplicitPrecompiledModules/os_object-3SDKD7F87FTZ26OON37DRYT6O.pcm
SwiftExplicitDependencyGeneratePcm arm64_32 /Users/admin/builder/spi-builder-workspace/.derivedData/SDKExplicitPrecompiledModules/os_workgroup-5JHTPDMNBUNHLJI8LPHKQK1JK.pcm
SwiftExplicitDependencyGeneratePcm arm64 /Users/admin/builder/spi-builder-workspace/.derivedData/SDKExplicitPrecompiledModules/os_workgroup-89GG5G7YC2D0ZTK6AZXXQ20DH.pcm
SwiftExplicitDependencyGeneratePcm arm64_32 /Users/admin/builder/spi-builder-workspace/.derivedData/SDKExplicitPrecompiledModules/Dispatch-2P62F1T4XV63S4P99TUDTOK2Q.pcm
SwiftExplicitDependencyGeneratePcm arm64 /Users/admin/builder/spi-builder-workspace/.derivedData/SDKExplicitPrecompiledModules/Dispatch-1NLJOVAK60XP0DUB05XA59EIM.pcm
SwiftExplicitDependencyGeneratePcm arm64_32 /Users/admin/builder/spi-builder-workspace/.derivedData/SDKExplicitPrecompiledModules/CoreFoundation-8E6Y4BA3EXYKUGJ24GT9LGV3N.pcm
SwiftExplicitDependencyGeneratePcm arm64_32 /Users/admin/builder/spi-builder-workspace/.derivedData/SDKExplicitPrecompiledModules/XPC-81Y45QFY96XYYFCW2GT6FY8S4.pcm
SwiftExplicitDependencyGeneratePcm arm64 /Users/admin/builder/spi-builder-workspace/.derivedData/SDKExplicitPrecompiledModules/XPC-40DR0X1DHKGCV4J1IOLFS8MOU.pcm
SwiftExplicitDependencyGeneratePcm arm64 /Users/admin/builder/spi-builder-workspace/.derivedData/SDKExplicitPrecompiledModules/CoreFoundation-8T2L24YC5NU7WO6WQJWRY7W08.pcm
SwiftExplicitDependencyGeneratePcm arm64_32 /Users/admin/builder/spi-builder-workspace/.derivedData/SDKExplicitPrecompiledModules/Security-D7TOWF88VWF67TB9HAFP5UWB1.pcm
SwiftExplicitDependencyGeneratePcm arm64 /Users/admin/builder/spi-builder-workspace/.derivedData/SDKExplicitPrecompiledModules/Security-6RZ6YBRU8WCUHRFFRVUK5WKMM.pcm
SwiftExplicitDependencyGeneratePcm arm64_32 /Users/admin/builder/spi-builder-workspace/.derivedData/SDKExplicitPrecompiledModules/Foundation-BJ2VQGI3OGR34500MEQ1VKHPH.pcm
SwiftExplicitDependencyGeneratePcm arm64 /Users/admin/builder/spi-builder-workspace/.derivedData/SDKExplicitPrecompiledModules/Foundation-DLBKUSGXN8QHAT8W0OARR9S8A.pcm
SwiftCompile normal arm64_32 Compiling\ XMLEncoderInternal.swift /Users/admin/builder/spi-builder-workspace/Sources/XMLCoder/XMLEncoderInternal.swift (in target 'XMLCoder' from project 'XMLCoder')
/Users/admin/builder/spi-builder-workspace/Sources/XMLCoder/XMLEncoderInternal.swift:52:47: error: cannot find type 'XMLElement' in scope
50 | var userInfo: [CodingUserInfoKey : Any] = [:]
51 |
52 | func topElement(withName name: String) -> XMLElement {
| `- error: cannot find type 'XMLElement' in scope
53 | return XMLNode.element(withName: name, children: rootStorage.nodes, attributes: rootStorage.attributes) as! XMLElement
54 | }
/Users/admin/builder/spi-builder-workspace/Sources/XMLCoder/XMLEncoderInternal.swift:571:82: error: cannot find type 'XMLNode' in scope
569 |
570 | extension _XMLEncoder {
571 | fileprivate func xmlNilNode(withName name: String, nodeType: XMLNodeType) -> XMLNode? {
| `- error: cannot find type 'XMLNode' in scope
572 | switch options.nilEncodingStrategy {
573 | case .missing:
/Users/admin/builder/spi-builder-workspace/Sources/XMLCoder/XMLEncoderInternal.swift:585:107: error: cannot find type 'XMLNode' in scope
583 | // }
584 | //
585 | fileprivate func xmlElement(_ value: Int, withName name: String, nodeType: XMLNodeType = .element) -> XMLNode {
| `- error: cannot find type 'XMLNode' in scope
586 | return xmlElement(String(value), withName: name, nodeType: nodeType)
587 | }
/Users/admin/builder/spi-builder-workspace/Sources/XMLCoder/XMLEncoderInternal.swift:589:108: error: cannot find type 'XMLNode' in scope
587 | }
588 |
589 | fileprivate func xmlElement(_ value: Int8, withName name: String, nodeType: XMLNodeType = .element) -> XMLNode {
| `- error: cannot find type 'XMLNode' in scope
590 | return xmlElement(String(value), withName: name, nodeType: nodeType)
591 | }
/Users/admin/builder/spi-builder-workspace/Sources/XMLCoder/XMLEncoderInternal.swift:593:109: error: cannot find type 'XMLNode' in scope
591 | }
592 |
593 | fileprivate func xmlElement(_ value: Int16, withName name: String, nodeType: XMLNodeType = .element) -> XMLNode {
| `- error: cannot find type 'XMLNode' in scope
594 | return xmlElement(String(value), withName: name, nodeType: nodeType)
595 | }
/Users/admin/builder/spi-builder-workspace/Sources/XMLCoder/XMLEncoderInternal.swift:597:109: error: cannot find type 'XMLNode' in scope
595 | }
596 |
597 | fileprivate func xmlElement(_ value: Int32, withName name: String, nodeType: XMLNodeType = .element) -> XMLNode {
| `- error: cannot find type 'XMLNode' in scope
598 | return xmlElement(String(value), withName: name, nodeType: nodeType)
599 | }
/Users/admin/builder/spi-builder-workspace/Sources/XMLCoder/XMLEncoderInternal.swift:601:109: error: cannot find type 'XMLNode' in scope
599 | }
600 |
601 | fileprivate func xmlElement(_ value: Int64, withName name: String, nodeType: XMLNodeType = .element) -> XMLNode {
| `- error: cannot find type 'XMLNode' in scope
602 | return xmlElement(String(value), withName: name, nodeType: nodeType)
603 | }
/Users/admin/builder/spi-builder-workspace/Sources/XMLCoder/XMLEncoderInternal.swift:605:108: error: cannot find type 'XMLNode' in scope
603 | }
604 |
605 | fileprivate func xmlElement(_ value: UInt, withName name: String, nodeType: XMLNodeType = .element) -> XMLNode {
| `- error: cannot find type 'XMLNode' in scope
606 | return xmlElement(String(value), withName: name, nodeType: nodeType)
607 | }
/Users/admin/builder/spi-builder-workspace/Sources/XMLCoder/XMLEncoderInternal.swift:609:109: error: cannot find type 'XMLNode' in scope
607 | }
608 |
609 | fileprivate func xmlElement(_ value: UInt8, withName name: String, nodeType: XMLNodeType = .element) -> XMLNode {
| `- error: cannot find type 'XMLNode' in scope
610 | return xmlElement(String(value), withName: name, nodeType: nodeType)
611 | }
/Users/admin/builder/spi-builder-workspace/Sources/XMLCoder/XMLEncoderInternal.swift:613:110: error: cannot find type 'XMLNode' in scope
611 | }
612 |
613 | fileprivate func xmlElement(_ value: UInt16, withName name: String, nodeType: XMLNodeType = .element) -> XMLNode {
| `- error: cannot find type 'XMLNode' in scope
614 | return xmlElement(String(value), withName: name, nodeType: nodeType)
615 | }
/Users/admin/builder/spi-builder-workspace/Sources/XMLCoder/XMLEncoderInternal.swift:617:110: error: cannot find type 'XMLNode' in scope
615 | }
616 |
617 | fileprivate func xmlElement(_ value: UInt32, withName name: String, nodeType: XMLNodeType = .element) -> XMLNode {
| `- error: cannot find type 'XMLNode' in scope
618 | return xmlElement(String(value), withName: name, nodeType: nodeType)
619 | }
/Users/admin/builder/spi-builder-workspace/Sources/XMLCoder/XMLEncoderInternal.swift:621:110: error: cannot find type 'XMLNode' in scope
619 | }
620 |
621 | fileprivate func xmlElement(_ value: UInt64, withName name: String, nodeType: XMLNodeType = .element) -> XMLNode {
| `- error: cannot find type 'XMLNode' in scope
622 | return xmlElement(String(value), withName: name, nodeType: nodeType)
623 | }
/Users/admin/builder/spi-builder-workspace/Sources/XMLCoder/XMLEncoderInternal.swift:625:110: error: cannot find type 'XMLNode' in scope
623 | }
624 |
625 | fileprivate func xmlElement(_ value: String, withName name: String, nodeType: XMLNodeType = .element) -> XMLNode {
| `- error: cannot find type 'XMLNode' in scope
626 | switch nodeType {
627 | case .element, .array(_):
/Users/admin/builder/spi-builder-workspace/Sources/XMLCoder/XMLEncoderInternal.swift:638:115: error: cannot find type 'XMLNode' in scope
636 | // TODO: Float, Double, Date, Data
637 |
638 | fileprivate func xmlElement<T>(_ value: T, withName name: String, nodeType: XMLNodeType = .element) throws -> XMLNode where T : Encodable {
| `- error: cannot find type 'XMLNode' in scope
639 | if let convertedValue = try converted(value: value) {
640 | return xmlElement(convertedValue, withName: name, nodeType: nodeType)
/Users/admin/builder/spi-builder-workspace/Sources/XMLCoder/XMLEncoderInternal.swift:662:60: error: cannot find type 'XMLNode' in scope
660 | }
661 |
662 | fileprivate func xmlElements<T>(_ value: T) throws -> [XMLNode] where T : Encodable {
| `- error: cannot find type 'XMLNode' in scope
663 | let depth = self.rootStorage.count
664 | do {
/Users/admin/builder/spi-builder-workspace/Sources/XMLCoder/XMLEncoderInternal.swift:53:16: error: cannot find 'XMLNode' in scope
51 |
52 | func topElement(withName name: String) -> XMLElement {
53 | return XMLNode.element(withName: name, children: rootStorage.nodes, attributes: rootStorage.attributes) as! XMLElement
| `- error: cannot find 'XMLNode' in scope
54 | }
55 |
/Users/admin/builder/spi-builder-workspace/Sources/XMLCoder/XMLElementStorage.swift:22:17: error: cannot find type 'XMLNode' in scope
20 |
21 | protocol XMLEncodingStorage {
22 | var nodes: [XMLNode] { get }
| `- error: cannot find type 'XMLNode' in scope
23 | var attributes: [XMLNode] { get }
24 |
/Users/admin/builder/spi-builder-workspace/Sources/XMLCoder/XMLElementStorage.swift:103:17: error: cannot find type 'XMLNode' in scope
101 | }
102 |
103 | var nodes: [XMLNode] {
| `- error: cannot find type 'XMLNode' in scope
104 | return stack.last!.nodes
105 | }
/Users/admin/builder/spi-builder-workspace/Sources/XMLCoder/XMLElementStorage.swift:23:22: error: cannot find type 'XMLNode' in scope
21 | protocol XMLEncodingStorage {
22 | var nodes: [XMLNode] { get }
23 | var attributes: [XMLNode] { get }
| `- error: cannot find type 'XMLNode' in scope
24 |
25 | func append(node: XMLNode)
/Users/admin/builder/spi-builder-workspace/Sources/XMLCoder/XMLElementStorage.swift:106:22: error: cannot find type 'XMLNode' in scope
104 | return stack.last!.nodes
105 | }
106 | var attributes: [XMLNode] {
| `- error: cannot find type 'XMLNode' in scope
107 | return stack.last!.attributes
108 | }
SwiftCompile normal arm64_32 /Users/admin/builder/spi-builder-workspace/Sources/XMLCoder/XMLEncoderInternal.swift (in target 'XMLCoder' from project 'XMLCoder')
cd /Users/admin/builder/spi-builder-workspace/.swiftpm/xcode
builtin-SwiftPerFileCompile XMLEncoderInternal.swift
/Users/admin/builder/spi-builder-workspace/Sources/XMLCoder/XMLEncoderInternal.swift:53:117: error: cannot find type 'XMLElement' in scope
51 |
52 | func topElement(withName name: String) -> XMLElement {
53 | return XMLNode.element(withName: name, children: rootStorage.nodes, attributes: rootStorage.attributes) as! XMLElement
| `- error: cannot find type 'XMLElement' in scope
54 | }
55 |
/Users/admin/builder/spi-builder-workspace/Sources/XMLCoder/XMLElementStorage.swift:25:23: error: cannot find type 'XMLNode' in scope
23 | var attributes: [XMLNode] { get }
24 |
25 | func append(node: XMLNode)
| `- error: cannot find type 'XMLNode' in scope
26 | func append(attribute: XMLNode)
27 | }
/Users/admin/builder/spi-builder-workspace/Sources/XMLCoder/XMLElementStorage.swift:26:28: error: cannot find type 'XMLNode' in scope
24 |
25 | func append(node: XMLNode)
26 | func append(attribute: XMLNode)
| `- error: cannot find type 'XMLNode' in scope
27 | }
28 |
/Users/admin/builder/spi-builder-workspace/Sources/XMLCoder/XMLElementStorage.swift:57:23: error: cannot find type 'XMLNode' in scope
55 | var attributes: [XMLNode] = []
56 |
57 | func append(node: XMLNode) {
| `- error: cannot find type 'XMLNode' in scope
58 | if node.kind == .attribute {
59 | attributes.append(node)
/Users/admin/builder/spi-builder-workspace/Sources/XMLCoder/XMLElementStorage.swift:66:28: error: cannot find type 'XMLNode' in scope
64 | }
65 |
66 | func append(attribute: XMLNode) { // TODO: remove
| `- error: cannot find type 'XMLNode' in scope
67 | attributes.append(attribute)
68 | }
/Users/admin/builder/spi-builder-workspace/Sources/XMLCoder/XMLElementStorage.swift:32:17: error: cannot find type 'XMLNode' in scope
30 |
31 | class UnkeyedXMLElementStorage: XMLEncodingStorage {
32 | var nodes: [XMLNode] = []
| `- error: cannot find type 'XMLNode' in scope
33 | var attributes: [XMLNode] = []
34 |
/Users/admin/builder/spi-builder-workspace/Sources/XMLCoder/XMLElementStorage.swift:35:23: error: cannot find type 'XMLNode' in scope
33 | var attributes: [XMLNode] = []
34 |
35 | func append(node: XMLNode) {
| `- error: cannot find type 'XMLNode' in scope
36 | if node.kind == .attribute {
37 | attributes.append(node)
/Users/admin/builder/spi-builder-workspace/Sources/XMLCoder/XMLElementStorage.swift:44:30: error: cannot find type 'XMLNode' in scope
42 | }
43 |
44 | func append(_ elements: [XMLNode]) {
| `- error: cannot find type 'XMLNode' in scope
45 | nodes.append(contentsOf: elements)
46 | }
/Users/admin/builder/spi-builder-workspace/Sources/XMLCoder/XMLElementStorage.swift:48:28: error: cannot find type 'XMLNode' in scope
46 | }
47 |
48 | func append(attribute: XMLNode) { // TODO: remove
| `- error: cannot find type 'XMLNode' in scope
49 | attributes.append(attribute)
50 | }
/Users/admin/builder/spi-builder-workspace/Sources/XMLCoder/XMLEncoderInternal.swift:453:27: error: cannot find 'XMLNode' in scope
451 |
452 | mutating func encode(_ value: String) throws {
453 | let element = XMLNode.text(withStringValue:value) as! XMLNode // box(value)
| `- error: cannot find 'XMLNode' in scope
454 | self.storage.append(node: element)
455 | }
/Users/admin/builder/spi-builder-workspace/Sources/XMLCoder/XMLEncoderInternal.swift:453:67: error: cannot find type 'XMLNode' in scope
451 |
452 | mutating func encode(_ value: String) throws {
453 | let element = XMLNode.text(withStringValue:value) as! XMLNode // box(value)
| `- error: cannot find type 'XMLNode' in scope
454 | self.storage.append(node: element)
455 | }
/Users/admin/builder/spi-builder-workspace/Sources/XMLCoder/XMLElementStorage.swift:110:23: error: cannot find type 'XMLNode' in scope
108 | }
109 |
110 | func append(node: XMLNode) {
| `- error: cannot find type 'XMLNode' in scope
111 | stack.last!.append(node: node)
112 | }
SwiftCompile normal arm64_32 Compiling\ XMLDecoderInternal.swift /Users/admin/builder/spi-builder-workspace/Sources/XMLCoder/XMLDecoderInternal.swift (in target 'XMLCoder' from project 'XMLCoder')
/Users/admin/builder/spi-builder-workspace/Sources/XMLCoder/XMLDecoderInternal.swift:57:33: error: cannot find type 'XMLDocument' in scope
55 |
56 | /// Initializes `self` with the given top-level container and options.
57 | init(referencing container: XMLDocument, at codingPath: [CodingKey] = [], options: XMLDecoder._Options) {
| `- error: cannot find type 'XMLDocument' in scope
58 | self.storage = XMLDecodingStorage()
59 | self.storage.push(node: container)
/Users/admin/builder/spi-builder-workspace/Sources/XMLCoder/XMLDecoderInternal.swift:92:32: error: cannot find type 'XMLNode' in scope
90 |
91 | /// A reference to the container we're reading from.
92 | private var container: XMLNode
| `- error: cannot find type 'XMLNode' in scope
93 |
94 | /// A shortcut for quick access to the container's children nodes by key.
/Users/admin/builder/spi-builder-workspace/Sources/XMLCoder/XMLDecoderInternal.swift:95:40: error: cannot find type 'XMLNode' in scope
93 |
94 | /// A shortcut for quick access to the container's children nodes by key.
95 | private var elements: [String: XMLNode]
| `- error: cannot find type 'XMLNode' in scope
96 | private var attributes: [String: XMLNode]
97 | private var textNodes: [XMLNode]
/Users/admin/builder/spi-builder-workspace/Sources/XMLCoder/XMLDecoderInternal.swift:96:42: error: cannot find type 'XMLNode' in scope
94 | /// A shortcut for quick access to the container's children nodes by key.
95 | private var elements: [String: XMLNode]
96 | private var attributes: [String: XMLNode]
| `- error: cannot find type 'XMLNode' in scope
97 | private var textNodes: [XMLNode]
98 |
/Users/admin/builder/spi-builder-workspace/Sources/XMLCoder/XMLDecoderInternal.swift:97:33: error: cannot find type 'XMLNode' in scope
95 | private var elements: [String: XMLNode]
96 | private var attributes: [String: XMLNode]
97 | private var textNodes: [XMLNode]
| `- error: cannot find type 'XMLNode' in scope
98 |
99 | /// The path of coding keys taken to get to this point in decoding.
/Users/admin/builder/spi-builder-workspace/Sources/XMLCoder/XMLDecoderInternal.swift:105:105: error: cannot find type 'XMLElement' in scope
103 |
104 | /// Initializes `self` with the given references.
105 | fileprivate init(referencing decoder: _XMLDecoder, codingPath: [CodingKey], wrapping container: XMLElement) {
| `- error: cannot find type 'XMLElement' in scope
106 | self.decoder = decoder
107 | self.codingPath = codingPath
/Users/admin/builder/spi-builder-workspace/Sources/XMLCoder/XMLDecoderInternal.swift:418:32: error: cannot find type 'XMLNode' in scope
416 |
417 | /// The container's filtered children nodes.
418 | private var elements: [XMLNode]
| `- error: cannot find type 'XMLNode' in scope
419 |
420 | /// The path of coding keys taken to get to this point in decoding.
/Users/admin/builder/spi-builder-workspace/Sources/XMLCoder/XMLElementStorage.swift:164:21: error: cannot find type 'XMLNode' in scope
162 | }
163 |
164 | func push(node: XMLNode) {
| `- error: cannot find type 'XMLNode' in scope
165 | push(XMLNodeWrapper(node: node))
166 | }
/Users/admin/builder/spi-builder-workspace/Sources/XMLCoder/XMLDecoderInternal.swift:59:26: error: extraneous argument label 'node:' in call
57 | init(referencing container: XMLDocument, at codingPath: [CodingKey] = [], options: XMLDecoder._Options) {
58 | self.storage = XMLDecodingStorage()
59 | self.storage.push(node: container)
| `- error: extraneous argument label 'node:' in call
60 | self.codingPath = codingPath
61 | self.options = options
/Users/admin/builder/spi-builder-workspace/Sources/XMLCoder/XMLElementStorage.swift:142:15: error: cannot find type 'XMLNode' in scope
140 |
141 | struct XMLNodeWrapper {
142 | let node: XMLNode
| `- error: cannot find type 'XMLNode' in scope
143 | let elementName: String?
144 | var currentTextNodeIndex: Int
/Users/admin/builder/spi-builder-workspace/Sources/XMLCoder/XMLDecoderInternal.swift:67:59: error: cannot find type 'XMLElement' in scope
65 |
66 | func container<Key>(keyedBy type: Key.Type) throws -> KeyedDecodingContainer<Key> where Key : CodingKey {
67 | guard let element = storage.topContainer.node as? XMLElement else {
| `- error: cannot find type 'XMLElement' in scope
68 | fatalError() // TODO: throw
69 | }
/Users/admin/builder/spi-builder-workspace/Sources/XMLCoder/XMLDecoderInternal.swift:109:37: error: cannot find 'XMLNode' in scope
107 | self.codingPath = codingPath
108 | self.container = container
109 | var elements = [String: XMLNode]()
| `- error: cannot find 'XMLNode' in scope
110 | var attributes = [String: XMLNode]()
111 | var textNodes = [XMLNode]()
/Users/admin/builder/spi-builder-workspace/Sources/XMLCoder/XMLDecoderInternal.swift:109:28: error: cannot call value of non-function type '[String.Type : Value]'
107 | self.codingPath = codingPath
108 | self.container = container
109 | var elements = [String: XMLNode]()
| `- error: cannot call value of non-function type '[String.Type : Value]'
110 | var attributes = [String: XMLNode]()
111 | var textNodes = [XMLNode]()
/Users/admin/builder/spi-builder-workspace/Sources/XMLCoder/XMLDecoderInternal.swift:109:28: error: type 'String.Type' cannot conform to 'Hashable' [#ProtocolTypeNonConformance]
107 | self.codingPath = codingPath
108 | self.container = container
109 | var elements = [String: XMLNode]()
| |- error: type 'String.Type' cannot conform to 'Hashable' [#ProtocolTypeNonConformance]
| |- note: only concrete types such as structs, enums and classes can conform to protocols
| `- note: required by generic struct 'Dictionary' where 'Key' = 'String.Type'
110 | var attributes = [String: XMLNode]()
111 | var textNodes = [XMLNode]()
/Users/admin/builder/spi-builder-workspace/Sources/XMLCoder/XMLDecoderInternal.swift:110:39: error: cannot find 'XMLNode' in scope
108 | self.container = container
109 | var elements = [String: XMLNode]()
110 | var attributes = [String: XMLNode]()
| `- error: cannot find 'XMLNode' in scope
111 | var textNodes = [XMLNode]()
112 | var allKeys = [Key]()
/Users/admin/builder/spi-builder-workspace/Sources/XMLCoder/XMLDecoderInternal.swift:110:30: error: cannot call value of non-function type '[String.Type : Value]'
108 | self.container = container
109 | var elements = [String: XMLNode]()
110 | var attributes = [String: XMLNode]()
| `- error: cannot call value of non-function type '[String.Type : Value]'
111 | var textNodes = [XMLNode]()
112 | var allKeys = [Key]()
/Users/admin/builder/spi-builder-workspace/Sources/XMLCoder/XMLDecoderInternal.swift:110:30: error: type 'String.Type' cannot conform to 'Hashable' [#ProtocolTypeNonConformance]
108 | self.container = container
109 | var elements = [String: XMLNode]()
110 | var attributes = [String: XMLNode]()
| |- error: type 'String.Type' cannot conform to 'Hashable' [#ProtocolTypeNonConformance]
| |- note: only concrete types such as structs, enums and classes can conform to protocols
| `- note: required by generic struct 'Dictionary' where 'Key' = 'String.Type'
111 | var textNodes = [XMLNode]()
112 | var allKeys = [Key]()
/Users/admin/builder/spi-builder-workspace/Sources/XMLCoder/XMLDecoderInternal.swift:111:30: error: cannot find 'XMLNode' in scope
109 | var elements = [String: XMLNode]()
110 | var attributes = [String: XMLNode]()
111 | var textNodes = [XMLNode]()
| `- error: cannot find 'XMLNode' in scope
112 | var allKeys = [Key]()
113 | for child in container.children ?? [] {
/Users/admin/builder/spi-builder-workspace/Sources/XMLCoder/XMLDecoderInternal.swift:111:29: error: cannot call value of non-function type '[Element]'
109 | var elements = [String: XMLNode]()
110 | var attributes = [String: XMLNode]()
111 | var textNodes = [XMLNode]()
| `- error: cannot call value of non-function type '[Element]'
112 | var allKeys = [Key]()
113 | for child in container.children ?? [] {
SwiftCompile normal arm64_32 /Users/admin/builder/spi-builder-workspace/Sources/XMLCoder/XMLDecoderInternal.swift (in target 'XMLCoder' from project 'XMLCoder')
cd /Users/admin/builder/spi-builder-workspace/.swiftpm/xcode
builtin-SwiftPerFileCompile XMLDecoderInternal.swift
/Users/admin/builder/spi-builder-workspace/Sources/XMLCoder/XMLDecoderInternal.swift:116:48: error: cannot find type 'XMLElement' in scope
114 | switch child.kind {
115 | case .element:
116 | if let element = child as? XMLElement, let qualifiedName = element.qualifiedName {
| `- error: cannot find type 'XMLElement' in scope
117 | elements[qualifiedName] = child
118 | if let key = Key(stringValue: child.localName!) { // if qualifiedName is not nil, localName can be safely unwrapped.
SwiftCompile normal arm64_32 Compiling\ XMLDecoder.swift /Users/admin/builder/spi-builder-workspace/Sources/XMLCoder/XMLDecoder.swift (in target 'XMLCoder' from project 'XMLCoder')
/Users/admin/builder/spi-builder-workspace/Sources/XMLCoder/XMLDecoder.swift:122:68: error: cannot find type 'XMLDocument' in scope
120 | /// - returns: A value of the requested type.
121 | /// - throws: An error if any value throws an error during decoding.
122 | open func decode<T : Decodable>(_ type: T.Type, from document: XMLDocument) throws -> T {
| `- error: cannot find type 'XMLDocument' in scope
123 | //let topLevel = XMLDecodingStorage(document: document)
124 | guard let topLevel = document.children?.first else {
/Users/admin/builder/spi-builder-workspace/Sources/XMLCoder/XMLDecoderInternal.swift:57:33: error: cannot find type 'XMLDocument' in scope
55 |
56 | /// Initializes `self` with the given top-level container and options.
57 | init(referencing container: XMLDocument, at codingPath: [CodingKey] = [], options: XMLDecoder._Options) {
| `- error: cannot find type 'XMLDocument' in scope
58 | self.storage = XMLDecodingStorage()
59 | self.storage.push(node: container)
SwiftCompile normal arm64_32 /Users/admin/builder/spi-builder-workspace/Sources/XMLCoder/XMLDecoder.swift (in target 'XMLCoder' from project 'XMLCoder')
cd /Users/admin/builder/spi-builder-workspace/.swiftpm/xcode
builtin-SwiftPerFileCompile XMLDecoder.swift
SwiftCompile normal arm64_32 Compiling\ XMLElementStorage.swift /Users/admin/builder/spi-builder-workspace/Sources/XMLCoder/XMLElementStorage.swift (in target 'XMLCoder' from project 'XMLCoder')
/Users/admin/builder/spi-builder-workspace/Sources/XMLCoder/XMLElementStorage.swift:22:17: error: cannot find type 'XMLNode' in scope
20 |
21 | protocol XMLEncodingStorage {
22 | var nodes: [XMLNode] { get }
| `- error: cannot find type 'XMLNode' in scope
23 | var attributes: [XMLNode] { get }
24 |
/Users/admin/builder/spi-builder-workspace/Sources/XMLCoder/XMLElementStorage.swift:23:22: error: cannot find type 'XMLNode' in scope
21 | protocol XMLEncodingStorage {
22 | var nodes: [XMLNode] { get }
23 | var attributes: [XMLNode] { get }
| `- error: cannot find type 'XMLNode' in scope
24 |
25 | func append(node: XMLNode)
/Users/admin/builder/spi-builder-workspace/Sources/XMLCoder/XMLElementStorage.swift:25:23: error: cannot find type 'XMLNode' in scope
23 | var attributes: [XMLNode] { get }
24 |
25 | func append(node: XMLNode)
| `- error: cannot find type 'XMLNode' in scope
26 | func append(attribute: XMLNode)
27 | }
/Users/admin/builder/spi-builder-workspace/Sources/XMLCoder/XMLElementStorage.swift:26:28: error: cannot find type 'XMLNode' in scope
24 |
25 | func append(node: XMLNode)
26 | func append(attribute: XMLNode)
| `- error: cannot find type 'XMLNode' in scope
27 | }
28 |
/Users/admin/builder/spi-builder-workspace/Sources/XMLCoder/XMLElementStorage.swift:32:17: error: cannot find type 'XMLNode' in scope
30 |
31 | class UnkeyedXMLElementStorage: XMLEncodingStorage {
32 | var nodes: [XMLNode] = []
| `- error: cannot find type 'XMLNode' in scope
33 | var attributes: [XMLNode] = []
34 |
/Users/admin/builder/spi-builder-workspace/Sources/XMLCoder/XMLElementStorage.swift:33:22: error: cannot find type 'XMLNode' in scope
31 | class UnkeyedXMLElementStorage: XMLEncodingStorage {
32 | var nodes: [XMLNode] = []
33 | var attributes: [XMLNode] = []
| `- error: cannot find type 'XMLNode' in scope
34 |
35 | func append(node: XMLNode) {
/Users/admin/builder/spi-builder-workspace/Sources/XMLCoder/XMLElementStorage.swift:35:23: error: cannot find type 'XMLNode' in scope
33 | var attributes: [XMLNode] = []
34 |
35 | func append(node: XMLNode) {
| `- error: cannot find type 'XMLNode' in scope
36 | if node.kind == .attribute {
37 | attributes.append(node)
/Users/admin/builder/spi-builder-workspace/Sources/XMLCoder/XMLElementStorage.swift:44:30: error: cannot find type 'XMLNode' in scope
42 | }
43 |
44 | func append(_ elements: [XMLNode]) {
| `- error: cannot find type 'XMLNode' in scope
45 | nodes.append(contentsOf: elements)
46 | }
/Users/admin/builder/spi-builder-workspace/Sources/XMLCoder/XMLElementStorage.swift:48:28: error: cannot find type 'XMLNode' in scope
46 | }
47 |
48 | func append(attribute: XMLNode) { // TODO: remove
| `- error: cannot find type 'XMLNode' in scope
49 | attributes.append(attribute)
50 | }
/Users/admin/builder/spi-builder-workspace/Sources/XMLCoder/XMLElementStorage.swift:54:17: error: cannot find type 'XMLNode' in scope
52 |
53 | class KeyedXMLElementStorage: XMLEncodingStorage {
54 | var nodes: [XMLNode] = []
| `- error: cannot find type 'XMLNode' in scope
55 | var attributes: [XMLNode] = []
56 |
/Users/admin/builder/spi-builder-workspace/Sources/XMLCoder/XMLElementStorage.swift:55:22: error: cannot find type 'XMLNode' in scope
53 | class KeyedXMLElementStorage: XMLEncodingStorage {
54 | var nodes: [XMLNode] = []
55 | var attributes: [XMLNode] = []
| `- error: cannot find type 'XMLNode' in scope
56 |
57 | func append(node: XMLNode) {
/Users/admin/builder/spi-builder-workspace/Sources/XMLCoder/XMLElementStorage.swift:57:23: error: cannot find type 'XMLNode' in scope
55 | var attributes: [XMLNode] = []
56 |
57 | func append(node: XMLNode) {
| `- error: cannot find type 'XMLNode' in scope
58 | if node.kind == .attribute {
59 | attributes.append(node)
/Users/admin/builder/spi-builder-workspace/Sources/XMLCoder/XMLElementStorage.swift:66:28: error: cannot find type 'XMLNode' in scope
64 | }
65 |
66 | func append(attribute: XMLNode) { // TODO: remove
| `- error: cannot find type 'XMLNode' in scope
67 | attributes.append(attribute)
68 | }
/Users/admin/builder/spi-builder-workspace/Sources/XMLCoder/XMLElementStorage.swift:72:17: error: cannot find type 'XMLNode' in scope
70 |
71 | class SingleXMLElementStorage: XMLEncodingStorage {
72 | var nodes: [XMLNode] = []
| `- error: cannot find type 'XMLNode' in scope
73 | var attributes: [XMLNode] = []
74 |
/Users/admin/builder/spi-builder-workspace/Sources/XMLCoder/XMLElementStorage.swift:73:22: error: cannot find type 'XMLNode' in scope
71 | class SingleXMLElementStorage: XMLEncodingStorage {
72 | var nodes: [XMLNode] = []
73 | var attributes: [XMLNode] = []
| `- error: cannot find type 'XMLNode' in scope
74 |
75 | func append(node: XMLNode) {
/Users/admin/builder/spi-builder-workspace/Sources/XMLCoder/XMLElementStorage.swift:75:23: error: cannot find type 'XMLNode' in scope
73 | var attributes: [XMLNode] = []
74 |
75 | func append(node: XMLNode) {
| `- error: cannot find type 'XMLNode' in scope
76 | if node.kind == .attribute {
77 | attributes.append(node)
/Users/admin/builder/spi-builder-workspace/Sources/XMLCoder/XMLElementStorage.swift:84:28: error: cannot find type 'XMLNode' in scope
82 | }
83 |
84 | func append(attribute: XMLNode) { // TODO: remove
| `- error: cannot find type 'XMLNode' in scope
85 | attributes.append(attribute)
86 | }
/Users/admin/builder/spi-builder-workspace/Sources/XMLCoder/XMLElementStorage.swift:103:17: error: cannot find type 'XMLNode' in scope
101 | }
102 |
103 | var nodes: [XMLNode] {
| `- error: cannot find type 'XMLNode' in scope
104 | return stack.last!.nodes
105 | }
/Users/admin/builder/spi-builder-workspace/Sources/XMLCoder/XMLElementStorage.swift:106:22: error: cannot find type 'XMLNode' in scope
104 | return stack.last!.nodes
105 | }
106 | var attributes: [XMLNode] {
| `- error: cannot find type 'XMLNode' in scope
107 | return stack.last!.attributes
108 | }
/Users/admin/builder/spi-builder-workspace/Sources/XMLCoder/XMLElementStorage.swift:110:23: error: cannot find type 'XMLNode' in scope
108 | }
109 |
110 | func append(node: XMLNode) {
| `- error: cannot find type 'XMLNode' in scope
111 | stack.last!.append(node: node)
112 | }
/Users/admin/builder/spi-builder-workspace/Sources/XMLCoder/XMLElementStorage.swift:114:28: error: cannot find type 'XMLNode' in scope
112 | }
113 |
114 | func append(attribute: XMLNode) {
| `- error: cannot find type 'XMLNode' in scope
115 | stack.last!.append(attribute: attribute)
116 | }
/Users/admin/builder/spi-builder-workspace/Sources/XMLCoder/XMLElementStorage.swift:142:15: error: cannot find type 'XMLNode' in scope
140 |
141 | struct XMLNodeWrapper {
142 | let node: XMLNode
| `- error: cannot find type 'XMLNode' in scope
143 | let elementName: String?
144 | var currentTextNodeIndex: Int
/Users/admin/builder/spi-builder-workspace/Sources/XMLCoder/XMLElementStorage.swift:146:16: error: cannot find type 'XMLNode' in scope
144 | var currentTextNodeIndex: Int
145 |
146 | init(node: XMLNode, elementName: String? = nil) {
| `- error: cannot find type 'XMLNode' in scope
147 | self.node = node
148 | self.elementName = elementName
/Users/admin/builder/spi-builder-workspace/Sources/XMLCoder/XMLElementStorage.swift:164:21: error: cannot find type 'XMLNode' in scope
162 | }
163 |
164 | func push(node: XMLNode) {
| `- error: cannot find type 'XMLNode' in scope
165 | push(XMLNodeWrapper(node: node))
166 | }
/Users/admin/builder/spi-builder-workspace/Sources/XMLCoder/XMLElementStorage.swift:36:26: error: cannot infer contextual base in reference to member 'attribute'
34 |
35 | func append(node: XMLNode) {
36 | if node.kind == .attribute {
| `- error: cannot infer contextual base in reference to member 'attribute'
37 | attributes.append(node)
38 | }
/Users/admin/builder/spi-builder-workspace/Sources/XMLCoder/XMLElementStorage.swift:58:26: error: cannot infer contextual base in reference to member 'attribute'
56 |
57 | func append(node: XMLNode) {
58 | if node.kind == .attribute {
| `- error: cannot infer contextual base in reference to member 'attribute'
59 | attributes.append(node)
60 | }
SwiftCompile normal arm64_32 /Users/admin/builder/spi-builder-workspace/Sources/XMLCoder/XMLElementStorage.swift (in target 'XMLCoder' from project 'XMLCoder')
cd /Users/admin/builder/spi-builder-workspace/.swiftpm/xcode
builtin-SwiftPerFileCompile XMLElementStorage.swift
SwiftEmitModule normal arm64_32 Emitting\ module\ for\ XMLCoder (in target 'XMLCoder' from project 'XMLCoder')
/Users/admin/builder/spi-builder-workspace/Sources/XMLCoder/XMLDecoder.swift:122:68: error: cannot find type 'XMLDocument' in scope
120 | /// - returns: A value of the requested type.
121 | /// - throws: An error if any value throws an error during decoding.
122 | open func decode<T : Decodable>(_ type: T.Type, from document: XMLDocument) throws -> T {
| `- error: cannot find type 'XMLDocument' in scope
123 | //let topLevel = XMLDecodingStorage(document: document)
124 | guard let topLevel = document.children?.first else {
/Users/admin/builder/spi-builder-workspace/Sources/XMLCoder/CombineSupport.swift:12:1: error: type 'XMLDecoder' does not conform to protocol 'TopLevelDecoder'
10 | import Combine
11 |
12 | extension XMLDecoder: TopLevelDecoder {}
| |- error: type 'XMLDecoder' does not conform to protocol 'TopLevelDecoder'
| `- note: add stubs for conformance
13 | extension XMLEncoder: TopLevelEncoder {}
14 |
Combine.TopLevelDecoder.Input:2:16: note: protocol requires nested type 'Input'
1 | protocol TopLevelDecoder {
2 | associatedtype Input}
| `- note: protocol requires nested type 'Input'
3 |
/Users/admin/builder/spi-builder-workspace/Sources/XMLCoder/XMLEncoder.swift:131:59: error: cannot find type 'XMLDocument' in scope
129 | /// - throws: `EncodingError.invalidValue` if a non-conforming floating-point value is encountered during encoding, and the encoding strategy is `.throw`.
130 | /// - throws: An error if any value throws an error during encoding.
131 | open func encode<T : Encodable>(_ value: T) throws -> XMLDocument {
| `- error: cannot find type 'XMLDocument' in scope
132 | let namespaceProvider = XMLNamespaceProvider(defaultURI: self.options.defaultNamespace, initialMapping: self.options.namespaceMap, namePrefix: self.options.namespacePrefix)
133 | let encoder = _XMLEncoder(options: self.options, namespaceProvider: namespaceProvider)
/Users/admin/builder/spi-builder-workspace/Sources/XMLCoder/CombineSupport.swift:13:1: error: type 'XMLEncoder' does not conform to protocol 'TopLevelEncoder'
11 |
12 | extension XMLDecoder: TopLevelDecoder {}
13 | extension XMLEncoder: TopLevelEncoder {}
| |- error: type 'XMLEncoder' does not conform to protocol 'TopLevelEncoder'
| `- note: add stubs for conformance
14 |
15 | #endif
Combine.TopLevelEncoder.Output:2:16: note: protocol requires nested type 'Output'
1 | protocol TopLevelEncoder {
2 | associatedtype Output}
| `- note: protocol requires nested type 'Output'
3 |
/Users/admin/builder/spi-builder-workspace/Sources/XMLCoder/XMLDecoderInternal.swift:57:33: error: cannot find type 'XMLDocument' in scope
55 |
56 | /// Initializes `self` with the given top-level container and options.
57 | init(referencing container: XMLDocument, at codingPath: [CodingKey] = [], options: XMLDecoder._Options) {
| `- error: cannot find type 'XMLDocument' in scope
58 | self.storage = XMLDecodingStorage()
59 | self.storage.push(node: container)
/Users/admin/builder/spi-builder-workspace/Sources/XMLCoder/XMLDecoderInternal.swift:92:32: error: cannot find type 'XMLNode' in scope
90 |
91 | /// A reference to the container we're reading from.
92 | private var container: XMLNode
| `- error: cannot find type 'XMLNode' in scope
93 |
94 | /// A shortcut for quick access to the container's children nodes by key.
/Users/admin/builder/spi-builder-workspace/Sources/XMLCoder/XMLDecoderInternal.swift:95:40: error: cannot find type 'XMLNode' in scope
93 |
94 | /// A shortcut for quick access to the container's children nodes by key.
95 | private var elements: [String: XMLNode]
| `- error: cannot find type 'XMLNode' in scope
96 | private var attributes: [String: XMLNode]
97 | private var textNodes: [XMLNode]
/Users/admin/builder/spi-builder-workspace/Sources/XMLCoder/XMLDecoderInternal.swift:96:42: error: cannot find type 'XMLNode' in scope
94 | /// A shortcut for quick access to the container's children nodes by key.
95 | private var elements: [String: XMLNode]
96 | private var attributes: [String: XMLNode]
| `- error: cannot find type 'XMLNode' in scope
97 | private var textNodes: [XMLNode]
98 |
/Users/admin/builder/spi-builder-workspace/Sources/XMLCoder/XMLDecoderInternal.swift:97:33: error: cannot find type 'XMLNode' in scope
95 | private var elements: [String: XMLNode]
96 | private var attributes: [String: XMLNode]
97 | private var textNodes: [XMLNode]
| `- error: cannot find type 'XMLNode' in scope
98 |
99 | /// The path of coding keys taken to get to this point in decoding.
/Users/admin/builder/spi-builder-workspace/Sources/XMLCoder/XMLDecoderInternal.swift:105:105: error: cannot find type 'XMLElement' in scope
103 |
104 | /// Initializes `self` with the given references.
105 | fileprivate init(referencing decoder: _XMLDecoder, codingPath: [CodingKey], wrapping container: XMLElement) {
| `- error: cannot find type 'XMLElement' in scope
106 | self.decoder = decoder
107 | self.codingPath = codingPath
/Users/admin/builder/spi-builder-workspace/Sources/XMLCoder/XMLDecoderInternal.swift:418:32: error: cannot find type 'XMLNode' in scope
416 |
417 | /// The container's filtered children nodes.
418 | private var elements: [XMLNode]
| `- error: cannot find type 'XMLNode' in scope
419 |
420 | /// The path of coding keys taken to get to this point in decoding.
/Users/admin/builder/spi-builder-workspace/Sources/XMLCoder/XMLElementStorage.swift:22:17: error: cannot find type 'XMLNode' in scope
20 |
21 | protocol XMLEncodingStorage {
22 | var nodes: [XMLNode] { get }
| `- error: cannot find type 'XMLNode' in scope
23 | var attributes: [XMLNode] { get }
24 |
/Users/admin/builder/spi-builder-workspace/Sources/XMLCoder/XMLElementStorage.swift:23:22: error: cannot find type 'XMLNode' in scope
21 | protocol XMLEncodingStorage {
22 | var nodes: [XMLNode] { get }
23 | var attributes: [XMLNode] { get }
| `- error: cannot find type 'XMLNode' in scope
24 |
25 | func append(node: XMLNode)
/Users/admin/builder/spi-builder-workspace/Sources/XMLCoder/XMLElementStorage.swift:25:23: error: cannot find type 'XMLNode' in scope
23 | var attributes: [XMLNode] { get }
24 |
25 | func append(node: XMLNode)
| `- error: cannot find type 'XMLNode' in scope
26 | func append(attribute: XMLNode)
27 | }
/Users/admin/builder/spi-builder-workspace/Sources/XMLCoder/XMLElementStorage.swift:26:28: error: cannot find type 'XMLNode' in scope
24 |
25 | func append(node: XMLNode)
26 | func append(attribute: XMLNode)
| `- error: cannot find type 'XMLNode' in scope
27 | }
28 |
/Users/admin/builder/spi-builder-workspace/Sources/XMLCoder/XMLElementStorage.swift:32:17: error: cannot find type 'XMLNode' in scope
30 |
31 | class UnkeyedXMLElementStorage: XMLEncodingStorage {
32 | var nodes: [XMLNode] = []
| `- error: cannot find type 'XMLNode' in scope
33 | var attributes: [XMLNode] = []
34 |
/Users/admin/builder/spi-builder-workspace/Sources/XMLCoder/XMLElementStorage.swift:33:22: error: cannot find type 'XMLNode' in scope
31 | class UnkeyedXMLElementStorage: XMLEncodingStorage {
32 | var nodes: [XMLNode] = []
33 | var attributes: [XMLNode] = []
| `- error: cannot find type 'XMLNode' in scope
34 |
35 | func append(node: XMLNode) {
/Users/admin/builder/spi-builder-workspace/Sources/XMLCoder/XMLElementStorage.swift:35:23: error: cannot find type 'XMLNode' in scope
33 | var attributes: [XMLNode] = []
34 |
35 | func append(node: XMLNode) {
| `- error: cannot find type 'XMLNode' in scope
36 | if node.kind == .attribute {
37 | attributes.append(node)
/Users/admin/builder/spi-builder-workspace/Sources/XMLCoder/XMLElementStorage.swift:44:30: error: cannot find type 'XMLNode' in scope
42 | }
43 |
44 | func append(_ elements: [XMLNode]) {
| `- error: cannot find type 'XMLNode' in scope
45 | nodes.append(contentsOf: elements)
46 | }
/Users/admin/builder/spi-builder-workspace/Sources/XMLCoder/XMLElementStorage.swift:48:28: error: cannot find type 'XMLNode' in scope
46 | }
47 |
48 | func append(attribute: XMLNode) { // TODO: remove
| `- error: cannot find type 'XMLNode' in scope
49 | attributes.append(attribute)
50 | }
/Users/admin/builder/spi-builder-workspace/Sources/XMLCoder/XMLElementStorage.swift:54:17: error: cannot find type 'XMLNode' in scope
52 |
53 | class KeyedXMLElementStorage: XMLEncodingStorage {
54 | var nodes: [XMLNode] = []
| `- error: cannot find type 'XMLNode' in scope
55 | var attributes: [XMLNode] = []
56 |
/Users/admin/builder/spi-builder-workspace/Sources/XMLCoder/XMLElementStorage.swift:55:22: error: cannot find type 'XMLNode' in scope
53 | class KeyedXMLElementStorage: XMLEncodingStorage {
54 | var nodes: [XMLNode] = []
55 | var attributes: [XMLNode] = []
| `- error: cannot find type 'XMLNode' in scope
56 |
57 | func append(node: XMLNode) {
/Users/admin/builder/spi-builder-workspace/Sources/XMLCoder/XMLElementStorage.swift:57:23: error: cannot find type 'XMLNode' in scope
55 | var attributes: [XMLNode] = []
56 |
57 | func append(node: XMLNode) {
| `- error: cannot find type 'XMLNode' in scope
58 | if node.kind == .attribute {
59 | attributes.append(node)
/Users/admin/builder/spi-builder-workspace/Sources/XMLCoder/XMLElementStorage.swift:66:28: error: cannot find type 'XMLNode' in scope
64 | }
65 |
66 | func append(attribute: XMLNode) { // TODO: remove
| `- error: cannot find type 'XMLNode' in scope
67 | attributes.append(attribute)
68 | }
/Users/admin/builder/spi-builder-workspace/Sources/XMLCoder/XMLElementStorage.swift:72:17: error: cannot find type 'XMLNode' in scope
70 |
71 | class SingleXMLElementStorage: XMLEncodingStorage {
72 | var nodes: [XMLNode] = []
| `- error: cannot find type 'XMLNode' in scope
73 | var attributes: [XMLNode] = []
74 |
/Users/admin/builder/spi-builder-workspace/Sources/XMLCoder/XMLElementStorage.swift:73:22: error: cannot find type 'XMLNode' in scope
71 | class SingleXMLElementStorage: XMLEncodingStorage {
72 | var nodes: [XMLNode] = []
73 | var attributes: [XMLNode] = []
| `- error: cannot find type 'XMLNode' in scope
74 |
75 | func append(node: XMLNode) {
/Users/admin/builder/spi-builder-workspace/Sources/XMLCoder/XMLElementStorage.swift:75:23: error: cannot find type 'XMLNode' in scope
73 | var attributes: [XMLNode] = []
74 |
75 | func append(node: XMLNode) {
| `- error: cannot find type 'XMLNode' in scope
76 | if node.kind == .attribute {
77 | attributes.append(node)
/Users/admin/builder/spi-builder-workspace/Sources/XMLCoder/XMLElementStorage.swift:84:28: error: cannot find type 'XMLNode' in scope
82 | }
83 |
84 | func append(attribute: XMLNode) { // TODO: remove
| `- error: cannot find type 'XMLNode' in scope
85 | attributes.append(attribute)
86 | }
/Users/admin/builder/spi-builder-workspace/Sources/XMLCoder/XMLElementStorage.swift:103:17: error: cannot find type 'XMLNode' in scope
101 | }
102 |
103 | var nodes: [XMLNode] {
| `- error: cannot find type 'XMLNode' in scope
104 | return stack.last!.nodes
105 | }
/Users/admin/builder/spi-builder-workspace/Sources/XMLCoder/XMLElementStorage.swift:106:22: error: cannot find type 'XMLNode' in scope
104 | return stack.last!.nodes
105 | }
106 | var attributes: [XMLNode] {
| `- error: cannot find type 'XMLNode' in scope
107 | return stack.last!.attributes
108 | }
/Users/admin/builder/spi-builder-workspace/Sources/XMLCoder/XMLElementStorage.swift:110:23: error: cannot find type 'XMLNode' in scope
108 | }
109 |
110 | func append(node: XMLNode) {
| `- error: cannot find type 'XMLNode' in scope
111 | stack.last!.append(node: node)
112 | }
/Users/admin/builder/spi-builder-workspace/Sources/XMLCoder/XMLElementStorage.swift:114:28: error: cannot find type 'XMLNode' in scope
112 | }
113 |
114 | func append(attribute: XMLNode) {
| `- error: cannot find type 'XMLNode' in scope
115 | stack.last!.append(attribute: attribute)
116 | }
/Users/admin/builder/spi-builder-workspace/Sources/XMLCoder/XMLElementStorage.swift:142:15: error: cannot find type 'XMLNode' in scope
140 |
141 | struct XMLNodeWrapper {
142 | let node: XMLNode
| `- error: cannot find type 'XMLNode' in scope
143 | let elementName: String?
144 | var currentTextNodeIndex: Int
/Users/admin/builder/spi-builder-workspace/Sources/XMLCoder/XMLElementStorage.swift:146:16: error: cannot find type 'XMLNode' in scope
144 | var currentTextNodeIndex: Int
145 |
146 | init(node: XMLNode, elementName: String? = nil) {
| `- error: cannot find type 'XMLNode' in scope
147 | self.node = node
148 | self.elementName = elementName
/Users/admin/builder/spi-builder-workspace/Sources/XMLCoder/XMLElementStorage.swift:164:21: error: cannot find type 'XMLNode' in scope
162 | }
163 |
164 | func push(node: XMLNode) {
| `- error: cannot find type 'XMLNode' in scope
165 | push(XMLNodeWrapper(node: node))
166 | }
/Users/admin/builder/spi-builder-workspace/Sources/XMLCoder/XMLEncoderInternal.swift:52:47: error: cannot find type 'XMLElement' in scope
50 | var userInfo: [CodingUserInfoKey : Any] = [:]
51 |
52 | func topElement(withName name: String) -> XMLElement {
| `- error: cannot find type 'XMLElement' in scope
53 | return XMLNode.element(withName: name, children: rootStorage.nodes, attributes: rootStorage.attributes) as! XMLElement
54 | }
/Users/admin/builder/spi-builder-workspace/Sources/XMLCoder/XMLEncoderInternal.swift:571:82: error: cannot find type 'XMLNode' in scope
569 |
570 | extension _XMLEncoder {
571 | fileprivate func xmlNilNode(withName name: String, nodeType: XMLNodeType) -> XMLNode? {
| `- error: cannot find type 'XMLNode' in scope
572 | switch options.nilEncodingStrategy {
573 | case .missing:
/Users/admin/builder/spi-builder-workspace/Sources/XMLCoder/XMLEncoderInternal.swift:585:107: error: cannot find type 'XMLNode' in scope
583 | // }
584 | //
585 | fileprivate func xmlElement(_ value: Int, withName name: String, nodeType: XMLNodeType = .element) -> XMLNode {
| `- error: cannot find type 'XMLNode' in scope
586 | return xmlElement(String(value), withName: name, nodeType: nodeType)
587 | }
/Users/admin/builder/spi-builder-workspace/Sources/XMLCoder/XMLEncoderInternal.swift:589:108: error: cannot find type 'XMLNode' in scope
587 | }
588 |
589 | fileprivate func xmlElement(_ value: Int8, withName name: String, nodeType: XMLNodeType = .element) -> XMLNode {
| `- error: cannot find type 'XMLNode' in scope
590 | return xmlElement(String(value), withName: name, nodeType: nodeType)
591 | }
/Users/admin/builder/spi-builder-workspace/Sources/XMLCoder/XMLEncoderInternal.swift:593:109: error: cannot find type 'XMLNode' in scope
591 | }
592 |
593 | fileprivate func xmlElement(_ value: Int16, withName name: String, nodeType: XMLNodeType = .element) -> XMLNode {
| `- error: cannot find type 'XMLNode' in scope
594 | return xmlElement(String(value), withName: name, nodeType: nodeType)
595 | }
/Users/admin/builder/spi-builder-workspace/Sources/XMLCoder/XMLEncoderInternal.swift:597:109: error: cannot find type 'XMLNode' in scope
595 | }
596 |
597 | fileprivate func xmlElement(_ value: Int32, withName name: String, nodeType: XMLNodeType = .element) -> XMLNode {
| `- error: cannot find type 'XMLNode' in scope
598 | return xmlElement(String(value), withName: name, nodeType: nodeType)
599 | }
/Users/admin/builder/spi-builder-workspace/Sources/XMLCoder/XMLEncoderInternal.swift:601:109: error: cannot find type 'XMLNode' in scope
599 | }
600 |
601 | fileprivate func xmlElement(_ value: Int64, withName name: String, nodeType: XMLNodeType = .element) -> XMLNode {
| `- error: cannot find type 'XMLNode' in scope
602 | return xmlElement(String(value), withName: name, nodeType: nodeType)
603 | }
/Users/admin/builder/spi-builder-workspace/Sources/XMLCoder/XMLEncoderInternal.swift:605:108: error: cannot find type 'XMLNode' in scope
603 | }
604 |
605 | fileprivate func xmlElement(_ value: UInt, withName name: String, nodeType: XMLNodeType = .element) -> XMLNode {
| `- error: cannot find type 'XMLNode' in scope
606 | return xmlElement(String(value), withName: name, nodeType: nodeType)
607 | }
/Users/admin/builder/spi-builder-workspace/Sources/XMLCoder/XMLEncoderInternal.swift:609:109: error: cannot find type 'XMLNode' in scope
607 | }
608 |
609 | fileprivate func xmlElement(_ value: UInt8, withName name: String, nodeType: XMLNodeType = .element) -> XMLNode {
| `- error: cannot find type 'XMLNode' in scope
610 | return xmlElement(String(value), withName: name, nodeType: nodeType)
611 | }
/Users/admin/builder/spi-builder-workspace/Sources/XMLCoder/XMLEncoderInternal.swift:613:110: error: cannot find type 'XMLNode' in scope
611 | }
612 |
613 | fileprivate func xmlElement(_ value: UInt16, withName name: String, nodeType: XMLNodeType = .element) -> XMLNode {
| `- error: cannot find type 'XMLNode' in scope
614 | return xmlElement(String(value), withName: name, nodeType: nodeType)
615 | }
/Users/admin/builder/spi-builder-workspace/Sources/XMLCoder/XMLEncoderInternal.swift:617:110: error: cannot find type 'XMLNode' in scope
615 | }
616 |
617 | fileprivate func xmlElement(_ value: UInt32, withName name: String, nodeType: XMLNodeType = .element) -> XMLNode {
| `- error: cannot find type 'XMLNode' in scope
618 | return xmlElement(String(value), withName: name, nodeType: nodeType)
619 | }
/Users/admin/builder/spi-builder-workspace/Sources/XMLCoder/XMLEncoderInternal.swift:621:110: error: cannot find type 'XMLNode' in scope
619 | }
620 |
621 | fileprivate func xmlElement(_ value: UInt64, withName name: String, nodeType: XMLNodeType = .element) -> XMLNode {
| `- error: cannot find type 'XMLNode' in scope
622 | return xmlElement(String(value), withName: name, nodeType: nodeType)
623 | }
/Users/admin/builder/spi-builder-workspace/Sources/XMLCoder/XMLEncoderInternal.swift:625:110: error: cannot find type 'XMLNode' in scope
623 | }
624 |
625 | fileprivate func xmlElement(_ value: String, withName name: String, nodeType: XMLNodeType = .element) -> XMLNode {
| `- error: cannot find type 'XMLNode' in scope
626 | switch nodeType {
627 | case .element, .array(_):
/Users/admin/builder/spi-builder-workspace/Sources/XMLCoder/XMLEncoderInternal.swift:638:115: error: cannot find type 'XMLNode' in scope
636 | // TODO: Float, Double, Date, Data
637 |
638 | fileprivate func xmlElement<T>(_ value: T, withName name: String, nodeType: XMLNodeType = .element) throws -> XMLNode where T : Encodable {
| `- error: cannot find type 'XMLNode' in scope
639 | if let convertedValue = try converted(value: value) {
640 | return xmlElement(convertedValue, withName: name, nodeType: nodeType)
/Users/admin/builder/spi-builder-workspace/Sources/XMLCoder/XMLEncoderInternal.swift:662:60: error: cannot find type 'XMLNode' in scope
660 | }
661 |
662 | fileprivate func xmlElements<T>(_ value: T) throws -> [XMLNode] where T : Encodable {
| `- error: cannot find type 'XMLNode' in scope
663 | let depth = self.rootStorage.count
664 | do {
/Users/admin/builder/spi-builder-workspace/Sources/XMLCoder/XMLNamespaceProvider.swift:52:11: error: cannot find type 'XMLElement' in scope
50 | }
51 |
52 | extension XMLElement {
| `- error: cannot find type 'XMLElement' in scope
53 | func addNamespaces(from provider: XMLNamespaceProvider) {
54 | if let defaultNamespaceURI = provider.defaultURI {
Failed frontend command:
/Applications/Xcode-27.0.0-Release.Candidate.app/Contents/Developer/Toolchains/XcodeDefault.xctoolchain/usr/bin/swift-frontend -frontend -emit-module -experimental-skip-non-inlinable-function-bodies-without-types /Users/admin/builder/spi-builder-workspace/Sources/XMLCoder/CombineSupport.swift /Users/admin/builder/spi-builder-workspace/Sources/XMLCoder/Data+Hex.swift /Users/admin/builder/spi-builder-workspace/Sources/XMLCoder/XMLCoder.swift /Users/admin/builder/spi-builder-workspace/Sources/XMLCoder/XMLDecoder.swift /Users/admin/builder/spi-builder-workspace/Sources/XMLCoder/XMLDecoderInternal.swift /Users/admin/builder/spi-builder-workspace/Sources/XMLCoder/XMLElementStorage.swift /Users/admin/builder/spi-builder-workspace/Sources/XMLCoder/XMLEncoder.swift /Users/admin/builder/spi-builder-workspace/Sources/XMLCoder/XMLEncoderInternal.swift /Users/admin/builder/spi-builder-workspace/Sources/XMLCoder/XMLNamespaceProvider.swift -target arm64_32-apple-watchos9.0 -module-can-import-version Combine 3023 0 -disable-cross-import-overlay-search -load-resolved-plugin /Applications/Xcode-27.0.0-Release.Candidate.app/Contents/Developer/Platforms/WatchOS.platform/Developer/usr/lib/swift/host/plugins/libFoundationMacros.dylib\#/Applications/Xcode-27.0.0-Release.Candidate.app/Contents/Developer/Platforms/WatchOS.platform/Developer/usr/bin/swift-plugin-server\#FoundationMacros -load-resolved-plugin /Applications/Xcode-27.0.0-Release.Candidate.app/Contents/Developer/Platforms/WatchOS.platform/Developer/usr/lib/swift/host/plugins/libObservationMacros.dylib\#/Applications/Xcode-27.0.0-Release.Candidate.app/Contents/Developer/Platforms/WatchOS.platform/Developer/usr/bin/swift-plugin-server\#ObservationMacros -load-resolved-plugin /Applications/Xcode-27.0.0-Release.Candidate.app/Contents/Developer/Platforms/WatchOS.platform/Developer/usr/lib/swift/host/plugins/libSwiftMacros.dylib\#/Applications/Xcode-27.0.0-Release.Candidate.app/Contents/Developer/Platforms/WatchOS.platform/Developer/usr/bin/swift-plugin-server\#SwiftMacros -disable-implicit-swift-modules -Xcc -fno-implicit-modules -Xcc -fno-implicit-module-maps -explicit-swift-module-map-file /Users/admin/builder/spi-builder-workspace/.derivedData/Build/Intermediates.noindex/XMLCoder.build/Debug-watchos/XMLCoder-t.build/Objects-normal/arm64_32/XMLCoder-dependencies-1.json -enable-objc-interop -sdk /Applications/Xcode-27.0.0-Release.Candidate.app/Contents/Developer/Platforms/WatchOS.platform/Developer/SDKs/WatchOS27.0.sdk -I /Users/admin/builder/spi-builder-workspace/.derivedData/Build/Products/Debug-watchos -Isystem /Applications/Xcode-27.0.0-Release.Candidate.app/Contents/Developer/Platforms/WatchOS.platform/Developer/usr/lib -F /Users/admin/builder/spi-builder-workspace/.derivedData/Build/Products/Debug-watchos -F /Applications/Xcode-27.0.0-Release.Candidate.app/Contents/Developer/Platforms/WatchOS.platform/Developer/Library/Frameworks -F /Applications/Xcode-27.0.0-Release.Candidate.app/Contents/Developer/Platforms/WatchOS.platform/Developer/SDKs/WatchOS27.0.sdk/Developer/Library/Frameworks -module-cache-path /Users/admin/builder/spi-builder-workspace/.derivedData/Build/Intermediates.noindex/SwiftExplicitPrecompiledModules -no-color-diagnostics -Xcc -fno-color-diagnostics -enable-testing -g -debug-info-format\=dwarf -dwarf-version\=4 -profile-generate -profile-coverage-mapping -swift-version 5 -Onone -D SWIFT_PACKAGE -D DEBUG -D SWIFT_MODULE_RESOURCE_BUNDLE_UNAVAILABLE -D Xcode -serialize-debugging-options -enable-experimental-feature DebugDescriptionMacro -empty-abi-descriptor -validate-clang-modules-once -clang-build-session-file /Users/admin/builder/spi-builder-workspace/.derivedData/ModuleCache.noindex/Session.modulevalidation -Xcc -working-directory -Xcc /Users/admin/builder/spi-builder-workspace/.swiftpm/xcode -enable-anonymous-context-mangled-names -file-compilation-dir /Users/admin/builder/spi-builder-workspace/.swiftpm/xcode -Xcc -D_LIBCPP_HARDENING_MODE\=_LIBCPP_HARDENING_MODE_DEBUG -Xcc -ivfsstatcache -Xcc /Users/admin/builder/spi-builder-workspace/.derivedData/SDKStatCaches.noindex/watchos27.0-24R360-e829b21a6f8c9b70876ba0858053c04477534ef55a1706bf4c1112bbb242f0a2.sdkstatcache -Xcc -fmodules-prune-interval\=86400 -Xcc -fmodules-prune-after\=345600 -Xcc -I/Users/admin/builder/spi-builder-workspace/.derivedData/Build/Products/Debug-watchos/include -Xcc -I/Users/admin/builder/spi-builder-workspace/.derivedData/Build/Intermediates.noindex/XMLCoder.build/Debug-watchos/XMLCoder-t.build/DerivedSources-normal/arm64_32 -Xcc -I/Users/admin/builder/spi-builder-workspace/.derivedData/Build/Intermediates.noindex/XMLCoder.build/Debug-watchos/XMLCoder-t.build/DerivedSources/arm64_32 -Xcc -I/Users/admin/builder/spi-builder-workspace/.derivedData/Build/Intermediates.noindex/XMLCoder.build/Debug-watchos/XMLCoder-t.build/DerivedSources -Xcc -DSWIFT_PACKAGE -Xcc -DDEBUG\=1 -no-auto-bridging-header-chaining -module-name XMLCoder -const-gather-protocols-file /Users/admin/builder/spi-builder-workspace/.derivedData/Build/Intermediates.noindex/XMLCoder.build/Debug-watchos/XMLCoder-t.build/Objects-normal/arm64_32/XMLCoder_const_extract_protocols.json -disable-clang-spi -clang-target arm64_32-apple-watchos27.0 -target-sdk-version 27.0 -target-sdk-name watchos27.0 -in-process-plugin-server-path /Applications/Xcode-27.0.0-Release.Candidate.app/Contents/Developer/Toolchains/XcodeDefault.xctoolchain/usr/lib/swift/host/libSwiftInProcPluginServer.dylib -emit-module-doc-path /Users/admin/builder/spi-builder-workspace/.derivedData/Build/Intermediates.noindex/XMLCoder.build/Debug-watchos/XMLCoder-t.build/Objects-normal/arm64_32/XMLCoder.swiftdoc -emit-module-source-info-path /Users/admin/builder/spi-builder-workspace/.derivedData/Build/Intermediates.noindex/XMLCoder.build/Debug-watchos/XMLCoder-t.build/Objects-normal/arm64_32/XMLCoder.swiftsourceinfo -emit-objc-header-path /Users/admin/builder/spi-builder-workspace/.derivedData/Build/Intermediates.noindex/XMLCoder.build/Debug-watchos/XMLCoder-t.build/Objects-normal/arm64_32/XMLCoder-Swift.h -serialize-diagnostics-path /Users/admin/builder/spi-builder-workspace/.derivedData/Build/Intermediates.noindex/XMLCoder.build/Debug-watchos/XMLCoder-t.build/Objects-normal/arm64_32/XMLCoder-primary-emit-module.dia -emit-dependencies-path /Users/admin/builder/spi-builder-workspace/.derivedData/Build/Intermediates.noindex/XMLCoder.build/Debug-watchos/XMLCoder-t.build/Objects-normal/arm64_32/XMLCoder-primary-emit-module.d -parse-as-library -o /Users/admin/builder/spi-builder-workspace/.derivedData/Build/Intermediates.noindex/XMLCoder.build/Debug-watchos/XMLCoder-t.build/Objects-normal/arm64_32/XMLCoder.swiftmodule -emit-abi-descriptor-path /Users/admin/builder/spi-builder-workspace/.derivedData/Build/Intermediates.noindex/XMLCoder.build/Debug-watchos/XMLCoder-t.build/Objects-normal/arm64_32/XMLCoder.abi.json
SwiftCompile normal arm64_32 (in target 'XMLCoder' from project 'XMLCoder')
cd /Users/admin/builder/spi-builder-workspace/.swiftpm/xcode
SwiftCompile normal arm64_32 Compiling\ Data+Hex.swift /Users/admin/builder/spi-builder-workspace/Sources/XMLCoder/Data+Hex.swift (in target 'XMLCoder' from project 'XMLCoder')
SwiftCompile normal arm64_32 /Users/admin/builder/spi-builder-workspace/Sources/XMLCoder/Data+Hex.swift (in target 'XMLCoder' from project 'XMLCoder')
cd /Users/admin/builder/spi-builder-workspace/.swiftpm/xcode
builtin-SwiftPerFileCompile Data+Hex.swift
SwiftCompile normal arm64_32 Compiling\ CombineSupport.swift /Users/admin/builder/spi-builder-workspace/Sources/XMLCoder/CombineSupport.swift (in target 'XMLCoder' from project 'XMLCoder')
/Users/admin/builder/spi-builder-workspace/Sources/XMLCoder/XMLDecoder.swift:122:68: error: cannot find type 'XMLDocument' in scope
120 | /// - returns: A value of the requested type.
121 | /// - throws: An error if any value throws an error during decoding.
122 | open func decode<T : Decodable>(_ type: T.Type, from document: XMLDocument) throws -> T {
| `- error: cannot find type 'XMLDocument' in scope
123 | //let topLevel = XMLDecodingStorage(document: document)
124 | guard let topLevel = document.children?.first else {
/Users/admin/builder/spi-builder-workspace/Sources/XMLCoder/CombineSupport.swift:12:1: error: type 'XMLDecoder' does not conform to protocol 'TopLevelDecoder'
10 | import Combine
11 |
12 | extension XMLDecoder: TopLevelDecoder {}
| |- error: type 'XMLDecoder' does not conform to protocol 'TopLevelDecoder'
| `- note: add stubs for conformance
13 | extension XMLEncoder: TopLevelEncoder {}
14 |
Combine.TopLevelDecoder.Input:2:16: note: protocol requires nested type 'Input'
1 | protocol TopLevelDecoder {
2 | associatedtype Input}
| `- note: protocol requires nested type 'Input'
3 |
/Users/admin/builder/spi-builder-workspace/Sources/XMLCoder/XMLEncoder.swift:131:59: error: cannot find type 'XMLDocument' in scope
129 | /// - throws: `EncodingError.invalidValue` if a non-conforming floating-point value is encountered during encoding, and the encoding strategy is `.throw`.
130 | /// - throws: An error if any value throws an error during encoding.
131 | open func encode<T : Encodable>(_ value: T) throws -> XMLDocument {
| `- error: cannot find type 'XMLDocument' in scope
132 | let namespaceProvider = XMLNamespaceProvider(defaultURI: self.options.defaultNamespace, initialMapping: self.options.namespaceMap, namePrefix: self.options.namespacePrefix)
133 | let encoder = _XMLEncoder(options: self.options, namespaceProvider: namespaceProvider)
SwiftCompile normal arm64_32 /Users/admin/builder/spi-builder-workspace/Sources/XMLCoder/CombineSupport.swift (in target 'XMLCoder' from project 'XMLCoder')
cd /Users/admin/builder/spi-builder-workspace/.swiftpm/xcode
builtin-SwiftPerFileCompile CombineSupport.swift
SwiftCompile normal arm64_32 Compiling\ XMLCoder.swift /Users/admin/builder/spi-builder-workspace/Sources/XMLCoder/XMLCoder.swift (in target 'XMLCoder' from project 'XMLCoder')
SwiftCompile normal arm64_32 /Users/admin/builder/spi-builder-workspace/Sources/XMLCoder/XMLCoder.swift (in target 'XMLCoder' from project 'XMLCoder')
cd /Users/admin/builder/spi-builder-workspace/.swiftpm/xcode
builtin-SwiftPerFileCompile XMLCoder.swift
SwiftCompile normal arm64_32 Compiling\ XMLEncoder.swift /Users/admin/builder/spi-builder-workspace/Sources/XMLCoder/XMLEncoder.swift (in target 'XMLCoder' from project 'XMLCoder')
/Users/admin/builder/spi-builder-workspace/Sources/XMLCoder/XMLEncoder.swift:131:59: error: cannot find type 'XMLDocument' in scope
129 | /// - throws: `EncodingError.invalidValue` if a non-conforming floating-point value is encountered during encoding, and the encoding strategy is `.throw`.
130 | /// - throws: An error if any value throws an error during encoding.
131 | open func encode<T : Encodable>(_ value: T) throws -> XMLDocument {
| `- error: cannot find type 'XMLDocument' in scope
132 | let namespaceProvider = XMLNamespaceProvider(defaultURI: self.options.defaultNamespace, initialMapping: self.options.namespaceMap, namePrefix: self.options.namespacePrefix)
133 | let encoder = _XMLEncoder(options: self.options, namespaceProvider: namespaceProvider)
/Users/admin/builder/spi-builder-workspace/Sources/XMLCoder/XMLEncoderInternal.swift:52:47: error: cannot find type 'XMLElement' in scope
50 | var userInfo: [CodingUserInfoKey : Any] = [:]
51 |
52 | func topElement(withName name: String) -> XMLElement {
| `- error: cannot find type 'XMLElement' in scope
53 | return XMLNode.element(withName: name, children: rootStorage.nodes, attributes: rootStorage.attributes) as! XMLElement
54 | }
/Users/admin/builder/spi-builder-workspace/Sources/XMLCoder/XMLEncoder.swift:137:24: error: cannot find 'XMLNode' in scope
135 | let element = encoder.topElement(withName: documentRootTag)
136 | element.addNamespaces(from: namespaceProvider)
137 | let document = XMLNode.document(withRootElement:element) as! XMLDocument
| `- error: cannot find 'XMLNode' in scope
138 | return document
139 | }
SwiftCompile normal arm64_32 /Users/admin/builder/spi-builder-workspace/Sources/XMLCoder/XMLEncoder.swift (in target 'XMLCoder' from project 'XMLCoder')
cd /Users/admin/builder/spi-builder-workspace/.swiftpm/xcode
builtin-SwiftPerFileCompile XMLEncoder.swift
SwiftCompile normal arm64_32 Compiling\ XMLNamespaceProvider.swift /Users/admin/builder/spi-builder-workspace/Sources/XMLCoder/XMLNamespaceProvider.swift (in target 'XMLCoder' from project 'XMLCoder')
SwiftCompile normal arm64_32 /Users/admin/builder/spi-builder-workspace/Sources/XMLCoder/XMLNamespaceProvider.swift (in target 'XMLCoder' from project 'XMLCoder')
cd /Users/admin/builder/spi-builder-workspace/.swiftpm/xcode
builtin-SwiftPerFileCompile XMLNamespaceProvider.swift
PruneExplicitPrecompiledModules /Users/admin/builder/spi-builder-workspace/.derivedData/SDKExplicitPrecompiledModules
PruneExplicitPrecompiledModules /Users/admin/builder/spi-builder-workspace/.derivedData/Build/Intermediates.noindex/ExplicitPrecompiledModules
PruneExplicitPrecompiledModules /Users/admin/builder/spi-builder-workspace/.derivedData/Build/Intermediates.noindex/SwiftExplicitPrecompiledModules
2026-09-18 05:16:58.685 xcodebuild[647:4182] [MT] IDERunDestination: Supported platforms for the buildables in the current scheme is empty.
** BUILD FAILED **
The following build commands failed:
SwiftEmitModule normal arm64_32 Emitting\ module\ for\ XMLCoder (in target 'XMLCoder' from project 'XMLCoder')
SwiftCompile normal arm64_32 (in target 'XMLCoder' from project 'XMLCoder')
Building workspace XMLCoder with scheme XMLCoder
(3 failures)
Command line invocation:
/Applications/Xcode-27.0.0-Release.Candidate.app/Contents/Developer/usr/bin/xcodebuild -IDEClonedSourcePackagesDirPathOverride=/Users/admin/builder/spi-builder-workspace/.dependencies -resolvePackageDependencies
Resolve Package Graph
Resolved source packages:
XMLCoder: /Users/admin/builder/spi-builder-workspace
resolved source packages: XMLCoder
2026-09-18 05:17:03.704 xcodebuild[724:4518] [MT] IDERunDestination: Supported platforms for the buildables in the current scheme is empty.
{
"dependencies" : [
],
"manifest_display_name" : "XMLCoder",
"name" : "XMLCoder",
"path" : "/Users/admin/builder/spi-builder-workspace",
"platforms" : [
],
"products" : [
{
"name" : "XMLCoder",
"targets" : [
"XMLCoder"
],
"type" : {
"library" : [
"automatic"
]
}
}
],
"swift_languages_versions" : [
"5"
],
"targets" : [
{
"c99name" : "XMLCoderTests",
"module_type" : "SwiftTarget",
"name" : "XMLCoderTests",
"path" : "Tests/XMLCoderTests",
"sources" : [
"CombineSupportTests.swift",
"XCTestManifests.swift",
"XMLCodableTestTypes.swift",
"XMLDecoderTests.swift",
"XMLEncoderTests.swift",
"XMLTests.swift",
"XMLTestsCommon.swift"
],
"target_dependencies" : [
"XMLCoder"
],
"type" : "test"
},
{
"c99name" : "XMLCoder",
"module_type" : "SwiftTarget",
"name" : "XMLCoder",
"path" : "Sources/XMLCoder",
"product_memberships" : [
"XMLCoder"
],
"sources" : [
"CombineSupport.swift",
"Data+Hex.swift",
"XMLCoder.swift",
"XMLDecoder.swift",
"XMLDecoderInternal.swift",
"XMLElementStorage.swift",
"XMLEncoder.swift",
"XMLEncoderInternal.swift",
"XMLNamespaceProvider.swift"
],
"type" : "library"
}
],
"tools_version" : "5.0"
}
{
"workspace" : {
"name" : "XMLCoder",
"schemes" : [
"XMLCoder"
]
}
}
2026-09-18 05:17:04.956 xcodebuild[732:4583] [MT] IDERunDestination: Supported platforms for the buildables in the current scheme is empty.
Running build ...
env DEVELOPER_DIR=/Applications/Xcode-27.0.0-Release.Candidate.app xcrun xcodebuild -IDEClonedSourcePackagesDirPathOverride=$PWD/.dependencies -skipMacroValidation -skipPackagePluginValidation -derivedDataPath $PWD/.derivedData build -scheme XMLCoder -destination generic/platform=watchOS
Command line invocation:
/Applications/Xcode-27.0.0-Release.Candidate.app/Contents/Developer/usr/bin/xcodebuild -IDEClonedSourcePackagesDirPathOverride=/Users/admin/builder/spi-builder-workspace/.dependencies -skipMacroValidation -skipPackagePluginValidation -derivedDataPath /Users/admin/builder/spi-builder-workspace/.derivedData build -scheme XMLCoder -destination generic/platform=watchOS
Resolve Package Graph
Resolved source packages:
XMLCoder: /Users/admin/builder/spi-builder-workspace
ComputePackagePrebuildTargetDependencyGraph
Prepare packages
CreateBuildRequest
SendProjectDescription
CreateBuildOperation
ComputeTargetDependencyGraph
note: Building targets in dependency order
note: Target dependency graph (2 targets)
Target 'XMLCoder-product' in project 'XMLCoder'
➜ Explicit dependency on target 'XMLCoder' in project 'XMLCoder'
Target 'XMLCoder' in project 'XMLCoder' (no dependencies)
GatherProvisioningInputs
CreateBuildDescription
ClangStatCache /Applications/Xcode-27.0.0-Release.Candidate.app/Contents/Developer/Toolchains/XcodeDefault.xctoolchain/usr/bin/clang-stat-cache /Applications/Xcode-27.0.0-Release.Candidate.app/Contents/Developer/Platforms/WatchOS.platform/Developer/SDKs/WatchOS27.0.sdk /Users/admin/builder/spi-builder-workspace/.derivedData/SDKStatCaches.noindex/watchos27.0-24R360-e829b21a6f8c9b70876ba0858053c04477534ef55a1706bf4c1112bbb242f0a2.sdkstatcache
cd /Users/admin/builder/spi-builder-workspace/.swiftpm/xcode
/Applications/Xcode-27.0.0-Release.Candidate.app/Contents/Developer/Toolchains/XcodeDefault.xctoolchain/usr/bin/clang-stat-cache /Applications/Xcode-27.0.0-Release.Candidate.app/Contents/Developer/Platforms/WatchOS.platform/Developer/SDKs/WatchOS27.0.sdk -o /Users/admin/builder/spi-builder-workspace/.derivedData/SDKStatCaches.noindex/watchos27.0-24R360-e829b21a6f8c9b70876ba0858053c04477534ef55a1706bf4c1112bbb242f0a2.sdkstatcache
SwiftDriver XMLCoder normal arm64 com.apple.xcode.tools.swift.compiler (in target 'XMLCoder' from project 'XMLCoder')
cd /Users/admin/builder/spi-builder-workspace/.swiftpm/xcode
builtin-SwiftDriver -- /Applications/Xcode-27.0.0-Release.Candidate.app/Contents/Developer/Toolchains/XcodeDefault.xctoolchain/usr/bin/swiftc -parse-as-library -module-name XMLCoder -Onone @/Users/admin/builder/spi-builder-workspace/.derivedData/Build/Intermediates.noindex/XMLCoder.build/Debug-watchos/XMLCoder-t.build/Objects-normal/arm64/XMLCoder.SwiftFileList -DSWIFT_PACKAGE -DDEBUG -DSWIFT_MODULE_RESOURCE_BUNDLE_UNAVAILABLE -DXcode -plugin-path /Applications/Xcode-27.0.0-Release.Candidate.app/Contents/Developer/Toolchains/XcodeDefault.xctoolchain/usr/lib/swift/host/plugins/testing -enable-experimental-feature DebugDescriptionMacro -sdk /Applications/Xcode-27.0.0-Release.Candidate.app/Contents/Developer/Platforms/WatchOS.platform/Developer/SDKs/WatchOS27.0.sdk -target arm64-apple-watchos9.0 -g -module-cache-path /Users/admin/builder/spi-builder-workspace/.derivedData/ModuleCache.noindex -Xfrontend -serialize-debugging-options -profile-coverage-mapping -profile-generate -enable-testing -index-store-path /Users/admin/builder/spi-builder-workspace/.derivedData/Index.noindex/DataStore -Xcc -D_LIBCPP_HARDENING_MODE\=_LIBCPP_HARDENING_MODE_DEBUG -swift-version 5 -I /Users/admin/builder/spi-builder-workspace/.derivedData/Build/Products/Debug-watchos -Isystem /Applications/Xcode-27.0.0-Release.Candidate.app/Contents/Developer/Platforms/WatchOS.platform/Developer/usr/lib -F /Users/admin/builder/spi-builder-workspace/.derivedData/Build/Products/Debug-watchos -F /Applications/Xcode-27.0.0-Release.Candidate.app/Contents/Developer/Platforms/WatchOS.platform/Developer/Library/Frameworks -F /Applications/Xcode-27.0.0-Release.Candidate.app/Contents/Developer/Platforms/WatchOS.platform/Developer/SDKs/WatchOS27.0.sdk/Developer/Library/Frameworks -c -j10 -enable-batch-mode -incremental -Xcc -ivfsstatcache -Xcc /Users/admin/builder/spi-builder-workspace/.derivedData/SDKStatCaches.noindex/watchos27.0-24R360-e829b21a6f8c9b70876ba0858053c04477534ef55a1706bf4c1112bbb242f0a2.sdkstatcache -output-file-map /Users/admin/builder/spi-builder-workspace/.derivedData/Build/Intermediates.noindex/XMLCoder.build/Debug-watchos/XMLCoder-t.build/Objects-normal/arm64/XMLCoder-OutputFileMap.json -save-temps -no-color-diagnostics -explicit-module-build -module-cache-path /Users/admin/builder/spi-builder-workspace/.derivedData/Build/Intermediates.noindex/SwiftExplicitPrecompiledModules -clang-scanner-module-cache-path /Users/admin/builder/spi-builder-workspace/.derivedData/ModuleCache.noindex -sdk-module-cache-path /Users/admin/builder/spi-builder-workspace/.derivedData/SDKExplicitPrecompiledModules -emit-dependencies -emit-module -emit-module-path /Users/admin/builder/spi-builder-workspace/.derivedData/Build/Intermediates.noindex/XMLCoder.build/Debug-watchos/XMLCoder-t.build/Objects-normal/arm64/XMLCoder.swiftmodule -serialize-diagnostics -dependency-scan-serialize-diagnostics-path /Users/admin/builder/spi-builder-workspace/.derivedData/Build/Intermediates.noindex/XMLCoder.build/Debug-watchos/XMLCoder-t.build/Objects-normal/arm64/XMLCoder-dependency-scan.dia -validate-clang-modules-once -clang-build-session-file /Users/admin/builder/spi-builder-workspace/.derivedData/ModuleCache.noindex/Session.modulevalidation -Xcc -fmodules-prune-interval\=86400 -Xcc -fmodules-prune-after\=345600 -emit-const-values -const-gather-protocols-list /Users/admin/builder/spi-builder-workspace/.derivedData/Build/Intermediates.noindex/XMLCoder.build/Debug-watchos/XMLCoder-t.build/Objects-normal/arm64/XMLCoder_const_extract_protocols.json -Xcc -I/Users/admin/builder/spi-builder-workspace/.derivedData/Build/Products/Debug-watchos/include -Xcc -I/Users/admin/builder/spi-builder-workspace/.derivedData/Build/Intermediates.noindex/XMLCoder.build/Debug-watchos/XMLCoder-t.build/DerivedSources-normal/arm64 -Xcc -I/Users/admin/builder/spi-builder-workspace/.derivedData/Build/Intermediates.noindex/XMLCoder.build/Debug-watchos/XMLCoder-t.build/DerivedSources/arm64 -Xcc -I/Users/admin/builder/spi-builder-workspace/.derivedData/Build/Intermediates.noindex/XMLCoder.build/Debug-watchos/XMLCoder-t.build/DerivedSources -Xcc -DSWIFT_PACKAGE -Xcc -DDEBUG\=1 -emit-objc-header -emit-objc-header-path /Users/admin/builder/spi-builder-workspace/.derivedData/Build/Intermediates.noindex/XMLCoder.build/Debug-watchos/XMLCoder-t.build/Objects-normal/arm64/XMLCoder-Swift.h -working-directory /Users/admin/builder/spi-builder-workspace/.swiftpm/xcode -experimental-emit-module-separately -disable-cmo
SwiftDriver XMLCoder normal arm64_32 com.apple.xcode.tools.swift.compiler (in target 'XMLCoder' from project 'XMLCoder')
cd /Users/admin/builder/spi-builder-workspace/.swiftpm/xcode
builtin-SwiftDriver -- /Applications/Xcode-27.0.0-Release.Candidate.app/Contents/Developer/Toolchains/XcodeDefault.xctoolchain/usr/bin/swiftc -parse-as-library -module-name XMLCoder -Onone @/Users/admin/builder/spi-builder-workspace/.derivedData/Build/Intermediates.noindex/XMLCoder.build/Debug-watchos/XMLCoder-t.build/Objects-normal/arm64_32/XMLCoder.SwiftFileList -DSWIFT_PACKAGE -DDEBUG -DSWIFT_MODULE_RESOURCE_BUNDLE_UNAVAILABLE -DXcode -plugin-path /Applications/Xcode-27.0.0-Release.Candidate.app/Contents/Developer/Toolchains/XcodeDefault.xctoolchain/usr/lib/swift/host/plugins/testing -enable-experimental-feature DebugDescriptionMacro -sdk /Applications/Xcode-27.0.0-Release.Candidate.app/Contents/Developer/Platforms/WatchOS.platform/Developer/SDKs/WatchOS27.0.sdk -target arm64_32-apple-watchos9.0 -g -module-cache-path /Users/admin/builder/spi-builder-workspace/.derivedData/ModuleCache.noindex -Xfrontend -serialize-debugging-options -profile-coverage-mapping -profile-generate -enable-testing -index-store-path /Users/admin/builder/spi-builder-workspace/.derivedData/Index.noindex/DataStore -Xcc -D_LIBCPP_HARDENING_MODE\=_LIBCPP_HARDENING_MODE_DEBUG -swift-version 5 -I /Users/admin/builder/spi-builder-workspace/.derivedData/Build/Products/Debug-watchos -Isystem /Applications/Xcode-27.0.0-Release.Candidate.app/Contents/Developer/Platforms/WatchOS.platform/Developer/usr/lib -F /Users/admin/builder/spi-builder-workspace/.derivedData/Build/Products/Debug-watchos -F /Applications/Xcode-27.0.0-Release.Candidate.app/Contents/Developer/Platforms/WatchOS.platform/Developer/Library/Frameworks -F /Applications/Xcode-27.0.0-Release.Candidate.app/Contents/Developer/Platforms/WatchOS.platform/Developer/SDKs/WatchOS27.0.sdk/Developer/Library/Frameworks -c -j10 -enable-batch-mode -incremental -Xcc -ivfsstatcache -Xcc /Users/admin/builder/spi-builder-workspace/.derivedData/SDKStatCaches.noindex/watchos27.0-24R360-e829b21a6f8c9b70876ba0858053c04477534ef55a1706bf4c1112bbb242f0a2.sdkstatcache -output-file-map /Users/admin/builder/spi-builder-workspace/.derivedData/Build/Intermediates.noindex/XMLCoder.build/Debug-watchos/XMLCoder-t.build/Objects-normal/arm64_32/XMLCoder-OutputFileMap.json -save-temps -no-color-diagnostics -explicit-module-build -module-cache-path /Users/admin/builder/spi-builder-workspace/.derivedData/Build/Intermediates.noindex/SwiftExplicitPrecompiledModules -clang-scanner-module-cache-path /Users/admin/builder/spi-builder-workspace/.derivedData/ModuleCache.noindex -sdk-module-cache-path /Users/admin/builder/spi-builder-workspace/.derivedData/SDKExplicitPrecompiledModules -emit-dependencies -emit-module -emit-module-path /Users/admin/builder/spi-builder-workspace/.derivedData/Build/Intermediates.noindex/XMLCoder.build/Debug-watchos/XMLCoder-t.build/Objects-normal/arm64_32/XMLCoder.swiftmodule -serialize-diagnostics -dependency-scan-serialize-diagnostics-path /Users/admin/builder/spi-builder-workspace/.derivedData/Build/Intermediates.noindex/XMLCoder.build/Debug-watchos/XMLCoder-t.build/Objects-normal/arm64_32/XMLCoder-dependency-scan.dia -validate-clang-modules-once -clang-build-session-file /Users/admin/builder/spi-builder-workspace/.derivedData/ModuleCache.noindex/Session.modulevalidation -Xcc -fmodules-prune-interval\=86400 -Xcc -fmodules-prune-after\=345600 -emit-const-values -const-gather-protocols-list /Users/admin/builder/spi-builder-workspace/.derivedData/Build/Intermediates.noindex/XMLCoder.build/Debug-watchos/XMLCoder-t.build/Objects-normal/arm64_32/XMLCoder_const_extract_protocols.json -Xcc -I/Users/admin/builder/spi-builder-workspace/.derivedData/Build/Products/Debug-watchos/include -Xcc -I/Users/admin/builder/spi-builder-workspace/.derivedData/Build/Intermediates.noindex/XMLCoder.build/Debug-watchos/XMLCoder-t.build/DerivedSources-normal/arm64_32 -Xcc -I/Users/admin/builder/spi-builder-workspace/.derivedData/Build/Intermediates.noindex/XMLCoder.build/Debug-watchos/XMLCoder-t.build/DerivedSources/arm64_32 -Xcc -I/Users/admin/builder/spi-builder-workspace/.derivedData/Build/Intermediates.noindex/XMLCoder.build/Debug-watchos/XMLCoder-t.build/DerivedSources -Xcc -DSWIFT_PACKAGE -Xcc -DDEBUG\=1 -emit-objc-header -emit-objc-header-path /Users/admin/builder/spi-builder-workspace/.derivedData/Build/Intermediates.noindex/XMLCoder.build/Debug-watchos/XMLCoder-t.build/Objects-normal/arm64_32/XMLCoder-Swift.h -working-directory /Users/admin/builder/spi-builder-workspace/.swiftpm/xcode -experimental-emit-module-separately -disable-cmo
SwiftEmitModule normal arm64_32 Emitting\ module\ for\ XMLCoder (in target 'XMLCoder' from project 'XMLCoder')
/Users/admin/builder/spi-builder-workspace/Sources/XMLCoder/XMLDecoder.swift:122:68: error: cannot find type 'XMLDocument' in scope
120 | /// - returns: A value of the requested type.
121 | /// - throws: An error if any value throws an error during decoding.
122 | open func decode<T : Decodable>(_ type: T.Type, from document: XMLDocument) throws -> T {
| `- error: cannot find type 'XMLDocument' in scope
123 | //let topLevel = XMLDecodingStorage(document: document)
124 | guard let topLevel = document.children?.first else {
/Users/admin/builder/spi-builder-workspace/Sources/XMLCoder/CombineSupport.swift:12:1: error: type 'XMLDecoder' does not conform to protocol 'TopLevelDecoder'
10 | import Combine
11 |
12 | extension XMLDecoder: TopLevelDecoder {}
| |- error: type 'XMLDecoder' does not conform to protocol 'TopLevelDecoder'
| `- note: add stubs for conformance
13 | extension XMLEncoder: TopLevelEncoder {}
14 |
Combine.TopLevelDecoder.Input:2:16: note: protocol requires nested type 'Input'
1 | protocol TopLevelDecoder {
2 | associatedtype Input}
| `- note: protocol requires nested type 'Input'
3 |
/Users/admin/builder/spi-builder-workspace/Sources/XMLCoder/XMLEncoder.swift:131:59: error: cannot find type 'XMLDocument' in scope
129 | /// - throws: `EncodingError.invalidValue` if a non-conforming floating-point value is encountered during encoding, and the encoding strategy is `.throw`.
130 | /// - throws: An error if any value throws an error during encoding.
131 | open func encode<T : Encodable>(_ value: T) throws -> XMLDocument {
| `- error: cannot find type 'XMLDocument' in scope
132 | let namespaceProvider = XMLNamespaceProvider(defaultURI: self.options.defaultNamespace, initialMapping: self.options.namespaceMap, namePrefix: self.options.namespacePrefix)
133 | let encoder = _XMLEncoder(options: self.options, namespaceProvider: namespaceProvider)
/Users/admin/builder/spi-builder-workspace/Sources/XMLCoder/CombineSupport.swift:13:1: error: type 'XMLEncoder' does not conform to protocol 'TopLevelEncoder'
11 |
12 | extension XMLDecoder: TopLevelDecoder {}
13 | extension XMLEncoder: TopLevelEncoder {}
| |- error: type 'XMLEncoder' does not conform to protocol 'TopLevelEncoder'
| `- note: add stubs for conformance
14 |
15 | #endif
Combine.TopLevelEncoder.Output:2:16: note: protocol requires nested type 'Output'
1 | protocol TopLevelEncoder {
2 | associatedtype Output}
| `- note: protocol requires nested type 'Output'
3 |
/Users/admin/builder/spi-builder-workspace/Sources/XMLCoder/XMLDecoderInternal.swift:57:33: error: cannot find type 'XMLDocument' in scope
55 |
56 | /// Initializes `self` with the given top-level container and options.
57 | init(referencing container: XMLDocument, at codingPath: [CodingKey] = [], options: XMLDecoder._Options) {
| `- error: cannot find type 'XMLDocument' in scope
58 | self.storage = XMLDecodingStorage()
59 | self.storage.push(node: container)
/Users/admin/builder/spi-builder-workspace/Sources/XMLCoder/XMLDecoderInternal.swift:92:32: error: cannot find type 'XMLNode' in scope
90 |
91 | /// A reference to the container we're reading from.
92 | private var container: XMLNode
| `- error: cannot find type 'XMLNode' in scope
93 |
94 | /// A shortcut for quick access to the container's children nodes by key.
/Users/admin/builder/spi-builder-workspace/Sources/XMLCoder/XMLDecoderInternal.swift:95:40: error: cannot find type 'XMLNode' in scope
93 |
94 | /// A shortcut for quick access to the container's children nodes by key.
95 | private var elements: [String: XMLNode]
| `- error: cannot find type 'XMLNode' in scope
96 | private var attributes: [String: XMLNode]
97 | private var textNodes: [XMLNode]
/Users/admin/builder/spi-builder-workspace/Sources/XMLCoder/XMLDecoderInternal.swift:96:42: error: cannot find type 'XMLNode' in scope
94 | /// A shortcut for quick access to the container's children nodes by key.
95 | private var elements: [String: XMLNode]
96 | private var attributes: [String: XMLNode]
| `- error: cannot find type 'XMLNode' in scope
97 | private var textNodes: [XMLNode]
98 |
/Users/admin/builder/spi-builder-workspace/Sources/XMLCoder/XMLDecoderInternal.swift:97:33: error: cannot find type 'XMLNode' in scope
95 | private var elements: [String: XMLNode]
96 | private var attributes: [String: XMLNode]
97 | private var textNodes: [XMLNode]
| `- error: cannot find type 'XMLNode' in scope
98 |
99 | /// The path of coding keys taken to get to this point in decoding.
/Users/admin/builder/spi-builder-workspace/Sources/XMLCoder/XMLDecoderInternal.swift:105:105: error: cannot find type 'XMLElement' in scope
103 |
104 | /// Initializes `self` with the given references.
105 | fileprivate init(referencing decoder: _XMLDecoder, codingPath: [CodingKey], wrapping container: XMLElement) {
| `- error: cannot find type 'XMLElement' in scope
106 | self.decoder = decoder
107 | self.codingPath = codingPath
/Users/admin/builder/spi-builder-workspace/Sources/XMLCoder/XMLDecoderInternal.swift:418:32: error: cannot find type 'XMLNode' in scope
416 |
417 | /// The container's filtered children nodes.
418 | private var elements: [XMLNode]
| `- error: cannot find type 'XMLNode' in scope
419 |
420 | /// The path of coding keys taken to get to this point in decoding.
/Users/admin/builder/spi-builder-workspace/Sources/XMLCoder/XMLElementStorage.swift:22:17: error: cannot find type 'XMLNode' in scope
20 |
21 | protocol XMLEncodingStorage {
22 | var nodes: [XMLNode] { get }
| `- error: cannot find type 'XMLNode' in scope
23 | var attributes: [XMLNode] { get }
24 |
/Users/admin/builder/spi-builder-workspace/Sources/XMLCoder/XMLElementStorage.swift:23:22: error: cannot find type 'XMLNode' in scope
21 | protocol XMLEncodingStorage {
22 | var nodes: [XMLNode] { get }
23 | var attributes: [XMLNode] { get }
| `- error: cannot find type 'XMLNode' in scope
24 |
25 | func append(node: XMLNode)
/Users/admin/builder/spi-builder-workspace/Sources/XMLCoder/XMLElementStorage.swift:25:23: error: cannot find type 'XMLNode' in scope
23 | var attributes: [XMLNode] { get }
24 |
25 | func append(node: XMLNode)
| `- error: cannot find type 'XMLNode' in scope
26 | func append(attribute: XMLNode)
27 | }
/Users/admin/builder/spi-builder-workspace/Sources/XMLCoder/XMLElementStorage.swift:26:28: error: cannot find type 'XMLNode' in scope
24 |
25 | func append(node: XMLNode)
26 | func append(attribute: XMLNode)
| `- error: cannot find type 'XMLNode' in scope
27 | }
28 |
/Users/admin/builder/spi-builder-workspace/Sources/XMLCoder/XMLElementStorage.swift:32:17: error: cannot find type 'XMLNode' in scope
30 |
31 | class UnkeyedXMLElementStorage: XMLEncodingStorage {
32 | var nodes: [XMLNode] = []
| `- error: cannot find type 'XMLNode' in scope
33 | var attributes: [XMLNode] = []
34 |
/Users/admin/builder/spi-builder-workspace/Sources/XMLCoder/XMLElementStorage.swift:33:22: error: cannot find type 'XMLNode' in scope
31 | class UnkeyedXMLElementStorage: XMLEncodingStorage {
32 | var nodes: [XMLNode] = []
33 | var attributes: [XMLNode] = []
| `- error: cannot find type 'XMLNode' in scope
34 |
35 | func append(node: XMLNode) {
/Users/admin/builder/spi-builder-workspace/Sources/XMLCoder/XMLElementStorage.swift:35:23: error: cannot find type 'XMLNode' in scope
33 | var attributes: [XMLNode] = []
34 |
35 | func append(node: XMLNode) {
| `- error: cannot find type 'XMLNode' in scope
36 | if node.kind == .attribute {
37 | attributes.append(node)
/Users/admin/builder/spi-builder-workspace/Sources/XMLCoder/XMLElementStorage.swift:44:30: error: cannot find type 'XMLNode' in scope
42 | }
43 |
44 | func append(_ elements: [XMLNode]) {
| `- error: cannot find type 'XMLNode' in scope
45 | nodes.append(contentsOf: elements)
46 | }
/Users/admin/builder/spi-builder-workspace/Sources/XMLCoder/XMLElementStorage.swift:48:28: error: cannot find type 'XMLNode' in scope
46 | }
47 |
48 | func append(attribute: XMLNode) { // TODO: remove
| `- error: cannot find type 'XMLNode' in scope
49 | attributes.append(attribute)
50 | }
/Users/admin/builder/spi-builder-workspace/Sources/XMLCoder/XMLElementStorage.swift:54:17: error: cannot find type 'XMLNode' in scope
52 |
53 | class KeyedXMLElementStorage: XMLEncodingStorage {
54 | var nodes: [XMLNode] = []
| `- error: cannot find type 'XMLNode' in scope
55 | var attributes: [XMLNode] = []
56 |
/Users/admin/builder/spi-builder-workspace/Sources/XMLCoder/XMLElementStorage.swift:55:22: error: cannot find type 'XMLNode' in scope
53 | class KeyedXMLElementStorage: XMLEncodingStorage {
54 | var nodes: [XMLNode] = []
55 | var attributes: [XMLNode] = []
| `- error: cannot find type 'XMLNode' in scope
56 |
57 | func append(node: XMLNode) {
/Users/admin/builder/spi-builder-workspace/Sources/XMLCoder/XMLElementStorage.swift:57:23: error: cannot find type 'XMLNode' in scope
55 | var attributes: [XMLNode] = []
56 |
57 | func append(node: XMLNode) {
| `- error: cannot find type 'XMLNode' in scope
58 | if node.kind == .attribute {
59 | attributes.append(node)
/Users/admin/builder/spi-builder-workspace/Sources/XMLCoder/XMLElementStorage.swift:66:28: error: cannot find type 'XMLNode' in scope
64 | }
65 |
66 | func append(attribute: XMLNode) { // TODO: remove
| `- error: cannot find type 'XMLNode' in scope
67 | attributes.append(attribute)
68 | }
/Users/admin/builder/spi-builder-workspace/Sources/XMLCoder/XMLElementStorage.swift:72:17: error: cannot find type 'XMLNode' in scope
70 |
71 | class SingleXMLElementStorage: XMLEncodingStorage {
72 | var nodes: [XMLNode] = []
| `- error: cannot find type 'XMLNode' in scope
73 | var attributes: [XMLNode] = []
74 |
/Users/admin/builder/spi-builder-workspace/Sources/XMLCoder/XMLElementStorage.swift:73:22: error: cannot find type 'XMLNode' in scope
71 | class SingleXMLElementStorage: XMLEncodingStorage {
72 | var nodes: [XMLNode] = []
73 | var attributes: [XMLNode] = []
| `- error: cannot find type 'XMLNode' in scope
74 |
75 | func append(node: XMLNode) {
/Users/admin/builder/spi-builder-workspace/Sources/XMLCoder/XMLElementStorage.swift:75:23: error: cannot find type 'XMLNode' in scope
73 | var attributes: [XMLNode] = []
74 |
75 | func append(node: XMLNode) {
| `- error: cannot find type 'XMLNode' in scope
76 | if node.kind == .attribute {
77 | attributes.append(node)
/Users/admin/builder/spi-builder-workspace/Sources/XMLCoder/XMLElementStorage.swift:84:28: error: cannot find type 'XMLNode' in scope
82 | }
83 |
84 | func append(attribute: XMLNode) { // TODO: remove
| `- error: cannot find type 'XMLNode' in scope
85 | attributes.append(attribute)
86 | }
/Users/admin/builder/spi-builder-workspace/Sources/XMLCoder/XMLElementStorage.swift:103:17: error: cannot find type 'XMLNode' in scope
101 | }
102 |
103 | var nodes: [XMLNode] {
| `- error: cannot find type 'XMLNode' in scope
104 | return stack.last!.nodes
105 | }
/Users/admin/builder/spi-builder-workspace/Sources/XMLCoder/XMLElementStorage.swift:106:22: error: cannot find type 'XMLNode' in scope
104 | return stack.last!.nodes
105 | }
106 | var attributes: [XMLNode] {
| `- error: cannot find type 'XMLNode' in scope
107 | return stack.last!.attributes
108 | }
/Users/admin/builder/spi-builder-workspace/Sources/XMLCoder/XMLElementStorage.swift:110:23: error: cannot find type 'XMLNode' in scope
108 | }
109 |
110 | func append(node: XMLNode) {
| `- error: cannot find type 'XMLNode' in scope
111 | stack.last!.append(node: node)
112 | }
/Users/admin/builder/spi-builder-workspace/Sources/XMLCoder/XMLElementStorage.swift:114:28: error: cannot find type 'XMLNode' in scope
112 | }
113 |
114 | func append(attribute: XMLNode) {
| `- error: cannot find type 'XMLNode' in scope
115 | stack.last!.append(attribute: attribute)
116 | }
/Users/admin/builder/spi-builder-workspace/Sources/XMLCoder/XMLElementStorage.swift:142:15: error: cannot find type 'XMLNode' in scope
140 |
141 | struct XMLNodeWrapper {
142 | let node: XMLNode
| `- error: cannot find type 'XMLNode' in scope
143 | let elementName: String?
144 | var currentTextNodeIndex: Int
/Users/admin/builder/spi-builder-workspace/Sources/XMLCoder/XMLElementStorage.swift:146:16: error: cannot find type 'XMLNode' in scope
144 | var currentTextNodeIndex: Int
145 |
146 | init(node: XMLNode, elementName: String? = nil) {
| `- error: cannot find type 'XMLNode' in scope
147 | self.node = node
148 | self.elementName = elementName
/Users/admin/builder/spi-builder-workspace/Sources/XMLCoder/XMLElementStorage.swift:164:21: error: cannot find type 'XMLNode' in scope
162 | }
163 |
164 | func push(node: XMLNode) {
| `- error: cannot find type 'XMLNode' in scope
165 | push(XMLNodeWrapper(node: node))
166 | }
/Users/admin/builder/spi-builder-workspace/Sources/XMLCoder/XMLEncoderInternal.swift:52:47: error: cannot find type 'XMLElement' in scope
50 | var userInfo: [CodingUserInfoKey : Any] = [:]
51 |
52 | func topElement(withName name: String) -> XMLElement {
| `- error: cannot find type 'XMLElement' in scope
53 | return XMLNode.element(withName: name, children: rootStorage.nodes, attributes: rootStorage.attributes) as! XMLElement
54 | }
/Users/admin/builder/spi-builder-workspace/Sources/XMLCoder/XMLEncoderInternal.swift:571:82: error: cannot find type 'XMLNode' in scope
569 |
570 | extension _XMLEncoder {
571 | fileprivate func xmlNilNode(withName name: String, nodeType: XMLNodeType) -> XMLNode? {
| `- error: cannot find type 'XMLNode' in scope
572 | switch options.nilEncodingStrategy {
573 | case .missing:
/Users/admin/builder/spi-builder-workspace/Sources/XMLCoder/XMLEncoderInternal.swift:585:107: error: cannot find type 'XMLNode' in scope
583 | // }
584 | //
585 | fileprivate func xmlElement(_ value: Int, withName name: String, nodeType: XMLNodeType = .element) -> XMLNode {
| `- error: cannot find type 'XMLNode' in scope
586 | return xmlElement(String(value), withName: name, nodeType: nodeType)
587 | }
/Users/admin/builder/spi-builder-workspace/Sources/XMLCoder/XMLEncoderInternal.swift:589:108: error: cannot find type 'XMLNode' in scope
587 | }
588 |
589 | fileprivate func xmlElement(_ value: Int8, withName name: String, nodeType: XMLNodeType = .element) -> XMLNode {
| `- error: cannot find type 'XMLNode' in scope
590 | return xmlElement(String(value), withName: name, nodeType: nodeType)
591 | }
/Users/admin/builder/spi-builder-workspace/Sources/XMLCoder/XMLEncoderInternal.swift:593:109: error: cannot find type 'XMLNode' in scope
591 | }
592 |
593 | fileprivate func xmlElement(_ value: Int16, withName name: String, nodeType: XMLNodeType = .element) -> XMLNode {
| `- error: cannot find type 'XMLNode' in scope
594 | return xmlElement(String(value), withName: name, nodeType: nodeType)
595 | }
/Users/admin/builder/spi-builder-workspace/Sources/XMLCoder/XMLEncoderInternal.swift:597:109: error: cannot find type 'XMLNode' in scope
595 | }
596 |
597 | fileprivate func xmlElement(_ value: Int32, withName name: String, nodeType: XMLNodeType = .element) -> XMLNode {
| `- error: cannot find type 'XMLNode' in scope
598 | return xmlElement(String(value), withName: name, nodeType: nodeType)
599 | }
/Users/admin/builder/spi-builder-workspace/Sources/XMLCoder/XMLEncoderInternal.swift:601:109: error: cannot find type 'XMLNode' in scope
599 | }
600 |
601 | fileprivate func xmlElement(_ value: Int64, withName name: String, nodeType: XMLNodeType = .element) -> XMLNode {
| `- error: cannot find type 'XMLNode' in scope
602 | return xmlElement(String(value), withName: name, nodeType: nodeType)
603 | }
/Users/admin/builder/spi-builder-workspace/Sources/XMLCoder/XMLEncoderInternal.swift:605:108: error: cannot find type 'XMLNode' in scope
603 | }
604 |
605 | fileprivate func xmlElement(_ value: UInt, withName name: String, nodeType: XMLNodeType = .element) -> XMLNode {
| `- error: cannot find type 'XMLNode' in scope
606 | return xmlElement(String(value), withName: name, nodeType: nodeType)
607 | }
/Users/admin/builder/spi-builder-workspace/Sources/XMLCoder/XMLEncoderInternal.swift:609:109: error: cannot find type 'XMLNode' in scope
607 | }
608 |
609 | fileprivate func xmlElement(_ value: UInt8, withName name: String, nodeType: XMLNodeType = .element) -> XMLNode {
| `- error: cannot find type 'XMLNode' in scope
610 | return xmlElement(String(value), withName: name, nodeType: nodeType)
611 | }
/Users/admin/builder/spi-builder-workspace/Sources/XMLCoder/XMLEncoderInternal.swift:613:110: error: cannot find type 'XMLNode' in scope
611 | }
612 |
613 | fileprivate func xmlElement(_ value: UInt16, withName name: String, nodeType: XMLNodeType = .element) -> XMLNode {
| `- error: cannot find type 'XMLNode' in scope
614 | return xmlElement(String(value), withName: name, nodeType: nodeType)
615 | }
SwiftCompile normal arm64_32 (in target 'XMLCoder' from project 'XMLCoder')
cd /Users/admin/builder/spi-builder-workspace/.swiftpm/xcode
/Users/admin/builder/spi-builder-workspace/Sources/XMLCoder/XMLEncoderInternal.swift:617:110: error: cannot find type 'XMLNode' in scope
615 | }
616 |
617 | fileprivate func xmlElement(_ value: UInt32, withName name: String, nodeType: XMLNodeType = .element) -> XMLNode {
| `- error: cannot find type 'XMLNode' in scope
618 | return xmlElement(String(value), withName: name, nodeType: nodeType)
619 | }
/Users/admin/builder/spi-builder-workspace/Sources/XMLCoder/XMLEncoderInternal.swift:621:110: error: cannot find type 'XMLNode' in scope
619 | }
620 |
621 | fileprivate func xmlElement(_ value: UInt64, withName name: String, nodeType: XMLNodeType = .element) -> XMLNode {
| `- error: cannot find type 'XMLNode' in scope
622 | return xmlElement(String(value), withName: name, nodeType: nodeType)
623 | }
/Users/admin/builder/spi-builder-workspace/Sources/XMLCoder/XMLEncoderInternal.swift:625:110: error: cannot find type 'XMLNode' in scope
623 | }
624 |
625 | fileprivate func xmlElement(_ value: String, withName name: String, nodeType: XMLNodeType = .element) -> XMLNode {
| `- error: cannot find type 'XMLNode' in scope
626 | switch nodeType {
627 | case .element, .array(_):
/Users/admin/builder/spi-builder-workspace/Sources/XMLCoder/XMLEncoderInternal.swift:638:115: error: cannot find type 'XMLNode' in scope
636 | // TODO: Float, Double, Date, Data
637 |
638 | fileprivate func xmlElement<T>(_ value: T, withName name: String, nodeType: XMLNodeType = .element) throws -> XMLNode where T : Encodable {
| `- error: cannot find type 'XMLNode' in scope
639 | if let convertedValue = try converted(value: value) {
640 | return xmlElement(convertedValue, withName: name, nodeType: nodeType)
/Users/admin/builder/spi-builder-workspace/Sources/XMLCoder/XMLEncoderInternal.swift:662:60: error: cannot find type 'XMLNode' in scope
660 | }
661 |
662 | fileprivate func xmlElements<T>(_ value: T) throws -> [XMLNode] where T : Encodable {
| `- error: cannot find type 'XMLNode' in scope
663 | let depth = self.rootStorage.count
664 | do {
/Users/admin/builder/spi-builder-workspace/Sources/XMLCoder/XMLNamespaceProvider.swift:52:11: error: cannot find type 'XMLElement' in scope
50 | }
51 |
52 | extension XMLElement {
| `- error: cannot find type 'XMLElement' in scope
53 | func addNamespaces(from provider: XMLNamespaceProvider) {
54 | if let defaultNamespaceURI = provider.defaultURI {
Failed frontend command:
/Applications/Xcode-27.0.0-Release.Candidate.app/Contents/Developer/Toolchains/XcodeDefault.xctoolchain/usr/bin/swift-frontend -frontend -emit-module -experimental-skip-non-inlinable-function-bodies-without-types /Users/admin/builder/spi-builder-workspace/Sources/XMLCoder/CombineSupport.swift /Users/admin/builder/spi-builder-workspace/Sources/XMLCoder/Data+Hex.swift /Users/admin/builder/spi-builder-workspace/Sources/XMLCoder/XMLCoder.swift /Users/admin/builder/spi-builder-workspace/Sources/XMLCoder/XMLDecoder.swift /Users/admin/builder/spi-builder-workspace/Sources/XMLCoder/XMLDecoderInternal.swift /Users/admin/builder/spi-builder-workspace/Sources/XMLCoder/XMLElementStorage.swift /Users/admin/builder/spi-builder-workspace/Sources/XMLCoder/XMLEncoder.swift /Users/admin/builder/spi-builder-workspace/Sources/XMLCoder/XMLEncoderInternal.swift /Users/admin/builder/spi-builder-workspace/Sources/XMLCoder/XMLNamespaceProvider.swift -target arm64_32-apple-watchos9.0 -module-can-import-version Combine 3023 0 -disable-cross-import-overlay-search -load-resolved-plugin /Applications/Xcode-27.0.0-Release.Candidate.app/Contents/Developer/Platforms/WatchOS.platform/Developer/usr/lib/swift/host/plugins/libFoundationMacros.dylib\#/Applications/Xcode-27.0.0-Release.Candidate.app/Contents/Developer/Platforms/WatchOS.platform/Developer/usr/bin/swift-plugin-server\#FoundationMacros -load-resolved-plugin /Applications/Xcode-27.0.0-Release.Candidate.app/Contents/Developer/Platforms/WatchOS.platform/Developer/usr/lib/swift/host/plugins/libObservationMacros.dylib\#/Applications/Xcode-27.0.0-Release.Candidate.app/Contents/Developer/Platforms/WatchOS.platform/Developer/usr/bin/swift-plugin-server\#ObservationMacros -load-resolved-plugin /Applications/Xcode-27.0.0-Release.Candidate.app/Contents/Developer/Platforms/WatchOS.platform/Developer/usr/lib/swift/host/plugins/libSwiftMacros.dylib\#/Applications/Xcode-27.0.0-Release.Candidate.app/Contents/Developer/Platforms/WatchOS.platform/Developer/usr/bin/swift-plugin-server\#SwiftMacros -disable-implicit-swift-modules -Xcc -fno-implicit-modules -Xcc -fno-implicit-module-maps -explicit-swift-module-map-file /Users/admin/builder/spi-builder-workspace/.derivedData/Build/Intermediates.noindex/XMLCoder.build/Debug-watchos/XMLCoder-t.build/Objects-normal/arm64_32/XMLCoder-dependencies-2.json -enable-objc-interop -sdk /Applications/Xcode-27.0.0-Release.Candidate.app/Contents/Developer/Platforms/WatchOS.platform/Developer/SDKs/WatchOS27.0.sdk -I /Users/admin/builder/spi-builder-workspace/.derivedData/Build/Products/Debug-watchos -Isystem /Applications/Xcode-27.0.0-Release.Candidate.app/Contents/Developer/Platforms/WatchOS.platform/Developer/usr/lib -F /Users/admin/builder/spi-builder-workspace/.derivedData/Build/Products/Debug-watchos -F /Applications/Xcode-27.0.0-Release.Candidate.app/Contents/Developer/Platforms/WatchOS.platform/Developer/Library/Frameworks -F /Applications/Xcode-27.0.0-Release.Candidate.app/Contents/Developer/Platforms/WatchOS.platform/Developer/SDKs/WatchOS27.0.sdk/Developer/Library/Frameworks -module-cache-path /Users/admin/builder/spi-builder-workspace/.derivedData/Build/Intermediates.noindex/SwiftExplicitPrecompiledModules -no-color-diagnostics -Xcc -fno-color-diagnostics -enable-testing -g -debug-info-format\=dwarf -dwarf-version\=4 -profile-generate -profile-coverage-mapping -swift-version 5 -Onone -D SWIFT_PACKAGE -D DEBUG -D SWIFT_MODULE_RESOURCE_BUNDLE_UNAVAILABLE -D Xcode -serialize-debugging-options -enable-experimental-feature DebugDescriptionMacro -empty-abi-descriptor -validate-clang-modules-once -clang-build-session-file /Users/admin/builder/spi-builder-workspace/.derivedData/ModuleCache.noindex/Session.modulevalidation -Xcc -working-directory -Xcc /Users/admin/builder/spi-builder-workspace/.swiftpm/xcode -enable-anonymous-context-mangled-names -file-compilation-dir /Users/admin/builder/spi-builder-workspace/.swiftpm/xcode -Xcc -D_LIBCPP_HARDENING_MODE\=_LIBCPP_HARDENING_MODE_DEBUG -Xcc -ivfsstatcache -Xcc /Users/admin/builder/spi-builder-workspace/.derivedData/SDKStatCaches.noindex/watchos27.0-24R360-e829b21a6f8c9b70876ba0858053c04477534ef55a1706bf4c1112bbb242f0a2.sdkstatcache -Xcc -fmodules-prune-interval\=86400 -Xcc -fmodules-prune-after\=345600 -Xcc -I/Users/admin/builder/spi-builder-workspace/.derivedData/Build/Products/Debug-watchos/include -Xcc -I/Users/admin/builder/spi-builder-workspace/.derivedData/Build/Intermediates.noindex/XMLCoder.build/Debug-watchos/XMLCoder-t.build/DerivedSources-normal/arm64_32 -Xcc -I/Users/admin/builder/spi-builder-workspace/.derivedData/Build/Intermediates.noindex/XMLCoder.build/Debug-watchos/XMLCoder-t.build/DerivedSources/arm64_32 -Xcc -I/Users/admin/builder/spi-builder-workspace/.derivedData/Build/Intermediates.noindex/XMLCoder.build/Debug-watchos/XMLCoder-t.build/DerivedSources -Xcc -DSWIFT_PACKAGE -Xcc -DDEBUG\=1 -no-auto-bridging-header-chaining -module-name XMLCoder -const-gather-protocols-file /Users/admin/builder/spi-builder-workspace/.derivedData/Build/Intermediates.noindex/XMLCoder.build/Debug-watchos/XMLCoder-t.build/Objects-normal/arm64_32/XMLCoder_const_extract_protocols.json -disable-clang-spi -clang-target arm64_32-apple-watchos27.0 -target-sdk-version 27.0 -target-sdk-name watchos27.0 -in-process-plugin-server-path /Applications/Xcode-27.0.0-Release.Candidate.app/Contents/Developer/Toolchains/XcodeDefault.xctoolchain/usr/lib/swift/host/libSwiftInProcPluginServer.dylib -emit-module-doc-path /Users/admin/builder/spi-builder-workspace/.derivedData/Build/Intermediates.noindex/XMLCoder.build/Debug-watchos/XMLCoder-t.build/Objects-normal/arm64_32/XMLCoder.swiftdoc -emit-module-source-info-path /Users/admin/builder/spi-builder-workspace/.derivedData/Build/Intermediates.noindex/XMLCoder.build/Debug-watchos/XMLCoder-t.build/Objects-normal/arm64_32/XMLCoder.swiftsourceinfo -emit-objc-header-path /Users/admin/builder/spi-builder-workspace/.derivedData/Build/Intermediates.noindex/XMLCoder.build/Debug-watchos/XMLCoder-t.build/Objects-normal/arm64_32/XMLCoder-Swift.h -serialize-diagnostics-path /Users/admin/builder/spi-builder-workspace/.derivedData/Build/Intermediates.noindex/XMLCoder.build/Debug-watchos/XMLCoder-t.build/Objects-normal/arm64_32/XMLCoder-primary-emit-module.dia -emit-dependencies-path /Users/admin/builder/spi-builder-workspace/.derivedData/Build/Intermediates.noindex/XMLCoder.build/Debug-watchos/XMLCoder-t.build/Objects-normal/arm64_32/XMLCoder-primary-emit-module.d -parse-as-library -o /Users/admin/builder/spi-builder-workspace/.derivedData/Build/Intermediates.noindex/XMLCoder.build/Debug-watchos/XMLCoder-t.build/Objects-normal/arm64_32/XMLCoder.swiftmodule -emit-abi-descriptor-path /Users/admin/builder/spi-builder-workspace/.derivedData/Build/Intermediates.noindex/XMLCoder.build/Debug-watchos/XMLCoder-t.build/Objects-normal/arm64_32/XMLCoder.abi.json
SwiftCompile normal arm64_32 Compiling\ Data+Hex.swift /Users/admin/builder/spi-builder-workspace/Sources/XMLCoder/Data+Hex.swift (in target 'XMLCoder' from project 'XMLCoder')
SwiftCompile normal arm64_32 /Users/admin/builder/spi-builder-workspace/Sources/XMLCoder/Data+Hex.swift (in target 'XMLCoder' from project 'XMLCoder')
cd /Users/admin/builder/spi-builder-workspace/.swiftpm/xcode
builtin-SwiftPerFileCompile Data+Hex.swift
SwiftCompile normal arm64_32 Compiling\ XMLDecoder.swift /Users/admin/builder/spi-builder-workspace/Sources/XMLCoder/XMLDecoder.swift (in target 'XMLCoder' from project 'XMLCoder')
/Users/admin/builder/spi-builder-workspace/Sources/XMLCoder/XMLDecoder.swift:122:68: error: cannot find type 'XMLDocument' in scope
120 | /// - returns: A value of the requested type.
121 | /// - throws: An error if any value throws an error during decoding.
122 | open func decode<T : Decodable>(_ type: T.Type, from document: XMLDocument) throws -> T {
| `- error: cannot find type 'XMLDocument' in scope
123 | //let topLevel = XMLDecodingStorage(document: document)
124 | guard let topLevel = document.children?.first else {
/Users/admin/builder/spi-builder-workspace/Sources/XMLCoder/XMLDecoderInternal.swift:57:33: error: cannot find type 'XMLDocument' in scope
55 |
56 | /// Initializes `self` with the given top-level container and options.
57 | init(referencing container: XMLDocument, at codingPath: [CodingKey] = [], options: XMLDecoder._Options) {
| `- error: cannot find type 'XMLDocument' in scope
58 | self.storage = XMLDecodingStorage()
59 | self.storage.push(node: container)
SwiftCompile normal arm64_32 /Users/admin/builder/spi-builder-workspace/Sources/XMLCoder/XMLDecoder.swift (in target 'XMLCoder' from project 'XMLCoder')
cd /Users/admin/builder/spi-builder-workspace/.swiftpm/xcode
builtin-SwiftPerFileCompile XMLDecoder.swift
SwiftCompile normal arm64_32 Compiling\ XMLDecoderInternal.swift /Users/admin/builder/spi-builder-workspace/Sources/XMLCoder/XMLDecoderInternal.swift (in target 'XMLCoder' from project 'XMLCoder')
/Users/admin/builder/spi-builder-workspace/Sources/XMLCoder/XMLDecoderInternal.swift:57:33: error: cannot find type 'XMLDocument' in scope
55 |
56 | /// Initializes `self` with the given top-level container and options.
57 | init(referencing container: XMLDocument, at codingPath: [CodingKey] = [], options: XMLDecoder._Options) {
| `- error: cannot find type 'XMLDocument' in scope
58 | self.storage = XMLDecodingStorage()
59 | self.storage.push(node: container)
/Users/admin/builder/spi-builder-workspace/Sources/XMLCoder/XMLDecoderInternal.swift:92:32: error: cannot find type 'XMLNode' in scope
90 |
91 | /// A reference to the container we're reading from.
92 | private var container: XMLNode
| `- error: cannot find type 'XMLNode' in scope
93 |
94 | /// A shortcut for quick access to the container's children nodes by key.
/Users/admin/builder/spi-builder-workspace/Sources/XMLCoder/XMLDecoderInternal.swift:95:40: error: cannot find type 'XMLNode' in scope
93 |
94 | /// A shortcut for quick access to the container's children nodes by key.
95 | private var elements: [String: XMLNode]
| `- error: cannot find type 'XMLNode' in scope
96 | private var attributes: [String: XMLNode]
97 | private var textNodes: [XMLNode]
/Users/admin/builder/spi-builder-workspace/Sources/XMLCoder/XMLDecoderInternal.swift:96:42: error: cannot find type 'XMLNode' in scope
94 | /// A shortcut for quick access to the container's children nodes by key.
95 | private var elements: [String: XMLNode]
96 | private var attributes: [String: XMLNode]
| `- error: cannot find type 'XMLNode' in scope
97 | private var textNodes: [XMLNode]
98 |
/Users/admin/builder/spi-builder-workspace/Sources/XMLCoder/XMLDecoderInternal.swift:97:33: error: cannot find type 'XMLNode' in scope
95 | private var elements: [String: XMLNode]
96 | private var attributes: [String: XMLNode]
97 | private var textNodes: [XMLNode]
| `- error: cannot find type 'XMLNode' in scope
98 |
99 | /// The path of coding keys taken to get to this point in decoding.
/Users/admin/builder/spi-builder-workspace/Sources/XMLCoder/XMLDecoderInternal.swift:105:105: error: cannot find type 'XMLElement' in scope
103 |
104 | /// Initializes `self` with the given references.
105 | fileprivate init(referencing decoder: _XMLDecoder, codingPath: [CodingKey], wrapping container: XMLElement) {
| `- error: cannot find type 'XMLElement' in scope
106 | self.decoder = decoder
107 | self.codingPath = codingPath
/Users/admin/builder/spi-builder-workspace/Sources/XMLCoder/XMLDecoderInternal.swift:418:32: error: cannot find type 'XMLNode' in scope
416 |
417 | /// The container's filtered children nodes.
418 | private var elements: [XMLNode]
| `- error: cannot find type 'XMLNode' in scope
419 |
420 | /// The path of coding keys taken to get to this point in decoding.
/Users/admin/builder/spi-builder-workspace/Sources/XMLCoder/XMLElementStorage.swift:164:21: error: cannot find type 'XMLNode' in scope
162 | }
163 |
164 | func push(node: XMLNode) {
| `- error: cannot find type 'XMLNode' in scope
165 | push(XMLNodeWrapper(node: node))
166 | }
/Users/admin/builder/spi-builder-workspace/Sources/XMLCoder/XMLDecoderInternal.swift:59:26: error: extraneous argument label 'node:' in call
57 | init(referencing container: XMLDocument, at codingPath: [CodingKey] = [], options: XMLDecoder._Options) {
58 | self.storage = XMLDecodingStorage()
59 | self.storage.push(node: container)
| `- error: extraneous argument label 'node:' in call
60 | self.codingPath = codingPath
61 | self.options = options
/Users/admin/builder/spi-builder-workspace/Sources/XMLCoder/XMLElementStorage.swift:142:15: error: cannot find type 'XMLNode' in scope
140 |
141 | struct XMLNodeWrapper {
142 | let node: XMLNode
| `- error: cannot find type 'XMLNode' in scope
143 | let elementName: String?
144 | var currentTextNodeIndex: Int
/Users/admin/builder/spi-builder-workspace/Sources/XMLCoder/XMLDecoderInternal.swift:67:59: error: cannot find type 'XMLElement' in scope
65 |
66 | func container<Key>(keyedBy type: Key.Type) throws -> KeyedDecodingContainer<Key> where Key : CodingKey {
67 | guard let element = storage.topContainer.node as? XMLElement else {
| `- error: cannot find type 'XMLElement' in scope
68 | fatalError() // TODO: throw
69 | }
/Users/admin/builder/spi-builder-workspace/Sources/XMLCoder/XMLDecoderInternal.swift:109:37: error: cannot find 'XMLNode' in scope
107 | self.codingPath = codingPath
108 | self.container = container
109 | var elements = [String: XMLNode]()
| `- error: cannot find 'XMLNode' in scope
110 | var attributes = [String: XMLNode]()
111 | var textNodes = [XMLNode]()
/Users/admin/builder/spi-builder-workspace/Sources/XMLCoder/XMLDecoderInternal.swift:109:28: error: cannot call value of non-function type '[String.Type : Value]'
107 | self.codingPath = codingPath
108 | self.container = container
109 | var elements = [String: XMLNode]()
| `- error: cannot call value of non-function type '[String.Type : Value]'
110 | var attributes = [String: XMLNode]()
111 | var textNodes = [XMLNode]()
/Users/admin/builder/spi-builder-workspace/Sources/XMLCoder/XMLDecoderInternal.swift:109:28: error: type 'String.Type' cannot conform to 'Hashable' [#ProtocolTypeNonConformance]
107 | self.codingPath = codingPath
108 | self.container = container
109 | var elements = [String: XMLNode]()
| |- error: type 'String.Type' cannot conform to 'Hashable' [#ProtocolTypeNonConformance]
| |- note: only concrete types such as structs, enums and classes can conform to protocols
| `- note: required by generic struct 'Dictionary' where 'Key' = 'String.Type'
110 | var attributes = [String: XMLNode]()
111 | var textNodes = [XMLNode]()
/Users/admin/builder/spi-builder-workspace/Sources/XMLCoder/XMLDecoderInternal.swift:110:39: error: cannot find 'XMLNode' in scope
108 | self.container = container
109 | var elements = [String: XMLNode]()
110 | var attributes = [String: XMLNode]()
| `- error: cannot find 'XMLNode' in scope
111 | var textNodes = [XMLNode]()
112 | var allKeys = [Key]()
/Users/admin/builder/spi-builder-workspace/Sources/XMLCoder/XMLDecoderInternal.swift:110:30: error: cannot call value of non-function type '[String.Type : Value]'
108 | self.container = container
109 | var elements = [String: XMLNode]()
110 | var attributes = [String: XMLNode]()
| `- error: cannot call value of non-function type '[String.Type : Value]'
111 | var textNodes = [XMLNode]()
112 | var allKeys = [Key]()
/Users/admin/builder/spi-builder-workspace/Sources/XMLCoder/XMLDecoderInternal.swift:110:30: error: type 'String.Type' cannot conform to 'Hashable' [#ProtocolTypeNonConformance]
108 | self.container = container
109 | var elements = [String: XMLNode]()
110 | var attributes = [String: XMLNode]()
| |- error: type 'String.Type' cannot conform to 'Hashable' [#ProtocolTypeNonConformance]
| |- note: only concrete types such as structs, enums and classes can conform to protocols
| `- note: required by generic struct 'Dictionary' where 'Key' = 'String.Type'
111 | var textNodes = [XMLNode]()
112 | var allKeys = [Key]()
/Users/admin/builder/spi-builder-workspace/Sources/XMLCoder/XMLDecoderInternal.swift:111:30: error: cannot find 'XMLNode' in scope
109 | var elements = [String: XMLNode]()
110 | var attributes = [String: XMLNode]()
111 | var textNodes = [XMLNode]()
| `- error: cannot find 'XMLNode' in scope
112 | var allKeys = [Key]()
113 | for child in container.children ?? [] {
/Users/admin/builder/spi-builder-workspace/Sources/XMLCoder/XMLDecoderInternal.swift:111:29: error: cannot call value of non-function type '[Element]'
109 | var elements = [String: XMLNode]()
110 | var attributes = [String: XMLNode]()
111 | var textNodes = [XMLNode]()
| `- error: cannot call value of non-function type '[Element]'
112 | var allKeys = [Key]()
113 | for child in container.children ?? [] {
SwiftCompile normal arm64_32 /Users/admin/builder/spi-builder-workspace/Sources/XMLCoder/XMLDecoderInternal.swift (in target 'XMLCoder' from project 'XMLCoder')
cd /Users/admin/builder/spi-builder-workspace/.swiftpm/xcode
builtin-SwiftPerFileCompile XMLDecoderInternal.swift
/Users/admin/builder/spi-builder-workspace/Sources/XMLCoder/XMLDecoderInternal.swift:116:48: error: cannot find type 'XMLElement' in scope
114 | switch child.kind {
115 | case .element:
116 | if let element = child as? XMLElement, let qualifiedName = element.qualifiedName {
| `- error: cannot find type 'XMLElement' in scope
117 | elements[qualifiedName] = child
118 | if let key = Key(stringValue: child.localName!) { // if qualifiedName is not nil, localName can be safely unwrapped.
SwiftCompile normal arm64_32 Compiling\ XMLElementStorage.swift /Users/admin/builder/spi-builder-workspace/Sources/XMLCoder/XMLElementStorage.swift (in target 'XMLCoder' from project 'XMLCoder')
/Users/admin/builder/spi-builder-workspace/Sources/XMLCoder/XMLElementStorage.swift:22:17: error: cannot find type 'XMLNode' in scope
20 |
21 | protocol XMLEncodingStorage {
22 | var nodes: [XMLNode] { get }
| `- error: cannot find type 'XMLNode' in scope
23 | var attributes: [XMLNode] { get }
24 |
/Users/admin/builder/spi-builder-workspace/Sources/XMLCoder/XMLElementStorage.swift:23:22: error: cannot find type 'XMLNode' in scope
21 | protocol XMLEncodingStorage {
22 | var nodes: [XMLNode] { get }
23 | var attributes: [XMLNode] { get }
| `- error: cannot find type 'XMLNode' in scope
24 |
25 | func append(node: XMLNode)
/Users/admin/builder/spi-builder-workspace/Sources/XMLCoder/XMLElementStorage.swift:25:23: error: cannot find type 'XMLNode' in scope
23 | var attributes: [XMLNode] { get }
24 |
25 | func append(node: XMLNode)
| `- error: cannot find type 'XMLNode' in scope
26 | func append(attribute: XMLNode)
27 | }
/Users/admin/builder/spi-builder-workspace/Sources/XMLCoder/XMLElementStorage.swift:26:28: error: cannot find type 'XMLNode' in scope
24 |
25 | func append(node: XMLNode)
26 | func append(attribute: XMLNode)
| `- error: cannot find type 'XMLNode' in scope
27 | }
28 |
/Users/admin/builder/spi-builder-workspace/Sources/XMLCoder/XMLElementStorage.swift:32:17: error: cannot find type 'XMLNode' in scope
30 |
31 | class UnkeyedXMLElementStorage: XMLEncodingStorage {
32 | var nodes: [XMLNode] = []
| `- error: cannot find type 'XMLNode' in scope
33 | var attributes: [XMLNode] = []
34 |
/Users/admin/builder/spi-builder-workspace/Sources/XMLCoder/XMLElementStorage.swift:33:22: error: cannot find type 'XMLNode' in scope
31 | class UnkeyedXMLElementStorage: XMLEncodingStorage {
32 | var nodes: [XMLNode] = []
33 | var attributes: [XMLNode] = []
| `- error: cannot find type 'XMLNode' in scope
34 |
35 | func append(node: XMLNode) {
/Users/admin/builder/spi-builder-workspace/Sources/XMLCoder/XMLElementStorage.swift:35:23: error: cannot find type 'XMLNode' in scope
33 | var attributes: [XMLNode] = []
34 |
35 | func append(node: XMLNode) {
| `- error: cannot find type 'XMLNode' in scope
36 | if node.kind == .attribute {
37 | attributes.append(node)
/Users/admin/builder/spi-builder-workspace/Sources/XMLCoder/XMLElementStorage.swift:44:30: error: cannot find type 'XMLNode' in scope
42 | }
43 |
44 | func append(_ elements: [XMLNode]) {
| `- error: cannot find type 'XMLNode' in scope
45 | nodes.append(contentsOf: elements)
46 | }
/Users/admin/builder/spi-builder-workspace/Sources/XMLCoder/XMLElementStorage.swift:48:28: error: cannot find type 'XMLNode' in scope
46 | }
47 |
48 | func append(attribute: XMLNode) { // TODO: remove
| `- error: cannot find type 'XMLNode' in scope
49 | attributes.append(attribute)
50 | }
/Users/admin/builder/spi-builder-workspace/Sources/XMLCoder/XMLElementStorage.swift:54:17: error: cannot find type 'XMLNode' in scope
52 |
53 | class KeyedXMLElementStorage: XMLEncodingStorage {
54 | var nodes: [XMLNode] = []
| `- error: cannot find type 'XMLNode' in scope
55 | var attributes: [XMLNode] = []
56 |
/Users/admin/builder/spi-builder-workspace/Sources/XMLCoder/XMLElementStorage.swift:55:22: error: cannot find type 'XMLNode' in scope
53 | class KeyedXMLElementStorage: XMLEncodingStorage {
54 | var nodes: [XMLNode] = []
55 | var attributes: [XMLNode] = []
| `- error: cannot find type 'XMLNode' in scope
56 |
57 | func append(node: XMLNode) {
/Users/admin/builder/spi-builder-workspace/Sources/XMLCoder/XMLElementStorage.swift:57:23: error: cannot find type 'XMLNode' in scope
55 | var attributes: [XMLNode] = []
56 |
57 | func append(node: XMLNode) {
| `- error: cannot find type 'XMLNode' in scope
58 | if node.kind == .attribute {
59 | attributes.append(node)
/Users/admin/builder/spi-builder-workspace/Sources/XMLCoder/XMLElementStorage.swift:66:28: error: cannot find type 'XMLNode' in scope
64 | }
65 |
66 | func append(attribute: XMLNode) { // TODO: remove
| `- error: cannot find type 'XMLNode' in scope
67 | attributes.append(attribute)
68 | }
/Users/admin/builder/spi-builder-workspace/Sources/XMLCoder/XMLElementStorage.swift:72:17: error: cannot find type 'XMLNode' in scope
70 |
71 | class SingleXMLElementStorage: XMLEncodingStorage {
72 | var nodes: [XMLNode] = []
| `- error: cannot find type 'XMLNode' in scope
73 | var attributes: [XMLNode] = []
74 |
/Users/admin/builder/spi-builder-workspace/Sources/XMLCoder/XMLElementStorage.swift:73:22: error: cannot find type 'XMLNode' in scope
71 | class SingleXMLElementStorage: XMLEncodingStorage {
72 | var nodes: [XMLNode] = []
73 | var attributes: [XMLNode] = []
| `- error: cannot find type 'XMLNode' in scope
74 |
75 | func append(node: XMLNode) {
/Users/admin/builder/spi-builder-workspace/Sources/XMLCoder/XMLElementStorage.swift:75:23: error: cannot find type 'XMLNode' in scope
73 | var attributes: [XMLNode] = []
74 |
75 | func append(node: XMLNode) {
| `- error: cannot find type 'XMLNode' in scope
76 | if node.kind == .attribute {
77 | attributes.append(node)
/Users/admin/builder/spi-builder-workspace/Sources/XMLCoder/XMLElementStorage.swift:84:28: error: cannot find type 'XMLNode' in scope
82 | }
83 |
84 | func append(attribute: XMLNode) { // TODO: remove
| `- error: cannot find type 'XMLNode' in scope
85 | attributes.append(attribute)
86 | }
/Users/admin/builder/spi-builder-workspace/Sources/XMLCoder/XMLElementStorage.swift:103:17: error: cannot find type 'XMLNode' in scope
101 | }
102 |
103 | var nodes: [XMLNode] {
| `- error: cannot find type 'XMLNode' in scope
104 | return stack.last!.nodes
105 | }
/Users/admin/builder/spi-builder-workspace/Sources/XMLCoder/XMLElementStorage.swift:106:22: error: cannot find type 'XMLNode' in scope
104 | return stack.last!.nodes
105 | }
106 | var attributes: [XMLNode] {
| `- error: cannot find type 'XMLNode' in scope
107 | return stack.last!.attributes
108 | }
/Users/admin/builder/spi-builder-workspace/Sources/XMLCoder/XMLElementStorage.swift:110:23: error: cannot find type 'XMLNode' in scope
108 | }
109 |
110 | func append(node: XMLNode) {
| `- error: cannot find type 'XMLNode' in scope
111 | stack.last!.append(node: node)
112 | }
/Users/admin/builder/spi-builder-workspace/Sources/XMLCoder/XMLElementStorage.swift:114:28: error: cannot find type 'XMLNode' in scope
112 | }
113 |
114 | func append(attribute: XMLNode) {
| `- error: cannot find type 'XMLNode' in scope
115 | stack.last!.append(attribute: attribute)
116 | }
/Users/admin/builder/spi-builder-workspace/Sources/XMLCoder/XMLElementStorage.swift:142:15: error: cannot find type 'XMLNode' in scope
140 |
141 | struct XMLNodeWrapper {
142 | let node: XMLNode
| `- error: cannot find type 'XMLNode' in scope
143 | let elementName: String?
144 | var currentTextNodeIndex: Int
/Users/admin/builder/spi-builder-workspace/Sources/XMLCoder/XMLElementStorage.swift:146:16: error: cannot find type 'XMLNode' in scope
144 | var currentTextNodeIndex: Int
145 |
146 | init(node: XMLNode, elementName: String? = nil) {
| `- error: cannot find type 'XMLNode' in scope
147 | self.node = node
148 | self.elementName = elementName
/Users/admin/builder/spi-builder-workspace/Sources/XMLCoder/XMLElementStorage.swift:164:21: error: cannot find type 'XMLNode' in scope
162 | }
163 |
164 | func push(node: XMLNode) {
| `- error: cannot find type 'XMLNode' in scope
165 | push(XMLNodeWrapper(node: node))
166 | }
/Users/admin/builder/spi-builder-workspace/Sources/XMLCoder/XMLElementStorage.swift:36:26: error: cannot infer contextual base in reference to member 'attribute'
34 |
35 | func append(node: XMLNode) {
36 | if node.kind == .attribute {
| `- error: cannot infer contextual base in reference to member 'attribute'
37 | attributes.append(node)
38 | }
/Users/admin/builder/spi-builder-workspace/Sources/XMLCoder/XMLElementStorage.swift:58:26: error: cannot infer contextual base in reference to member 'attribute'
56 |
57 | func append(node: XMLNode) {
58 | if node.kind == .attribute {
| `- error: cannot infer contextual base in reference to member 'attribute'
59 | attributes.append(node)
60 | }
SwiftCompile normal arm64_32 /Users/admin/builder/spi-builder-workspace/Sources/XMLCoder/XMLElementStorage.swift (in target 'XMLCoder' from project 'XMLCoder')
cd /Users/admin/builder/spi-builder-workspace/.swiftpm/xcode
builtin-SwiftPerFileCompile XMLElementStorage.swift
SwiftCompile normal arm64_32 Compiling\ XMLEncoder.swift /Users/admin/builder/spi-builder-workspace/Sources/XMLCoder/XMLEncoder.swift (in target 'XMLCoder' from project 'XMLCoder')
/Users/admin/builder/spi-builder-workspace/Sources/XMLCoder/XMLEncoder.swift:131:59: error: cannot find type 'XMLDocument' in scope
129 | /// - throws: `EncodingError.invalidValue` if a non-conforming floating-point value is encountered during encoding, and the encoding strategy is `.throw`.
130 | /// - throws: An error if any value throws an error during encoding.
131 | open func encode<T : Encodable>(_ value: T) throws -> XMLDocument {
| `- error: cannot find type 'XMLDocument' in scope
132 | let namespaceProvider = XMLNamespaceProvider(defaultURI: self.options.defaultNamespace, initialMapping: self.options.namespaceMap, namePrefix: self.options.namespacePrefix)
133 | let encoder = _XMLEncoder(options: self.options, namespaceProvider: namespaceProvider)
/Users/admin/builder/spi-builder-workspace/Sources/XMLCoder/XMLEncoderInternal.swift:52:47: error: cannot find type 'XMLElement' in scope
50 | var userInfo: [CodingUserInfoKey : Any] = [:]
51 |
52 | func topElement(withName name: String) -> XMLElement {
| `- error: cannot find type 'XMLElement' in scope
53 | return XMLNode.element(withName: name, children: rootStorage.nodes, attributes: rootStorage.attributes) as! XMLElement
54 | }
/Users/admin/builder/spi-builder-workspace/Sources/XMLCoder/XMLEncoder.swift:137:24: error: cannot find 'XMLNode' in scope
135 | let element = encoder.topElement(withName: documentRootTag)
136 | element.addNamespaces(from: namespaceProvider)
137 | let document = XMLNode.document(withRootElement:element) as! XMLDocument
| `- error: cannot find 'XMLNode' in scope
138 | return document
139 | }
SwiftCompile normal arm64_32 /Users/admin/builder/spi-builder-workspace/Sources/XMLCoder/XMLEncoder.swift (in target 'XMLCoder' from project 'XMLCoder')
cd /Users/admin/builder/spi-builder-workspace/.swiftpm/xcode
builtin-SwiftPerFileCompile XMLEncoder.swift
SwiftCompile normal arm64_32 Compiling\ XMLNamespaceProvider.swift /Users/admin/builder/spi-builder-workspace/Sources/XMLCoder/XMLNamespaceProvider.swift (in target 'XMLCoder' from project 'XMLCoder')
SwiftCompile normal arm64_32 /Users/admin/builder/spi-builder-workspace/Sources/XMLCoder/XMLNamespaceProvider.swift (in target 'XMLCoder' from project 'XMLCoder')
cd /Users/admin/builder/spi-builder-workspace/.swiftpm/xcode
builtin-SwiftPerFileCompile XMLNamespaceProvider.swift
SwiftCompile normal arm64_32 Compiling\ XMLCoder.swift /Users/admin/builder/spi-builder-workspace/Sources/XMLCoder/XMLCoder.swift (in target 'XMLCoder' from project 'XMLCoder')
SwiftCompile normal arm64_32 /Users/admin/builder/spi-builder-workspace/Sources/XMLCoder/XMLCoder.swift (in target 'XMLCoder' from project 'XMLCoder')
cd /Users/admin/builder/spi-builder-workspace/.swiftpm/xcode
builtin-SwiftPerFileCompile XMLCoder.swift
SwiftEmitModule normal arm64 Emitting\ module\ for\ XMLCoder (in target 'XMLCoder' from project 'XMLCoder')
/Users/admin/builder/spi-builder-workspace/Sources/XMLCoder/XMLDecoder.swift:122:68: error: cannot find type 'XMLDocument' in scope
120 | /// - returns: A value of the requested type.
121 | /// - throws: An error if any value throws an error during decoding.
122 | open func decode<T : Decodable>(_ type: T.Type, from document: XMLDocument) throws -> T {
| `- error: cannot find type 'XMLDocument' in scope
123 | //let topLevel = XMLDecodingStorage(document: document)
124 | guard let topLevel = document.children?.first else {
/Users/admin/builder/spi-builder-workspace/Sources/XMLCoder/CombineSupport.swift:12:1: error: type 'XMLDecoder' does not conform to protocol 'TopLevelDecoder'
10 | import Combine
11 |
12 | extension XMLDecoder: TopLevelDecoder {}
| |- error: type 'XMLDecoder' does not conform to protocol 'TopLevelDecoder'
| `- note: add stubs for conformance
13 | extension XMLEncoder: TopLevelEncoder {}
14 |
Combine.TopLevelDecoder.Input:2:16: note: protocol requires nested type 'Input'
1 | protocol TopLevelDecoder {
2 | associatedtype Input}
| `- note: protocol requires nested type 'Input'
3 |
/Users/admin/builder/spi-builder-workspace/Sources/XMLCoder/XMLEncoder.swift:131:59: error: cannot find type 'XMLDocument' in scope
129 | /// - throws: `EncodingError.invalidValue` if a non-conforming floating-point value is encountered during encoding, and the encoding strategy is `.throw`.
130 | /// - throws: An error if any value throws an error during encoding.
131 | open func encode<T : Encodable>(_ value: T) throws -> XMLDocument {
| `- error: cannot find type 'XMLDocument' in scope
132 | let namespaceProvider = XMLNamespaceProvider(defaultURI: self.options.defaultNamespace, initialMapping: self.options.namespaceMap, namePrefix: self.options.namespacePrefix)
133 | let encoder = _XMLEncoder(options: self.options, namespaceProvider: namespaceProvider)
/Users/admin/builder/spi-builder-workspace/Sources/XMLCoder/CombineSupport.swift:13:1: error: type 'XMLEncoder' does not conform to protocol 'TopLevelEncoder'
11 |
12 | extension XMLDecoder: TopLevelDecoder {}
13 | extension XMLEncoder: TopLevelEncoder {}
| |- error: type 'XMLEncoder' does not conform to protocol 'TopLevelEncoder'
| `- note: add stubs for conformance
14 |
15 | #endif
Combine.TopLevelEncoder.Output:2:16: note: protocol requires nested type 'Output'
1 | protocol TopLevelEncoder {
2 | associatedtype Output}
| `- note: protocol requires nested type 'Output'
3 |
/Users/admin/builder/spi-builder-workspace/Sources/XMLCoder/XMLDecoderInternal.swift:57:33: error: cannot find type 'XMLDocument' in scope
55 |
56 | /// Initializes `self` with the given top-level container and options.
57 | init(referencing container: XMLDocument, at codingPath: [CodingKey] = [], options: XMLDecoder._Options) {
| `- error: cannot find type 'XMLDocument' in scope
58 | self.storage = XMLDecodingStorage()
59 | self.storage.push(node: container)
/Users/admin/builder/spi-builder-workspace/Sources/XMLCoder/XMLDecoderInternal.swift:92:32: error: cannot find type 'XMLNode' in scope
90 |
91 | /// A reference to the container we're reading from.
92 | private var container: XMLNode
| `- error: cannot find type 'XMLNode' in scope
93 |
94 | /// A shortcut for quick access to the container's children nodes by key.
/Users/admin/builder/spi-builder-workspace/Sources/XMLCoder/XMLDecoderInternal.swift:95:40: error: cannot find type 'XMLNode' in scope
93 |
94 | /// A shortcut for quick access to the container's children nodes by key.
95 | private var elements: [String: XMLNode]
| `- error: cannot find type 'XMLNode' in scope
96 | private var attributes: [String: XMLNode]
97 | private var textNodes: [XMLNode]
/Users/admin/builder/spi-builder-workspace/Sources/XMLCoder/XMLDecoderInternal.swift:96:42: error: cannot find type 'XMLNode' in scope
94 | /// A shortcut for quick access to the container's children nodes by key.
95 | private var elements: [String: XMLNode]
96 | private var attributes: [String: XMLNode]
| `- error: cannot find type 'XMLNode' in scope
97 | private var textNodes: [XMLNode]
98 |
/Users/admin/builder/spi-builder-workspace/Sources/XMLCoder/XMLDecoderInternal.swift:97:33: error: cannot find type 'XMLNode' in scope
95 | private var elements: [String: XMLNode]
96 | private var attributes: [String: XMLNode]
97 | private var textNodes: [XMLNode]
| `- error: cannot find type 'XMLNode' in scope
98 |
99 | /// The path of coding keys taken to get to this point in decoding.
/Users/admin/builder/spi-builder-workspace/Sources/XMLCoder/XMLDecoderInternal.swift:105:105: error: cannot find type 'XMLElement' in scope
103 |
104 | /// Initializes `self` with the given references.
105 | fileprivate init(referencing decoder: _XMLDecoder, codingPath: [CodingKey], wrapping container: XMLElement) {
| `- error: cannot find type 'XMLElement' in scope
106 | self.decoder = decoder
107 | self.codingPath = codingPath
/Users/admin/builder/spi-builder-workspace/Sources/XMLCoder/XMLDecoderInternal.swift:418:32: error: cannot find type 'XMLNode' in scope
416 |
417 | /// The container's filtered children nodes.
418 | private var elements: [XMLNode]
| `- error: cannot find type 'XMLNode' in scope
419 |
420 | /// The path of coding keys taken to get to this point in decoding.
/Users/admin/builder/spi-builder-workspace/Sources/XMLCoder/XMLElementStorage.swift:22:17: error: cannot find type 'XMLNode' in scope
20 |
21 | protocol XMLEncodingStorage {
22 | var nodes: [XMLNode] { get }
| `- error: cannot find type 'XMLNode' in scope
23 | var attributes: [XMLNode] { get }
24 |
/Users/admin/builder/spi-builder-workspace/Sources/XMLCoder/XMLElementStorage.swift:23:22: error: cannot find type 'XMLNode' in scope
21 | protocol XMLEncodingStorage {
22 | var nodes: [XMLNode] { get }
23 | var attributes: [XMLNode] { get }
| `- error: cannot find type 'XMLNode' in scope
24 |
25 | func append(node: XMLNode)
/Users/admin/builder/spi-builder-workspace/Sources/XMLCoder/XMLElementStorage.swift:25:23: error: cannot find type 'XMLNode' in scope
23 | var attributes: [XMLNode] { get }
24 |
25 | func append(node: XMLNode)
| `- error: cannot find type 'XMLNode' in scope
26 | func append(attribute: XMLNode)
27 | }
/Users/admin/builder/spi-builder-workspace/Sources/XMLCoder/XMLElementStorage.swift:26:28: error: cannot find type 'XMLNode' in scope
24 |
25 | func append(node: XMLNode)
26 | func append(attribute: XMLNode)
| `- error: cannot find type 'XMLNode' in scope
27 | }
28 |
/Users/admin/builder/spi-builder-workspace/Sources/XMLCoder/XMLElementStorage.swift:32:17: error: cannot find type 'XMLNode' in scope
30 |
31 | class UnkeyedXMLElementStorage: XMLEncodingStorage {
32 | var nodes: [XMLNode] = []
| `- error: cannot find type 'XMLNode' in scope
33 | var attributes: [XMLNode] = []
34 |
/Users/admin/builder/spi-builder-workspace/Sources/XMLCoder/XMLElementStorage.swift:33:22: error: cannot find type 'XMLNode' in scope
31 | class UnkeyedXMLElementStorage: XMLEncodingStorage {
32 | var nodes: [XMLNode] = []
33 | var attributes: [XMLNode] = []
| `- error: cannot find type 'XMLNode' in scope
34 |
35 | func append(node: XMLNode) {
/Users/admin/builder/spi-builder-workspace/Sources/XMLCoder/XMLElementStorage.swift:35:23: error: cannot find type 'XMLNode' in scope
33 | var attributes: [XMLNode] = []
34 |
35 | func append(node: XMLNode) {
| `- error: cannot find type 'XMLNode' in scope
36 | if node.kind == .attribute {
37 | attributes.append(node)
/Users/admin/builder/spi-builder-workspace/Sources/XMLCoder/XMLElementStorage.swift:44:30: error: cannot find type 'XMLNode' in scope
42 | }
43 |
44 | func append(_ elements: [XMLNode]) {
| `- error: cannot find type 'XMLNode' in scope
45 | nodes.append(contentsOf: elements)
46 | }
/Users/admin/builder/spi-builder-workspace/Sources/XMLCoder/XMLElementStorage.swift:48:28: error: cannot find type 'XMLNode' in scope
46 | }
47 |
48 | func append(attribute: XMLNode) { // TODO: remove
| `- error: cannot find type 'XMLNode' in scope
49 | attributes.append(attribute)
50 | }
/Users/admin/builder/spi-builder-workspace/Sources/XMLCoder/XMLElementStorage.swift:54:17: error: cannot find type 'XMLNode' in scope
52 |
53 | class KeyedXMLElementStorage: XMLEncodingStorage {
54 | var nodes: [XMLNode] = []
| `- error: cannot find type 'XMLNode' in scope
55 | var attributes: [XMLNode] = []
56 |
/Users/admin/builder/spi-builder-workspace/Sources/XMLCoder/XMLElementStorage.swift:55:22: error: cannot find type 'XMLNode' in scope
53 | class KeyedXMLElementStorage: XMLEncodingStorage {
54 | var nodes: [XMLNode] = []
55 | var attributes: [XMLNode] = []
| `- error: cannot find type 'XMLNode' in scope
56 |
57 | func append(node: XMLNode) {
/Users/admin/builder/spi-builder-workspace/Sources/XMLCoder/XMLElementStorage.swift:57:23: error: cannot find type 'XMLNode' in scope
55 | var attributes: [XMLNode] = []
56 |
57 | func append(node: XMLNode) {
| `- error: cannot find type 'XMLNode' in scope
58 | if node.kind == .attribute {
59 | attributes.append(node)
/Users/admin/builder/spi-builder-workspace/Sources/XMLCoder/XMLElementStorage.swift:66:28: error: cannot find type 'XMLNode' in scope
64 | }
65 |
66 | func append(attribute: XMLNode) { // TODO: remove
| `- error: cannot find type 'XMLNode' in scope
67 | attributes.append(attribute)
68 | }
/Users/admin/builder/spi-builder-workspace/Sources/XMLCoder/XMLElementStorage.swift:72:17: error: cannot find type 'XMLNode' in scope
70 |
71 | class SingleXMLElementStorage: XMLEncodingStorage {
72 | var nodes: [XMLNode] = []
| `- error: cannot find type 'XMLNode' in scope
73 | var attributes: [XMLNode] = []
74 |
/Users/admin/builder/spi-builder-workspace/Sources/XMLCoder/XMLElementStorage.swift:73:22: error: cannot find type 'XMLNode' in scope
71 | class SingleXMLElementStorage: XMLEncodingStorage {
72 | var nodes: [XMLNode] = []
73 | var attributes: [XMLNode] = []
| `- error: cannot find type 'XMLNode' in scope
74 |
75 | func append(node: XMLNode) {
/Users/admin/builder/spi-builder-workspace/Sources/XMLCoder/XMLElementStorage.swift:75:23: error: cannot find type 'XMLNode' in scope
73 | var attributes: [XMLNode] = []
74 |
75 | func append(node: XMLNode) {
| `- error: cannot find type 'XMLNode' in scope
76 | if node.kind == .attribute {
77 | attributes.append(node)
/Users/admin/builder/spi-builder-workspace/Sources/XMLCoder/XMLElementStorage.swift:84:28: error: cannot find type 'XMLNode' in scope
82 | }
83 |
84 | func append(attribute: XMLNode) { // TODO: remove
| `- error: cannot find type 'XMLNode' in scope
85 | attributes.append(attribute)
86 | }
/Users/admin/builder/spi-builder-workspace/Sources/XMLCoder/XMLElementStorage.swift:103:17: error: cannot find type 'XMLNode' in scope
101 | }
102 |
103 | var nodes: [XMLNode] {
| `- error: cannot find type 'XMLNode' in scope
104 | return stack.last!.nodes
105 | }
/Users/admin/builder/spi-builder-workspace/Sources/XMLCoder/XMLElementStorage.swift:106:22: error: cannot find type 'XMLNode' in scope
104 | return stack.last!.nodes
105 | }
106 | var attributes: [XMLNode] {
| `- error: cannot find type 'XMLNode' in scope
107 | return stack.last!.attributes
108 | }
/Users/admin/builder/spi-builder-workspace/Sources/XMLCoder/XMLElementStorage.swift:110:23: error: cannot find type 'XMLNode' in scope
108 | }
109 |
110 | func append(node: XMLNode) {
| `- error: cannot find type 'XMLNode' in scope
111 | stack.last!.append(node: node)
112 | }
/Users/admin/builder/spi-builder-workspace/Sources/XMLCoder/XMLElementStorage.swift:114:28: error: cannot find type 'XMLNode' in scope
112 | }
113 |
114 | func append(attribute: XMLNode) {
| `- error: cannot find type 'XMLNode' in scope
115 | stack.last!.append(attribute: attribute)
116 | }
/Users/admin/builder/spi-builder-workspace/Sources/XMLCoder/XMLElementStorage.swift:142:15: error: cannot find type 'XMLNode' in scope
140 |
141 | struct XMLNodeWrapper {
142 | let node: XMLNode
| `- error: cannot find type 'XMLNode' in scope
143 | let elementName: String?
144 | var currentTextNodeIndex: Int
/Users/admin/builder/spi-builder-workspace/Sources/XMLCoder/XMLElementStorage.swift:146:16: error: cannot find type 'XMLNode' in scope
144 | var currentTextNodeIndex: Int
145 |
146 | init(node: XMLNode, elementName: String? = nil) {
| `- error: cannot find type 'XMLNode' in scope
147 | self.node = node
148 | self.elementName = elementName
/Users/admin/builder/spi-builder-workspace/Sources/XMLCoder/XMLElementStorage.swift:164:21: error: cannot find type 'XMLNode' in scope
162 | }
163 |
164 | func push(node: XMLNode) {
| `- error: cannot find type 'XMLNode' in scope
165 | push(XMLNodeWrapper(node: node))
166 | }
SwiftCompile normal arm64 (in target 'XMLCoder' from project 'XMLCoder')
cd /Users/admin/builder/spi-builder-workspace/.swiftpm/xcode
SwiftCompile normal arm64_32 Compiling\ CombineSupport.swift /Users/admin/builder/spi-builder-workspace/Sources/XMLCoder/CombineSupport.swift (in target 'XMLCoder' from project 'XMLCoder')
/Users/admin/builder/spi-builder-workspace/Sources/XMLCoder/XMLDecoder.swift:122:68: error: cannot find type 'XMLDocument' in scope
120 | /// - returns: A value of the requested type.
121 | /// - throws: An error if any value throws an error during decoding.
122 | open func decode<T : Decodable>(_ type: T.Type, from document: XMLDocument) throws -> T {
| `- error: cannot find type 'XMLDocument' in scope
123 | //let topLevel = XMLDecodingStorage(document: document)
124 | guard let topLevel = document.children?.first else {
/Users/admin/builder/spi-builder-workspace/Sources/XMLCoder/CombineSupport.swift:12:1: error: type 'XMLDecoder' does not conform to protocol 'TopLevelDecoder'
10 | import Combine
11 |
12 | extension XMLDecoder: TopLevelDecoder {}
| |- error: type 'XMLDecoder' does not conform to protocol 'TopLevelDecoder'
| `- note: add stubs for conformance
13 | extension XMLEncoder: TopLevelEncoder {}
14 |
Combine.TopLevelDecoder.Input:2:16: note: protocol requires nested type 'Input'
1 | protocol TopLevelDecoder {
2 | associatedtype Input}
| `- note: protocol requires nested type 'Input'
3 |
/Users/admin/builder/spi-builder-workspace/Sources/XMLCoder/XMLEncoder.swift:131:59: error: cannot find type 'XMLDocument' in scope
129 | /// - throws: `EncodingError.invalidValue` if a non-conforming floating-point value is encountered during encoding, and the encoding strategy is `.throw`.
130 | /// - throws: An error if any value throws an error during encoding.
131 | open func encode<T : Encodable>(_ value: T) throws -> XMLDocument {
| `- error: cannot find type 'XMLDocument' in scope
132 | let namespaceProvider = XMLNamespaceProvider(defaultURI: self.options.defaultNamespace, initialMapping: self.options.namespaceMap, namePrefix: self.options.namespacePrefix)
133 | let encoder = _XMLEncoder(options: self.options, namespaceProvider: namespaceProvider)
SwiftCompile normal arm64_32 /Users/admin/builder/spi-builder-workspace/Sources/XMLCoder/CombineSupport.swift (in target 'XMLCoder' from project 'XMLCoder')
cd /Users/admin/builder/spi-builder-workspace/.swiftpm/xcode
builtin-SwiftPerFileCompile CombineSupport.swift
SwiftCompile normal arm64 Compiling\ XMLElementStorage.swift /Users/admin/builder/spi-builder-workspace/Sources/XMLCoder/XMLElementStorage.swift (in target 'XMLCoder' from project 'XMLCoder')
SwiftCompile normal arm64 /Users/admin/builder/spi-builder-workspace/Sources/XMLCoder/XMLElementStorage.swift (in target 'XMLCoder' from project 'XMLCoder')
cd /Users/admin/builder/spi-builder-workspace/.swiftpm/xcode
builtin-SwiftPerFileCompile XMLElementStorage.swift
PruneExplicitPrecompiledModules /Users/admin/builder/spi-builder-workspace/.derivedData/Build/Intermediates.noindex/SwiftExplicitPrecompiledModules
PruneExplicitPrecompiledModules /Users/admin/builder/spi-builder-workspace/.derivedData/SDKExplicitPrecompiledModules
PruneExplicitPrecompiledModules /Users/admin/builder/spi-builder-workspace/.derivedData/Build/Intermediates.noindex/ExplicitPrecompiledModules
2026-09-18 05:17:05.959 xcodebuild[733:4609] [MT] IDERunDestination: Supported platforms for the buildables in the current scheme is empty.
** BUILD FAILED **
The following build commands failed:
SwiftCompile normal arm64_32 (in target 'XMLCoder' from project 'XMLCoder')
SwiftEmitModule normal arm64_32 Emitting\ module\ for\ XMLCoder (in target 'XMLCoder' from project 'XMLCoder')
Building workspace XMLCoder with scheme XMLCoder
(3 failures)
BUILD FAILURE 6.4 watchOS