The Swift Package Index logo.Swift Package Index

Build Information

Failed to build HTMLToMarkdown, reference v1.0.0 (fbd823), with Swift 6.4 for watchOS using Xcode 27.0 on 23 Sep 2026 00:07:33 UTC.

Build Command

env DEVELOPER_DIR=/Applications/Xcode-27.0.0-Release.Candidate.app xcrun xcodebuild -IDEClonedSourcePackagesDirPathOverride=$PWD/.dependencies -skipMacroValidation -skipPackagePluginValidation -derivedDataPath $PWD/.derivedData build -scheme HTMLToMarkdown -destination generic/platform=watchOS

Build Log

========================================
RunAll
========================================
Builder version: 5.1.0
Interrupt handler set up.
========================================
Checkout
========================================
Clone URL: https://github.com/jaywcjlove/HTMLToMarkdown.git
Reference: v1.0.0
Initialized empty Git repository in /Users/admin/builder/spi-builder-workspace/.git/
From https://github.com/jaywcjlove/HTMLToMarkdown
 * tag               v1.0.0     -> FETCH_HEAD
HEAD is now at fbd8239 Update copyright information in LICENSE file
Cloned https://github.com/jaywcjlove/HTMLToMarkdown.git
Revision (git rev-parse @):
fbd8239cec2434054794bad6ff695a08bb4d76d6
SUCCESS checkout https://github.com/jaywcjlove/HTMLToMarkdown.git at v1.0.0
========================================
Build
========================================
Selected platform:         watchOS
Swift version:             6.4
Building package at path:  $PWD
https://github.com/jaywcjlove/HTMLToMarkdown.git
Command line invocation:
    /Applications/Xcode-27.0.0-Release.Candidate.app/Contents/Developer/usr/bin/xcodebuild -IDEClonedSourcePackagesDirPathOverride=/Users/admin/builder/spi-builder-workspace/.dependencies -resolvePackageDependencies
Resolve Package Graph
Resolve Package Graph
Resolved source packages:
  HTMLToMarkdown: /Users/admin/builder/spi-builder-workspace
resolved source packages: HTMLToMarkdown
2026-09-22 20:06:52.759 xcodebuild[529:3031] [MT] IDERunDestination: Supported platforms for the buildables in the current scheme is empty.
{
  "dependencies" : [
  ],
  "manifest_display_name" : "HTMLToMarkdown",
  "name" : "HTMLToMarkdown",
  "path" : "/Users/admin/builder/spi-builder-workspace",
  "platforms" : [
    {
      "name" : "ios",
      "version" : "13.0"
    },
    {
      "name" : "macos",
      "version" : "10.15"
    },
    {
      "name" : "tvos",
      "version" : "13.0"
    },
    {
      "name" : "watchos",
      "version" : "6.0"
    }
  ],
  "products" : [
    {
      "name" : "HTMLToMarkdown",
      "targets" : [
        "HTMLToMarkdown"
      ],
      "type" : {
        "library" : [
          "automatic"
        ]
      }
    }
  ],
  "targets" : [
    {
      "c99name" : "HTMLToMarkdownTests",
      "module_type" : "SwiftTarget",
      "name" : "HTMLToMarkdownTests",
      "path" : "Tests/HTMLToMarkdownTests",
      "sources" : [
        "HTMLToMarkdownTests.swift"
      ],
      "target_dependencies" : [
        "HTMLToMarkdown"
      ],
      "type" : "test"
    },
    {
      "c99name" : "HTMLToMarkdown",
      "module_type" : "SwiftTarget",
      "name" : "HTMLToMarkdown",
      "path" : "Sources/HTMLToMarkdown",
      "product_memberships" : [
        "HTMLToMarkdown"
      ],
      "resources" : [
        {
          "path" : "/Users/admin/builder/spi-builder-workspace/Sources/HTMLToMarkdown/Resources/html-to-markdown.bundle.min.js",
          "rule" : {
            "copy" : {
            }
          }
        }
      ],
      "sources" : [
        "HTMLToMarkdown.swift"
      ],
      "type" : "library"
    }
  ],
  "tools_version" : "6.1"
}
{
  "workspace" : {
    "name" : "HTMLToMarkdown",
    "schemes" : [
      "HTMLToMarkdown"
    ]
  }
}
2026-09-22 20:07:25.194 xcodebuild[626:3844] [MT] IDERunDestination: Supported platforms for the buildables in the current scheme is empty.
Running build ...
env DEVELOPER_DIR=/Applications/Xcode-27.0.0-Release.Candidate.app xcrun xcodebuild -IDEClonedSourcePackagesDirPathOverride=$PWD/.dependencies -skipMacroValidation -skipPackagePluginValidation -derivedDataPath $PWD/.derivedData build -scheme HTMLToMarkdown -destination generic/platform=watchOS
Command line invocation:
    /Applications/Xcode-27.0.0-Release.Candidate.app/Contents/Developer/usr/bin/xcodebuild -IDEClonedSourcePackagesDirPathOverride=/Users/admin/builder/spi-builder-workspace/.dependencies -skipMacroValidation -skipPackagePluginValidation -derivedDataPath /Users/admin/builder/spi-builder-workspace/.derivedData build -scheme HTMLToMarkdown -destination generic/platform=watchOS
Resolve Package Graph
Resolved source packages:
  HTMLToMarkdown: /Users/admin/builder/spi-builder-workspace
ComputePackagePrebuildTargetDependencyGraph
Prepare packages
CreateBuildRequest
SendProjectDescription
CreateBuildOperation
ComputeTargetDependencyGraph
note: Building targets in dependency order
note: Target dependency graph (3 targets)
    Target 'HTMLToMarkdown-product' in project 'HTMLToMarkdown'
        ➜ Explicit dependency on target 'HTMLToMarkdown' in project 'HTMLToMarkdown'
        ➜ Explicit dependency on target 'HTMLToMarkdown_HTMLToMarkdown' in project 'HTMLToMarkdown'
    Target 'HTMLToMarkdown' in project 'HTMLToMarkdown'
        ➜ Explicit dependency on target 'HTMLToMarkdown_HTMLToMarkdown' in project 'HTMLToMarkdown'
    Target 'HTMLToMarkdown_HTMLToMarkdown' in project 'HTMLToMarkdown' (no dependencies)
GatherProvisioningInputs
CreateBuildDescription
ExecuteExternalTool /Applications/Xcode-27.0.0-Release.Candidate.app/Contents/Developer/Toolchains/XcodeDefault.xctoolchain/usr/bin/clang -v -E -dM -isysroot /Applications/Xcode-27.0.0-Release.Candidate.app/Contents/Developer/Platforms/WatchOS.platform/Developer/SDKs/WatchOS27.0.sdk -x c -c /dev/null
ExecuteExternalTool /Applications/Xcode-27.0.0-Release.Candidate.app/Contents/Developer/Toolchains/XcodeDefault.xctoolchain/usr/bin/swiftc --version
ExecuteExternalTool /Applications/Xcode-27.0.0-Release.Candidate.app/Contents/Developer/Toolchains/XcodeDefault.xctoolchain/usr/bin/ld -version_details
Build description signature: 44ebc7fc1af444db717edd0a1c41d6b1
Build description path: /Users/admin/builder/spi-builder-workspace/.derivedData/Build/Intermediates.noindex/XCBuildData/44ebc7fc1af444db717edd0a1c41d6b1.xcbuilddata
CreateBuildDirectory /Users/admin/builder/spi-builder-workspace/.derivedData/ModuleCache.noindex
    cd /Users/admin/builder/spi-builder-workspace/.swiftpm/xcode
    builtin-create-build-directory /Users/admin/builder/spi-builder-workspace/.derivedData/ModuleCache.noindex
CreateBuildDirectory /Users/admin/builder/spi-builder-workspace/.derivedData/SDKExplicitPrecompiledModules
    cd /Users/admin/builder/spi-builder-workspace/.swiftpm/xcode
    builtin-create-build-directory /Users/admin/builder/spi-builder-workspace/.derivedData/SDKExplicitPrecompiledModules
CreateBuildDirectory /Users/admin/builder/spi-builder-workspace/.derivedData/CompilationCache.noindex
    cd /Users/admin/builder/spi-builder-workspace/.swiftpm/xcode
    builtin-create-build-directory /Users/admin/builder/spi-builder-workspace/.derivedData/CompilationCache.noindex
CreateBuildDirectory /Users/admin/builder/spi-builder-workspace/.derivedData/Build/Intermediates.noindex
    cd /Users/admin/builder/spi-builder-workspace/.swiftpm/xcode
    builtin-create-build-directory /Users/admin/builder/spi-builder-workspace/.derivedData/Build/Intermediates.noindex
CreateBuildDirectory /Users/admin/builder/spi-builder-workspace/.derivedData/Build/Products
    cd /Users/admin/builder/spi-builder-workspace/.swiftpm/xcode
    builtin-create-build-directory /Users/admin/builder/spi-builder-workspace/.derivedData/Build/Products
ClangStatCache /Applications/Xcode-27.0.0-Release.Candidate.app/Contents/Developer/Toolchains/XcodeDefault.xctoolchain/usr/bin/clang-stat-cache /Applications/Xcode-27.0.0-Release.Candidate.app/Contents/Developer/Platforms/WatchOS.platform/Developer/SDKs/WatchOS27.0.sdk /Users/admin/builder/spi-builder-workspace/.derivedData/SDKStatCaches.noindex/watchos27.0-24R360-e829b21a6f8c9b70876ba0858053c04477534ef55a1706bf4c1112bbb242f0a2.sdkstatcache
    cd /Users/admin/builder/spi-builder-workspace/.swiftpm/xcode
    /Applications/Xcode-27.0.0-Release.Candidate.app/Contents/Developer/Toolchains/XcodeDefault.xctoolchain/usr/bin/clang-stat-cache /Applications/Xcode-27.0.0-Release.Candidate.app/Contents/Developer/Platforms/WatchOS.platform/Developer/SDKs/WatchOS27.0.sdk -o /Users/admin/builder/spi-builder-workspace/.derivedData/SDKStatCaches.noindex/watchos27.0-24R360-e829b21a6f8c9b70876ba0858053c04477534ef55a1706bf4c1112bbb242f0a2.sdkstatcache
CreateBuildDirectory /Users/admin/builder/spi-builder-workspace/.derivedData/Build/Intermediates.noindex/SwiftExplicitPrecompiledModules
    cd /Users/admin/builder/spi-builder-workspace/.swiftpm/xcode
    builtin-create-build-directory /Users/admin/builder/spi-builder-workspace/.derivedData/Build/Intermediates.noindex/SwiftExplicitPrecompiledModules
CreateBuildDirectory /Users/admin/builder/spi-builder-workspace/.derivedData/Build/Intermediates.noindex/PrecompiledHeaders
    cd /Users/admin/builder/spi-builder-workspace/.swiftpm/xcode
    builtin-create-build-directory /Users/admin/builder/spi-builder-workspace/.derivedData/Build/Intermediates.noindex/PrecompiledHeaders
CreateBuildDirectory /Users/admin/builder/spi-builder-workspace/.derivedData/Build/Intermediates.noindex/ExplicitPrecompiledModules
    cd /Users/admin/builder/spi-builder-workspace/.swiftpm/xcode
    builtin-create-build-directory /Users/admin/builder/spi-builder-workspace/.derivedData/Build/Intermediates.noindex/ExplicitPrecompiledModules
CreateBuildDirectory /Users/admin/builder/spi-builder-workspace/.derivedData/Build/Products/Debug-watchos
    cd /Users/admin/builder/spi-builder-workspace/.swiftpm/xcode
    builtin-create-build-directory /Users/admin/builder/spi-builder-workspace/.derivedData/Build/Products/Debug-watchos
CreateBuildDirectory /Users/admin/builder/spi-builder-workspace/.derivedData/Build/Intermediates.noindex/EagerLinkingTBDs/Debug-watchos
    cd /Users/admin/builder/spi-builder-workspace/.swiftpm/xcode
    builtin-create-build-directory /Users/admin/builder/spi-builder-workspace/.derivedData/Build/Intermediates.noindex/EagerLinkingTBDs/Debug-watchos
CreateBuildDirectory /Users/admin/builder/spi-builder-workspace/.derivedData/Build/Products/Debug-watchos/PackageFrameworks
    cd /Users/admin/builder/spi-builder-workspace/.swiftpm/xcode
    builtin-create-build-directory /Users/admin/builder/spi-builder-workspace/.derivedData/Build/Products/Debug-watchos/PackageFrameworks
WriteAuxiliaryFile /Users/admin/builder/spi-builder-workspace/.derivedData/Build/Intermediates.noindex/HTMLToMarkdown.build/Debug-watchos/HTMLToMarkdown_HTMLToMarkdown-b.build/HTMLToMarkdown_HTMLToMarkdown.DependencyMetadataFileList (in target 'HTMLToMarkdown_HTMLToMarkdown' from project 'HTMLToMarkdown')
    cd /Users/admin/builder/spi-builder-workspace
    write-file /Users/admin/builder/spi-builder-workspace/.derivedData/Build/Intermediates.noindex/HTMLToMarkdown.build/Debug-watchos/HTMLToMarkdown_HTMLToMarkdown-b.build/HTMLToMarkdown_HTMLToMarkdown.DependencyMetadataFileList
WriteAuxiliaryFile /Users/admin/builder/spi-builder-workspace/.derivedData/Build/Intermediates.noindex/HTMLToMarkdown.build/Debug-watchos/HTMLToMarkdown_HTMLToMarkdown-b.build/empty-HTMLToMarkdown_HTMLToMarkdown.plist (in target 'HTMLToMarkdown_HTMLToMarkdown' from project 'HTMLToMarkdown')
    cd /Users/admin/builder/spi-builder-workspace
    write-file /Users/admin/builder/spi-builder-workspace/.derivedData/Build/Intermediates.noindex/HTMLToMarkdown.build/Debug-watchos/HTMLToMarkdown_HTMLToMarkdown-b.build/empty-HTMLToMarkdown_HTMLToMarkdown.plist
WriteAuxiliaryFile /Users/admin/builder/spi-builder-workspace/.derivedData/Build/Intermediates.noindex/HTMLToMarkdown.build/Debug-watchos/HTMLToMarkdown_HTMLToMarkdown-b.build/HTMLToMarkdown_HTMLToMarkdown.DependencyStaticMetadataFileList (in target 'HTMLToMarkdown_HTMLToMarkdown' from project 'HTMLToMarkdown')
    cd /Users/admin/builder/spi-builder-workspace
    write-file /Users/admin/builder/spi-builder-workspace/.derivedData/Build/Intermediates.noindex/HTMLToMarkdown.build/Debug-watchos/HTMLToMarkdown_HTMLToMarkdown-b.build/HTMLToMarkdown_HTMLToMarkdown.DependencyStaticMetadataFileList
WriteAuxiliaryFile /Users/admin/builder/spi-builder-workspace/.derivedData/Build/Intermediates.noindex/HTMLToMarkdown.build/Debug-watchos/HTMLToMarkdown-t.build/Objects-normal/arm64_32/HTMLToMarkdown_const_extract_protocols.json (in target 'HTMLToMarkdown' from project 'HTMLToMarkdown')
    cd /Users/admin/builder/spi-builder-workspace
    write-file /Users/admin/builder/spi-builder-workspace/.derivedData/Build/Intermediates.noindex/HTMLToMarkdown.build/Debug-watchos/HTMLToMarkdown-t.build/Objects-normal/arm64_32/HTMLToMarkdown_const_extract_protocols.json
WriteAuxiliaryFile /Users/admin/builder/spi-builder-workspace/.derivedData/Build/Intermediates.noindex/HTMLToMarkdown.build/Debug-watchos/HTMLToMarkdown-t.build/Objects-normal/arm64_32/HTMLToMarkdown.SwiftConstValuesFileList (in target 'HTMLToMarkdown' from project 'HTMLToMarkdown')
    cd /Users/admin/builder/spi-builder-workspace
    write-file /Users/admin/builder/spi-builder-workspace/.derivedData/Build/Intermediates.noindex/HTMLToMarkdown.build/Debug-watchos/HTMLToMarkdown-t.build/Objects-normal/arm64_32/HTMLToMarkdown.SwiftConstValuesFileList
WriteAuxiliaryFile /Users/admin/builder/spi-builder-workspace/.derivedData/Build/Intermediates.noindex/HTMLToMarkdown.build/Debug-watchos/HTMLToMarkdown-t.build/Objects-normal/arm64_32/HTMLToMarkdown.LinkFileList (in target 'HTMLToMarkdown' from project 'HTMLToMarkdown')
    cd /Users/admin/builder/spi-builder-workspace
    write-file /Users/admin/builder/spi-builder-workspace/.derivedData/Build/Intermediates.noindex/HTMLToMarkdown.build/Debug-watchos/HTMLToMarkdown-t.build/Objects-normal/arm64_32/HTMLToMarkdown.LinkFileList
WriteAuxiliaryFile /Users/admin/builder/spi-builder-workspace/.derivedData/Build/Intermediates.noindex/HTMLToMarkdown.build/Debug-watchos/HTMLToMarkdown-t.build/Objects-normal/arm64_32/HTMLToMarkdown-OutputFileMap.json (in target 'HTMLToMarkdown' from project 'HTMLToMarkdown')
    cd /Users/admin/builder/spi-builder-workspace
    write-file /Users/admin/builder/spi-builder-workspace/.derivedData/Build/Intermediates.noindex/HTMLToMarkdown.build/Debug-watchos/HTMLToMarkdown-t.build/Objects-normal/arm64_32/HTMLToMarkdown-OutputFileMap.json
WriteAuxiliaryFile /Users/admin/builder/spi-builder-workspace/.derivedData/Build/Intermediates.noindex/HTMLToMarkdown.build/Debug-watchos/HTMLToMarkdown-t.build/Objects-normal/arm64_32/HTMLToMarkdown.SwiftFileList (in target 'HTMLToMarkdown' from project 'HTMLToMarkdown')
    cd /Users/admin/builder/spi-builder-workspace
    write-file /Users/admin/builder/spi-builder-workspace/.derivedData/Build/Intermediates.noindex/HTMLToMarkdown.build/Debug-watchos/HTMLToMarkdown-t.build/Objects-normal/arm64_32/HTMLToMarkdown.SwiftFileList
WriteAuxiliaryFile /Users/admin/builder/spi-builder-workspace/.derivedData/Build/Intermediates.noindex/HTMLToMarkdown.build/Debug-watchos/HTMLToMarkdown-t.build/Objects-normal/arm64/HTMLToMarkdown_const_extract_protocols.json (in target 'HTMLToMarkdown' from project 'HTMLToMarkdown')
    cd /Users/admin/builder/spi-builder-workspace
    write-file /Users/admin/builder/spi-builder-workspace/.derivedData/Build/Intermediates.noindex/HTMLToMarkdown.build/Debug-watchos/HTMLToMarkdown-t.build/Objects-normal/arm64/HTMLToMarkdown_const_extract_protocols.json
WriteAuxiliaryFile /Users/admin/builder/spi-builder-workspace/.derivedData/Build/Intermediates.noindex/HTMLToMarkdown.build/Debug-watchos/HTMLToMarkdown-t.build/Objects-normal/arm64/HTMLToMarkdown.SwiftFileList (in target 'HTMLToMarkdown' from project 'HTMLToMarkdown')
    cd /Users/admin/builder/spi-builder-workspace
    write-file /Users/admin/builder/spi-builder-workspace/.derivedData/Build/Intermediates.noindex/HTMLToMarkdown.build/Debug-watchos/HTMLToMarkdown-t.build/Objects-normal/arm64/HTMLToMarkdown.SwiftFileList
WriteAuxiliaryFile /Users/admin/builder/spi-builder-workspace/.derivedData/Build/Intermediates.noindex/HTMLToMarkdown.build/Debug-watchos/HTMLToMarkdown-t.build/Objects-normal/arm64/HTMLToMarkdown.SwiftConstValuesFileList (in target 'HTMLToMarkdown' from project 'HTMLToMarkdown')
    cd /Users/admin/builder/spi-builder-workspace
    write-file /Users/admin/builder/spi-builder-workspace/.derivedData/Build/Intermediates.noindex/HTMLToMarkdown.build/Debug-watchos/HTMLToMarkdown-t.build/Objects-normal/arm64/HTMLToMarkdown.SwiftConstValuesFileList
WriteAuxiliaryFile /Users/admin/builder/spi-builder-workspace/.derivedData/Build/Intermediates.noindex/HTMLToMarkdown.build/Debug-watchos/HTMLToMarkdown-t.build/Objects-normal/arm64/HTMLToMarkdown.LinkFileList (in target 'HTMLToMarkdown' from project 'HTMLToMarkdown')
    cd /Users/admin/builder/spi-builder-workspace
    write-file /Users/admin/builder/spi-builder-workspace/.derivedData/Build/Intermediates.noindex/HTMLToMarkdown.build/Debug-watchos/HTMLToMarkdown-t.build/Objects-normal/arm64/HTMLToMarkdown.LinkFileList
WriteAuxiliaryFile /Users/admin/builder/spi-builder-workspace/.derivedData/Build/Intermediates.noindex/HTMLToMarkdown.build/Debug-watchos/HTMLToMarkdown-t.build/Objects-normal/arm64/HTMLToMarkdown-OutputFileMap.json (in target 'HTMLToMarkdown' from project 'HTMLToMarkdown')
    cd /Users/admin/builder/spi-builder-workspace
    write-file /Users/admin/builder/spi-builder-workspace/.derivedData/Build/Intermediates.noindex/HTMLToMarkdown.build/Debug-watchos/HTMLToMarkdown-t.build/Objects-normal/arm64/HTMLToMarkdown-OutputFileMap.json
WriteAuxiliaryFile /Users/admin/builder/spi-builder-workspace/.derivedData/Build/Intermediates.noindex/HTMLToMarkdown.build/Debug-watchos/HTMLToMarkdown-t.build/HTMLToMarkdown.DependencyStaticMetadataFileList (in target 'HTMLToMarkdown' from project 'HTMLToMarkdown')
    cd /Users/admin/builder/spi-builder-workspace
    write-file /Users/admin/builder/spi-builder-workspace/.derivedData/Build/Intermediates.noindex/HTMLToMarkdown.build/Debug-watchos/HTMLToMarkdown-t.build/HTMLToMarkdown.DependencyStaticMetadataFileList
WriteAuxiliaryFile /Users/admin/builder/spi-builder-workspace/.derivedData/Build/Intermediates.noindex/HTMLToMarkdown.build/Debug-watchos/HTMLToMarkdown-t.build/HTMLToMarkdown.modulemap (in target 'HTMLToMarkdown' from project 'HTMLToMarkdown')
    cd /Users/admin/builder/spi-builder-workspace
    write-file /Users/admin/builder/spi-builder-workspace/.derivedData/Build/Intermediates.noindex/HTMLToMarkdown.build/Debug-watchos/HTMLToMarkdown-t.build/HTMLToMarkdown.modulemap
WriteAuxiliaryFile /Users/admin/builder/spi-builder-workspace/.derivedData/Build/Intermediates.noindex/HTMLToMarkdown.build/Debug-watchos/HTMLToMarkdown-t.build/HTMLToMarkdown.DependencyMetadataFileList (in target 'HTMLToMarkdown' from project 'HTMLToMarkdown')
    cd /Users/admin/builder/spi-builder-workspace
    write-file /Users/admin/builder/spi-builder-workspace/.derivedData/Build/Intermediates.noindex/HTMLToMarkdown.build/Debug-watchos/HTMLToMarkdown-t.build/HTMLToMarkdown.DependencyMetadataFileList
MkDir /Users/admin/builder/spi-builder-workspace/.derivedData/Build/Products/Debug-watchos/HTMLToMarkdown_HTMLToMarkdown.bundle (in target 'HTMLToMarkdown_HTMLToMarkdown' from project 'HTMLToMarkdown')
    cd /Users/admin/builder/spi-builder-workspace
    /bin/mkdir -p /Users/admin/builder/spi-builder-workspace/.derivedData/Build/Products/Debug-watchos/HTMLToMarkdown_HTMLToMarkdown.bundle
WriteAuxiliaryFile /Users/admin/builder/spi-builder-workspace/.derivedData/Build/Intermediates.noindex/HTMLToMarkdown.build/Debug-watchos/HTMLToMarkdown-t.build/DerivedSources/resource_bundle_accessor.swift (in target 'HTMLToMarkdown' from project 'HTMLToMarkdown')
    cd /Users/admin/builder/spi-builder-workspace
    write-file /Users/admin/builder/spi-builder-workspace/.derivedData/Build/Intermediates.noindex/HTMLToMarkdown.build/Debug-watchos/HTMLToMarkdown-t.build/DerivedSources/resource_bundle_accessor.swift
Copy /Users/admin/builder/spi-builder-workspace/.derivedData/Build/Intermediates.noindex/GeneratedModuleMaps-watchos/HTMLToMarkdown.modulemap /Users/admin/builder/spi-builder-workspace/.derivedData/Build/Intermediates.noindex/HTMLToMarkdown.build/Debug-watchos/HTMLToMarkdown-t.build/HTMLToMarkdown.modulemap (in target 'HTMLToMarkdown' from project 'HTMLToMarkdown')
    cd /Users/admin/builder/spi-builder-workspace
    builtin-copy -exclude .DS_Store -exclude CVS -exclude .svn -exclude .git -exclude .hg -resolve-src-symlinks /Users/admin/builder/spi-builder-workspace/.derivedData/Build/Intermediates.noindex/HTMLToMarkdown.build/Debug-watchos/HTMLToMarkdown-t.build/HTMLToMarkdown.modulemap /Users/admin/builder/spi-builder-workspace/.derivedData/Build/Intermediates.noindex/GeneratedModuleMaps-watchos
ProcessInfoPlistFile /Users/admin/builder/spi-builder-workspace/.derivedData/Build/Products/Debug-watchos/HTMLToMarkdown_HTMLToMarkdown.bundle/Info.plist /Users/admin/builder/spi-builder-workspace/.derivedData/Build/Intermediates.noindex/HTMLToMarkdown.build/Debug-watchos/HTMLToMarkdown_HTMLToMarkdown-b.build/empty-HTMLToMarkdown_HTMLToMarkdown.plist (in target 'HTMLToMarkdown_HTMLToMarkdown' from project 'HTMLToMarkdown')
    cd /Users/admin/builder/spi-builder-workspace
    builtin-infoPlistUtility /Users/admin/builder/spi-builder-workspace/.derivedData/Build/Intermediates.noindex/HTMLToMarkdown.build/Debug-watchos/HTMLToMarkdown_HTMLToMarkdown-b.build/empty-HTMLToMarkdown_HTMLToMarkdown.plist -producttype com.apple.product-type.bundle -expandbuildsettings -format binary -platform watchos -o /Users/admin/builder/spi-builder-workspace/.derivedData/Build/Products/Debug-watchos/HTMLToMarkdown_HTMLToMarkdown.bundle/Info.plist
CpResource /Users/admin/builder/spi-builder-workspace/.derivedData/Build/Products/Debug-watchos/HTMLToMarkdown_HTMLToMarkdown.bundle/html-to-markdown.bundle.min.js /Users/admin/builder/spi-builder-workspace/Sources/HTMLToMarkdown/Resources/html-to-markdown.bundle.min.js (in target 'HTMLToMarkdown_HTMLToMarkdown' from project 'HTMLToMarkdown')
    cd /Users/admin/builder/spi-builder-workspace
    builtin-copy -exclude .DS_Store -exclude CVS -exclude .svn -exclude .git -exclude .hg -resolve-src-symlinks /Users/admin/builder/spi-builder-workspace/Sources/HTMLToMarkdown/Resources/html-to-markdown.bundle.min.js /Users/admin/builder/spi-builder-workspace/.derivedData/Build/Products/Debug-watchos/HTMLToMarkdown_HTMLToMarkdown.bundle
RegisterExecutionPolicyException /Users/admin/builder/spi-builder-workspace/.derivedData/Build/Products/Debug-watchos/HTMLToMarkdown_HTMLToMarkdown.bundle (in target 'HTMLToMarkdown_HTMLToMarkdown' from project 'HTMLToMarkdown')
    cd /Users/admin/builder/spi-builder-workspace
    builtin-RegisterExecutionPolicyException /Users/admin/builder/spi-builder-workspace/.derivedData/Build/Products/Debug-watchos/HTMLToMarkdown_HTMLToMarkdown.bundle
Touch /Users/admin/builder/spi-builder-workspace/.derivedData/Build/Products/Debug-watchos/HTMLToMarkdown_HTMLToMarkdown.bundle (in target 'HTMLToMarkdown_HTMLToMarkdown' from project 'HTMLToMarkdown')
    cd /Users/admin/builder/spi-builder-workspace
    /usr/bin/touch -c /Users/admin/builder/spi-builder-workspace/.derivedData/Build/Products/Debug-watchos/HTMLToMarkdown_HTMLToMarkdown.bundle
SwiftDriver HTMLToMarkdown normal arm64_32 com.apple.xcode.tools.swift.compiler (in target 'HTMLToMarkdown' from project 'HTMLToMarkdown')
    cd /Users/admin/builder/spi-builder-workspace/.swiftpm/xcode
    builtin-SwiftDriver -- /Applications/Xcode-27.0.0-Release.Candidate.app/Contents/Developer/Toolchains/XcodeDefault.xctoolchain/usr/bin/swiftc -parse-as-library -module-name HTMLToMarkdown -Onone @/Users/admin/builder/spi-builder-workspace/.derivedData/Build/Intermediates.noindex/HTMLToMarkdown.build/Debug-watchos/HTMLToMarkdown-t.build/Objects-normal/arm64_32/HTMLToMarkdown.SwiftFileList -DSWIFT_PACKAGE -DDEBUG -DSWIFT_MODULE_RESOURCE_BUNDLE_AVAILABLE -DXcode -plugin-path /Applications/Xcode-27.0.0-Release.Candidate.app/Contents/Developer/Toolchains/XcodeDefault.xctoolchain/usr/lib/swift/host/plugins/testing -enable-experimental-feature DebugDescriptionMacro -sdk /Applications/Xcode-27.0.0-Release.Candidate.app/Contents/Developer/Platforms/WatchOS.platform/Developer/SDKs/WatchOS27.0.sdk -target arm64_32-apple-watchos9.0 -g -module-cache-path /Users/admin/builder/spi-builder-workspace/.derivedData/ModuleCache.noindex -Xfrontend -serialize-debugging-options -profile-coverage-mapping -profile-generate -enable-testing -index-store-path /Users/admin/builder/spi-builder-workspace/.derivedData/Index.noindex/DataStore -Xcc -D_LIBCPP_HARDENING_MODE\=_LIBCPP_HARDENING_MODE_DEBUG -swift-version 6 -I /Users/admin/builder/spi-builder-workspace/.derivedData/Build/Products/Debug-watchos -Isystem /Applications/Xcode-27.0.0-Release.Candidate.app/Contents/Developer/Platforms/WatchOS.platform/Developer/usr/lib -F /Users/admin/builder/spi-builder-workspace/.derivedData/Build/Products/Debug-watchos -F /Applications/Xcode-27.0.0-Release.Candidate.app/Contents/Developer/Platforms/WatchOS.platform/Developer/Library/Frameworks -F /Applications/Xcode-27.0.0-Release.Candidate.app/Contents/Developer/Platforms/WatchOS.platform/Developer/SDKs/WatchOS27.0.sdk/Developer/Library/Frameworks -c -j10 -enable-batch-mode -incremental -Xcc -ivfsstatcache -Xcc /Users/admin/builder/spi-builder-workspace/.derivedData/SDKStatCaches.noindex/watchos27.0-24R360-e829b21a6f8c9b70876ba0858053c04477534ef55a1706bf4c1112bbb242f0a2.sdkstatcache -output-file-map /Users/admin/builder/spi-builder-workspace/.derivedData/Build/Intermediates.noindex/HTMLToMarkdown.build/Debug-watchos/HTMLToMarkdown-t.build/Objects-normal/arm64_32/HTMLToMarkdown-OutputFileMap.json -save-temps -no-color-diagnostics -explicit-module-build -module-cache-path /Users/admin/builder/spi-builder-workspace/.derivedData/Build/Intermediates.noindex/SwiftExplicitPrecompiledModules -clang-scanner-module-cache-path /Users/admin/builder/spi-builder-workspace/.derivedData/ModuleCache.noindex -sdk-module-cache-path /Users/admin/builder/spi-builder-workspace/.derivedData/SDKExplicitPrecompiledModules -emit-dependencies -emit-module -emit-module-path /Users/admin/builder/spi-builder-workspace/.derivedData/Build/Intermediates.noindex/HTMLToMarkdown.build/Debug-watchos/HTMLToMarkdown-t.build/Objects-normal/arm64_32/HTMLToMarkdown.swiftmodule -serialize-diagnostics -dependency-scan-serialize-diagnostics-path /Users/admin/builder/spi-builder-workspace/.derivedData/Build/Intermediates.noindex/HTMLToMarkdown.build/Debug-watchos/HTMLToMarkdown-t.build/Objects-normal/arm64_32/HTMLToMarkdown-dependency-scan.dia -validate-clang-modules-once -clang-build-session-file /Users/admin/builder/spi-builder-workspace/.derivedData/ModuleCache.noindex/Session.modulevalidation -Xcc -fmodules-prune-interval\=86400 -Xcc -fmodules-prune-after\=345600 -package-name spi_builder_workspace -emit-const-values -const-gather-protocols-list /Users/admin/builder/spi-builder-workspace/.derivedData/Build/Intermediates.noindex/HTMLToMarkdown.build/Debug-watchos/HTMLToMarkdown-t.build/Objects-normal/arm64_32/HTMLToMarkdown_const_extract_protocols.json -Xcc -I/Users/admin/builder/spi-builder-workspace/.derivedData/Build/Products/Debug-watchos/include -Xcc -I/Users/admin/builder/spi-builder-workspace/.derivedData/Build/Intermediates.noindex/HTMLToMarkdown.build/Debug-watchos/HTMLToMarkdown-t.build/DerivedSources-normal/arm64_32 -Xcc -I/Users/admin/builder/spi-builder-workspace/.derivedData/Build/Intermediates.noindex/HTMLToMarkdown.build/Debug-watchos/HTMLToMarkdown-t.build/DerivedSources/arm64_32 -Xcc -I/Users/admin/builder/spi-builder-workspace/.derivedData/Build/Intermediates.noindex/HTMLToMarkdown.build/Debug-watchos/HTMLToMarkdown-t.build/DerivedSources -Xcc -DSWIFT_PACKAGE -Xcc -DDEBUG\=1 -emit-objc-header -emit-objc-header-path /Users/admin/builder/spi-builder-workspace/.derivedData/Build/Intermediates.noindex/HTMLToMarkdown.build/Debug-watchos/HTMLToMarkdown-t.build/Objects-normal/arm64_32/HTMLToMarkdown-Swift.h -working-directory /Users/admin/builder/spi-builder-workspace/.swiftpm/xcode -experimental-emit-module-separately -disable-cmo
/Users/admin/builder/spi-builder-workspace/Sources/HTMLToMarkdown/HTMLToMarkdown.swift:5:8: error: Unable to resolve module dependency: 'JavaScriptCore' (in target 'HTMLToMarkdown' from project 'HTMLToMarkdown')
    note: A dependency of main module 'HTMLToMarkdown'
/Users/admin/builder/spi-builder-workspace/Sources/HTMLToMarkdown/HTMLToMarkdown.swift:5:8: note: A dependency of main module 'HTMLToMarkdown'
import JavaScriptCore
       ^ (in target 'HTMLToMarkdown' from project 'HTMLToMarkdown')
SwiftDriver HTMLToMarkdown normal arm64 com.apple.xcode.tools.swift.compiler (in target 'HTMLToMarkdown' from project 'HTMLToMarkdown')
    cd /Users/admin/builder/spi-builder-workspace/.swiftpm/xcode
    builtin-SwiftDriver -- /Applications/Xcode-27.0.0-Release.Candidate.app/Contents/Developer/Toolchains/XcodeDefault.xctoolchain/usr/bin/swiftc -parse-as-library -module-name HTMLToMarkdown -Onone @/Users/admin/builder/spi-builder-workspace/.derivedData/Build/Intermediates.noindex/HTMLToMarkdown.build/Debug-watchos/HTMLToMarkdown-t.build/Objects-normal/arm64/HTMLToMarkdown.SwiftFileList -DSWIFT_PACKAGE -DDEBUG -DSWIFT_MODULE_RESOURCE_BUNDLE_AVAILABLE -DXcode -plugin-path /Applications/Xcode-27.0.0-Release.Candidate.app/Contents/Developer/Toolchains/XcodeDefault.xctoolchain/usr/lib/swift/host/plugins/testing -enable-experimental-feature DebugDescriptionMacro -sdk /Applications/Xcode-27.0.0-Release.Candidate.app/Contents/Developer/Platforms/WatchOS.platform/Developer/SDKs/WatchOS27.0.sdk -target arm64-apple-watchos9.0 -g -module-cache-path /Users/admin/builder/spi-builder-workspace/.derivedData/ModuleCache.noindex -Xfrontend -serialize-debugging-options -profile-coverage-mapping -profile-generate -enable-testing -index-store-path /Users/admin/builder/spi-builder-workspace/.derivedData/Index.noindex/DataStore -Xcc -D_LIBCPP_HARDENING_MODE\=_LIBCPP_HARDENING_MODE_DEBUG -swift-version 6 -I /Users/admin/builder/spi-builder-workspace/.derivedData/Build/Products/Debug-watchos -Isystem /Applications/Xcode-27.0.0-Release.Candidate.app/Contents/Developer/Platforms/WatchOS.platform/Developer/usr/lib -F /Users/admin/builder/spi-builder-workspace/.derivedData/Build/Products/Debug-watchos -F /Applications/Xcode-27.0.0-Release.Candidate.app/Contents/Developer/Platforms/WatchOS.platform/Developer/Library/Frameworks -F /Applications/Xcode-27.0.0-Release.Candidate.app/Contents/Developer/Platforms/WatchOS.platform/Developer/SDKs/WatchOS27.0.sdk/Developer/Library/Frameworks -c -j10 -enable-batch-mode -incremental -Xcc -ivfsstatcache -Xcc /Users/admin/builder/spi-builder-workspace/.derivedData/SDKStatCaches.noindex/watchos27.0-24R360-e829b21a6f8c9b70876ba0858053c04477534ef55a1706bf4c1112bbb242f0a2.sdkstatcache -output-file-map /Users/admin/builder/spi-builder-workspace/.derivedData/Build/Intermediates.noindex/HTMLToMarkdown.build/Debug-watchos/HTMLToMarkdown-t.build/Objects-normal/arm64/HTMLToMarkdown-OutputFileMap.json -save-temps -no-color-diagnostics -explicit-module-build -module-cache-path /Users/admin/builder/spi-builder-workspace/.derivedData/Build/Intermediates.noindex/SwiftExplicitPrecompiledModules -clang-scanner-module-cache-path /Users/admin/builder/spi-builder-workspace/.derivedData/ModuleCache.noindex -sdk-module-cache-path /Users/admin/builder/spi-builder-workspace/.derivedData/SDKExplicitPrecompiledModules -emit-dependencies -emit-module -emit-module-path /Users/admin/builder/spi-builder-workspace/.derivedData/Build/Intermediates.noindex/HTMLToMarkdown.build/Debug-watchos/HTMLToMarkdown-t.build/Objects-normal/arm64/HTMLToMarkdown.swiftmodule -serialize-diagnostics -dependency-scan-serialize-diagnostics-path /Users/admin/builder/spi-builder-workspace/.derivedData/Build/Intermediates.noindex/HTMLToMarkdown.build/Debug-watchos/HTMLToMarkdown-t.build/Objects-normal/arm64/HTMLToMarkdown-dependency-scan.dia -validate-clang-modules-once -clang-build-session-file /Users/admin/builder/spi-builder-workspace/.derivedData/ModuleCache.noindex/Session.modulevalidation -Xcc -fmodules-prune-interval\=86400 -Xcc -fmodules-prune-after\=345600 -package-name spi_builder_workspace -emit-const-values -const-gather-protocols-list /Users/admin/builder/spi-builder-workspace/.derivedData/Build/Intermediates.noindex/HTMLToMarkdown.build/Debug-watchos/HTMLToMarkdown-t.build/Objects-normal/arm64/HTMLToMarkdown_const_extract_protocols.json -Xcc -I/Users/admin/builder/spi-builder-workspace/.derivedData/Build/Products/Debug-watchos/include -Xcc -I/Users/admin/builder/spi-builder-workspace/.derivedData/Build/Intermediates.noindex/HTMLToMarkdown.build/Debug-watchos/HTMLToMarkdown-t.build/DerivedSources-normal/arm64 -Xcc -I/Users/admin/builder/spi-builder-workspace/.derivedData/Build/Intermediates.noindex/HTMLToMarkdown.build/Debug-watchos/HTMLToMarkdown-t.build/DerivedSources/arm64 -Xcc -I/Users/admin/builder/spi-builder-workspace/.derivedData/Build/Intermediates.noindex/HTMLToMarkdown.build/Debug-watchos/HTMLToMarkdown-t.build/DerivedSources -Xcc -DSWIFT_PACKAGE -Xcc -DDEBUG\=1 -emit-objc-header -emit-objc-header-path /Users/admin/builder/spi-builder-workspace/.derivedData/Build/Intermediates.noindex/HTMLToMarkdown.build/Debug-watchos/HTMLToMarkdown-t.build/Objects-normal/arm64/HTMLToMarkdown-Swift.h -working-directory /Users/admin/builder/spi-builder-workspace/.swiftpm/xcode -experimental-emit-module-separately -disable-cmo
/Users/admin/builder/spi-builder-workspace/Sources/HTMLToMarkdown/HTMLToMarkdown.swift:5:8: error: Unable to resolve module dependency: 'JavaScriptCore' (in target 'HTMLToMarkdown' from project 'HTMLToMarkdown')
    note: A dependency of main module 'HTMLToMarkdown'
/Users/admin/builder/spi-builder-workspace/Sources/HTMLToMarkdown/HTMLToMarkdown.swift:5:8: note: A dependency of main module 'HTMLToMarkdown'
import JavaScriptCore
       ^ (in target 'HTMLToMarkdown' from project 'HTMLToMarkdown')
PruneExplicitPrecompiledModules /Users/admin/builder/spi-builder-workspace/.derivedData/Build/Intermediates.noindex/SwiftExplicitPrecompiledModules
PruneExplicitPrecompiledModules /Users/admin/builder/spi-builder-workspace/.derivedData/Build/Intermediates.noindex/ExplicitPrecompiledModules
PruneExplicitPrecompiledModules /Users/admin/builder/spi-builder-workspace/.derivedData/SDKExplicitPrecompiledModules
2026-09-22 20:07:26.777 xcodebuild[627:3889] [MT] IDERunDestination: Supported platforms for the buildables in the current scheme is empty.
** BUILD FAILED **
The following build commands failed:
	SwiftDriver HTMLToMarkdown normal arm64_32 com.apple.xcode.tools.swift.compiler (in target 'HTMLToMarkdown' from project 'HTMLToMarkdown')
	SwiftDriver HTMLToMarkdown normal arm64 com.apple.xcode.tools.swift.compiler (in target 'HTMLToMarkdown' from project 'HTMLToMarkdown')
	Building workspace HTMLToMarkdown with scheme HTMLToMarkdown
(3 failures)
Command line invocation:
    /Applications/Xcode-27.0.0-Release.Candidate.app/Contents/Developer/usr/bin/xcodebuild -IDEClonedSourcePackagesDirPathOverride=/Users/admin/builder/spi-builder-workspace/.dependencies -resolvePackageDependencies
Resolve Package Graph
Resolved source packages:
  HTMLToMarkdown: /Users/admin/builder/spi-builder-workspace
resolved source packages: HTMLToMarkdown
2026-09-22 20:07:30.117 xcodebuild[663:4250] [MT] IDERunDestination: Supported platforms for the buildables in the current scheme is empty.
{
  "dependencies" : [
  ],
  "manifest_display_name" : "HTMLToMarkdown",
  "name" : "HTMLToMarkdown",
  "path" : "/Users/admin/builder/spi-builder-workspace",
  "platforms" : [
    {
      "name" : "ios",
      "version" : "13.0"
    },
    {
      "name" : "macos",
      "version" : "10.15"
    },
    {
      "name" : "tvos",
      "version" : "13.0"
    },
    {
      "name" : "watchos",
      "version" : "6.0"
    }
  ],
  "products" : [
    {
      "name" : "HTMLToMarkdown",
      "targets" : [
        "HTMLToMarkdown"
      ],
      "type" : {
        "library" : [
          "automatic"
        ]
      }
    }
  ],
  "targets" : [
    {
      "c99name" : "HTMLToMarkdownTests",
      "module_type" : "SwiftTarget",
      "name" : "HTMLToMarkdownTests",
      "path" : "Tests/HTMLToMarkdownTests",
      "sources" : [
        "HTMLToMarkdownTests.swift"
      ],
      "target_dependencies" : [
        "HTMLToMarkdown"
      ],
      "type" : "test"
    },
    {
      "c99name" : "HTMLToMarkdown",
      "module_type" : "SwiftTarget",
      "name" : "HTMLToMarkdown",
      "path" : "Sources/HTMLToMarkdown",
      "product_memberships" : [
        "HTMLToMarkdown"
      ],
      "resources" : [
        {
          "path" : "/Users/admin/builder/spi-builder-workspace/Sources/HTMLToMarkdown/Resources/html-to-markdown.bundle.min.js",
          "rule" : {
            "copy" : {
            }
          }
        }
      ],
      "sources" : [
        "HTMLToMarkdown.swift"
      ],
      "type" : "library"
    }
  ],
  "tools_version" : "6.1"
}
{
  "workspace" : {
    "name" : "HTMLToMarkdown",
    "schemes" : [
      "HTMLToMarkdown"
    ]
  }
}
2026-09-22 20:07:31.350 xcodebuild[672:4329] [MT] IDERunDestination: Supported platforms for the buildables in the current scheme is empty.
Running build ...
env DEVELOPER_DIR=/Applications/Xcode-27.0.0-Release.Candidate.app xcrun xcodebuild -IDEClonedSourcePackagesDirPathOverride=$PWD/.dependencies -skipMacroValidation -skipPackagePluginValidation -derivedDataPath $PWD/.derivedData build -scheme HTMLToMarkdown -destination generic/platform=watchOS
Command line invocation:
    /Applications/Xcode-27.0.0-Release.Candidate.app/Contents/Developer/usr/bin/xcodebuild -IDEClonedSourcePackagesDirPathOverride=/Users/admin/builder/spi-builder-workspace/.dependencies -skipMacroValidation -skipPackagePluginValidation -derivedDataPath /Users/admin/builder/spi-builder-workspace/.derivedData build -scheme HTMLToMarkdown -destination generic/platform=watchOS
Resolve Package Graph
Resolved source packages:
  HTMLToMarkdown: /Users/admin/builder/spi-builder-workspace
ComputePackagePrebuildTargetDependencyGraph
Prepare packages
CreateBuildRequest
SendProjectDescription
CreateBuildOperation
ComputeTargetDependencyGraph
note: Building targets in dependency order
note: Target dependency graph (3 targets)
    Target 'HTMLToMarkdown-product' in project 'HTMLToMarkdown'
        ➜ Explicit dependency on target 'HTMLToMarkdown' in project 'HTMLToMarkdown'
        ➜ Explicit dependency on target 'HTMLToMarkdown_HTMLToMarkdown' in project 'HTMLToMarkdown'
    Target 'HTMLToMarkdown' in project 'HTMLToMarkdown'
        ➜ Explicit dependency on target 'HTMLToMarkdown_HTMLToMarkdown' in project 'HTMLToMarkdown'
    Target 'HTMLToMarkdown_HTMLToMarkdown' in project 'HTMLToMarkdown' (no dependencies)
GatherProvisioningInputs
CreateBuildDescription
ClangStatCache /Applications/Xcode-27.0.0-Release.Candidate.app/Contents/Developer/Toolchains/XcodeDefault.xctoolchain/usr/bin/clang-stat-cache /Applications/Xcode-27.0.0-Release.Candidate.app/Contents/Developer/Platforms/WatchOS.platform/Developer/SDKs/WatchOS27.0.sdk /Users/admin/builder/spi-builder-workspace/.derivedData/SDKStatCaches.noindex/watchos27.0-24R360-e829b21a6f8c9b70876ba0858053c04477534ef55a1706bf4c1112bbb242f0a2.sdkstatcache
    cd /Users/admin/builder/spi-builder-workspace/.swiftpm/xcode
    /Applications/Xcode-27.0.0-Release.Candidate.app/Contents/Developer/Toolchains/XcodeDefault.xctoolchain/usr/bin/clang-stat-cache /Applications/Xcode-27.0.0-Release.Candidate.app/Contents/Developer/Platforms/WatchOS.platform/Developer/SDKs/WatchOS27.0.sdk -o /Users/admin/builder/spi-builder-workspace/.derivedData/SDKStatCaches.noindex/watchos27.0-24R360-e829b21a6f8c9b70876ba0858053c04477534ef55a1706bf4c1112bbb242f0a2.sdkstatcache
SwiftDriver HTMLToMarkdown normal arm64 com.apple.xcode.tools.swift.compiler (in target 'HTMLToMarkdown' from project 'HTMLToMarkdown')
    cd /Users/admin/builder/spi-builder-workspace/.swiftpm/xcode
    builtin-SwiftDriver -- /Applications/Xcode-27.0.0-Release.Candidate.app/Contents/Developer/Toolchains/XcodeDefault.xctoolchain/usr/bin/swiftc -parse-as-library -module-name HTMLToMarkdown -Onone @/Users/admin/builder/spi-builder-workspace/.derivedData/Build/Intermediates.noindex/HTMLToMarkdown.build/Debug-watchos/HTMLToMarkdown-t.build/Objects-normal/arm64/HTMLToMarkdown.SwiftFileList -DSWIFT_PACKAGE -DDEBUG -DSWIFT_MODULE_RESOURCE_BUNDLE_AVAILABLE -DXcode -plugin-path /Applications/Xcode-27.0.0-Release.Candidate.app/Contents/Developer/Toolchains/XcodeDefault.xctoolchain/usr/lib/swift/host/plugins/testing -enable-experimental-feature DebugDescriptionMacro -sdk /Applications/Xcode-27.0.0-Release.Candidate.app/Contents/Developer/Platforms/WatchOS.platform/Developer/SDKs/WatchOS27.0.sdk -target arm64-apple-watchos9.0 -g -module-cache-path /Users/admin/builder/spi-builder-workspace/.derivedData/ModuleCache.noindex -Xfrontend -serialize-debugging-options -profile-coverage-mapping -profile-generate -enable-testing -index-store-path /Users/admin/builder/spi-builder-workspace/.derivedData/Index.noindex/DataStore -Xcc -D_LIBCPP_HARDENING_MODE\=_LIBCPP_HARDENING_MODE_DEBUG -swift-version 6 -I /Users/admin/builder/spi-builder-workspace/.derivedData/Build/Products/Debug-watchos -Isystem /Applications/Xcode-27.0.0-Release.Candidate.app/Contents/Developer/Platforms/WatchOS.platform/Developer/usr/lib -F /Users/admin/builder/spi-builder-workspace/.derivedData/Build/Products/Debug-watchos -F /Applications/Xcode-27.0.0-Release.Candidate.app/Contents/Developer/Platforms/WatchOS.platform/Developer/Library/Frameworks -F /Applications/Xcode-27.0.0-Release.Candidate.app/Contents/Developer/Platforms/WatchOS.platform/Developer/SDKs/WatchOS27.0.sdk/Developer/Library/Frameworks -c -j10 -enable-batch-mode -incremental -Xcc -ivfsstatcache -Xcc /Users/admin/builder/spi-builder-workspace/.derivedData/SDKStatCaches.noindex/watchos27.0-24R360-e829b21a6f8c9b70876ba0858053c04477534ef55a1706bf4c1112bbb242f0a2.sdkstatcache -output-file-map /Users/admin/builder/spi-builder-workspace/.derivedData/Build/Intermediates.noindex/HTMLToMarkdown.build/Debug-watchos/HTMLToMarkdown-t.build/Objects-normal/arm64/HTMLToMarkdown-OutputFileMap.json -save-temps -no-color-diagnostics -explicit-module-build -module-cache-path /Users/admin/builder/spi-builder-workspace/.derivedData/Build/Intermediates.noindex/SwiftExplicitPrecompiledModules -clang-scanner-module-cache-path /Users/admin/builder/spi-builder-workspace/.derivedData/ModuleCache.noindex -sdk-module-cache-path /Users/admin/builder/spi-builder-workspace/.derivedData/SDKExplicitPrecompiledModules -emit-dependencies -emit-module -emit-module-path /Users/admin/builder/spi-builder-workspace/.derivedData/Build/Intermediates.noindex/HTMLToMarkdown.build/Debug-watchos/HTMLToMarkdown-t.build/Objects-normal/arm64/HTMLToMarkdown.swiftmodule -serialize-diagnostics -dependency-scan-serialize-diagnostics-path /Users/admin/builder/spi-builder-workspace/.derivedData/Build/Intermediates.noindex/HTMLToMarkdown.build/Debug-watchos/HTMLToMarkdown-t.build/Objects-normal/arm64/HTMLToMarkdown-dependency-scan.dia -validate-clang-modules-once -clang-build-session-file /Users/admin/builder/spi-builder-workspace/.derivedData/ModuleCache.noindex/Session.modulevalidation -Xcc -fmodules-prune-interval\=86400 -Xcc -fmodules-prune-after\=345600 -package-name spi_builder_workspace -emit-const-values -const-gather-protocols-list /Users/admin/builder/spi-builder-workspace/.derivedData/Build/Intermediates.noindex/HTMLToMarkdown.build/Debug-watchos/HTMLToMarkdown-t.build/Objects-normal/arm64/HTMLToMarkdown_const_extract_protocols.json -Xcc -I/Users/admin/builder/spi-builder-workspace/.derivedData/Build/Products/Debug-watchos/include -Xcc -I/Users/admin/builder/spi-builder-workspace/.derivedData/Build/Intermediates.noindex/HTMLToMarkdown.build/Debug-watchos/HTMLToMarkdown-t.build/DerivedSources-normal/arm64 -Xcc -I/Users/admin/builder/spi-builder-workspace/.derivedData/Build/Intermediates.noindex/HTMLToMarkdown.build/Debug-watchos/HTMLToMarkdown-t.build/DerivedSources/arm64 -Xcc -I/Users/admin/builder/spi-builder-workspace/.derivedData/Build/Intermediates.noindex/HTMLToMarkdown.build/Debug-watchos/HTMLToMarkdown-t.build/DerivedSources -Xcc -DSWIFT_PACKAGE -Xcc -DDEBUG\=1 -emit-objc-header -emit-objc-header-path /Users/admin/builder/spi-builder-workspace/.derivedData/Build/Intermediates.noindex/HTMLToMarkdown.build/Debug-watchos/HTMLToMarkdown-t.build/Objects-normal/arm64/HTMLToMarkdown-Swift.h -working-directory /Users/admin/builder/spi-builder-workspace/.swiftpm/xcode -experimental-emit-module-separately -disable-cmo
/Users/admin/builder/spi-builder-workspace/Sources/HTMLToMarkdown/HTMLToMarkdown.swift:5:8: error: Unable to resolve module dependency: 'JavaScriptCore' (in target 'HTMLToMarkdown' from project 'HTMLToMarkdown')
    note: A dependency of main module 'HTMLToMarkdown'
/Users/admin/builder/spi-builder-workspace/Sources/HTMLToMarkdown/HTMLToMarkdown.swift:5:8: note: A dependency of main module 'HTMLToMarkdown'
import JavaScriptCore
       ^ (in target 'HTMLToMarkdown' from project 'HTMLToMarkdown')
SwiftDriver HTMLToMarkdown normal arm64_32 com.apple.xcode.tools.swift.compiler (in target 'HTMLToMarkdown' from project 'HTMLToMarkdown')
    cd /Users/admin/builder/spi-builder-workspace/.swiftpm/xcode
    builtin-SwiftDriver -- /Applications/Xcode-27.0.0-Release.Candidate.app/Contents/Developer/Toolchains/XcodeDefault.xctoolchain/usr/bin/swiftc -parse-as-library -module-name HTMLToMarkdown -Onone @/Users/admin/builder/spi-builder-workspace/.derivedData/Build/Intermediates.noindex/HTMLToMarkdown.build/Debug-watchos/HTMLToMarkdown-t.build/Objects-normal/arm64_32/HTMLToMarkdown.SwiftFileList -DSWIFT_PACKAGE -DDEBUG -DSWIFT_MODULE_RESOURCE_BUNDLE_AVAILABLE -DXcode -plugin-path /Applications/Xcode-27.0.0-Release.Candidate.app/Contents/Developer/Toolchains/XcodeDefault.xctoolchain/usr/lib/swift/host/plugins/testing -enable-experimental-feature DebugDescriptionMacro -sdk /Applications/Xcode-27.0.0-Release.Candidate.app/Contents/Developer/Platforms/WatchOS.platform/Developer/SDKs/WatchOS27.0.sdk -target arm64_32-apple-watchos9.0 -g -module-cache-path /Users/admin/builder/spi-builder-workspace/.derivedData/ModuleCache.noindex -Xfrontend -serialize-debugging-options -profile-coverage-mapping -profile-generate -enable-testing -index-store-path /Users/admin/builder/spi-builder-workspace/.derivedData/Index.noindex/DataStore -Xcc -D_LIBCPP_HARDENING_MODE\=_LIBCPP_HARDENING_MODE_DEBUG -swift-version 6 -I /Users/admin/builder/spi-builder-workspace/.derivedData/Build/Products/Debug-watchos -Isystem /Applications/Xcode-27.0.0-Release.Candidate.app/Contents/Developer/Platforms/WatchOS.platform/Developer/usr/lib -F /Users/admin/builder/spi-builder-workspace/.derivedData/Build/Products/Debug-watchos -F /Applications/Xcode-27.0.0-Release.Candidate.app/Contents/Developer/Platforms/WatchOS.platform/Developer/Library/Frameworks -F /Applications/Xcode-27.0.0-Release.Candidate.app/Contents/Developer/Platforms/WatchOS.platform/Developer/SDKs/WatchOS27.0.sdk/Developer/Library/Frameworks -c -j10 -enable-batch-mode -incremental -Xcc -ivfsstatcache -Xcc /Users/admin/builder/spi-builder-workspace/.derivedData/SDKStatCaches.noindex/watchos27.0-24R360-e829b21a6f8c9b70876ba0858053c04477534ef55a1706bf4c1112bbb242f0a2.sdkstatcache -output-file-map /Users/admin/builder/spi-builder-workspace/.derivedData/Build/Intermediates.noindex/HTMLToMarkdown.build/Debug-watchos/HTMLToMarkdown-t.build/Objects-normal/arm64_32/HTMLToMarkdown-OutputFileMap.json -save-temps -no-color-diagnostics -explicit-module-build -module-cache-path /Users/admin/builder/spi-builder-workspace/.derivedData/Build/Intermediates.noindex/SwiftExplicitPrecompiledModules -clang-scanner-module-cache-path /Users/admin/builder/spi-builder-workspace/.derivedData/ModuleCache.noindex -sdk-module-cache-path /Users/admin/builder/spi-builder-workspace/.derivedData/SDKExplicitPrecompiledModules -emit-dependencies -emit-module -emit-module-path /Users/admin/builder/spi-builder-workspace/.derivedData/Build/Intermediates.noindex/HTMLToMarkdown.build/Debug-watchos/HTMLToMarkdown-t.build/Objects-normal/arm64_32/HTMLToMarkdown.swiftmodule -serialize-diagnostics -dependency-scan-serialize-diagnostics-path /Users/admin/builder/spi-builder-workspace/.derivedData/Build/Intermediates.noindex/HTMLToMarkdown.build/Debug-watchos/HTMLToMarkdown-t.build/Objects-normal/arm64_32/HTMLToMarkdown-dependency-scan.dia -validate-clang-modules-once -clang-build-session-file /Users/admin/builder/spi-builder-workspace/.derivedData/ModuleCache.noindex/Session.modulevalidation -Xcc -fmodules-prune-interval\=86400 -Xcc -fmodules-prune-after\=345600 -package-name spi_builder_workspace -emit-const-values -const-gather-protocols-list /Users/admin/builder/spi-builder-workspace/.derivedData/Build/Intermediates.noindex/HTMLToMarkdown.build/Debug-watchos/HTMLToMarkdown-t.build/Objects-normal/arm64_32/HTMLToMarkdown_const_extract_protocols.json -Xcc -I/Users/admin/builder/spi-builder-workspace/.derivedData/Build/Products/Debug-watchos/include -Xcc -I/Users/admin/builder/spi-builder-workspace/.derivedData/Build/Intermediates.noindex/HTMLToMarkdown.build/Debug-watchos/HTMLToMarkdown-t.build/DerivedSources-normal/arm64_32 -Xcc -I/Users/admin/builder/spi-builder-workspace/.derivedData/Build/Intermediates.noindex/HTMLToMarkdown.build/Debug-watchos/HTMLToMarkdown-t.build/DerivedSources/arm64_32 -Xcc -I/Users/admin/builder/spi-builder-workspace/.derivedData/Build/Intermediates.noindex/HTMLToMarkdown.build/Debug-watchos/HTMLToMarkdown-t.build/DerivedSources -Xcc -DSWIFT_PACKAGE -Xcc -DDEBUG\=1 -emit-objc-header -emit-objc-header-path /Users/admin/builder/spi-builder-workspace/.derivedData/Build/Intermediates.noindex/HTMLToMarkdown.build/Debug-watchos/HTMLToMarkdown-t.build/Objects-normal/arm64_32/HTMLToMarkdown-Swift.h -working-directory /Users/admin/builder/spi-builder-workspace/.swiftpm/xcode -experimental-emit-module-separately -disable-cmo
/Users/admin/builder/spi-builder-workspace/Sources/HTMLToMarkdown/HTMLToMarkdown.swift:5:8: error: Unable to resolve module dependency: 'JavaScriptCore' (in target 'HTMLToMarkdown' from project 'HTMLToMarkdown')
    note: A dependency of main module 'HTMLToMarkdown'
/Users/admin/builder/spi-builder-workspace/Sources/HTMLToMarkdown/HTMLToMarkdown.swift:5:8: note: A dependency of main module 'HTMLToMarkdown'
import JavaScriptCore
       ^ (in target 'HTMLToMarkdown' from project 'HTMLToMarkdown')
PruneExplicitPrecompiledModules /Users/admin/builder/spi-builder-workspace/.derivedData/SDKExplicitPrecompiledModules
PruneExplicitPrecompiledModules /Users/admin/builder/spi-builder-workspace/.derivedData/Build/Intermediates.noindex/SwiftExplicitPrecompiledModules
PruneExplicitPrecompiledModules /Users/admin/builder/spi-builder-workspace/.derivedData/Build/Intermediates.noindex/ExplicitPrecompiledModules
2026-09-22 20:07:32.336 xcodebuild[673:4352] [MT] IDERunDestination: Supported platforms for the buildables in the current scheme is empty.
** BUILD FAILED **
The following build commands failed:
	SwiftDriver HTMLToMarkdown normal arm64 com.apple.xcode.tools.swift.compiler (in target 'HTMLToMarkdown' from project 'HTMLToMarkdown')
	SwiftDriver HTMLToMarkdown normal arm64_32 com.apple.xcode.tools.swift.compiler (in target 'HTMLToMarkdown' from project 'HTMLToMarkdown')
	Building workspace HTMLToMarkdown with scheme HTMLToMarkdown
(3 failures)
BUILD FAILURE 6.4 watchOS