Build Information
Failed to build SDGSwift, reference 14.0.0 (f61ef2), with Swift 6.4 for visionOS using Xcode 27.0 on 19 Sep 2026 15:07:27 UTC.
Build Command
env DEVELOPER_DIR=/Applications/Xcode-27.0.0-Release.Candidate.app xcrun xcodebuild -IDEClonedSourcePackagesDirPathOverride=$PWD/.dependencies -skipMacroValidation -skipPackagePluginValidation -derivedDataPath $PWD/.derivedData build -scheme SDGSwift-Package -destination generic/platform=xrOSBuild Log
3 | public init()
4 | }
/Users/admin/builder/spi-builder-workspace/.dependencies/checkouts/SDGCornerstone/Sources/SDGMathematics/Float.swift:339:22: error: type alias 'Vector' references itself
320 |
321 | #if !(PLATFORM_LACKS_SWIFT_FLOAT_80 || ((os(macOS) || os(Linux)) && arch(arm64)))
322 | extension Float80: Decodable, Encodable, FloatFamily {
| `- note: through reference here
323 |
324 | // MARK: - Decodable
:
337 | // MARK: - PointProtocol
338 |
339 | public typealias Vector = Stride
| | `- note: while resolving type 'Stride'
| `- error: type alias 'Vector' references itself
340 |
341 | // MARK: - RealArithmetic
/Users/admin/builder/spi-builder-workspace/.dependencies/checkouts/SDGCornerstone/Sources/SDGMathematics/Float.swift:339:22: error: type alias 'Vector' references itself
320 |
321 | #if !(PLATFORM_LACKS_SWIFT_FLOAT_80 || ((os(macOS) || os(Linux)) && arch(arm64)))
322 | extension Float80: Decodable, Encodable, FloatFamily {
| `- note: through reference here
323 |
324 | // MARK: - Decodable
:
337 | // MARK: - PointProtocol
338 |
339 | public typealias Vector = Stride
| | `- note: while resolving type 'Stride'
| `- error: type alias 'Vector' references itself
340 |
341 | // MARK: - RealArithmetic
/Users/admin/builder/spi-builder-workspace/.dependencies/checkouts/SDGCornerstone/Sources/SDGMathematics/Float.swift:343:26: error: 'Float80' is unavailable: Float80 is not available on target platform.
341 | // MARK: - RealArithmetic
342 |
343 | public static let e: Float80 = 0x1.5BF0A8B145769535p1
| `- error: 'Float80' is unavailable: Float80 is not available on target platform.
344 |
345 | @inlinable public static func log(_ antilogarithm: Self) -> Self {
Swift.Float80:2:23: note: 'Float80' has been explicitly marked unavailable here
1 | @available(*, unavailable, message: "Float80 is not available on target platform.")
2 | @frozen public struct Float80 {
| `- note: 'Float80' has been explicitly marked unavailable here
3 | public init()
4 | }
/Users/admin/builder/spi-builder-workspace/.dependencies/checkouts/SDGCornerstone/Sources/SDGMathematics/Float.swift:322:3: error: extension outside of file declaring struct 'Float80' prevents automatic synthesis of 'hash(into:)' for protocol 'Hashable'
320 |
321 | #if !(PLATFORM_LACKS_SWIFT_FLOAT_80 || ((os(macOS) || os(Linux)) && arch(arm64)))
322 | extension Float80: Decodable, Encodable, FloatFamily {
| |- error: extension outside of file declaring struct 'Float80' prevents automatic synthesis of 'hash(into:)' for protocol 'Hashable'
| `- note: add stubs for conformance
323 |
324 | // MARK: - Decodable
Swift.Float80:2:23: note: type declared here
1 | @available(*, unavailable, message: "Float80 is not available on target platform.")
2 | @frozen public struct Float80 {
| `- note: type declared here
3 | public init()
4 | }
/Users/admin/builder/spi-builder-workspace/.dependencies/checkouts/SDGCornerstone/Sources/SDGMathematics/Float.swift:322:3: error: type 'Float80' does not conform to protocol 'BinaryFloatingPoint'
320 |
321 | #if !(PLATFORM_LACKS_SWIFT_FLOAT_80 || ((os(macOS) || os(Linux)) && arch(arm64)))
322 | extension Float80: Decodable, Encodable, FloatFamily {
| `- error: type 'Float80' does not conform to protocol 'BinaryFloatingPoint'
323 |
324 | // MARK: - Decodable
/Users/admin/builder/spi-builder-workspace/.dependencies/checkouts/SDGCornerstone/Sources/SDGMathematics/Float.swift:322:3: error: type 'Float80' does not conform to protocol 'CustomDebugStringConvertible'
320 |
321 | #if !(PLATFORM_LACKS_SWIFT_FLOAT_80 || ((os(macOS) || os(Linux)) && arch(arm64)))
322 | extension Float80: Decodable, Encodable, FloatFamily {
| `- error: type 'Float80' does not conform to protocol 'CustomDebugStringConvertible'
323 |
324 | // MARK: - Decodable
/Users/admin/builder/spi-builder-workspace/.dependencies/checkouts/SDGCornerstone/Sources/SDGMathematics/Float.swift:322:3: error: type 'Float80' does not conform to protocol 'LosslessStringConvertible'
320 |
321 | #if !(PLATFORM_LACKS_SWIFT_FLOAT_80 || ((os(macOS) || os(Linux)) && arch(arm64)))
322 | extension Float80: Decodable, Encodable, FloatFamily {
| `- error: type 'Float80' does not conform to protocol 'LosslessStringConvertible'
323 |
324 | // MARK: - Decodable
/Users/admin/builder/spi-builder-workspace/.dependencies/checkouts/SDGCornerstone/Sources/SDGMathematics/Numeric Protocols/WholeArithmetic.swift:226:21: note: candidate would match if 'String' conformed to 'UIntFamily'
224 | /// - Parameters:
225 | /// - uInt: The unsigned integer.
226 | @inlinable public init<U: UIntFamily>(_ uInt: U) {
| `- note: candidate would match if 'String' conformed to 'UIntFamily'
227 | self.init(UIntMax(uInt))
228 | }
/Users/admin/builder/spi-builder-workspace/.dependencies/checkouts/SDGCornerstone/Sources/SDGMathematics/Numeric Protocols/IntegralArithmetic.swift:33:21: note: candidate would match if 'String' conformed to 'IntFamily'
31 | /// - Parameters:
32 | /// - int: An instance of a member of the `Int` family.
33 | @inlinable public init<I: IntFamily>(_ int: I) {
| `- note: candidate would match if 'String' conformed to 'IntFamily'
34 | self.init(IntMax(int))
35 | }
Swift.BinaryFloatingPoint.init:2:19: note: candidate would match if 'String' conformed to 'BinaryFloatingPoint'
1 | protocol BinaryFloatingPoint {
2 | @inlinable public init<Source>(_ value: Source) where Source : BinaryFloatingPoint}
| `- note: candidate would match if 'String' conformed to 'BinaryFloatingPoint'
3 |
Swift.BinaryFloatingPoint.init:2:19: note: candidate would match if 'Float80.RawSignificand' conformed to 'FixedWidthInteger'
1 | protocol BinaryFloatingPoint {
2 | @inlinable public init<Source>(_ value: Source) where Source : BinaryInteger}
| `- note: candidate would match if 'Float80.RawSignificand' conformed to 'FixedWidthInteger'
3 |
/Users/admin/builder/spi-builder-workspace/.dependencies/checkouts/SDGCornerstone/Sources/SDGMathematics/Float.swift:322:3: error: type 'Float80' does not conform to protocol 'ExpressibleByFloatLiteral'
320 |
321 | #if !(PLATFORM_LACKS_SWIFT_FLOAT_80 || ((os(macOS) || os(Linux)) && arch(arm64)))
322 | extension Float80: Decodable, Encodable, FloatFamily {
| `- error: type 'Float80' does not conform to protocol 'ExpressibleByFloatLiteral'
323 |
324 | // MARK: - Decodable
Swift.ExpressibleByFloatLiteral.FloatLiteralType:2:16: note: unable to infer associated type 'FloatLiteralType' for protocol 'ExpressibleByFloatLiteral'
1 | protocol ExpressibleByFloatLiteral {
2 | associatedtype FloatLiteralType : _ExpressibleByBuiltinFloatLiteral}
| `- note: unable to infer associated type 'FloatLiteralType' for protocol 'ExpressibleByFloatLiteral'
3 |
/Users/admin/builder/spi-builder-workspace/.dependencies/checkouts/SDGCornerstone/Sources/SDGMathematics/Numeric Protocols/RationalArithmetic.swift:125:21: note: candidate would match and infer 'FloatLiteralType' = 'FloatMax' (aka 'Float80') if 'FloatMax' (aka 'Float80') conformed to '_ExpressibleByBuiltinFloatLiteral'
123 | // MARK: - ExpressibleByFloatLiteral
124 |
125 | @inlinable public init(floatLiteral: FloatMax) {
| `- note: candidate would match and infer 'FloatLiteralType' = 'FloatMax' (aka 'Float80') if 'FloatMax' (aka 'Float80') conformed to '_ExpressibleByBuiltinFloatLiteral'
126 | self.init(floatLiteral)
127 | }
/Users/admin/builder/spi-builder-workspace/.dependencies/checkouts/SDGCornerstone/Sources/SDGMathematics/Float.swift:322:3: error: instance method 'formRemainder(mod:)' has different argument labels from those required by protocol 'FloatingPoint' ('formRemainder(dividingBy:)')
320 |
321 | #if !(PLATFORM_LACKS_SWIFT_FLOAT_80 || ((os(macOS) || os(Linux)) && arch(arm64)))
322 | extension Float80: Decodable, Encodable, FloatFamily {
| `- error: instance method 'formRemainder(mod:)' has different argument labels from those required by protocol 'FloatingPoint' ('formRemainder(dividingBy:)')
323 |
324 | // MARK: - Decodable
/Users/admin/builder/spi-builder-workspace/.dependencies/checkouts/SDGCornerstone/Sources/SDGMathematics/Numeric Protocols/WholeArithmetic.swift:242:35: note: 'formRemainder(mod:)' declared here
240 | }
241 |
242 | @inlinable public mutating func formRemainder(mod divisor: Self) {
| `- note: 'formRemainder(mod:)' declared here
243 | self −= dividedAccordingToEuclid(by: divisor) × divisor
244 | }
Swift.FloatingPoint.formRemainder:2:15: note: requirement 'formRemainder(dividingBy:)' declared here
1 | protocol FloatingPoint {
2 | mutating func formRemainder(dividingBy other: Self)}
| `- note: requirement 'formRemainder(dividingBy:)' declared here
3 |
/Users/admin/builder/spi-builder-workspace/.dependencies/checkouts/SDGCornerstone/Sources/SDGMathematics/Float.swift:322:3: error: type 'Float80' does not conform to protocol 'FloatingPoint'
320 |
321 | #if !(PLATFORM_LACKS_SWIFT_FLOAT_80 || ((os(macOS) || os(Linux)) && arch(arm64)))
322 | extension Float80: Decodable, Encodable, FloatFamily {
| `- error: type 'Float80' does not conform to protocol 'FloatingPoint'
323 |
324 | // MARK: - Decodable
/Users/admin/builder/spi-builder-workspace/.dependencies/checkouts/SDGCornerstone/Sources/SDGMathematics/Float.swift:322:3: error: type 'Float80' does not conform to protocol 'CustomStringConvertible'
320 |
321 | #if !(PLATFORM_LACKS_SWIFT_FLOAT_80 || ((os(macOS) || os(Linux)) && arch(arm64)))
322 | extension Float80: Decodable, Encodable, FloatFamily {
| `- error: type 'Float80' does not conform to protocol 'CustomStringConvertible'
323 |
324 | // MARK: - Decodable
/Users/admin/builder/spi-builder-workspace/.dependencies/checkouts/SDGCornerstone/Sources/SDGMathematics/Float.swift:322:3: error: type 'Float80' does not conform to protocol 'RealArithmetic'
167 | }
168 |
169 | @inlinable public static func sin(_ angle: Angle<Self>) -> Self {
| `- note: candidate would match if 'Float80' conformed to 'ElementaryFunctions'
170 | return Self.sin(angle.inRadians)
171 | }
:
183 | }
184 |
185 | @inlinable public static func arctan(_ tangent: Self) -> Angle<Self> {
| `- note: candidate would match if 'Float80' conformed to 'ElementaryFunctions'
186 | return Self.atan(tangent).radians
187 | }
:
320 |
321 | #if !(PLATFORM_LACKS_SWIFT_FLOAT_80 || ((os(macOS) || os(Linux)) && arch(arm64)))
322 | extension Float80: Decodable, Encodable, FloatFamily {
| `- error: type 'Float80' does not conform to protocol 'RealArithmetic'
323 |
324 | // MARK: - Decodable
/Users/admin/builder/spi-builder-workspace/.dependencies/checkouts/SDGCornerstone/Sources/SDGMathematics/Float.swift:322:3: error: type 'Float80' does not conform to protocol 'Strideable'
320 |
321 | #if !(PLATFORM_LACKS_SWIFT_FLOAT_80 || ((os(macOS) || os(Linux)) && arch(arm64)))
322 | extension Float80: Decodable, Encodable, FloatFamily {
| `- error: type 'Float80' does not conform to protocol 'Strideable'
323 |
324 | // MARK: - Decodable
Swift.Strideable.Stride:2:16: note: ambiguous inference of associated type 'Stride': 'Self' vs. 'Self.Vector'
1 | protocol Strideable {
2 | associatedtype Stride : Comparable, SignedNumeric}
| `- note: ambiguous inference of associated type 'Stride': 'Self' vs. 'Self.Vector'
3 |
Swift.Strideable._step:2:31: note: matching requirement '_step(after:from:by:)' to this declaration inferred associated type to 'Self'
1 | protocol Strideable {
2 | @inlinable public static func _step(after current: (index: Int?, value: Self), from start: Self, by distance: Self.Stride) -> (index: Int?, value: Self)}
| `- note: matching requirement '_step(after:from:by:)' to this declaration inferred associated type to 'Self'
3 |
/Users/admin/builder/spi-builder-workspace/.dependencies/checkouts/SDGCornerstone/Sources/SDGMathematics/Numeric Protocols/OneDimensionalPoint.swift:59:26: note: matching requirement 'distance(to:)' to this declaration inferred associated type to 'Self.Vector'
57 | /// - Parameters:
58 | /// - other: The value to which the distance should be measured.
59 | @inlinable public func distance(to other: Self) -> Vector {
| `- note: matching requirement 'distance(to:)' to this declaration inferred associated type to 'Self.Vector'
60 | return other − self
61 | }
/Users/admin/builder/spi-builder-workspace/.dependencies/checkouts/SDGCornerstone/Sources/SDGMathematics/Float.swift:322:3: error: type 'Float80' does not conform to protocol 'Numeric'
320 |
321 | #if !(PLATFORM_LACKS_SWIFT_FLOAT_80 || ((os(macOS) || os(Linux)) && arch(arm64)))
322 | extension Float80: Decodable, Encodable, FloatFamily {
| `- error: type 'Float80' does not conform to protocol 'Numeric'
323 |
324 | // MARK: - Decodable
Swift.BinaryFloatingPoint.init:2:19: note: candidate has non-matching type '(exactly: Source)' [with Magnitude = Float80]
1 | protocol BinaryFloatingPoint {
2 | @inlinable public init?<Source>(exactly value: Source) where Source : BinaryFloatingPoint}
| `- note: candidate has non-matching type '(exactly: Source)' [with Magnitude = Float80]
3 |
Swift.BinaryFloatingPoint.init:2:19: note: candidate would match if 'Float80.RawSignificand' conformed to 'FixedWidthInteger'
1 | protocol BinaryFloatingPoint {
2 | @inlinable public init?<Source>(exactly value: Source) where Source : BinaryInteger}
| `- note: candidate would match if 'Float80.RawSignificand' conformed to 'FixedWidthInteger'
3 |
/Users/admin/builder/spi-builder-workspace/.dependencies/checkouts/SDGCornerstone/Sources/SDGMathematics/Float.swift:322:3: error: type 'Float80' does not conform to protocol 'WholeArithmetic'
320 |
321 | #if !(PLATFORM_LACKS_SWIFT_FLOAT_80 || ((os(macOS) || os(Linux)) && arch(arm64)))
322 | extension Float80: Decodable, Encodable, FloatFamily {
| `- error: type 'Float80' does not conform to protocol 'WholeArithmetic'
323 |
324 | // MARK: - Decodable
/Users/admin/builder/spi-builder-workspace/.dependencies/checkouts/SDGCornerstone/Sources/SDGMathematics/Numeric Protocols/RationalArithmetic.swift:101:33: note: candidate has non-matching type '<Self, R> (in: Range<Self>, using: inout R) -> Self'
99 | /// - range: The allowed range for the random value.
100 | /// - generator: The randomizer to use to generate the random value.
101 | @inlinable public static func random<R>(in range: Range<Self>, using generator: inout R) -> Self
| `- note: candidate has non-matching type '<Self, R> (in: Range<Self>, using: inout R) -> Self'
102 | where R: RandomNumberGenerator {
103 |
:
159 | /// - range: The allowed range for the random value.
160 | /// - generator: The randomizer to use to generate the random value.
161 | @inlinable public static func random<R>(in range: Range<Self>, using generator: inout R) -> Self
| `- note: candidate has non-matching type '<Self, R> (in: Range<Self>, using: inout R) -> Self'
162 | where R: RandomNumberGenerator {
163 | return _random(in: range, using: &generator)
Swift.BinaryFloatingPoint.random:2:31: note: candidate has non-matching type '<Self, T> (in: Range<Self>, using: inout T) -> Self'
1 | protocol BinaryFloatingPoint {
2 | @inlinable public static func random<T>(in range: Range<Self>, using generator: inout T) -> Self where T : RandomNumberGenerator}
| `- note: candidate has non-matching type '<Self, T> (in: Range<Self>, using: inout T) -> Self'
3 |
Swift.BinaryFloatingPoint.random:2:31: note: candidate would match if 'Float80.RawSignificand' conformed to 'FixedWidthInteger'
1 | protocol BinaryFloatingPoint {
2 | @inlinable public static func random<T>(in range: ClosedRange<Self>, using generator: inout T) -> Self where T : RandomNumberGenerator}
| `- note: candidate would match if 'Float80.RawSignificand' conformed to 'FixedWidthInteger'
3 |
/Users/admin/builder/spi-builder-workspace/.dependencies/checkouts/SDGCornerstone/Sources/SDGMathematics/Float.swift:322:3: error: type 'Float80' does not conform to protocol 'PointProtocol'
320 |
321 | #if !(PLATFORM_LACKS_SWIFT_FLOAT_80 || ((os(macOS) || os(Linux)) && arch(arm64)))
322 | extension Float80: Decodable, Encodable, FloatFamily {
| |- error: type 'Float80' does not conform to protocol 'PointProtocol'
| `- note: add stubs for conformance
323 |
324 | // MARK: - Decodable
Swift.BinaryFloatingPoint.RawSignificand:2:16: note: protocol requires nested type 'RawSignificand'
1 | protocol BinaryFloatingPoint {
2 | associatedtype RawSignificand : UnsignedInteger}
| `- note: protocol requires nested type 'RawSignificand'
3 |
Swift.BinaryFloatingPoint.RawExponent:2:16: note: protocol requires nested type 'RawExponent'
1 | protocol BinaryFloatingPoint {
2 | associatedtype RawExponent : UnsignedInteger}
| `- note: protocol requires nested type 'RawExponent'
3 |
Swift.BinaryFloatingPoint.exponentBitCount:2:12: note: protocol requires property 'exponentBitCount' with type 'Int'
1 | protocol BinaryFloatingPoint {
2 | static var exponentBitCount: Int { get }}
| `- note: protocol requires property 'exponentBitCount' with type 'Int'
3 |
Swift.BinaryFloatingPoint.significandBitCount:2:12: note: protocol requires property 'significandBitCount' with type 'Int'
1 | protocol BinaryFloatingPoint {
2 | static var significandBitCount: Int { get }}
| `- note: protocol requires property 'significandBitCount' with type 'Int'
3 |
Swift.BinaryFloatingPoint.binade:2:5: note: protocol requires property 'binade' with type 'Float80'
1 | protocol BinaryFloatingPoint {
2 | var binade: Self { get }}
| `- note: protocol requires property 'binade' with type 'Float80'
3 |
Swift.BinaryFloatingPoint.significandWidth:2:5: note: protocol requires property 'significandWidth' with type 'Int'
1 | protocol BinaryFloatingPoint {
2 | var significandWidth: Int { get }}
| `- note: protocol requires property 'significandWidth' with type 'Int'
3 |
Swift.CustomDebugStringConvertible.debugDescription:2:5: note: protocol requires property 'debugDescription' with type 'String'
1 | protocol CustomDebugStringConvertible {
2 | var debugDescription: String { get }}
| `- note: protocol requires property 'debugDescription' with type 'String'
3 |
Swift.LosslessStringConvertible.init:2:1: note: protocol requires initializer 'init(_:)' with type 'String'
1 | protocol LosslessStringConvertible {
2 | init?(_ description: String)}
| `- note: protocol requires initializer 'init(_:)' with type 'String'
3 |
Swift.FloatingPoint.Exponent:2:16: note: protocol requires nested type 'Exponent'
1 | protocol FloatingPoint {
2 | associatedtype Exponent : SignedInteger}
| `- note: protocol requires nested type 'Exponent'
3 |
Swift.FloatingPoint.nan:2:12: note: protocol requires property 'nan' with type 'Float80'
1 | protocol FloatingPoint {
2 | static var nan: Self { get }}
| `- note: protocol requires property 'nan' with type 'Float80'
3 |
Swift.FloatingPoint.signalingNaN:2:12: note: protocol requires property 'signalingNaN' with type 'Float80'
1 | protocol FloatingPoint {
2 | static var signalingNaN: Self { get }}
| `- note: protocol requires property 'signalingNaN' with type 'Float80'
3 |
Swift.FloatingPoint.infinity:2:12: note: protocol requires property 'infinity' with type 'Float80'
1 | protocol FloatingPoint {
2 | static var infinity: Self { get }}
| `- note: protocol requires property 'infinity' with type 'Float80'
3 |
Swift.FloatingPoint.greatestFiniteMagnitude:2:12: note: protocol requires property 'greatestFiniteMagnitude' with type 'Float80'
1 | protocol FloatingPoint {
2 | static var greatestFiniteMagnitude: Self { get }}
| `- note: protocol requires property 'greatestFiniteMagnitude' with type 'Float80'
3 |
Swift.FloatingPoint.pi:2:12: note: protocol requires property 'pi' with type 'Float80'
1 | protocol FloatingPoint {
2 | static var pi: Self { get }}
| `- note: protocol requires property 'pi' with type 'Float80'
3 |
Swift.FloatingPoint.ulp:2:5: note: protocol requires property 'ulp' with type 'Float80'
1 | protocol FloatingPoint {
2 | var ulp: Self { get }}
| `- note: protocol requires property 'ulp' with type 'Float80'
3 |
Swift.FloatingPoint.leastNormalMagnitude:2:12: note: protocol requires property 'leastNormalMagnitude' with type 'Float80'
1 | protocol FloatingPoint {
2 | static var leastNormalMagnitude: Self { get }}
| `- note: protocol requires property 'leastNormalMagnitude' with type 'Float80'
3 |
Swift.FloatingPoint.leastNonzeroMagnitude:2:12: note: protocol requires property 'leastNonzeroMagnitude' with type 'Float80'
1 | protocol FloatingPoint {
2 | static var leastNonzeroMagnitude: Self { get }}
| `- note: protocol requires property 'leastNonzeroMagnitude' with type 'Float80'
3 |
Swift.FloatingPoint.sign:2:5: note: protocol requires property 'sign' with type 'FloatingPointSign'
1 | protocol FloatingPoint {
2 | var sign: FloatingPointSign { get }}
| `- note: protocol requires property 'sign' with type 'FloatingPointSign'
3 |
Swift.FloatingPoint.significand:2:5: note: protocol requires property 'significand' with type 'Float80'
1 | protocol FloatingPoint {
2 | var significand: Self { get }}
| `- note: protocol requires property 'significand' with type 'Float80'
3 |
Swift.FloatingPoint.formTruncatingRemainder:2:15: note: protocol requires function 'formTruncatingRemainder(dividingBy:)' with type '(Float80) -> ()'
1 | protocol FloatingPoint {
2 | mutating func formTruncatingRemainder(dividingBy other: Self)}
| `- note: protocol requires function 'formTruncatingRemainder(dividingBy:)' with type '(Float80) -> ()'
3 |
Swift.FloatingPoint.formSquareRoot:2:15: note: protocol requires function 'formSquareRoot()' with type '() -> ()'
1 | protocol FloatingPoint {
2 | mutating func formSquareRoot()}
| `- note: protocol requires function 'formSquareRoot()' with type '() -> ()'
3 |
Swift.FloatingPoint.addProduct:2:15: note: protocol requires function 'addProduct' with type '(Float80, Float80) -> ()'
1 | protocol FloatingPoint {
2 | mutating func addProduct(_ lhs: Self, _ rhs: Self)}
| `- note: protocol requires function 'addProduct' with type '(Float80, Float80) -> ()'
3 |
Swift.FloatingPoint.nextUp:2:5: note: protocol requires property 'nextUp' with type 'Float80'
1 | protocol FloatingPoint {
2 | var nextUp: Self { get }}
| `- note: protocol requires property 'nextUp' with type 'Float80'
3 |
Swift.FloatingPoint.isEqual:2:6: note: protocol requires function 'isEqual(to:)' with type '(Float80) -> Bool'
1 | protocol FloatingPoint {
2 | func isEqual(to other: Self) -> Bool}
| `- note: protocol requires function 'isEqual(to:)' with type '(Float80) -> Bool'
3 |
Swift.FloatingPoint.isLess:2:6: note: protocol requires function 'isLess(than:)' with type '(Float80) -> Bool'
1 | protocol FloatingPoint {
2 | func isLess(than other: Self) -> Bool}
| `- note: protocol requires function 'isLess(than:)' with type '(Float80) -> Bool'
3 |
Swift.FloatingPoint.isLessThanOrEqualTo:2:6: note: protocol requires function 'isLessThanOrEqualTo' with type '(Float80) -> Bool'
1 | protocol FloatingPoint {
2 | func isLessThanOrEqualTo(_ other: Self) -> Bool}
| `- note: protocol requires function 'isLessThanOrEqualTo' with type '(Float80) -> Bool'
3 |
Swift.FloatingPoint.isNormal:2:5: note: protocol requires property 'isNormal' with type 'Bool'
1 | protocol FloatingPoint {
2 | var isNormal: Bool { get }}
| `- note: protocol requires property 'isNormal' with type 'Bool'
3 |
Swift.FloatingPoint.isFinite:2:5: note: protocol requires property 'isFinite' with type 'Bool'
1 | protocol FloatingPoint {
2 | var isFinite: Bool { get }}
| `- note: protocol requires property 'isFinite' with type 'Bool'
3 |
Swift.FloatingPoint.isZero:2:5: note: protocol requires property 'isZero' with type 'Bool'
1 | protocol FloatingPoint {
2 | var isZero: Bool { get }}
| `- note: protocol requires property 'isZero' with type 'Bool'
3 |
Swift.FloatingPoint.isSubnormal:2:5: note: protocol requires property 'isSubnormal' with type 'Bool'
1 | protocol FloatingPoint {
2 | var isSubnormal: Bool { get }}
| `- note: protocol requires property 'isSubnormal' with type 'Bool'
3 |
Swift.FloatingPoint.isInfinite:2:5: note: protocol requires property 'isInfinite' with type 'Bool'
1 | protocol FloatingPoint {
2 | var isInfinite: Bool { get }}
| `- note: protocol requires property 'isInfinite' with type 'Bool'
3 |
Swift.FloatingPoint.isNaN:2:5: note: protocol requires property 'isNaN' with type 'Bool'
1 | protocol FloatingPoint {
2 | var isNaN: Bool { get }}
| `- note: protocol requires property 'isNaN' with type 'Bool'
3 |
Swift.FloatingPoint.isSignalingNaN:2:5: note: protocol requires property 'isSignalingNaN' with type 'Bool'
1 | protocol FloatingPoint {
2 | var isSignalingNaN: Bool { get }}
| `- note: protocol requires property 'isSignalingNaN' with type 'Bool'
3 |
Swift.FloatingPoint.isCanonical:2:5: note: protocol requires property 'isCanonical' with type 'Bool'
1 | protocol FloatingPoint {
2 | var isCanonical: Bool { get }}
| `- note: protocol requires property 'isCanonical' with type 'Bool'
3 |
Swift.CustomStringConvertible.description:2:5: note: protocol requires property 'description' with type 'String'
1 | protocol CustomStringConvertible {
2 | var description: String { get }}
| `- note: protocol requires property 'description' with type 'String'
3 |
/Users/admin/builder/spi-builder-workspace/.dependencies/checkouts/SDGCornerstone/Sources/SDGMathematics/Numeric Protocols/RealArithmetic.swift:117:15: note: protocol requires function 'sin' with type '(Angle<Float80>) -> Float80'
115 | /// - Parameters:
116 | /// - angle: The angle.
117 | static func sin(_ angle: Angle<Self>) -> Self
| `- note: protocol requires function 'sin' with type '(Angle<Float80>) -> Float80'
118 |
119 | // @documentation(SDGCornerstone.RealArithmetic.cos(_:))
:
181 | /// - Parameters:
182 | /// - tangent: The tangent.
183 | static func arctan(_ tangent: Self) -> Angle<Self>
| `- note: protocol requires function 'arctan' with type '(Float80) -> Angle<Float80>'
184 |
185 | // @documentation(SDGCornerstone.RealArithmetic.arccsc(_:))
Swift.Numeric.init:2:1: note: protocol requires initializer 'init(exactly:)' with type '(exactly: T)'
1 | protocol Numeric {
2 | init?<T>(exactly source: T) where T : BinaryInteger}
| `- note: protocol requires initializer 'init(exactly:)' with type '(exactly: T)'
3 |
/Users/admin/builder/spi-builder-workspace/.dependencies/checkouts/SDGCornerstone/Sources/SDGMathematics/Numeric Protocols/WholeArithmetic.swift:215:15: note: protocol requires function 'random(in:using:)' with type '<R> (in: ClosedRange<Float80>, using: inout R) -> Float80'
213 | /// - range: The allowed range for the random value.
214 | /// - generator: The randomizer to use to generate the random value.
215 | static func random<R>(in range: ClosedRange<Self>, using generator: inout R) -> Self
| `- note: protocol requires function 'random(in:using:)' with type '<R> (in: ClosedRange<Float80>, using: inout R) -> Float80'
216 | where R: RandomNumberGenerator
217 | }
/Users/admin/builder/spi-builder-workspace/.dependencies/checkouts/SDGCornerstone/Sources/SDGMathematics/Numeric Protocols/PointProtocol.swift:23:18: note: protocol requires nested type 'Vector'
21 |
22 | /// The type to be used as a vector.
23 | associatedtype Vector: Negatable
| `- note: protocol requires nested type 'Vector'
24 |
25 | // @documentation(PointProtocol.+(Self, Vector))
/Users/admin/builder/spi-builder-workspace/.dependencies/checkouts/SDGCornerstone/Sources/SDGMathematics/Float.swift:322:13: error: 'Float80' is unavailable: Float80 is not available on target platform.
320 |
321 | #if !(PLATFORM_LACKS_SWIFT_FLOAT_80 || ((os(macOS) || os(Linux)) && arch(arm64)))
322 | extension Float80: Decodable, Encodable, FloatFamily {
| `- error: 'Float80' is unavailable: Float80 is not available on target platform.
323 |
324 | // MARK: - Decodable
Swift.Float80:2:23: note: 'Float80' has been explicitly marked unavailable here
1 | @available(*, unavailable, message: "Float80 is not available on target platform.")
2 | @frozen public struct Float80 {
| `- note: 'Float80' has been explicitly marked unavailable here
3 | public init()
4 | }
/Users/admin/builder/spi-builder-workspace/.dependencies/checkouts/SDGCornerstone/Sources/SDGMathematics/Float.swift:346:19: error: type 'Float80' has no member 'log10'
344 |
345 | @inlinable public static func log(_ antilogarithm: Self) -> Self {
346 | return Self.log10(antilogarithm)
| `- error: type 'Float80' has no member 'log10'
347 | }
348 |
SwiftCompile normal arm64 /Users/admin/builder/spi-builder-workspace/.dependencies/checkouts/SDGCornerstone/Sources/SDGMathematics/Data.swift (in target 'SDGMathematics' from project 'SDGCornerstone')
cd /Users/admin/builder/spi-builder-workspace/.swiftpm/xcode
builtin-SwiftPerFileCompile Data.swift
SwiftCompile normal arm64 /Users/admin/builder/spi-builder-workspace/.dependencies/checkouts/SDGCornerstone/Sources/SDGMathematics/Float.swift (in target 'SDGMathematics' from project 'SDGCornerstone')
cd /Users/admin/builder/spi-builder-workspace/.swiftpm/xcode
builtin-SwiftPerFileCompile Float.swift
SwiftCompile normal arm64 /Users/admin/builder/spi-builder-workspace/.dependencies/checkouts/SDGCornerstone/Sources/SDGMathematics/FunctionAnalysis.swift (in target 'SDGMathematics' from project 'SDGCornerstone')
cd /Users/admin/builder/spi-builder-workspace/.swiftpm/xcode
builtin-SwiftPerFileCompile FunctionAnalysis.swift
SwiftCompile normal arm64 /Users/admin/builder/spi-builder-workspace/.dependencies/checkouts/SDGCornerstone/Sources/SDGMathematics/Int.swift (in target 'SDGMathematics' from project 'SDGCornerstone')
cd /Users/admin/builder/spi-builder-workspace/.swiftpm/xcode
builtin-SwiftPerFileCompile Int.swift
SwiftCompile normal arm64 Compiling\ Angle.swift,\ BitField.swift,\ ClosedRange.swift,\ Comparable.swift /Users/admin/builder/spi-builder-workspace/.dependencies/checkouts/SDGCornerstone/Sources/SDGMathematics/Angle.swift /Users/admin/builder/spi-builder-workspace/.dependencies/checkouts/SDGCornerstone/Sources/SDGMathematics/BitField.swift /Users/admin/builder/spi-builder-workspace/.dependencies/checkouts/SDGCornerstone/Sources/SDGMathematics/ClosedRange.swift /Users/admin/builder/spi-builder-workspace/.dependencies/checkouts/SDGCornerstone/Sources/SDGMathematics/Comparable.swift (in target 'SDGMathematics' from project 'SDGCornerstone')
SwiftCompile normal arm64 /Users/admin/builder/spi-builder-workspace/.dependencies/checkouts/SDGCornerstone/Sources/SDGMathematics/Angle.swift (in target 'SDGMathematics' from project 'SDGCornerstone')
cd /Users/admin/builder/spi-builder-workspace/.swiftpm/xcode
builtin-SwiftPerFileCompile Angle.swift
SwiftCompile normal arm64 /Users/admin/builder/spi-builder-workspace/.dependencies/checkouts/SDGCornerstone/Sources/SDGMathematics/BitField.swift (in target 'SDGMathematics' from project 'SDGCornerstone')
cd /Users/admin/builder/spi-builder-workspace/.swiftpm/xcode
builtin-SwiftPerFileCompile BitField.swift
SwiftCompile normal arm64 /Users/admin/builder/spi-builder-workspace/.dependencies/checkouts/SDGCornerstone/Sources/SDGMathematics/ClosedRange.swift (in target 'SDGMathematics' from project 'SDGCornerstone')
cd /Users/admin/builder/spi-builder-workspace/.swiftpm/xcode
builtin-SwiftPerFileCompile ClosedRange.swift
SwiftCompile normal arm64 /Users/admin/builder/spi-builder-workspace/.dependencies/checkouts/SDGCornerstone/Sources/SDGMathematics/Comparable.swift (in target 'SDGMathematics' from project 'SDGCornerstone')
cd /Users/admin/builder/spi-builder-workspace/.swiftpm/xcode
builtin-SwiftPerFileCompile Comparable.swift
SwiftDriverJobDiscovery normal arm64 Compiling WholeNumberProtocol.swift, Operators.swift, OrderedEnumeration.swift (in target 'SDGMathematics' from project 'SDGCornerstone')
SwiftCompile normal arm64 Compiling\ Subtractable.swift,\ VectorProtocol.swift,\ WholeArithmetic.swift /Users/admin/builder/spi-builder-workspace/.dependencies/checkouts/SDGCornerstone/Sources/SDGMathematics/Numeric\ Protocols/Subtractable.swift /Users/admin/builder/spi-builder-workspace/.dependencies/checkouts/SDGCornerstone/Sources/SDGMathematics/Numeric\ Protocols/VectorProtocol.swift /Users/admin/builder/spi-builder-workspace/.dependencies/checkouts/SDGCornerstone/Sources/SDGMathematics/Numeric\ Protocols/WholeArithmetic.swift (in target 'SDGMathematics' from project 'SDGCornerstone')
SwiftCompile normal arm64 /Users/admin/builder/spi-builder-workspace/.dependencies/checkouts/SDGCornerstone/Sources/SDGMathematics/Numeric\ Protocols/Subtractable.swift (in target 'SDGMathematics' from project 'SDGCornerstone')
cd /Users/admin/builder/spi-builder-workspace/.swiftpm/xcode
builtin-SwiftPerFileCompile Subtractable.swift
SwiftCompile normal arm64 /Users/admin/builder/spi-builder-workspace/.dependencies/checkouts/SDGCornerstone/Sources/SDGMathematics/Numeric\ Protocols/VectorProtocol.swift (in target 'SDGMathematics' from project 'SDGCornerstone')
cd /Users/admin/builder/spi-builder-workspace/.swiftpm/xcode
builtin-SwiftPerFileCompile VectorProtocol.swift
SwiftCompile normal arm64 /Users/admin/builder/spi-builder-workspace/.dependencies/checkouts/SDGCornerstone/Sources/SDGMathematics/Numeric\ Protocols/WholeArithmetic.swift (in target 'SDGMathematics' from project 'SDGCornerstone')
cd /Users/admin/builder/spi-builder-workspace/.swiftpm/xcode
builtin-SwiftPerFileCompile WholeArithmetic.swift
SwiftDriverJobDiscovery normal arm64 Compiling PointProtocol.swift, RationalArithmetic.swift, RationalNumberProtocol.swift (in target 'SDGMathematics' from project 'SDGCornerstone')
SwiftCompile normal arm64 Compiling\ Measurement.swift,\ Addable.swift,\ FixedScaleOneDimensionalPoint.swift,\ GenericAdditiveArithmetic.swift /Users/admin/builder/spi-builder-workspace/.dependencies/checkouts/SDGCornerstone/Sources/SDGMathematics/Measurement.swift /Users/admin/builder/spi-builder-workspace/.dependencies/checkouts/SDGCornerstone/Sources/SDGMathematics/Numeric\ Protocols/Addable.swift /Users/admin/builder/spi-builder-workspace/.dependencies/checkouts/SDGCornerstone/Sources/SDGMathematics/Numeric\ Protocols/FixedScaleOneDimensionalPoint.swift /Users/admin/builder/spi-builder-workspace/.dependencies/checkouts/SDGCornerstone/Sources/SDGMathematics/Numeric\ Protocols/GenericAdditiveArithmetic.swift (in target 'SDGMathematics' from project 'SDGCornerstone')
SwiftCompile normal arm64 /Users/admin/builder/spi-builder-workspace/.dependencies/checkouts/SDGCornerstone/Sources/SDGMathematics/Measurement.swift (in target 'SDGMathematics' from project 'SDGCornerstone')
cd /Users/admin/builder/spi-builder-workspace/.swiftpm/xcode
builtin-SwiftPerFileCompile Measurement.swift
SwiftCompile normal arm64 /Users/admin/builder/spi-builder-workspace/.dependencies/checkouts/SDGCornerstone/Sources/SDGMathematics/Numeric\ Protocols/Addable.swift (in target 'SDGMathematics' from project 'SDGCornerstone')
cd /Users/admin/builder/spi-builder-workspace/.swiftpm/xcode
builtin-SwiftPerFileCompile Addable.swift
SwiftCompile normal arm64 /Users/admin/builder/spi-builder-workspace/.dependencies/checkouts/SDGCornerstone/Sources/SDGMathematics/Numeric\ Protocols/FixedScaleOneDimensionalPoint.swift (in target 'SDGMathematics' from project 'SDGCornerstone')
cd /Users/admin/builder/spi-builder-workspace/.swiftpm/xcode
builtin-SwiftPerFileCompile FixedScaleOneDimensionalPoint.swift
SwiftCompile normal arm64 /Users/admin/builder/spi-builder-workspace/.dependencies/checkouts/SDGCornerstone/Sources/SDGMathematics/Numeric\ Protocols/GenericAdditiveArithmetic.swift (in target 'SDGMathematics' from project 'SDGCornerstone')
cd /Users/admin/builder/spi-builder-workspace/.swiftpm/xcode
builtin-SwiftPerFileCompile GenericAdditiveArithmetic.swift
SwiftDriverJobDiscovery normal arm64 Compiling Angle.swift, BitField.swift, ClosedRange.swift, Comparable.swift (in target 'SDGMathematics' from project 'SDGCornerstone')
SwiftCompile normal arm64 Compiling\ Sequence.swift,\ Tuple.swift,\ UInt.swift /Users/admin/builder/spi-builder-workspace/.dependencies/checkouts/SDGCornerstone/Sources/SDGMathematics/Sequence.swift /Users/admin/builder/spi-builder-workspace/.dependencies/checkouts/SDGCornerstone/Sources/SDGMathematics/Tuple.swift /Users/admin/builder/spi-builder-workspace/.dependencies/checkouts/SDGCornerstone/Sources/SDGMathematics/UInt.swift (in target 'SDGMathematics' from project 'SDGCornerstone')
SwiftCompile normal arm64 /Users/admin/builder/spi-builder-workspace/.dependencies/checkouts/SDGCornerstone/Sources/SDGMathematics/Sequence.swift (in target 'SDGMathematics' from project 'SDGCornerstone')
cd /Users/admin/builder/spi-builder-workspace/.swiftpm/xcode
builtin-SwiftPerFileCompile Sequence.swift
SwiftCompile normal arm64 /Users/admin/builder/spi-builder-workspace/.dependencies/checkouts/SDGCornerstone/Sources/SDGMathematics/Tuple.swift (in target 'SDGMathematics' from project 'SDGCornerstone')
cd /Users/admin/builder/spi-builder-workspace/.swiftpm/xcode
builtin-SwiftPerFileCompile Tuple.swift
SwiftCompile normal arm64 /Users/admin/builder/spi-builder-workspace/.dependencies/checkouts/SDGCornerstone/Sources/SDGMathematics/UInt.swift (in target 'SDGMathematics' from project 'SDGCornerstone')
cd /Users/admin/builder/spi-builder-workspace/.swiftpm/xcode
builtin-SwiftPerFileCompile UInt.swift
SwiftCompile normal arm64 Compiling\ RationalVector.swift,\ RealArithmetic.swift,\ RealNumberProtocol.swift /Users/admin/builder/spi-builder-workspace/.dependencies/checkouts/SDGCornerstone/Sources/SDGMathematics/Numeric\ Protocols/RationalVector.swift /Users/admin/builder/spi-builder-workspace/.dependencies/checkouts/SDGCornerstone/Sources/SDGMathematics/Numeric\ Protocols/RealArithmetic.swift /Users/admin/builder/spi-builder-workspace/.dependencies/checkouts/SDGCornerstone/Sources/SDGMathematics/Numeric\ Protocols/RealNumberProtocol.swift (in target 'SDGMathematics' from project 'SDGCornerstone')
SwiftCompile normal arm64 /Users/admin/builder/spi-builder-workspace/.dependencies/checkouts/SDGCornerstone/Sources/SDGMathematics/Numeric\ Protocols/RationalVector.swift (in target 'SDGMathematics' from project 'SDGCornerstone')
cd /Users/admin/builder/spi-builder-workspace/.swiftpm/xcode
builtin-SwiftPerFileCompile RationalVector.swift
SwiftCompile normal arm64 /Users/admin/builder/spi-builder-workspace/.dependencies/checkouts/SDGCornerstone/Sources/SDGMathematics/Numeric\ Protocols/RealArithmetic.swift (in target 'SDGMathematics' from project 'SDGCornerstone')
cd /Users/admin/builder/spi-builder-workspace/.swiftpm/xcode
builtin-SwiftPerFileCompile RealArithmetic.swift
SwiftCompile normal arm64 /Users/admin/builder/spi-builder-workspace/.dependencies/checkouts/SDGCornerstone/Sources/SDGMathematics/Numeric\ Protocols/RealNumberProtocol.swift (in target 'SDGMathematics' from project 'SDGCornerstone')
cd /Users/admin/builder/spi-builder-workspace/.swiftpm/xcode
builtin-SwiftPerFileCompile RealNumberProtocol.swift
SwiftDriverJobDiscovery normal arm64 Compiling Subtractable.swift, VectorProtocol.swift, WholeArithmetic.swift (in target 'SDGMathematics' from project 'SDGCornerstone')
SwiftCompile normal arm64 Compiling\ NumericAdditiveArithmetic.swift,\ OneDimensionalPoint.swift,\ OneDimensionalVector.swift /Users/admin/builder/spi-builder-workspace/.dependencies/checkouts/SDGCornerstone/Sources/SDGMathematics/Numeric\ Protocols/NumericAdditiveArithmetic.swift /Users/admin/builder/spi-builder-workspace/.dependencies/checkouts/SDGCornerstone/Sources/SDGMathematics/Numeric\ Protocols/OneDimensionalPoint.swift /Users/admin/builder/spi-builder-workspace/.dependencies/checkouts/SDGCornerstone/Sources/SDGMathematics/Numeric\ Protocols/OneDimensionalVector.swift (in target 'SDGMathematics' from project 'SDGCornerstone')
SwiftCompile normal arm64 /Users/admin/builder/spi-builder-workspace/.dependencies/checkouts/SDGCornerstone/Sources/SDGMathematics/Numeric\ Protocols/NumericAdditiveArithmetic.swift (in target 'SDGMathematics' from project 'SDGCornerstone')
cd /Users/admin/builder/spi-builder-workspace/.swiftpm/xcode
builtin-SwiftPerFileCompile NumericAdditiveArithmetic.swift
SwiftCompile normal arm64 /Users/admin/builder/spi-builder-workspace/.dependencies/checkouts/SDGCornerstone/Sources/SDGMathematics/Numeric\ Protocols/OneDimensionalPoint.swift (in target 'SDGMathematics' from project 'SDGCornerstone')
cd /Users/admin/builder/spi-builder-workspace/.swiftpm/xcode
builtin-SwiftPerFileCompile OneDimensionalPoint.swift
SwiftCompile normal arm64 /Users/admin/builder/spi-builder-workspace/.dependencies/checkouts/SDGCornerstone/Sources/SDGMathematics/Numeric\ Protocols/OneDimensionalVector.swift (in target 'SDGMathematics' from project 'SDGCornerstone')
cd /Users/admin/builder/spi-builder-workspace/.swiftpm/xcode
builtin-SwiftPerFileCompile OneDimensionalVector.swift
PruneExplicitPrecompiledModules /Users/admin/builder/spi-builder-workspace/.derivedData/Build/Intermediates.noindex/SwiftExplicitPrecompiledModules
PruneExplicitPrecompiledModules /Users/admin/builder/spi-builder-workspace/.derivedData/Build/Intermediates.noindex/ExplicitPrecompiledModules
PruneExplicitPrecompiledModules /Users/admin/builder/spi-builder-workspace/.derivedData/SDKExplicitPrecompiledModules
2026-09-19 11:06:52.810 xcodebuild[1251:6913] [MT] IDERunDestination: Supported platforms for the buildables in the current scheme is empty.
** BUILD FAILED **
The following build commands failed:
SwiftEmitModule normal arm64 Emitting\ module\ for\ SDGMathematics (in target 'SDGMathematics' from project 'SDGCornerstone')
SwiftCompile normal arm64 (in target 'SDGMathematics' from project 'SDGCornerstone')
Building workspace SDGSwift with scheme SDGSwift-Package
(3 failures)
Command line invocation:
/Applications/Xcode-27.0.0-Release.Candidate.app/Contents/Developer/usr/bin/xcodebuild -IDEClonedSourcePackagesDirPathOverride=/Users/admin/builder/spi-builder-workspace/.dependencies -resolvePackageDependencies
Resolve Package Graph
failed to retrieve search paths with pkg-config; maybe pkg-config is not installedcouldn't find pc file for sqlite3
Resolved source packages:
SDGCornerstone: https://github.com/SDGGiesbrecht/SDGCornerstone @ 10.2.0
swift-markdown: https://github.com/SDGGiesbrecht/swift-markdown @ 0.50800.0
Yams: https://github.com/jpsim/Yams.git @ 5.4.0
SwiftSyntax: https://github.com/SDGGiesbrecht/swift-syntax @ 0.50800.0
swift-collections: https://github.com/apple/swift-collections @ 1.6.0
swift-driver: https://github.com/SDGGiesbrecht/swift-driver @ 0.50800.0
llbuild: https://github.com/SDGGiesbrecht/swift-llbuild @ 0.50800.0
cmark-gfm: https://github.com/SDGGiesbrecht/swift-cmark @ 0.50800.0
swift-tools-support-core: https://github.com/apple/swift-tools-support-core @ 0.5.2
swift-crypto: https://github.com/SDGGiesbrecht/swift-crypto @ 0.20400.0
swift-argument-parser: https://github.com/apple/swift-argument-parser.git @ 1.8.2
swift-numerics: https://github.com/apple/swift-numerics @ 1.1.1
swift-system: https://github.com/apple/swift-system.git @ 1.1.1
SymbolKit: https://github.com/SDGGiesbrecht/swift-docc-symbolkit @ 0.50800.0
SDGSwift: /Users/admin/builder/spi-builder-workspace
SwiftPM: https://github.com/SDGGiesbrecht/swift-package-manager @ 0.50800.0
resolved source packages: SDGCornerstone, swift-markdown, Yams, SwiftSyntax, swift-collections, swift-driver, llbuild, cmark-gfm, swift-tools-support-core, swift-crypto, swift-argument-parser, swift-numerics, swift-system, SymbolKit, SDGSwift, SwiftPM
2026-09-19 11:07:11.676 xcodebuild[1638:8825] [MT] IDERunDestination: Supported platforms for the buildables in the current scheme is empty.
{
"dependencies" : [
{
"identity" : "sdgcornerstone",
"requirement" : {
"range" : [
{
"lower_bound" : "10.1.2",
"upper_bound" : "11.0.0"
}
]
},
"type" : "sourceControl",
"url" : "https://github.com/SDGGiesbrecht/SDGCornerstone"
},
{
"identity" : "swift-collections",
"requirement" : {
"range" : [
{
"lower_bound" : "1.0.1",
"upper_bound" : "2.0.0"
}
]
},
"type" : "sourceControl",
"url" : "https://github.com/apple/swift-collections"
},
{
"identity" : "swift-package-manager",
"requirement" : {
"exact" : [
"0.50800.0"
]
},
"type" : "sourceControl",
"url" : "https://github.com/SDGGiesbrecht/swift-package-manager"
},
{
"identity" : "swift-tools-support-core",
"requirement" : {
"exact" : [
"0.5.2"
]
},
"type" : "sourceControl",
"url" : "https://github.com/apple/swift-tools-support-core"
},
{
"identity" : "swift-syntax",
"requirement" : {
"exact" : [
"0.50800.0"
]
},
"type" : "sourceControl",
"url" : "https://github.com/SDGGiesbrecht/swift-syntax"
},
{
"identity" : "swift-markdown",
"requirement" : {
"exact" : [
"0.50800.0"
]
},
"type" : "sourceControl",
"url" : "https://github.com/SDGGiesbrecht/swift-markdown"
},
{
"identity" : "swift-docc-symbolkit",
"requirement" : {
"exact" : [
"0.50800.0"
]
},
"type" : "sourceControl",
"url" : "https://github.com/SDGGiesbrecht/swift-docc-symbolkit"
}
],
"manifest_display_name" : "SDGSwift",
"name" : "SDGSwift",
"path" : "/Users/admin/builder/spi-builder-workspace",
"platforms" : [
{
"name" : "macos",
"version" : "10.13"
}
],
"products" : [
{
"name" : "SDGSwift",
"targets" : [
"SDGSwift"
],
"type" : {
"library" : [
"automatic"
]
}
},
{
"name" : "SDGSwiftPackageManager",
"targets" : [
"SDGSwiftPackageManager"
],
"type" : {
"library" : [
"automatic"
]
}
},
{
"name" : "SDGSwiftSource",
"targets" : [
"SDGSwiftSource"
],
"type" : {
"library" : [
"automatic"
]
}
},
{
"name" : "SDGSwiftDocumentation",
"targets" : [
"SDGSwiftDocumentation"
],
"type" : {
"library" : [
"automatic"
]
}
},
{
"name" : "SDGXcode",
"targets" : [
"SDGXcode"
],
"type" : {
"library" : [
"automatic"
]
}
},
{
"name" : "SDGSwiftConfiguration",
"targets" : [
"SDGSwiftConfiguration"
],
"type" : {
"library" : [
"automatic"
]
}
},
{
"name" : "SDGSwiftConfigurationLoading",
"targets" : [
"SDGSwiftConfigurationLoading"
],
"type" : {
"library" : [
"automatic"
]
}
},
{
"name" : "SampleConfiguration",
"targets" : [
"SampleConfiguration"
],
"type" : {
"library" : [
"automatic"
]
}
}
],
"targets" : [
{
"c99name" : "SampleConfiguration",
"module_type" : "SwiftTarget",
"name" : "SampleConfiguration",
"path" : "Sources/SampleConfiguration",
"product_memberships" : [
"SampleConfiguration"
],
"sources" : [
"SampleConfiguration.swift",
"SampleContext.swift"
],
"target_dependencies" : [
"SDGSwiftConfiguration"
],
"type" : "library"
},
{
"c99name" : "SDGXcodeTests",
"module_type" : "SwiftTarget",
"name" : "SDGXcodeTests",
"path" : "Tests/SDGXcodeTests",
"product_dependencies" : [
"SDGLogic",
"SDGCollections",
"SDGText",
"SDGPersistence",
"SDGLocalization",
"SDGVersioning",
"SDGPersistenceTestUtilities",
"SDGLocalizationTestUtilities",
"SDGXCTestUtilities"
],
"sources" : [
"APITests.swift",
"RegressionTests.swift"
],
"target_dependencies" : [
"SDGXcode",
"SDGSwift",
"SDGSwiftLocalizations",
"SDGSwiftTestUtilities"
],
"type" : "test"
},
{
"c99name" : "SDGXcode",
"module_type" : "SwiftTarget",
"name" : "SDGXcode",
"path" : "Sources/SDGXcode",
"product_dependencies" : [
"SDGControlFlow",
"SDGLogic",
"SDGMathematics",
"SDGCollections",
"SDGText",
"SDGLocalization",
"SDGExternalProcess",
"SDGVersioning"
],
"product_memberships" : [
"SDGXcode"
],
"sources" : [
"PackageRepository.swift",
"Xcode.Platform.swift",
"Xcode.swift",
"XcodeCoverageReportingError.swift",
"XcodeSchemeError.swift"
],
"target_dependencies" : [
"SDGSwift",
"SDGSwiftLocalizations"
],
"type" : "library"
},
{
"c99name" : "SDGSwiftTests",
"module_type" : "SwiftTarget",
"name" : "SDGSwiftTests",
"path" : "Tests/SDGSwiftTests",
"product_dependencies" : [
"SDGLogic",
"SDGMathematics",
"SDGCollections",
"SDGText",
"SDGLocalization",
"SDGVersioning",
"SDGLogicTestUtilities",
"SDGLocalizationTestUtilities",
"SDGXCTestUtilities"
],
"sources" : [
"APITests.swift",
"InternalTests.swift",
"RegressionTests.swift"
],
"target_dependencies" : [
"SDGSwiftLocalizations",
"SDGSwift",
"SDGSwiftTestUtilities"
],
"type" : "test"
},
{
"c99name" : "SDGSwiftTestUtilities",
"module_type" : "SwiftTarget",
"name" : "SDGSwiftTestUtilities",
"path" : "Tests/SDGSwiftTestUtilities",
"product_dependencies" : [
"SDGLogic",
"SDGText",
"SDGPersistence",
"SDGExternalProcess",
"SDGVersioning",
"SDGXCTestUtilities",
"SDGPersistenceTestUtilities"
],
"sources" : [
"ProcessInfo.swift",
"Repositories.swift",
"Repository.swift",
"TestCase.swift"
],
"target_dependencies" : [
"SDGSwift",
"SDGSwiftPackageManager"
],
"type" : "library"
},
{
"c99name" : "SDGSwiftSourceTests",
"module_type" : "SwiftTarget",
"name" : "SDGSwiftSourceTests",
"path" : "Tests/SDGSwiftSourceTests",
"product_dependencies" : [
"SDGLogic",
"SDGCollections",
"SDGPersistence",
"SDGPersistenceTestUtilities",
"SwiftSyntax",
"SwiftSyntaxParser"
],
"sources" : [
"APITests.swift",
"Conformances/BlockComment.swift",
"Conformances/BlockDocumentation.swift",
"Conformances/CodeBlockNode.swift",
"Conformances/CodeContent.swift",
"Conformances/CommentContent.swift",
"Conformances/DocumentationContent.swift",
"Conformances/LineComment.swift",
"Conformances/LineDocumentation.swift",
"Conformances/StringLiteral.swift",
"Conformances/SwiftSyntaxNode.swift",
"Scanners/Highlighter.swift",
"Scanners/RoundTripSyntaxScanner.swift",
"Scanners/RoundTripTestable.swift",
"Scanners/TextFreedomHighlighter.swift",
"Scanners/UnknownHighlighter.swift"
],
"target_dependencies" : [
"SDGSwiftSource",
"SDGSwiftLocalizations",
"SDGSwiftTestUtilities"
],
"type" : "test"
},
{
"c99name" : "SDGSwiftSource",
"module_type" : "SwiftTarget",
"name" : "SDGSwiftSource",
"path" : "Sources/SDGSwiftSource",
"product_dependencies" : [
"SDGControlFlow",
"SDGLogic",
"SDGMathematics",
"SDGCollections",
"SDGText",
"SwiftSyntax",
"SwiftSyntaxParser",
"Markdown"
],
"product_memberships" : [
"SDGSwiftSource",
"SDGSwiftDocumentation"
],
"sources" : [
"Callout.swift",
"Scanners/ClosureSyntaxScanner.swift",
"Scanners/ParentRelationship.swift",
"Scanners/ParserCache.swift",
"Scanners/ScanContext.swift",
"Scanners/SyntaxScanner.swift",
"String.swift",
"SwiftSyntax/FunctionParameterSyntax.swift",
"SwiftSyntax/SyntaxProtocol.swift",
"Syntax/Concrete Nodes/AnySyntaxNode.swift",
"Syntax/Concrete Nodes/BlockComment.swift",
"Syntax/Concrete Nodes/BlockDocumentation.swift",
"Syntax/Concrete Nodes/CalloutNode.swift",
"Syntax/Concrete Nodes/CodeBlockNode.swift",
"Syntax/Concrete Nodes/CodeContent.swift",
"Syntax/Concrete Nodes/CommentContent.swift",
"Syntax/Concrete Nodes/DocumentationContentSyntax.swift",
"Syntax/Concrete Nodes/Fragment.swift",
"Syntax/Concrete Nodes/LineComment.swift",
"Syntax/Concrete Nodes/LineDocumentation.swift",
"Syntax/Concrete Nodes/LineFragment.swift",
"Syntax/Concrete Nodes/Markdown/EmphasisNode.swift",
"Syntax/Concrete Nodes/Markdown/ImageNode.swift",
"Syntax/Concrete Nodes/Markdown/InlineCodeNode.swift",
"Syntax/Concrete Nodes/Markdown/LinkContent.swift",
"Syntax/Concrete Nodes/Markdown/LinkNode.swift",
"Syntax/Concrete Nodes/Markdown/LinkTarget.swift",
"Syntax/Concrete Nodes/Markdown/ListItemNode.swift",
"Syntax/Concrete Nodes/Markdown/ListNode.swift",
"Syntax/Concrete Nodes/Markdown/MarkdownNode.swift",
"Syntax/Concrete Nodes/Markdown/NumberedHeading.swift",
"Syntax/Concrete Nodes/Markdown/ParagraphNode.swift",
"Syntax/Concrete Nodes/Markdown/Quotation.swift",
"Syntax/Concrete Nodes/Markdown/StrongNode.swift",
"Syntax/Concrete Nodes/Markdown/UnderlinedHeading.swift",
"Syntax/Concrete Nodes/ParametersEntry.swift",
"Syntax/Concrete Nodes/SourceHeading.swift",
"Syntax/Concrete Nodes/StringLiteral.swift",
"Syntax/Concrete Nodes/SwiftSyntax/SwiftSyntaxNode.swift",
"Syntax/Concrete Nodes/SwiftSyntax/TriviaNode.swift",
"Syntax/Concrete Nodes/SwiftSyntax/TriviaPieceNode.swift",
"Syntax/Concrete Nodes/Token.swift",
"Syntax/Protocols/BlockCommentContentProtocol.swift",
"Syntax/Protocols/BlockCommentProtocol.swift",
"Syntax/Protocols/FontNode.swift",
"Syntax/Protocols/FragmentProtocol.swift",
"Syntax/Protocols/LineCommentContentProtocol.swift",
"Syntax/Protocols/LineCommentProtocol.swift",
"Syntax/Protocols/MarkdownHeading.swift",
"Syntax/Protocols/StreamedViaChildren.swift",
"Syntax/Protocols/SyntaxNode.swift",
"Syntax/Token.Kind.swift",
"TextFreedom.swift"
],
"target_dependencies" : [
"SDGSwift",
"SDGSwiftLocalizations"
],
"type" : "library"
},
{
"c99name" : "SDGSwiftPackageManagerTests",
"module_type" : "SwiftTarget",
"name" : "SDGSwiftPackageManagerTests",
"path" : "Tests/SDGSwiftPackageManagerTests",
"product_dependencies" : [
"SDGText",
"SDGPersistence",
"SDGLocalization",
"SDGLocalizationTestUtilities",
"SDGPersistenceTestUtilities",
"SDGXCTestUtilities"
],
"sources" : [
"APITests.swift",
"RegressionTests.swift"
],
"target_dependencies" : [
"SDGSwift",
"SDGSwiftPackageManager",
"SDGSwiftLocalizations",
"SDGSwiftTestUtilities"
],
"type" : "test"
},
{
"c99name" : "SDGSwiftPackageManager",
"module_type" : "SwiftTarget",
"name" : "SDGSwiftPackageManager",
"path" : "Sources/SDGSwiftPackageManager",
"product_dependencies" : [
"SDGLogic",
"SDGMathematics",
"SDGCollections",
"SDGText",
"SDGLocalization",
"SDGVersioning",
"SwiftPMDataModel-auto",
"SwiftToolsSupport-auto"
],
"product_memberships" : [
"SDGSwiftPackageManager",
"SDGSwiftDocumentation"
],
"sources" : [
"Git.swift",
"PackageRepository.swift",
"PackageRepositoryInitializationError.swift",
"SwiftCompilerPackageLoadingError.swift"
],
"target_dependencies" : [
"SDGSwift",
"SDGSwiftLocalizations"
],
"type" : "library"
},
{
"c99name" : "SDGSwiftLocalizations",
"module_type" : "SwiftTarget",
"name" : "SDGSwiftLocalizations",
"path" : "Sources/SDGSwiftLocalizations",
"product_dependencies" : [
"SDGLocalization"
],
"product_memberships" : [
"SDGSwift",
"SDGSwiftPackageManager",
"SDGSwiftSource",
"SDGSwiftDocumentation",
"SDGXcode",
"SDGSwiftConfigurationLoading"
],
"sources" : [
"APILocalization.swift",
"InterfaceLocalization.swift"
],
"type" : "library"
},
{
"c99name" : "SDGSwiftDocumentationTests",
"module_type" : "SwiftTarget",
"name" : "SDGSwiftDocumentationTests",
"path" : "Tests/SDGSwiftDocumentationTests",
"product_dependencies" : [
"SDGControlFlow",
"SDGLogic",
"SDGMathematics",
"SDGCollections",
"SDGText",
"SDGLocalization",
"SDGPersistenceTestUtilities",
"SDGLocalizationTestUtilities",
"SDGXCTestUtilities",
"SwiftSyntax",
"SwiftSyntaxParser",
"SwiftPMDataModel-auto",
"SymbolKit"
],
"sources" : [
"APITests.swift",
"InternalTests.swift"
],
"target_dependencies" : [
"SDGSwift",
"SDGSwiftSource",
"SDGSwiftDocumentation",
"SDGSwiftLocalizations",
"SDGSwiftTestUtilities"
],
"type" : "test"
},
{
"c99name" : "SDGSwiftDocumentationExampleTests",
"module_type" : "SwiftTarget",
"name" : "SDGSwiftDocumentationExampleTests",
"path" : "Tests/SDGSwiftDocumentationExampleTests",
"product_dependencies" : [
"SDGVersioning",
"SDGXCTestUtilities"
],
"sources" : [
"ReadMeExampleTests.swift"
],
"target_dependencies" : [
"SDGSwift",
"SDGSwiftTestUtilities"
],
"type" : "test"
},
{
"c99name" : "SDGSwiftDocumentation",
"module_type" : "SwiftTarget",
"name" : "SDGSwiftDocumentation",
"path" : "Sources/SDGSwiftDocumentation",
"product_dependencies" : [
"SDGControlFlow",
"SDGLogic",
"SDGMathematics",
"SDGCollections",
"SDGText",
"SDGLocalization",
"OrderedCollections",
"SymbolKit",
"SwiftPMDataModel-auto",
"SwiftSyntax",
"SwiftSyntaxParser"
],
"product_memberships" : [
"SDGSwiftDocumentation"
],
"sources" : [
"Additions/LibraryAPI.swift",
"Additions/ModuleAPI.swift",
"Additions/Operator.swift",
"Additions/PackageAPI.swift",
"Additions/PrecedenceGroup.swift",
"Additions/StoredDocumentation.swift",
"Additions/SwiftSyntax/OperatorDeclSyntax.swift",
"Additions/SwiftSyntax/PrecedenceGroupDeclSyntax.swift",
"Additions/SwiftSyntax/SourceLocation.swift",
"Additions/SwiftSyntax/Syntax.swift",
"Additions/SwiftSyntax/SyntaxProtocol.swift",
"Additions/SymbolDocumentation.swift",
"Additions/SymbolLike.swift",
"LoadedSymbolGraph.swift",
"PackageRepository.swift",
"SwiftPM/Manifest.swift",
"SwiftPM/Package.swift",
"SymbolGraph.LoadingError.swift",
"SymbolKit/SymbolGraph.Symbol.Names.swift",
"SymbolKit/SymbolGraph.Symbol.swift",
"SymbolKit/SymbolGraph.swift"
],
"target_dependencies" : [
"SDGSwift",
"SDGSwiftPackageManager",
"SDGSwiftSource"
],
"type" : "library"
},
{
"c99name" : "SDGSwiftConfigurationTests",
"module_type" : "SwiftTarget",
"name" : "SDGSwiftConfigurationTests",
"path" : "Tests/SDGSwiftConfigurationTests",
"product_dependencies" : [
"SDGLogic",
"SDGCollections",
"SDGText",
"SDGLocalization",
"SDGVersioning",
"SDGPersistenceTestUtilities",
"SDGLocalizationTestUtilities",
"SDGXCTestUtilities"
],
"sources" : [
"APITests.swift",
"InternalTests.swift",
"LegacyMode.swift"
],
"target_dependencies" : [
"SDGSwift",
"SDGSwiftConfiguration",
"SDGSwiftConfigurationLoading",
"SDGSwiftTestUtilities",
"SampleConfiguration"
],
"type" : "test"
},
{
"c99name" : "SDGSwiftConfigurationLoading",
"module_type" : "SwiftTarget",
"name" : "SDGSwiftConfigurationLoading",
"path" : "Sources/SDGSwiftConfigurationLoading",
"product_dependencies" : [
"SDGLogic",
"SDGCollections",
"SDGText",
"SDGLocalization",
"SDGVersioning"
],
"product_memberships" : [
"SDGSwiftConfigurationLoading"
],
"resources" : [
{
"path" : "/Users/admin/builder/spi-builder-workspace/Sources/SDGSwiftConfigurationLoading/Package.swift.txt",
"rule" : {
"copy" : {
}
}
}
],
"sources" : [
"Configuration.swift",
"ConfigurationError.swift",
"LegacyMode.swift",
"Resources.swift",
"Resources/Resources 1.swift"
],
"target_dependencies" : [
"SDGSwiftLocalizations",
"SDGSwiftConfiguration",
"SDGSwift"
],
"type" : "library"
},
{
"c99name" : "SDGSwiftConfiguration",
"module_type" : "SwiftTarget",
"name" : "SDGSwiftConfiguration",
"path" : "Sources/SDGSwiftConfiguration",
"product_memberships" : [
"SDGSwiftConfiguration",
"SDGSwiftConfigurationLoading",
"SampleConfiguration"
],
"sources" : [
"Configuration.swift",
"Context.swift",
"Export.swift"
],
"type" : "library"
},
{
"c99name" : "SDGSwift",
"module_type" : "SwiftTarget",
"name" : "SDGSwift",
"path" : "Sources/SDGSwift",
"product_dependencies" : [
"SDGControlFlow",
"SDGLogic",
"SDGMathematics",
"SDGCollections",
"SDGText",
"SDGLocalization",
"SDGExternalProcess",
"SDGVersioning"
],
"product_memberships" : [
"SDGSwift",
"SDGSwiftPackageManager",
"SDGSwiftSource",
"SDGSwiftDocumentation",
"SDGXcode",
"SDGSwiftConfigurationLoading"
],
"sources" : [
"Build.swift",
"Git.swift",
"PackageRepository.swift",
"PackageStructure.swift",
"PackageStructureBuildError.swift",
"PackageStructureExecutionError.swift",
"String/String.ScalarOffset.swift",
"String/String.swift",
"String/URL.swift",
"SwiftCompiler.swift",
"SwiftCompilerCoverageReportingError.swift",
"Test Coverage/CoverageRegion.swift",
"Test Coverage/FileTestCoverage.swift",
"Test Coverage/TestCoverageReport.swift",
"Version.swift",
"VersionedExternalProcess.swift",
"VersionedExternalProcessExecutionError.swift",
"VersionedExternalProcessLocationError.swift"
],
"target_dependencies" : [
"SDGSwiftLocalizations"
],
"type" : "library"
}
],
"tools_version" : "5.7"
}
{
"workspace" : {
"name" : "SDGSwift",
"schemes" : [
"SampleConfiguration",
"SDGSwift",
"SDGSwift-Package",
"SDGSwiftConfiguration",
"SDGSwiftConfigurationLoading",
"SDGSwiftDocumentation",
"SDGSwiftPackageManager",
"SDGSwiftSource",
"SDGXcode",
"SwiftPM-Perf"
]
}
}
2026-09-19 11:07:15.586 xcodebuild[1657:8963] [MT] IDERunDestination: Supported platforms for the buildables in the current scheme is empty.
{
"workspace" : {
"name" : "SDGSwift",
"schemes" : [
"SampleConfiguration",
"SDGSwift",
"SDGSwift-Package",
"SDGSwiftConfiguration",
"SDGSwiftConfigurationLoading",
"SDGSwiftDocumentation",
"SDGSwiftPackageManager",
"SDGSwiftSource",
"SDGXcode",
"SwiftPM-Perf"
]
}
}
2026-09-19 11:07:19.413 xcodebuild[1670:9057] [MT] IDERunDestination: Supported platforms for the buildables in the current scheme is empty.
Running build ...
env DEVELOPER_DIR=/Applications/Xcode-27.0.0-Release.Candidate.app xcrun xcodebuild -IDEClonedSourcePackagesDirPathOverride=$PWD/.dependencies -skipMacroValidation -skipPackagePluginValidation -derivedDataPath $PWD/.derivedData build -scheme SDGSwift-Package -destination generic/platform=xrOS
Command line invocation:
/Applications/Xcode-27.0.0-Release.Candidate.app/Contents/Developer/usr/bin/xcodebuild -IDEClonedSourcePackagesDirPathOverride=/Users/admin/builder/spi-builder-workspace/.dependencies -skipMacroValidation -skipPackagePluginValidation -derivedDataPath /Users/admin/builder/spi-builder-workspace/.derivedData build -scheme SDGSwift-Package -destination generic/platform=xrOS
Resolve Package Graph
failed to retrieve search paths with pkg-config; maybe pkg-config is not installedcouldn't find pc file for sqlite3
Resolved source packages:
SDGCornerstone: https://github.com/SDGGiesbrecht/SDGCornerstone @ 10.2.0
swift-markdown: https://github.com/SDGGiesbrecht/swift-markdown @ 0.50800.0
swift-tools-support-core: https://github.com/apple/swift-tools-support-core @ 0.5.2
cmark-gfm: https://github.com/SDGGiesbrecht/swift-cmark @ 0.50800.0
swift-numerics: https://github.com/apple/swift-numerics @ 1.1.1
SymbolKit: https://github.com/SDGGiesbrecht/swift-docc-symbolkit @ 0.50800.0
SDGSwift: /Users/admin/builder/spi-builder-workspace
swift-collections: https://github.com/apple/swift-collections @ 1.6.0
swift-crypto: https://github.com/SDGGiesbrecht/swift-crypto @ 0.20400.0
Yams: https://github.com/jpsim/Yams.git @ 5.4.0
swift-system: https://github.com/apple/swift-system.git @ 1.1.1
swift-driver: https://github.com/SDGGiesbrecht/swift-driver @ 0.50800.0
SwiftSyntax: https://github.com/SDGGiesbrecht/swift-syntax @ 0.50800.0
llbuild: https://github.com/SDGGiesbrecht/swift-llbuild @ 0.50800.0
SwiftPM: https://github.com/SDGGiesbrecht/swift-package-manager @ 0.50800.0
swift-argument-parser: https://github.com/apple/swift-argument-parser.git @ 1.8.2
ComputePackagePrebuildTargetDependencyGraph
Prepare packages
CreateBuildRequest
SendProjectDescription
CreateBuildOperation
ComputeTargetDependencyGraph
note: Building targets in dependency order
note: Target dependency graph (46 targets)
Target 'SampleConfiguration-product' in project 'SDGSwift'
➜ Explicit dependency on target 'SampleConfiguration' in project 'SDGSwift'
➜ Explicit dependency on target 'SDGSwiftConfiguration' in project 'SDGSwift'
Target 'SampleConfiguration' in project 'SDGSwift'
➜ Explicit dependency on target 'SDGSwiftConfiguration' in project 'SDGSwift'
Target 'SDGSwiftConfigurationLoading-product' in project 'SDGSwift'
➜ Explicit dependency on target 'SDGSwiftConfigurationLoading' in project 'SDGSwift'
➜ Explicit dependency on target 'SDGSwift_SDGSwiftConfigurationLoading' in project 'SDGSwift'
➜ Explicit dependency on target 'SDGSwiftLocalizations' in project 'SDGSwift'
➜ Explicit dependency on target 'SDGSwiftConfiguration' in project 'SDGSwift'
➜ Explicit dependency on target 'SDGSwift' in project 'SDGSwift'
➜ Explicit dependency on target 'SDGLocalization-product' in project 'SDGCornerstone'
➜ Explicit dependency on target 'SDGControlFlow-product' in project 'SDGCornerstone'
➜ Explicit dependency on target 'SDGLogic-product' in project 'SDGCornerstone'
➜ Explicit dependency on target 'SDGMathematics-product' in project 'SDGCornerstone'
➜ Explicit dependency on target 'SDGCollections-product' in project 'SDGCornerstone'
➜ Explicit dependency on target 'SDGText-product' in project 'SDGCornerstone'
➜ Explicit dependency on target 'SDGExternalProcess-product' in project 'SDGCornerstone'
➜ Explicit dependency on target 'SDGVersioning-product' in project 'SDGCornerstone'
Target 'SDGSwiftConfigurationLoading' in project 'SDGSwift'
➜ Explicit dependency on target 'SDGSwift_SDGSwiftConfigurationLoading' in project 'SDGSwift'
➜ Explicit dependency on target 'SDGSwiftLocalizations' in project 'SDGSwift'
➜ Explicit dependency on target 'SDGSwiftConfiguration' in project 'SDGSwift'
➜ Explicit dependency on target 'SDGSwift' in project 'SDGSwift'
➜ Explicit dependency on target 'SDGLocalization-product' in project 'SDGCornerstone'
➜ Explicit dependency on target 'SDGControlFlow-product' in project 'SDGCornerstone'
➜ Explicit dependency on target 'SDGLogic-product' in project 'SDGCornerstone'
➜ Explicit dependency on target 'SDGMathematics-product' in project 'SDGCornerstone'
➜ Explicit dependency on target 'SDGCollections-product' in project 'SDGCornerstone'
➜ Explicit dependency on target 'SDGText-product' in project 'SDGCornerstone'
➜ Explicit dependency on target 'SDGExternalProcess-product' in project 'SDGCornerstone'
➜ Explicit dependency on target 'SDGVersioning-product' in project 'SDGCornerstone'
Target 'SDGSwift_SDGSwiftConfigurationLoading' in project 'SDGSwift' (no dependencies)
Target 'SDGSwiftConfiguration-product' in project 'SDGSwift'
➜ Explicit dependency on target 'SDGSwiftConfiguration' in project 'SDGSwift'
Target 'SDGSwiftConfiguration' in project 'SDGSwift' (no dependencies)
Target 'SDGXcode-product' in project 'SDGSwift'
➜ Explicit dependency on target 'SDGXcode' in project 'SDGSwift'
➜ Explicit dependency on target 'SDGSwiftLocalizations' in project 'SDGSwift'
➜ Explicit dependency on target 'SDGSwift' in project 'SDGSwift'
➜ Explicit dependency on target 'SDGLocalization-product' in project 'SDGCornerstone'
➜ Explicit dependency on target 'SDGControlFlow-product' in project 'SDGCornerstone'
➜ Explicit dependency on target 'SDGLogic-product' in project 'SDGCornerstone'
➜ Explicit dependency on target 'SDGMathematics-product' in project 'SDGCornerstone'
➜ Explicit dependency on target 'SDGCollections-product' in project 'SDGCornerstone'
➜ Explicit dependency on target 'SDGText-product' in project 'SDGCornerstone'
➜ Explicit dependency on target 'SDGExternalProcess-product' in project 'SDGCornerstone'
➜ Explicit dependency on target 'SDGVersioning-product' in project 'SDGCornerstone'
Target 'SDGXcode' in project 'SDGSwift'
➜ Explicit dependency on target 'SDGSwiftLocalizations' in project 'SDGSwift'
➜ Explicit dependency on target 'SDGSwift' in project 'SDGSwift'
➜ Explicit dependency on target 'SDGLocalization-product' in project 'SDGCornerstone'
➜ Explicit dependency on target 'SDGControlFlow-product' in project 'SDGCornerstone'
➜ Explicit dependency on target 'SDGLogic-product' in project 'SDGCornerstone'
➜ Explicit dependency on target 'SDGMathematics-product' in project 'SDGCornerstone'
➜ Explicit dependency on target 'SDGCollections-product' in project 'SDGCornerstone'
➜ Explicit dependency on target 'SDGText-product' in project 'SDGCornerstone'
➜ Explicit dependency on target 'SDGExternalProcess-product' in project 'SDGCornerstone'
➜ Explicit dependency on target 'SDGVersioning-product' in project 'SDGCornerstone'
Target 'SDGSwiftDocumentation-product' in project 'SDGSwift'
➜ Explicit dependency on target 'SDGSwiftDocumentation' in project 'SDGSwift'
➜ Explicit dependency on target 'SDGSwiftLocalizations' in project 'SDGSwift'
➜ Explicit dependency on target 'SDGSwift' in project 'SDGSwift'
➜ Explicit dependency on target 'SDGSwiftPackageManager' in project 'SDGSwift'
➜ Explicit dependency on target 'SDGSwiftSource' in project 'SDGSwift'
➜ Explicit dependency on target 'SDGLocalization-product' in project 'SDGCornerstone'
➜ Explicit dependency on target 'SDGControlFlow-product' in project 'SDGCornerstone'
➜ Explicit dependency on target 'SDGLogic-product' in project 'SDGCornerstone'
➜ Explicit dependency on target 'SDGMathematics-product' in project 'SDGCornerstone'
➜ Explicit dependency on target 'SDGCollections-product' in project 'SDGCornerstone'
➜ Explicit dependency on target 'SDGText-product' in project 'SDGCornerstone'
➜ Explicit dependency on target 'SDGExternalProcess-product' in project 'SDGCornerstone'
➜ Explicit dependency on target 'SDGVersioning-product' in project 'SDGCornerstone'
➜ Explicit dependency on target 'SwiftSyntax-product' in project 'SwiftSyntax'
➜ Explicit dependency on target 'OrderedCollections-product' in project 'swift-collections'
➜ Explicit dependency on target 'SymbolKit-product' in project 'SymbolKit'
Target 'SDGSwiftDocumentation' in project 'SDGSwift'
➜ Explicit dependency on target 'SDGSwiftLocalizations' in project 'SDGSwift'
➜ Explicit dependency on target 'SDGSwift' in project 'SDGSwift'
➜ Explicit dependency on target 'SDGSwiftPackageManager' in project 'SDGSwift'
➜ Explicit dependency on target 'SDGSwiftSource' in project 'SDGSwift'
➜ Explicit dependency on target 'SDGLocalization-product' in project 'SDGCornerstone'
➜ Explicit dependency on target 'SDGControlFlow-product' in project 'SDGCornerstone'
➜ Explicit dependency on target 'SDGLogic-product' in project 'SDGCornerstone'
➜ Explicit dependency on target 'SDGMathematics-product' in project 'SDGCornerstone'
➜ Explicit dependency on target 'SDGCollections-product' in project 'SDGCornerstone'
➜ Explicit dependency on target 'SDGText-product' in project 'SDGCornerstone'
➜ Explicit dependency on target 'SDGExternalProcess-product' in project 'SDGCornerstone'
➜ Explicit dependency on target 'SDGVersioning-product' in project 'SDGCornerstone'
➜ Explicit dependency on target 'SwiftSyntax-product' in project 'SwiftSyntax'
➜ Explicit dependency on target 'OrderedCollections-product' in project 'swift-collections'
➜ Explicit dependency on target 'SymbolKit-product' in project 'SymbolKit'
Target 'SymbolKit-product' in project 'SymbolKit'
➜ Explicit dependency on target 'SymbolKit' in project 'SymbolKit'
Target 'SymbolKit' in project 'SymbolKit' (no dependencies)
Target 'SDGSwiftSource-product' in project 'SDGSwift'
➜ Explicit dependency on target 'SDGSwiftSource' in project 'SDGSwift'
➜ Explicit dependency on target 'SDGSwiftLocalizations' in project 'SDGSwift'
➜ Explicit dependency on target 'SDGSwift' in project 'SDGSwift'
➜ Explicit dependency on target 'SDGLocalization-product' in project 'SDGCornerstone'
➜ Explicit dependency on target 'SDGControlFlow-product' in project 'SDGCornerstone'
➜ Explicit dependency on target 'SDGLogic-product' in project 'SDGCornerstone'
➜ Explicit dependency on target 'SDGMathematics-product' in project 'SDGCornerstone'
➜ Explicit dependency on target 'SDGCollections-product' in project 'SDGCornerstone'
➜ Explicit dependency on target 'SDGText-product' in project 'SDGCornerstone'
➜ Explicit dependency on target 'SDGExternalProcess-product' in project 'SDGCornerstone'
➜ Explicit dependency on target 'SDGVersioning-product' in project 'SDGCornerstone'
➜ Explicit dependency on target 'SwiftSyntax-product' in project 'SwiftSyntax'
Target 'SDGSwiftSource' in project 'SDGSwift'
➜ Explicit dependency on target 'SDGSwiftLocalizations' in project 'SDGSwift'
➜ Explicit dependency on target 'SDGSwift' in project 'SDGSwift'
➜ Explicit dependency on target 'SDGLocalization-product' in project 'SDGCornerstone'
➜ Explicit dependency on target 'SDGControlFlow-product' in project 'SDGCornerstone'
➜ Explicit dependency on target 'SDGLogic-product' in project 'SDGCornerstone'
➜ Explicit dependency on target 'SDGMathematics-product' in project 'SDGCornerstone'
➜ Explicit dependency on target 'SDGCollections-product' in project 'SDGCornerstone'
➜ Explicit dependency on target 'SDGText-product' in project 'SDGCornerstone'
➜ Explicit dependency on target 'SDGExternalProcess-product' in project 'SDGCornerstone'
➜ Explicit dependency on target 'SDGVersioning-product' in project 'SDGCornerstone'
➜ Explicit dependency on target 'SwiftSyntax-product' in project 'SwiftSyntax'
Target 'SwiftSyntax-product' in project 'SwiftSyntax'
➜ Explicit dependency on target 'SwiftSyntax' in project 'SwiftSyntax'
Target 'SwiftSyntax' in project 'SwiftSyntax' (no dependencies)
Target 'SDGSwiftPackageManager-product' in project 'SDGSwift'
➜ Explicit dependency on target 'SDGSwiftPackageManager' in project 'SDGSwift'
➜ Explicit dependency on target 'SDGSwiftLocalizations' in project 'SDGSwift'
➜ Explicit dependency on target 'SDGSwift' in project 'SDGSwift'
➜ Explicit dependency on target 'SDGLocalization-product' in project 'SDGCornerstone'
➜ Explicit dependency on target 'SDGControlFlow-product' in project 'SDGCornerstone'
➜ Explicit dependency on target 'SDGLogic-product' in project 'SDGCornerstone'
➜ Explicit dependency on target 'SDGMathematics-product' in project 'SDGCornerstone'
➜ Explicit dependency on target 'SDGCollections-product' in project 'SDGCornerstone'
➜ Explicit dependency on target 'SDGText-product' in project 'SDGCornerstone'
➜ Explicit dependency on target 'SDGExternalProcess-product' in project 'SDGCornerstone'
➜ Explicit dependency on target 'SDGVersioning-product' in project 'SDGCornerstone'
Target 'SDGSwiftPackageManager' in project 'SDGSwift'
➜ Explicit dependency on target 'SDGSwiftLocalizations' in project 'SDGSwift'
➜ Explicit dependency on target 'SDGSwift' in project 'SDGSwift'
➜ Explicit dependency on target 'SDGLocalization-product' in project 'SDGCornerstone'
➜ Explicit dependency on target 'SDGControlFlow-product' in project 'SDGCornerstone'
➜ Explicit dependency on target 'SDGLogic-product' in project 'SDGCornerstone'
➜ Explicit dependency on target 'SDGMathematics-product' in project 'SDGCornerstone'
➜ Explicit dependency on target 'SDGCollections-product' in project 'SDGCornerstone'
➜ Explicit dependency on target 'SDGText-product' in project 'SDGCornerstone'
➜ Explicit dependency on target 'SDGExternalProcess-product' in project 'SDGCornerstone'
➜ Explicit dependency on target 'SDGVersioning-product' in project 'SDGCornerstone'
Target 'SDGSwift-product' in project 'SDGSwift'
➜ Explicit dependency on target 'SDGSwift' in project 'SDGSwift'
➜ Explicit dependency on target 'SDGSwiftLocalizations' in project 'SDGSwift'
➜ Explicit dependency on target 'SDGLocalization-product' in project 'SDGCornerstone'
➜ Explicit dependency on target 'SDGControlFlow-product' in project 'SDGCornerstone'
➜ Explicit dependency on target 'SDGLogic-product' in project 'SDGCornerstone'
➜ Explicit dependency on target 'SDGMathematics-product' in project 'SDGCornerstone'
➜ Explicit dependency on target 'SDGCollections-product' in project 'SDGCornerstone'
➜ Explicit dependency on target 'SDGText-product' in project 'SDGCornerstone'
➜ Explicit dependency on target 'SDGExternalProcess-product' in project 'SDGCornerstone'
➜ Explicit dependency on target 'SDGVersioning-product' in project 'SDGCornerstone'
Target 'SDGSwift' in project 'SDGSwift'
➜ Explicit dependency on target 'SDGSwiftLocalizations' in project 'SDGSwift'
➜ Explicit dependency on target 'SDGLocalization-product' in project 'SDGCornerstone'
➜ Explicit dependency on target 'SDGControlFlow-product' in project 'SDGCornerstone'
➜ Explicit dependency on target 'SDGLogic-product' in project 'SDGCornerstone'
➜ Explicit dependency on target 'SDGMathematics-product' in project 'SDGCornerstone'
➜ Explicit dependency on target 'SDGCollections-product' in project 'SDGCornerstone'
➜ Explicit dependency on target 'SDGText-product' in project 'SDGCornerstone'
➜ Explicit dependency on target 'SDGExternalProcess-product' in project 'SDGCornerstone'
➜ Explicit dependency on target 'SDGVersioning-product' in project 'SDGCornerstone'
Target 'SDGVersioning-product' in project 'SDGCornerstone'
➜ Explicit dependency on target 'SDGVersioning' in project 'SDGCornerstone'
➜ Explicit dependency on target 'SDGControlFlow' in project 'SDGCornerstone'
➜ Explicit dependency on target 'SDGLogic' in project 'SDGCornerstone'
➜ Explicit dependency on target 'SDGMathematics' in project 'SDGCornerstone'
➜ Explicit dependency on target 'SDGCollections' in project 'SDGCornerstone'
➜ Explicit dependency on target 'SDGText' in project 'SDGCornerstone'
➜ Explicit dependency on target 'SDGPersistence' in project 'SDGCornerstone'
➜ Explicit dependency on target 'SDGLocalization' in project 'SDGCornerstone'
➜ Explicit dependency on target 'SDGCornerstoneLocalizations' in project 'SDGCornerstone'
➜ Explicit dependency on target 'RealModule-product' in project 'swift-numerics'
➜ Explicit dependency on target 'OrderedCollections-product' in project 'swift-collections'
Target 'SDGVersioning' in project 'SDGCornerstone'
➜ Explicit dependency on target 'SDGControlFlow' in project 'SDGCornerstone'
➜ Explicit dependency on target 'SDGLogic' in project 'SDGCornerstone'
➜ Explicit dependency on target 'SDGMathematics' in project 'SDGCornerstone'
➜ Explicit dependency on target 'SDGCollections' in project 'SDGCornerstone'
➜ Explicit dependency on target 'SDGText' in project 'SDGCornerstone'
➜ Explicit dependency on target 'SDGPersistence' in project 'SDGCornerstone'
➜ Explicit dependency on target 'SDGLocalization' in project 'SDGCornerstone'
➜ Explicit dependency on target 'SDGCornerstoneLocalizations' in project 'SDGCornerstone'
➜ Explicit dependency on target 'RealModule-product' in project 'swift-numerics'
➜ Explicit dependency on target 'OrderedCollections-product' in project 'swift-collections'
Target 'SDGCornerstoneLocalizations' in project 'SDGCornerstone'
➜ Explicit dependency on target 'SDGControlFlow' in project 'SDGCornerstone'
➜ Explicit dependency on target 'SDGLogic' in project 'SDGCornerstone'
➜ Explicit dependency on target 'SDGMathematics' in project 'SDGCornerstone'
➜ Explicit dependency on target 'SDGCollections' in project 'SDGCornerstone'
➜ Explicit dependency on target 'SDGText' in project 'SDGCornerstone'
➜ Explicit dependency on target 'SDGPersistence' in project 'SDGCornerstone'
➜ Explicit dependency on target 'SDGLocalization' in project 'SDGCornerstone'
➜ Explicit dependency on target 'RealModule-product' in project 'swift-numerics'
➜ Explicit dependency on target 'OrderedCollections-product' in project 'swift-collections'
Target 'SDGExternalProcess-product' in project 'SDGCornerstone'
➜ Explicit dependency on target 'SDGExternalProcess' in project 'SDGCornerstone'
➜ Explicit dependency on target 'SDGControlFlow' in project 'SDGCornerstone'
➜ Explicit dependency on target 'SDGLogic' in project 'SDGCornerstone'
➜ Explicit dependency on target 'SDGMathematics' in project 'SDGCornerstone'
➜ Explicit dependency on target 'SDGCollections' in project 'SDGCornerstone'
➜ Explicit dependency on target 'SDGText' in project 'SDGCornerstone'
➜ Explicit dependency on target 'SDGPersistence' in project 'SDGCornerstone'
➜ Explicit dependency on target 'SDGLocalization' in project 'SDGCornerstone'
➜ Explicit dependency on target 'RealModule-product' in project 'swift-numerics'
➜ Explicit dependency on target 'OrderedCollections-product' in project 'swift-collections'
Target 'SDGExternalProcess' in project 'SDGCornerstone'
➜ Explicit dependency on target 'SDGControlFlow' in project 'SDGCornerstone'
➜ Explicit dependency on target 'SDGLogic' in project 'SDGCornerstone'
➜ Explicit dependency on target 'SDGMathematics' in project 'SDGCornerstone'
➜ Explicit dependency on target 'SDGCollections' in project 'SDGCornerstone'
➜ Explicit dependency on target 'SDGText' in project 'SDGCornerstone'
➜ Explicit dependency on target 'SDGPersistence' in project 'SDGCornerstone'
➜ Explicit dependency on target 'SDGLocalization' in project 'SDGCornerstone'
➜ Explicit dependency on target 'RealModule-product' in project 'swift-numerics'
➜ Explicit dependency on target 'OrderedCollections-product' in project 'swift-collections'
Target 'SDGText-product' in project 'SDGCornerstone'
➜ Explicit dependency on target 'SDGText' in project 'SDGCornerstone'
➜ Explicit dependency on target 'SDGControlFlow' in project 'SDGCornerstone'
➜ Explicit dependency on target 'SDGLogic' in project 'SDGCornerstone'
➜ Explicit dependency on target 'SDGMathematics' in project 'SDGCornerstone'
➜ Explicit dependency on target 'SDGCollections' in project 'SDGCornerstone'
➜ Explicit dependency on target 'RealModule-product' in project 'swift-numerics'
➜ Explicit dependency on target 'OrderedCollections-product' in project 'swift-collections'
Target 'SDGCollections-product' in project 'SDGCornerstone'
➜ Explicit dependency on target 'SDGCollections' in project 'SDGCornerstone'
➜ Explicit dependency on target 'SDGControlFlow' in project 'SDGCornerstone'
➜ Explicit dependency on target 'SDGLogic' in project 'SDGCornerstone'
➜ Explicit dependency on target 'SDGMathematics' in project 'SDGCornerstone'
➜ Explicit dependency on target 'RealModule-product' in project 'swift-numerics'
➜ Explicit dependency on target 'OrderedCollections-product' in project 'swift-collections'
Target 'SDGMathematics-product' in project 'SDGCornerstone'
➜ Explicit dependency on target 'SDGMathematics' in project 'SDGCornerstone'
➜ Explicit dependency on target 'SDGControlFlow' in project 'SDGCornerstone'
➜ Explicit dependency on target 'SDGLogic' in project 'SDGCornerstone'
➜ Explicit dependency on target 'RealModule-product' in project 'swift-numerics'
Target 'SDGLogic-product' in project 'SDGCornerstone'
➜ Explicit dependency on target 'SDGLogic' in project 'SDGCornerstone'
Target 'SDGControlFlow-product' in project 'SDGCornerstone'
➜ Explicit dependency on target 'SDGControlFlow' in project 'SDGCornerstone'
Target 'SDGSwiftLocalizations' in project 'SDGSwift'
➜ Explicit dependency on target 'SDGLocalization-product' in project 'SDGCornerstone'
Target 'SDGLocalization-product' in project 'SDGCornerstone'
➜ Explicit dependency on target 'SDGLocalization' in project 'SDGCornerstone'
➜ Explicit dependency on target 'SDGControlFlow' in project 'SDGCornerstone'
➜ Explicit dependency on target 'SDGLogic' in project 'SDGCornerstone'
➜ Explicit dependency on target 'SDGMathematics' in project 'SDGCornerstone'
➜ Explicit dependency on target 'SDGCollections' in project 'SDGCornerstone'
➜ Explicit dependency on target 'SDGText' in project 'SDGCornerstone'
➜ Explicit dependency on target 'SDGPersistence' in project 'SDGCornerstone'
➜ Explicit dependency on target 'RealModule-product' in project 'swift-numerics'
➜ Explicit dependency on target 'OrderedCollections-product' in project 'swift-collections'
Target 'SDGLocalization' in project 'SDGCornerstone'
➜ Explicit dependency on target 'SDGControlFlow' in project 'SDGCornerstone'
➜ Explicit dependency on target 'SDGLogic' in project 'SDGCornerstone'
➜ Explicit dependency on target 'SDGMathematics' in project 'SDGCornerstone'
➜ Explicit dependency on target 'SDGCollections' in project 'SDGCornerstone'
➜ Explicit dependency on target 'SDGText' in project 'SDGCornerstone'
➜ Explicit dependency on target 'SDGPersistence' in project 'SDGCornerstone'
➜ Explicit dependency on target 'RealModule-product' in project 'swift-numerics'
➜ Explicit dependency on target 'OrderedCollections-product' in project 'swift-collections'
Target 'SDGPersistence' in project 'SDGCornerstone'
➜ Explicit dependency on target 'SDGControlFlow' in project 'SDGCornerstone'
➜ Explicit dependency on target 'SDGLogic' in project 'SDGCornerstone'
➜ Explicit dependency on target 'SDGMathematics' in project 'SDGCornerstone'
➜ Explicit dependency on target 'SDGCollections' in project 'SDGCornerstone'
➜ Explicit dependency on target 'SDGText' in project 'SDGCornerstone'
➜ Explicit dependency on target 'RealModule-product' in project 'swift-numerics'
➜ Explicit dependency on target 'OrderedCollections-product' in project 'swift-collections'
Target 'SDGText' in project 'SDGCornerstone'
➜ Explicit dependency on target 'SDGControlFlow' in project 'SDGCornerstone'
➜ Explicit dependency on target 'SDGLogic' in project 'SDGCornerstone'
➜ Explicit dependency on target 'SDGMathematics' in project 'SDGCornerstone'
➜ Explicit dependency on target 'SDGCollections' in project 'SDGCornerstone'
➜ Explicit dependency on target 'RealModule-product' in project 'swift-numerics'
➜ Explicit dependency on target 'OrderedCollections-product' in project 'swift-collections'
Target 'SDGCollections' in project 'SDGCornerstone'
➜ Explicit dependency on target 'SDGControlFlow' in project 'SDGCornerstone'
➜ Explicit dependency on target 'SDGLogic' in project 'SDGCornerstone'
➜ Explicit dependency on target 'SDGMathematics' in project 'SDGCornerstone'
➜ Explicit dependency on target 'RealModule-product' in project 'swift-numerics'
➜ Explicit dependency on target 'OrderedCollections-product' in project 'swift-collections'
Target 'OrderedCollections-product' in project 'swift-collections'
➜ Explicit dependency on target 'OrderedCollections' in project 'swift-collections'
➜ Explicit dependency on target 'InternalCollectionsUtilities' in project 'swift-collections'
Target 'OrderedCollections' in project 'swift-collections'
➜ Explicit dependency on target 'InternalCollectionsUtilities' in project 'swift-collections'
Target 'InternalCollectionsUtilities' in project 'swift-collections' (no dependencies)
Target 'SDGMathematics' in project 'SDGCornerstone'
➜ Explicit dependency on target 'SDGControlFlow' in project 'SDGCornerstone'
➜ Explicit dependency on target 'SDGLogic' in project 'SDGCornerstone'
➜ Explicit dependency on target 'RealModule-product' in project 'swift-numerics'
Target 'RealModule-product' in project 'swift-numerics'
➜ Explicit dependency on target 'RealModule' in project 'swift-numerics'
➜ Explicit dependency on target '_NumericsShims' in project 'swift-numerics'
Target 'RealModule' in project 'swift-numerics'
➜ Explicit dependency on target '_NumericsShims' in project 'swift-numerics'
Target '_NumericsShims' in project 'swift-numerics' (no dependencies)
Target 'SDGLogic' in project 'SDGCornerstone' (no dependencies)
Target 'SDGControlFlow' in project 'SDGCornerstone' (no dependencies)
GatherProvisioningInputs
CreateBuildDescription
ClangStatCache /Applications/Xcode-27.0.0-Release.Candidate.app/Contents/Developer/Toolchains/XcodeDefault.xctoolchain/usr/bin/clang-stat-cache /Applications/Xcode-27.0.0-Release.Candidate.app/Contents/Developer/Platforms/XROS.platform/Developer/SDKs/XROS27.0.sdk /Users/admin/builder/spi-builder-workspace/.derivedData/SDKStatCaches.noindex/xros27.0-24M361-e829b21a6f8c9b70876ba0858053c044735bd543db762f57723cac368afd1ce4.sdkstatcache
cd /Users/admin/builder/spi-builder-workspace/.swiftpm/xcode
/Applications/Xcode-27.0.0-Release.Candidate.app/Contents/Developer/Toolchains/XcodeDefault.xctoolchain/usr/bin/clang-stat-cache /Applications/Xcode-27.0.0-Release.Candidate.app/Contents/Developer/Platforms/XROS.platform/Developer/SDKs/XROS27.0.sdk -o /Users/admin/builder/spi-builder-workspace/.derivedData/SDKStatCaches.noindex/xros27.0-24M361-e829b21a6f8c9b70876ba0858053c044735bd543db762f57723cac368afd1ce4.sdkstatcache
SwiftDriver SDGMathematics normal arm64 com.apple.xcode.tools.swift.compiler (in target 'SDGMathematics' from project 'SDGCornerstone')
cd /Users/admin/builder/spi-builder-workspace/.swiftpm/xcode
builtin-SwiftDriver -- /Applications/Xcode-27.0.0-Release.Candidate.app/Contents/Developer/Toolchains/XcodeDefault.xctoolchain/usr/bin/swiftc -parse-as-library -module-name SDGMathematics -Onone @/Users/admin/builder/spi-builder-workspace/.derivedData/Build/Intermediates.noindex/SDGCornerstone.build/Debug-xros/SDGMathematics-t.build/Objects-normal/arm64/SDGMathematics.SwiftFileList -DSWIFT_PACKAGE -DDEBUG -DSWIFT_MODULE_RESOURCE_BUNDLE_UNAVAILABLE -Xcc -fmodule-map-file\=/Users/admin/builder/spi-builder-workspace/.dependencies/checkouts/swift-numerics/Sources/_NumericsShims/include/module.modulemap -DXcode -plugin-path /Applications/Xcode-27.0.0-Release.Candidate.app/Contents/Developer/Toolchains/XcodeDefault.xctoolchain/usr/lib/swift/host/plugins/testing -enable-experimental-feature DebugDescriptionMacro -sdk /Applications/Xcode-27.0.0-Release.Candidate.app/Contents/Developer/Platforms/XROS.platform/Developer/SDKs/XROS27.0.sdk -target arm64-apple-xros1.0 -g -module-cache-path /Users/admin/builder/spi-builder-workspace/.derivedData/ModuleCache.noindex -Xfrontend -serialize-debugging-options -profile-coverage-mapping -profile-generate -enable-testing -suppress-warnings -index-store-path /Users/admin/builder/spi-builder-workspace/.derivedData/Index.noindex/DataStore -Xcc -D_LIBCPP_HARDENING_MODE\=_LIBCPP_HARDENING_MODE_DEBUG -swift-version 5 -I /Users/admin/builder/spi-builder-workspace/.derivedData/Build/Products/Debug-xros -Isystem /Applications/Xcode-27.0.0-Release.Candidate.app/Contents/Developer/Platforms/XROS.platform/Developer/usr/lib -F /Users/admin/builder/spi-builder-workspace/.derivedData/Build/Products/Debug-xros/PackageFrameworks -F /Users/admin/builder/spi-builder-workspace/.derivedData/Build/Products/Debug-xros -F /Applications/Xcode-27.0.0-Release.Candidate.app/Contents/Developer/Platforms/XROS.platform/Developer/Library/Frameworks -F /Applications/Xcode-27.0.0-Release.Candidate.app/Contents/Developer/Platforms/XROS.platform/Developer/SDKs/XROS27.0.sdk/Developer/Library/Frameworks -c -j10 -enable-batch-mode -incremental -Xcc -ivfsstatcache -Xcc /Users/admin/builder/spi-builder-workspace/.derivedData/SDKStatCaches.noindex/xros27.0-24M361-e829b21a6f8c9b70876ba0858053c044735bd543db762f57723cac368afd1ce4.sdkstatcache -output-file-map /Users/admin/builder/spi-builder-workspace/.derivedData/Build/Intermediates.noindex/SDGCornerstone.build/Debug-xros/SDGMathematics-t.build/Objects-normal/arm64/SDGMathematics-OutputFileMap.json -save-temps -no-color-diagnostics -explicit-module-build -module-cache-path /Users/admin/builder/spi-builder-workspace/.derivedData/Build/Intermediates.noindex/SwiftExplicitPrecompiledModules -clang-scanner-module-cache-path /Users/admin/builder/spi-builder-workspace/.derivedData/ModuleCache.noindex -sdk-module-cache-path /Users/admin/builder/spi-builder-workspace/.derivedData/SDKExplicitPrecompiledModules -emit-dependencies -emit-module -emit-module-path /Users/admin/builder/spi-builder-workspace/.derivedData/Build/Intermediates.noindex/SDGCornerstone.build/Debug-xros/SDGMathematics-t.build/Objects-normal/arm64/SDGMathematics.swiftmodule -serialize-diagnostics -dependency-scan-serialize-diagnostics-path /Users/admin/builder/spi-builder-workspace/.derivedData/Build/Intermediates.noindex/SDGCornerstone.build/Debug-xros/SDGMathematics-t.build/Objects-normal/arm64/SDGMathematics-dependency-scan.dia -validate-clang-modules-once -clang-build-session-file /Users/admin/builder/spi-builder-workspace/.derivedData/ModuleCache.noindex/Session.modulevalidation -Xcc -fmodules-prune-interval\=86400 -Xcc -fmodules-prune-after\=345600 -emit-const-values -const-gather-protocols-list /Users/admin/builder/spi-builder-workspace/.derivedData/Build/Intermediates.noindex/SDGCornerstone.build/Debug-xros/SDGMathematics-t.build/Objects-normal/arm64/SDGMathematics_const_extract_protocols.json -Xcc -I/Users/admin/builder/spi-builder-workspace/.dependencies/checkouts/swift-numerics/Sources/_NumericsShims/include -Xcc -I/Users/admin/builder/spi-builder-workspace/.derivedData/Build/Products/Debug-xros/include -Xcc -I/Users/admin/builder/spi-builder-workspace/.derivedData/Build/Intermediates.noindex/SDGCornerstone.build/Debug-xros/SDGMathematics-t.build/DerivedSources-normal/arm64 -Xcc -I/Users/admin/builder/spi-builder-workspace/.derivedData/Build/Intermediates.noindex/SDGCornerstone.build/Debug-xros/SDGMathematics-t.build/DerivedSources/arm64 -Xcc -I/Users/admin/builder/spi-builder-workspace/.derivedData/Build/Intermediates.noindex/SDGCornerstone.build/Debug-xros/SDGMathematics-t.build/DerivedSources -Xcc -DSWIFT_PACKAGE -Xcc -DDEBUG\=1 -emit-objc-header -emit-objc-header-path /Users/admin/builder/spi-builder-workspace/.derivedData/Build/Intermediates.noindex/SDGCornerstone.build/Debug-xros/SDGMathematics-t.build/Objects-normal/arm64/SDGMathematics-Swift.h -working-directory /Users/admin/builder/spi-builder-workspace/.swiftpm/xcode -experimental-emit-module-separately -disable-cmo
SwiftDriver SwiftSyntax normal arm64 com.apple.xcode.tools.swift.compiler (in target 'SwiftSyntax' from project 'SwiftSyntax')
cd /Users/admin/builder/spi-builder-workspace/.swiftpm/xcode
builtin-SwiftDriver -- /Applications/Xcode-27.0.0-Release.Candidate.app/Contents/Developer/Toolchains/XcodeDefault.xctoolchain/usr/bin/swiftc -parse-as-library -module-name SwiftSyntax -Onone @/Users/admin/builder/spi-builder-workspace/.derivedData/Build/Intermediates.noindex/SwiftSyntax.build/Debug-xros/SwiftSyntax-t.build/Objects-normal/arm64/SwiftSyntax.SwiftFileList -DSWIFT_PACKAGE -DDEBUG -DSWIFT_MODULE_RESOURCE_BUNDLE_UNAVAILABLE -DXcode -plugin-path /Applications/Xcode-27.0.0-Release.Candidate.app/Contents/Developer/Toolchains/XcodeDefault.xctoolchain/usr/lib/swift/host/plugins/testing -enable-experimental-feature DebugDescriptionMacro -sdk /Applications/Xcode-27.0.0-Release.Candidate.app/Contents/Developer/Platforms/XROS.platform/Developer/SDKs/XROS27.0.sdk -target arm64-apple-xros1.0 -g -module-cache-path /Users/admin/builder/spi-builder-workspace/.derivedData/ModuleCache.noindex -Xfrontend -serialize-debugging-options -profile-coverage-mapping -profile-generate -enable-testing -suppress-warnings -index-store-path /Users/admin/builder/spi-builder-workspace/.derivedData/Index.noindex/DataStore -Xcc -D_LIBCPP_HARDENING_MODE\=_LIBCPP_HARDENING_MODE_DEBUG -swift-version 5 -I /Users/admin/builder/spi-builder-workspace/.derivedData/Build/Products/Debug-xros -Isystem /Applications/Xcode-27.0.0-Release.Candidate.app/Contents/Developer/Platforms/XROS.platform/Developer/usr/lib -F /Users/admin/builder/spi-builder-workspace/.derivedData/Build/Products/Debug-xros -F /Applications/Xcode-27.0.0-Release.Candidate.app/Contents/Developer/Platforms/XROS.platform/Developer/Library/Frameworks -F /Applications/Xcode-27.0.0-Release.Candidate.app/Contents/Developer/Platforms/XROS.platform/Developer/SDKs/XROS27.0.sdk/Developer/Library/Frameworks -c -j10 -enable-batch-mode -incremental -Xcc -ivfsstatcache -Xcc /Users/admin/builder/spi-builder-workspace/.derivedData/SDKStatCaches.noindex/xros27.0-24M361-e829b21a6f8c9b70876ba0858053c044735bd543db762f57723cac368afd1ce4.sdkstatcache -output-file-map /Users/admin/builder/spi-builder-workspace/.derivedData/Build/Intermediates.noindex/SwiftSyntax.build/Debug-xros/SwiftSyntax-t.build/Objects-normal/arm64/SwiftSyntax-OutputFileMap.json -save-temps -no-color-diagnostics -explicit-module-build -module-cache-path /Users/admin/builder/spi-builder-workspace/.derivedData/Build/Intermediates.noindex/SwiftExplicitPrecompiledModules -clang-scanner-module-cache-path /Users/admin/builder/spi-builder-workspace/.derivedData/ModuleCache.noindex -sdk-module-cache-path /Users/admin/builder/spi-builder-workspace/.derivedData/SDKExplicitPrecompiledModules -emit-dependencies -emit-module -emit-module-path /Users/admin/builder/spi-builder-workspace/.derivedData/Build/Intermediates.noindex/SwiftSyntax.build/Debug-xros/SwiftSyntax-t.build/Objects-normal/arm64/SwiftSyntax.swiftmodule -serialize-diagnostics -dependency-scan-serialize-diagnostics-path /Users/admin/builder/spi-builder-workspace/.derivedData/Build/Intermediates.noindex/SwiftSyntax.build/Debug-xros/SwiftSyntax-t.build/Objects-normal/arm64/SwiftSyntax-dependency-scan.dia -validate-clang-modules-once -clang-build-session-file /Users/admin/builder/spi-builder-workspace/.derivedData/ModuleCache.noindex/Session.modulevalidation -Xcc -fmodules-prune-interval\=86400 -Xcc -fmodules-prune-after\=345600 -emit-const-values -const-gather-protocols-list /Users/admin/builder/spi-builder-workspace/.derivedData/Build/Intermediates.noindex/SwiftSyntax.build/Debug-xros/SwiftSyntax-t.build/Objects-normal/arm64/SwiftSyntax_const_extract_protocols.json -Xcc -I/Users/admin/builder/spi-builder-workspace/.derivedData/Build/Products/Debug-xros/include -Xcc -I/Users/admin/builder/spi-builder-workspace/.derivedData/Build/Intermediates.noindex/SwiftSyntax.build/Debug-xros/SwiftSyntax-t.build/DerivedSources-normal/arm64 -Xcc -I/Users/admin/builder/spi-builder-workspace/.derivedData/Build/Intermediates.noindex/SwiftSyntax.build/Debug-xros/SwiftSyntax-t.build/DerivedSources/arm64 -Xcc -I/Users/admin/builder/spi-builder-workspace/.derivedData/Build/Intermediates.noindex/SwiftSyntax.build/Debug-xros/SwiftSyntax-t.build/DerivedSources -Xcc -DSWIFT_PACKAGE -Xcc -DDEBUG\=1 -emit-objc-header -emit-objc-header-path /Users/admin/builder/spi-builder-workspace/.derivedData/Build/Intermediates.noindex/SwiftSyntax.build/Debug-xros/SwiftSyntax-t.build/Objects-normal/arm64/SwiftSyntax-Swift.h -working-directory /Users/admin/builder/spi-builder-workspace/.swiftpm/xcode -experimental-emit-module-separately -disable-cmo
SwiftCompile normal arm64 Compiling\ Measurement.swift,\ Addable.swift /Users/admin/builder/spi-builder-workspace/.dependencies/checkouts/SDGCornerstone/Sources/SDGMathematics/Measurement.swift /Users/admin/builder/spi-builder-workspace/.dependencies/checkouts/SDGCornerstone/Sources/SDGMathematics/Numeric\ Protocols/Addable.swift (in target 'SDGMathematics' from project 'SDGCornerstone')
SwiftCompile normal arm64 /Users/admin/builder/spi-builder-workspace/.dependencies/checkouts/SDGCornerstone/Sources/SDGMathematics/Measurement.swift (in target 'SDGMathematics' from project 'SDGCornerstone')
cd /Users/admin/builder/spi-builder-workspace/.swiftpm/xcode
builtin-SwiftPerFileCompile Measurement.swift
SwiftCompile normal arm64 /Users/admin/builder/spi-builder-workspace/.dependencies/checkouts/SDGCornerstone/Sources/SDGMathematics/Numeric\ Protocols/Addable.swift (in target 'SDGMathematics' from project 'SDGCornerstone')
cd /Users/admin/builder/spi-builder-workspace/.swiftpm/xcode
builtin-SwiftPerFileCompile Addable.swift
SwiftCompile normal arm64 Compiling\ FunctionAnalysis.swift,\ Int.swift /Users/admin/builder/spi-builder-workspace/.dependencies/checkouts/SDGCornerstone/Sources/SDGMathematics/FunctionAnalysis.swift /Users/admin/builder/spi-builder-workspace/.dependencies/checkouts/SDGCornerstone/Sources/SDGMathematics/Int.swift (in target 'SDGMathematics' from project 'SDGCornerstone')
SwiftCompile normal arm64 /Users/admin/builder/spi-builder-workspace/.dependencies/checkouts/SDGCornerstone/Sources/SDGMathematics/FunctionAnalysis.swift (in target 'SDGMathematics' from project 'SDGCornerstone')
cd /Users/admin/builder/spi-builder-workspace/.swiftpm/xcode
builtin-SwiftPerFileCompile FunctionAnalysis.swift
SwiftCompile normal arm64 /Users/admin/builder/spi-builder-workspace/.dependencies/checkouts/SDGCornerstone/Sources/SDGMathematics/Int.swift (in target 'SDGMathematics' from project 'SDGCornerstone')
cd /Users/admin/builder/spi-builder-workspace/.swiftpm/xcode
builtin-SwiftPerFileCompile Int.swift
SwiftCompile normal arm64 Compiling\ RealNumberProtocol.swift,\ Sequence.swift /Users/admin/builder/spi-builder-workspace/.dependencies/checkouts/SDGCornerstone/Sources/SDGMathematics/Numeric\ Protocols/RealNumberProtocol.swift /Users/admin/builder/spi-builder-workspace/.dependencies/checkouts/SDGCornerstone/Sources/SDGMathematics/Sequence.swift (in target 'SDGMathematics' from project 'SDGCornerstone')
SwiftCompile normal arm64 /Users/admin/builder/spi-builder-workspace/.dependencies/checkouts/SDGCornerstone/Sources/SDGMathematics/Numeric\ Protocols/RealNumberProtocol.swift (in target 'SDGMathematics' from project 'SDGCornerstone')
cd /Users/admin/builder/spi-builder-workspace/.swiftpm/xcode
builtin-SwiftPerFileCompile RealNumberProtocol.swift
SwiftCompile normal arm64 /Users/admin/builder/spi-builder-workspace/.dependencies/checkouts/SDGCornerstone/Sources/SDGMathematics/Sequence.swift (in target 'SDGMathematics' from project 'SDGCornerstone')
cd /Users/admin/builder/spi-builder-workspace/.swiftpm/xcode
builtin-SwiftPerFileCompile Sequence.swift
SwiftCompile normal arm64 Compiling\ Negatable.swift,\ NumericAdditiveArithmetic.swift /Users/admin/builder/spi-builder-workspace/.dependencies/checkouts/SDGCornerstone/Sources/SDGMathematics/Numeric\ Protocols/Negatable.swift /Users/admin/builder/spi-builder-workspace/.dependencies/checkouts/SDGCornerstone/Sources/SDGMathematics/Numeric\ Protocols/NumericAdditiveArithmetic.swift (in target 'SDGMathematics' from project 'SDGCornerstone')
SwiftCompile normal arm64 /Users/admin/builder/spi-builder-workspace/.dependencies/checkouts/SDGCornerstone/Sources/SDGMathematics/Numeric\ Protocols/Negatable.swift (in target 'SDGMathematics' from project 'SDGCornerstone')
cd /Users/admin/builder/spi-builder-workspace/.swiftpm/xcode
builtin-SwiftPerFileCompile Negatable.swift
SwiftCompile normal arm64 /Users/admin/builder/spi-builder-workspace/.dependencies/checkouts/SDGCornerstone/Sources/SDGMathematics/Numeric\ Protocols/NumericAdditiveArithmetic.swift (in target 'SDGMathematics' from project 'SDGCornerstone')
cd /Users/admin/builder/spi-builder-workspace/.swiftpm/xcode
builtin-SwiftPerFileCompile NumericAdditiveArithmetic.swift
SwiftEmitModule normal arm64 Emitting\ module\ for\ SDGMathematics (in target 'SDGMathematics' from project 'SDGCornerstone')
/Users/admin/builder/spi-builder-workspace/.dependencies/checkouts/SDGCornerstone/Sources/SDGMathematics/Float.swift:29:31: error: 'Float80' is unavailable: Float80 is not available on target platform.
27 | // @documentation(FloatMax)
28 | /// The member of the `Float` family with the largest bit field.
29 | public typealias FloatMax = Float80
| `- error: 'Float80' is unavailable: Float80 is not available on target platform.
30 | #endif
31 |
Swift.Float80:2:23: note: 'Float80' has been explicitly marked unavailable here
1 | @available(*, unavailable, message: "Float80 is not available on target platform.")
2 | @frozen public struct Float80 {
| `- note: 'Float80' has been explicitly marked unavailable here
3 | public init()
4 | }
/Users/admin/builder/spi-builder-workspace/.dependencies/checkouts/SDGCornerstone/Sources/SDGMathematics/Float.swift:339:22: error: type alias 'Vector' references itself
320 |
321 | #if !(PLATFORM_LACKS_SWIFT_FLOAT_80 || ((os(macOS) || os(Linux)) && arch(arm64)))
322 | extension Float80: Decodable, Encodable, FloatFamily {
| `- note: through reference here
323 |
324 | // MARK: - Decodable
:
337 | // MARK: - PointProtocol
338 |
339 | public typealias Vector = Stride
| | `- note: while resolving type 'Stride'
| `- error: type alias 'Vector' references itself
340 |
341 | // MARK: - RealArithmetic
/Users/admin/builder/spi-builder-workspace/.dependencies/checkouts/SDGCornerstone/Sources/SDGMathematics/Float.swift:339:22: error: type alias 'Vector' references itself
320 |
321 | #if !(PLATFORM_LACKS_SWIFT_FLOAT_80 || ((os(macOS) || os(Linux)) && arch(arm64)))
322 | extension Float80: Decodable, Encodable, FloatFamily {
| `- note: through reference here
323 |
324 | // MARK: - Decodable
:
337 | // MARK: - PointProtocol
338 |
339 | public typealias Vector = Stride
| | `- note: while resolving type 'Stride'
| `- error: type alias 'Vector' references itself
340 |
341 | // MARK: - RealArithmetic
/Users/admin/builder/spi-builder-workspace/.dependencies/checkouts/SDGCornerstone/Sources/SDGMathematics/Float.swift:343:26: error: 'Float80' is unavailable: Float80 is not available on target platform.
341 | // MARK: - RealArithmetic
342 |
343 | public static let e: Float80 = 0x1.5BF0A8B145769535p1
| `- error: 'Float80' is unavailable: Float80 is not available on target platform.
344 |
345 | @inlinable public static func log(_ antilogarithm: Self) -> Self {
Swift.Float80:2:23: note: 'Float80' has been explicitly marked unavailable here
1 | @available(*, unavailable, message: "Float80 is not available on target platform.")
2 | @frozen public struct Float80 {
| `- note: 'Float80' has been explicitly marked unavailable here
3 | public init()
4 | }
/Users/admin/builder/spi-builder-workspace/.dependencies/checkouts/SDGCornerstone/Sources/SDGMathematics/Float.swift:322:3: error: extension outside of file declaring struct 'Float80' prevents automatic synthesis of 'hash(into:)' for protocol 'Hashable'
320 |
321 | #if !(PLATFORM_LACKS_SWIFT_FLOAT_80 || ((os(macOS) || os(Linux)) && arch(arm64)))
322 | extension Float80: Decodable, Encodable, FloatFamily {
| |- error: extension outside of file declaring struct 'Float80' prevents automatic synthesis of 'hash(into:)' for protocol 'Hashable'
| `- note: add stubs for conformance
323 |
324 | // MARK: - Decodable
Swift.Float80:2:23: note: type declared here
1 | @available(*, unavailable, message: "Float80 is not available on target platform.")
2 | @frozen public struct Float80 {
| `- note: type declared here
3 | public init()
4 | }
/Users/admin/builder/spi-builder-workspace/.dependencies/checkouts/SDGCornerstone/Sources/SDGMathematics/Float.swift:322:3: error: type 'Float80' does not conform to protocol 'BinaryFloatingPoint'
320 |
321 | #if !(PLATFORM_LACKS_SWIFT_FLOAT_80 || ((os(macOS) || os(Linux)) && arch(arm64)))
322 | extension Float80: Decodable, Encodable, FloatFamily {
| `- error: type 'Float80' does not conform to protocol 'BinaryFloatingPoint'
323 |
324 | // MARK: - Decodable
/Users/admin/builder/spi-builder-workspace/.dependencies/checkouts/SDGCornerstone/Sources/SDGMathematics/Float.swift:322:3: error: type 'Float80' does not conform to protocol 'CustomDebugStringConvertible'
320 |
321 | #if !(PLATFORM_LACKS_SWIFT_FLOAT_80 || ((os(macOS) || os(Linux)) && arch(arm64)))
322 | extension Float80: Decodable, Encodable, FloatFamily {
| `- error: type 'Float80' does not conform to protocol 'CustomDebugStringConvertible'
323 |
324 | // MARK: - Decodable
/Users/admin/builder/spi-builder-workspace/.dependencies/checkouts/SDGCornerstone/Sources/SDGMathematics/Float.swift:322:3: error: type 'Float80' does not conform to protocol 'LosslessStringConvertible'
320 |
321 | #if !(PLATFORM_LACKS_SWIFT_FLOAT_80 || ((os(macOS) || os(Linux)) && arch(arm64)))
322 | extension Float80: Decodable, Encodable, FloatFamily {
| `- error: type 'Float80' does not conform to protocol 'LosslessStringConvertible'
323 |
324 | // MARK: - Decodable
/Users/admin/builder/spi-builder-workspace/.dependencies/checkouts/SDGCornerstone/Sources/SDGMathematics/Numeric Protocols/WholeArithmetic.swift:226:21: note: candidate would match if 'String' conformed to 'UIntFamily'
224 | /// - Parameters:
225 | /// - uInt: The unsigned integer.
226 | @inlinable public init<U: UIntFamily>(_ uInt: U) {
| `- note: candidate would match if 'String' conformed to 'UIntFamily'
227 | self.init(UIntMax(uInt))
228 | }
/Users/admin/builder/spi-builder-workspace/.dependencies/checkouts/SDGCornerstone/Sources/SDGMathematics/Numeric Protocols/IntegralArithmetic.swift:33:21: note: candidate would match if 'String' conformed to 'IntFamily'
31 | /// - Parameters:
32 | /// - int: An instance of a member of the `Int` family.
33 | @inlinable public init<I: IntFamily>(_ int: I) {
| `- note: candidate would match if 'String' conformed to 'IntFamily'
34 | self.init(IntMax(int))
35 | }
Swift.BinaryFloatingPoint.init:2:19: note: candidate would match if 'String' conformed to 'BinaryFloatingPoint'
1 | protocol BinaryFloatingPoint {
2 | @inlinable public init<Source>(_ value: Source) where Source : BinaryFloatingPoint}
| `- note: candidate would match if 'String' conformed to 'BinaryFloatingPoint'
3 |
Swift.BinaryFloatingPoint.init:2:19: note: candidate would match if 'Float80.RawSignificand' conformed to 'FixedWidthInteger'
1 | protocol BinaryFloatingPoint {
2 | @inlinable public init<Source>(_ value: Source) where Source : BinaryInteger}
| `- note: candidate would match if 'Float80.RawSignificand' conformed to 'FixedWidthInteger'
3 |
/Users/admin/builder/spi-builder-workspace/.dependencies/checkouts/SDGCornerstone/Sources/SDGMathematics/Float.swift:322:3: error: type 'Float80' does not conform to protocol 'ExpressibleByFloatLiteral'
320 |
321 | #if !(PLATFORM_LACKS_SWIFT_FLOAT_80 || ((os(macOS) || os(Linux)) && arch(arm64)))
322 | extension Float80: Decodable, Encodable, FloatFamily {
| `- error: type 'Float80' does not conform to protocol 'ExpressibleByFloatLiteral'
323 |
324 | // MARK: - Decodable
Swift.ExpressibleByFloatLiteral.FloatLiteralType:2:16: note: unable to infer associated type 'FloatLiteralType' for protocol 'ExpressibleByFloatLiteral'
1 | protocol ExpressibleByFloatLiteral {
2 | associatedtype FloatLiteralType : _ExpressibleByBuiltinFloatLiteral}
| `- note: unable to infer associated type 'FloatLiteralType' for protocol 'ExpressibleByFloatLiteral'
3 |
/Users/admin/builder/spi-builder-workspace/.dependencies/checkouts/SDGCornerstone/Sources/SDGMathematics/Numeric Protocols/RationalArithmetic.swift:125:21: note: candidate would match and infer 'FloatLiteralType' = 'FloatMax' (aka 'Float80') if 'FloatMax' (aka 'Float80') conformed to '_ExpressibleByBuiltinFloatLiteral'
123 | // MARK: - ExpressibleByFloatLiteral
124 |
125 | @inlinable public init(floatLiteral: FloatMax) {
| `- note: candidate would match and infer 'FloatLiteralType' = 'FloatMax' (aka 'Float80') if 'FloatMax' (aka 'Float80') conformed to '_ExpressibleByBuiltinFloatLiteral'
126 | self.init(floatLiteral)
127 | }
/Users/admin/builder/spi-builder-workspace/.dependencies/checkouts/SDGCornerstone/Sources/SDGMathematics/Float.swift:322:3: error: instance method 'formRemainder(mod:)' has different argument labels from those required by protocol 'FloatingPoint' ('formRemainder(dividingBy:)')
320 |
321 | #if !(PLATFORM_LACKS_SWIFT_FLOAT_80 || ((os(macOS) || os(Linux)) && arch(arm64)))
322 | extension Float80: Decodable, Encodable, FloatFamily {
| `- error: instance method 'formRemainder(mod:)' has different argument labels from those required by protocol 'FloatingPoint' ('formRemainder(dividingBy:)')
323 |
324 | // MARK: - Decodable
/Users/admin/builder/spi-builder-workspace/.dependencies/checkouts/SDGCornerstone/Sources/SDGMathematics/Numeric Protocols/WholeArithmetic.swift:242:35: note: 'formRemainder(mod:)' declared here
240 | }
241 |
242 | @inlinable public mutating func formRemainder(mod divisor: Self) {
| `- note: 'formRemainder(mod:)' declared here
243 | self −= dividedAccordingToEuclid(by: divisor) × divisor
244 | }
Swift.FloatingPoint.formRemainder:2:15: note: requirement 'formRemainder(dividingBy:)' declared here
1 | protocol FloatingPoint {
2 | mutating func formRemainder(dividingBy other: Self)}
| `- note: requirement 'formRemainder(dividingBy:)' declared here
3 |
/Users/admin/builder/spi-builder-workspace/.dependencies/checkouts/SDGCornerstone/Sources/SDGMathematics/Float.swift:322:3: error: type 'Float80' does not conform to protocol 'FloatingPoint'
320 |
321 | #if !(PLATFORM_LACKS_SWIFT_FLOAT_80 || ((os(macOS) || os(Linux)) && arch(arm64)))
322 | extension Float80: Decodable, Encodable, FloatFamily {
| `- error: type 'Float80' does not conform to protocol 'FloatingPoint'
323 |
324 | // MARK: - Decodable
/Users/admin/builder/spi-builder-workspace/.dependencies/checkouts/SDGCornerstone/Sources/SDGMathematics/Float.swift:322:3: error: type 'Float80' does not conform to protocol 'CustomStringConvertible'
320 |
321 | #if !(PLATFORM_LACKS_SWIFT_FLOAT_80 || ((os(macOS) || os(Linux)) && arch(arm64)))
322 | extension Float80: Decodable, Encodable, FloatFamily {
| `- error: type 'Float80' does not conform to protocol 'CustomStringConvertible'
323 |
324 | // MARK: - Decodable
/Users/admin/builder/spi-builder-workspace/.dependencies/checkouts/SDGCornerstone/Sources/SDGMathematics/Float.swift:322:3: error: type 'Float80' does not conform to protocol 'RealArithmetic'
167 | }
168 |
169 | @inlinable public static func sin(_ angle: Angle<Self>) -> Self {
| `- note: candidate would match if 'Float80' conformed to 'ElementaryFunctions'
170 | return Self.sin(angle.inRadians)
171 | }
:
183 | }
184 |
185 | @inlinable public static func arctan(_ tangent: Self) -> Angle<Self> {
| `- note: candidate would match if 'Float80' conformed to 'ElementaryFunctions'
186 | return Self.atan(tangent).radians
187 | }
:
320 |
321 | #if !(PLATFORM_LACKS_SWIFT_FLOAT_80 || ((os(macOS) || os(Linux)) && arch(arm64)))
322 | extension Float80: Decodable, Encodable, FloatFamily {
| `- error: type 'Float80' does not conform to protocol 'RealArithmetic'
323 |
324 | // MARK: - Decodable
/Users/admin/builder/spi-builder-workspace/.dependencies/checkouts/SDGCornerstone/Sources/SDGMathematics/Float.swift:322:3: error: type 'Float80' does not conform to protocol 'Strideable'
320 |
321 | #if !(PLATFORM_LACKS_SWIFT_FLOAT_80 || ((os(macOS) || os(Linux)) && arch(arm64)))
322 | extension Float80: Decodable, Encodable, FloatFamily {
| `- error: type 'Float80' does not conform to protocol 'Strideable'
323 |
324 | // MARK: - Decodable
Swift.Strideable.Stride:2:16: note: ambiguous inference of associated type 'Stride': 'Self' vs. 'Self.Vector'
1 | protocol Strideable {
2 | associatedtype Stride : Comparable, SignedNumeric}
| `- note: ambiguous inference of associated type 'Stride': 'Self' vs. 'Self.Vector'
3 |
Swift.Strideable._step:2:31: note: matching requirement '_step(after:from:by:)' to this declaration inferred associated type to 'Self'
1 | protocol Strideable {
2 | @inlinable public static func _step(after current: (index: Int?, value: Self), from start: Self, by distance: Self.Stride) -> (index: Int?, value: Self)}
| `- note: matching requirement '_step(after:from:by:)' to this declaration inferred associated type to 'Self'
3 |
/Users/admin/builder/spi-builder-workspace/.dependencies/checkouts/SDGCornerstone/Sources/SDGMathematics/Numeric Protocols/OneDimensionalPoint.swift:59:26: note: matching requirement 'distance(to:)' to this declaration inferred associated type to 'Self.Vector'
57 | /// - Parameters:
58 | /// - other: The value to which the distance should be measured.
59 | @inlinable public func distance(to other: Self) -> Vector {
| `- note: matching requirement 'distance(to:)' to this declaration inferred associated type to 'Self.Vector'
60 | return other − self
61 | }
/Users/admin/builder/spi-builder-workspace/.dependencies/checkouts/SDGCornerstone/Sources/SDGMathematics/Float.swift:322:3: error: type 'Float80' does not conform to protocol 'Numeric'
320 |
321 | #if !(PLATFORM_LACKS_SWIFT_FLOAT_80 || ((os(macOS) || os(Linux)) && arch(arm64)))
322 | extension Float80: Decodable, Encodable, FloatFamily {
| `- error: type 'Float80' does not conform to protocol 'Numeric'
323 |
324 | // MARK: - Decodable
Swift.BinaryFloatingPoint.init:2:19: note: candidate has non-matching type '(exactly: Source)' [with Magnitude = Float80]
1 | protocol BinaryFloatingPoint {
2 | @inlinable public init?<Source>(exactly value: Source) where Source : BinaryFloatingPoint}
| `- note: candidate has non-matching type '(exactly: Source)' [with Magnitude = Float80]
3 |
Swift.BinaryFloatingPoint.init:2:19: note: candidate would match if 'Float80.RawSignificand' conformed to 'FixedWidthInteger'
1 | protocol BinaryFloatingPoint {
2 | @inlinable public init?<Source>(exactly value: Source) where Source : BinaryInteger}
| `- note: candidate would match if 'Float80.RawSignificand' conformed to 'FixedWidthInteger'
3 |
/Users/admin/builder/spi-builder-workspace/.dependencies/checkouts/SDGCornerstone/Sources/SDGMathematics/Float.swift:322:3: error: type 'Float80' does not conform to protocol 'WholeArithmetic'
320 |
321 | #if !(PLATFORM_LACKS_SWIFT_FLOAT_80 || ((os(macOS) || os(Linux)) && arch(arm64)))
322 | extension Float80: Decodable, Encodable, FloatFamily {
| `- error: type 'Float80' does not conform to protocol 'WholeArithmetic'
323 |
324 | // MARK: - Decodable
/Users/admin/builder/spi-builder-workspace/.dependencies/checkouts/SDGCornerstone/Sources/SDGMathematics/Numeric Protocols/RationalArithmetic.swift:101:33: note: candidate has non-matching type '<Self, R> (in: Range<Self>, using: inout R) -> Self'
99 | /// - range: The allowed range for the random value.
100 | /// - generator: The randomizer to use to generate the random value.
101 | @inlinable public static func random<R>(in range: Range<Self>, using generator: inout R) -> Self
| `- note: candidate has non-matching type '<Self, R> (in: Range<Self>, using: inout R) -> Self'
102 | where R: RandomNumberGenerator {
103 |
:
159 | /// - range: The allowed range for the random value.
160 | /// - generator: The randomizer to use to generate the random value.
161 | @inlinable public static func random<R>(in range: Range<Self>, using generator: inout R) -> Self
| `- note: candidate has non-matching type '<Self, R> (in: Range<Self>, using: inout R) -> Self'
162 | where R: RandomNumberGenerator {
163 | return _random(in: range, using: &generator)
Swift.BinaryFloatingPoint.random:2:31: note: candidate has non-matching type '<Self, T> (in: Range<Self>, using: inout T) -> Self'
1 | protocol BinaryFloatingPoint {
2 | @inlinable public static func random<T>(in range: Range<Self>, using generator: inout T) -> Self where T : RandomNumberGenerator}
| `- note: candidate has non-matching type '<Self, T> (in: Range<Self>, using: inout T) -> Self'
3 |
Swift.BinaryFloatingPoint.random:2:31: note: candidate would match if 'Float80.RawSignificand' conformed to 'FixedWidthInteger'
1 | protocol BinaryFloatingPoint {
2 | @inlinable public static func random<T>(in range: ClosedRange<Self>, using generator: inout T) -> Self where T : RandomNumberGenerator}
| `- note: candidate would match if 'Float80.RawSignificand' conformed to 'FixedWidthInteger'
3 |
/Users/admin/builder/spi-builder-workspace/.dependencies/checkouts/SDGCornerstone/Sources/SDGMathematics/Float.swift:322:3: error: type 'Float80' does not conform to protocol 'PointProtocol'
320 |
321 | #if !(PLATFORM_LACKS_SWIFT_FLOAT_80 || ((os(macOS) || os(Linux)) && arch(arm64)))
322 | extension Float80: Decodable, Encodable, FloatFamily {
| |- error: type 'Float80' does not conform to protocol 'PointProtocol'
| `- note: add stubs for conformance
323 |
324 | // MARK: - Decodable
Swift.BinaryFloatingPoint.RawSignificand:2:16: note: protocol requires nested type 'RawSignificand'
1 | protocol BinaryFloatingPoint {
2 | associatedtype RawSignificand : UnsignedInteger}
| `- note: protocol requires nested type 'RawSignificand'
3 |
Swift.BinaryFloatingPoint.RawExponent:2:16: note: protocol requires nested type 'RawExponent'
1 | protocol BinaryFloatingPoint {
2 | associatedtype RawExponent : UnsignedInteger}
| `- note: protocol requires nested type 'RawExponent'
3 |
Swift.BinaryFloatingPoint.exponentBitCount:2:12: note: protocol requires property 'exponentBitCount' with type 'Int'
1 | protocol BinaryFloatingPoint {
2 | static var exponentBitCount: Int { get }}
| `- note: protocol requires property 'exponentBitCount' with type 'Int'
3 |
Swift.BinaryFloatingPoint.significandBitCount:2:12: note: protocol requires property 'significandBitCount' with type 'Int'
1 | protocol BinaryFloatingPoint {
2 | static var significandBitCount: Int { get }}
| `- note: protocol requires property 'significandBitCount' with type 'Int'
3 |
Swift.BinaryFloatingPoint.binade:2:5: note: protocol requires property 'binade' with type 'Float80'
1 | protocol BinaryFloatingPoint {
2 | var binade: Self { get }}
| `- note: protocol requires property 'binade' with type 'Float80'
3 |
Swift.BinaryFloatingPoint.significandWidth:2:5: note: protocol requires property 'significandWidth' with type 'Int'
1 | protocol BinaryFloatingPoint {
2 | var significandWidth: Int { get }}
| `- note: protocol requires property 'significandWidth' with type 'Int'
3 |
Swift.CustomDebugStringConvertible.debugDescription:2:5: note: protocol requires property 'debugDescription' with type 'String'
1 | protocol CustomDebugStringConvertible {
2 | var debugDescription: String { get }}
| `- note: protocol requires property 'debugDescription' with type 'String'
3 |
Swift.LosslessStringConvertible.init:2:1: note: protocol requires initializer 'init(_:)' with type 'String'
1 | protocol LosslessStringConvertible {
2 | init?(_ description: String)}
| `- note: protocol requires initializer 'init(_:)' with type 'String'
3 |
Swift.FloatingPoint.Exponent:2:16: note: protocol requires nested type 'Exponent'
1 | protocol FloatingPoint {
2 | associatedtype Exponent : SignedInteger}
| `- note: protocol requires nested type 'Exponent'
3 |
Swift.FloatingPoint.nan:2:12: note: protocol requires property 'nan' with type 'Float80'
1 | protocol FloatingPoint {
2 | static var nan: Self { get }}
| `- note: protocol requires property 'nan' with type 'Float80'
3 |
Swift.FloatingPoint.signalingNaN:2:12: note: protocol requires property 'signalingNaN' with type 'Float80'
1 | protocol FloatingPoint {
2 | static var signalingNaN: Self { get }}
| `- note: protocol requires property 'signalingNaN' with type 'Float80'
3 |
Swift.FloatingPoint.infinity:2:12: note: protocol requires property 'infinity' with type 'Float80'
1 | protocol FloatingPoint {
2 | static var infinity: Self { get }}
| `- note: protocol requires property 'infinity' with type 'Float80'
3 |
Swift.FloatingPoint.greatestFiniteMagnitude:2:12: note: protocol requires property 'greatestFiniteMagnitude' with type 'Float80'
1 | protocol FloatingPoint {
2 | static var greatestFiniteMagnitude: Self { get }}
| `- note: protocol requires property 'greatestFiniteMagnitude' with type 'Float80'
3 |
Swift.FloatingPoint.pi:2:12: note: protocol requires property 'pi' with type 'Float80'
1 | protocol FloatingPoint {
2 | static var pi: Self { get }}
| `- note: protocol requires property 'pi' with type 'Float80'
3 |
Swift.FloatingPoint.ulp:2:5: note: protocol requires property 'ulp' with type 'Float80'
1 | protocol FloatingPoint {
2 | var ulp: Self { get }}
| `- note: protocol requires property 'ulp' with type 'Float80'
3 |
Swift.FloatingPoint.leastNormalMagnitude:2:12: note: protocol requires property 'leastNormalMagnitude' with type 'Float80'
1 | protocol FloatingPoint {
2 | static var leastNormalMagnitude: Self { get }}
| `- note: protocol requires property 'leastNormalMagnitude' with type 'Float80'
3 |
Swift.FloatingPoint.leastNonzeroMagnitude:2:12: note: protocol requires property 'leastNonzeroMagnitude' with type 'Float80'
1 | protocol FloatingPoint {
2 | static var leastNonzeroMagnitude: Self { get }}
| `- note: protocol requires property 'leastNonzeroMagnitude' with type 'Float80'
3 |
Swift.FloatingPoint.sign:2:5: note: protocol requires property 'sign' with type 'FloatingPointSign'
1 | protocol FloatingPoint {
2 | var sign: FloatingPointSign { get }}
| `- note: protocol requires property 'sign' with type 'FloatingPointSign'
3 |
Swift.FloatingPoint.significand:2:5: note: protocol requires property 'significand' with type 'Float80'
1 | protocol FloatingPoint {
2 | var significand: Self { get }}
| `- note: protocol requires property 'significand' with type 'Float80'
3 |
Swift.FloatingPoint.formTruncatingRemainder:2:15: note: protocol requires function 'formTruncatingRemainder(dividingBy:)' with type '(Float80) -> ()'
1 | protocol FloatingPoint {
2 | mutating func formTruncatingRemainder(dividingBy other: Self)}
| `- note: protocol requires function 'formTruncatingRemainder(dividingBy:)' with type '(Float80) -> ()'
3 |
Swift.FloatingPoint.formSquareRoot:2:15: note: protocol requires function 'formSquareRoot()' with type '() -> ()'
1 | protocol FloatingPoint {
2 | mutating func formSquareRoot()}
| `- note: protocol requires function 'formSquareRoot()' with type '() -> ()'
3 |
Swift.FloatingPoint.addProduct:2:15: note: protocol requires function 'addProduct' with type '(Float80, Float80) -> ()'
1 | protocol FloatingPoint {
2 | mutating func addProduct(_ lhs: Self, _ rhs: Self)}
| `- note: protocol requires function 'addProduct' with type '(Float80, Float80) -> ()'
3 |
Swift.FloatingPoint.nextUp:2:5: note: protocol requires property 'nextUp' with type 'Float80'
1 | protocol FloatingPoint {
2 | var nextUp: Self { get }}
| `- note: protocol requires property 'nextUp' with type 'Float80'
3 |
Swift.FloatingPoint.isEqual:2:6: note: protocol requires function 'isEqual(to:)' with type '(Float80) -> Bool'
1 | protocol FloatingPoint {
2 | func isEqual(to other: Self) -> Bool}
| `- note: protocol requires function 'isEqual(to:)' with type '(Float80) -> Bool'
3 |
Swift.FloatingPoint.isLess:2:6: note: protocol requires function 'isLess(than:)' with type '(Float80) -> Bool'
1 | protocol FloatingPoint {
2 | func isLess(than other: Self) -> Bool}
| `- note: protocol requires function 'isLess(than:)' with type '(Float80) -> Bool'
3 |
Swift.FloatingPoint.isLessThanOrEqualTo:2:6: note: protocol requires function 'isLessThanOrEqualTo' with type '(Float80) -> Bool'
1 | protocol FloatingPoint {
2 | func isLessThanOrEqualTo(_ other: Self) -> Bool}
| `- note: protocol requires function 'isLessThanOrEqualTo' with type '(Float80) -> Bool'
3 |
Swift.FloatingPoint.isNormal:2:5: note: protocol requires property 'isNormal' with type 'Bool'
1 | protocol FloatingPoint {
2 | var isNormal: Bool { get }}
| `- note: protocol requires property 'isNormal' with type 'Bool'
3 |
Swift.FloatingPoint.isFinite:2:5: note: protocol requires property 'isFinite' with type 'Bool'
1 | protocol FloatingPoint {
2 | var isFinite: Bool { get }}
| `- note: protocol requires property 'isFinite' with type 'Bool'
3 |
Swift.FloatingPoint.isZero:2:5: note: protocol requires property
SwiftCompile normal arm64 (in target 'SDGMathematics' from project 'SDGCornerstone')
cd /Users/admin/builder/spi-builder-workspace/.swiftpm/xcode
'isZero' with type 'Bool'
1 | protocol FloatingPoint {
2 | var isZero: Bool { get }}
| `- note: protocol requires property 'isZero' with type 'Bool'
3 |
Swift.FloatingPoint.isSubnormal:2:5: note: protocol requires property 'isSubnormal' with type 'Bool'
1 | protocol FloatingPoint {
2 | var isSubnormal: Bool { get }}
| `- note: protocol requires property 'isSubnormal' with type 'Bool'
3 |
Swift.FloatingPoint.isInfinite:2:5: note: protocol requires property 'isInfinite' with type 'Bool'
1 | protocol FloatingPoint {
2 | var isInfinite: Bool { get }}
| `- note: protocol requires property 'isInfinite' with type 'Bool'
3 |
Swift.FloatingPoint.isNaN:2:5: note: protocol requires property 'isNaN' with type 'Bool'
1 | protocol FloatingPoint {
2 | var isNaN: Bool { get }}
| `- note: protocol requires property 'isNaN' with type 'Bool'
3 |
Swift.FloatingPoint.isSignalingNaN:2:5: note: protocol requires property 'isSignalingNaN' with type 'Bool'
1 | protocol FloatingPoint {
2 | var isSignalingNaN: Bool { get }}
| `- note: protocol requires property 'isSignalingNaN' with type 'Bool'
3 |
Swift.FloatingPoint.isCanonical:2:5: note: protocol requires property 'isCanonical' with type 'Bool'
1 | protocol FloatingPoint {
2 | var isCanonical: Bool { get }}
| `- note: protocol requires property 'isCanonical' with type 'Bool'
3 |
Swift.CustomStringConvertible.description:2:5: note: protocol requires property 'description' with type 'String'
1 | protocol CustomStringConvertible {
2 | var description: String { get }}
| `- note: protocol requires property 'description' with type 'String'
3 |
/Users/admin/builder/spi-builder-workspace/.dependencies/checkouts/SDGCornerstone/Sources/SDGMathematics/Numeric Protocols/RealArithmetic.swift:117:15: note: protocol requires function 'sin' with type '(Angle<Float80>) -> Float80'
115 | /// - Parameters:
116 | /// - angle: The angle.
117 | static func sin(_ angle: Angle<Self>) -> Self
| `- note: protocol requires function 'sin' with type '(Angle<Float80>) -> Float80'
118 |
119 | // @documentation(SDGCornerstone.RealArithmetic.cos(_:))
:
181 | /// - Parameters:
182 | /// - tangent: The tangent.
183 | static func arctan(_ tangent: Self) -> Angle<Self>
| `- note: protocol requires function 'arctan' with type '(Float80) -> Angle<Float80>'
184 |
185 | // @documentation(SDGCornerstone.RealArithmetic.arccsc(_:))
Swift.Numeric.init:2:1: note: protocol requires initializer 'init(exactly:)' with type '(exactly: T)'
1 | protocol Numeric {
2 | init?<T>(exactly source: T) where T : BinaryInteger}
| `- note: protocol requires initializer 'init(exactly:)' with type '(exactly: T)'
3 |
/Users/admin/builder/spi-builder-workspace/.dependencies/checkouts/SDGCornerstone/Sources/SDGMathematics/Numeric Protocols/WholeArithmetic.swift:215:15: note: protocol requires function 'random(in:using:)' with type '<R> (in: ClosedRange<Float80>, using: inout R) -> Float80'
213 | /// - range: The allowed range for the random value.
214 | /// - generator: The randomizer to use to generate the random value.
215 | static func random<R>(in range: ClosedRange<Self>, using generator: inout R) -> Self
| `- note: protocol requires function 'random(in:using:)' with type '<R> (in: ClosedRange<Float80>, using: inout R) -> Float80'
216 | where R: RandomNumberGenerator
217 | }
/Users/admin/builder/spi-builder-workspace/.dependencies/checkouts/SDGCornerstone/Sources/SDGMathematics/Numeric Protocols/PointProtocol.swift:23:18: note: protocol requires nested type 'Vector'
21 |
22 | /// The type to be used as a vector.
23 | associatedtype Vector: Negatable
| `- note: protocol requires nested type 'Vector'
24 |
25 | // @documentation(PointProtocol.+(Self, Vector))
/Users/admin/builder/spi-builder-workspace/.dependencies/checkouts/SDGCornerstone/Sources/SDGMathematics/Float.swift:322:13: error: 'Float80' is unavailable: Float80 is not available on target platform.
320 |
321 | #if !(PLATFORM_LACKS_SWIFT_FLOAT_80 || ((os(macOS) || os(Linux)) && arch(arm64)))
322 | extension Float80: Decodable, Encodable, FloatFamily {
| `- error: 'Float80' is unavailable: Float80 is not available on target platform.
323 |
324 | // MARK: - Decodable
Swift.Float80:2:23: note: 'Float80' has been explicitly marked unavailable here
1 | @available(*, unavailable, message: "Float80 is not available on target platform.")
2 | @frozen public struct Float80 {
| `- note: 'Float80' has been explicitly marked unavailable here
3 | public init()
4 | }
SwiftCompile normal arm64 Compiling\ Tuple.swift,\ UInt.swift /Users/admin/builder/spi-builder-workspace/.dependencies/checkouts/SDGCornerstone/Sources/SDGMathematics/Tuple.swift /Users/admin/builder/spi-builder-workspace/.dependencies/checkouts/SDGCornerstone/Sources/SDGMathematics/UInt.swift (in target 'SDGMathematics' from project 'SDGCornerstone')
SwiftCompile normal arm64 /Users/admin/builder/spi-builder-workspace/.dependencies/checkouts/SDGCornerstone/Sources/SDGMathematics/Tuple.swift (in target 'SDGMathematics' from project 'SDGCornerstone')
cd /Users/admin/builder/spi-builder-workspace/.swiftpm/xcode
builtin-SwiftPerFileCompile Tuple.swift
SwiftCompile normal arm64 /Users/admin/builder/spi-builder-workspace/.dependencies/checkouts/SDGCornerstone/Sources/SDGMathematics/UInt.swift (in target 'SDGMathematics' from project 'SDGCornerstone')
cd /Users/admin/builder/spi-builder-workspace/.swiftpm/xcode
builtin-SwiftPerFileCompile UInt.swift
SwiftCompile normal arm64 Compiling\ OneDimensionalPoint.swift,\ OneDimensionalVector.swift /Users/admin/builder/spi-builder-workspace/.dependencies/checkouts/SDGCornerstone/Sources/SDGMathematics/Numeric\ Protocols/OneDimensionalPoint.swift /Users/admin/builder/spi-builder-workspace/.dependencies/checkouts/SDGCornerstone/Sources/SDGMathematics/Numeric\ Protocols/OneDimensionalVector.swift (in target 'SDGMathematics' from project 'SDGCornerstone')
SwiftCompile normal arm64 /Users/admin/builder/spi-builder-workspace/.dependencies/checkouts/SDGCornerstone/Sources/SDGMathematics/Numeric\ Protocols/OneDimensionalPoint.swift (in target 'SDGMathematics' from project 'SDGCornerstone')
cd /Users/admin/builder/spi-builder-workspace/.swiftpm/xcode
builtin-SwiftPerFileCompile OneDimensionalPoint.swift
SwiftCompile normal arm64 /Users/admin/builder/spi-builder-workspace/.dependencies/checkouts/SDGCornerstone/Sources/SDGMathematics/Numeric\ Protocols/OneDimensionalVector.swift (in target 'SDGMathematics' from project 'SDGCornerstone')
cd /Users/admin/builder/spi-builder-workspace/.swiftpm/xcode
builtin-SwiftPerFileCompile OneDimensionalVector.swift
SwiftCompile normal arm64 Compiling\ IntegerProtocol.swift,\ IntegralArithmetic.swift /Users/admin/builder/spi-builder-workspace/.dependencies/checkouts/SDGCornerstone/Sources/SDGMathematics/Numeric\ Protocols/IntegerProtocol.swift /Users/admin/builder/spi-builder-workspace/.dependencies/checkouts/SDGCornerstone/Sources/SDGMathematics/Numeric\ Protocols/IntegralArithmetic.swift (in target 'SDGMathematics' from project 'SDGCornerstone')
SwiftCompile normal arm64 /Users/admin/builder/spi-builder-workspace/.dependencies/checkouts/SDGCornerstone/Sources/SDGMathematics/Numeric\ Protocols/IntegerProtocol.swift (in target 'SDGMathematics' from project 'SDGCornerstone')
cd /Users/admin/builder/spi-builder-workspace/.swiftpm/xcode
builtin-SwiftPerFileCompile IntegerProtocol.swift
SwiftCompile normal arm64 /Users/admin/builder/spi-builder-workspace/.dependencies/checkouts/SDGCornerstone/Sources/SDGMathematics/Numeric\ Protocols/IntegralArithmetic.swift (in target 'SDGMathematics' from project 'SDGCornerstone')
cd /Users/admin/builder/spi-builder-workspace/.swiftpm/xcode
builtin-SwiftPerFileCompile IntegralArithmetic.swift
SwiftCompile normal arm64 Compiling\ Data.swift,\ Float.swift /Users/admin/builder/spi-builder-workspace/.dependencies/checkouts/SDGCornerstone/Sources/SDGMathematics/Data.swift /Users/admin/builder/spi-builder-workspace/.dependencies/checkouts/SDGCornerstone/Sources/SDGMathematics/Float.swift (in target 'SDGMathematics' from project 'SDGCornerstone')
/Users/admin/builder/spi-builder-workspace/.dependencies/checkouts/SDGCornerstone/Sources/SDGMathematics/Float.swift:29:31: error: 'Float80' is unavailable: Float80 is not available on target platform.
27 | // @documentation(FloatMax)
28 | /// The member of the `Float` family with the largest bit field.
29 | public typealias FloatMax = Float80
| `- error: 'Float80' is unavailable: Float80 is not available on target platform.
30 | #endif
31 |
Swift.Float80:2:23: note: 'Float80' has been explicitly marked unavailable here
1 | @available(*, unavailable, message: "Float80 is not available on target platform.")
2 | @frozen public struct Float80 {
| `- note: 'Float80' has been explicitly marked unavailable here
3 | public init()
4 | }
/Users/admin/builder/spi-builder-workspace/.dependencies/checkouts/SDGCornerstone/Sources/SDGMathematics/Float.swift:339:22: error: type alias 'Vector' references itself
320 |
321 | #if !(PLATFORM_LACKS_SWIFT_FLOAT_80 || ((os(macOS) || os(Linux)) && arch(arm64)))
322 | extension Float80: Decodable, Encodable, FloatFamily {
| `- note: through reference here
323 |
324 | // MARK: - Decodable
:
337 | // MARK: - PointProtocol
338 |
339 | public typealias Vector = Stride
| | `- note: while resolving type 'Stride'
| `- error: type alias 'Vector' references itself
340 |
341 | // MARK: - RealArithmetic
/Users/admin/builder/spi-builder-workspace/.dependencies/checkouts/SDGCornerstone/Sources/SDGMathematics/Float.swift:339:22: error: type alias 'Vector' references itself
320 |
321 | #if !(PLATFORM_LACKS_SWIFT_FLOAT_80 || ((os(macOS) || os(Linux)) && arch(arm64)))
322 | extension Float80: Decodable, Encodable, FloatFamily {
| `- note: through reference here
323 |
324 | // MARK: - Decodable
:
337 | // MARK: - PointProtocol
338 |
339 | public typealias Vector = Stride
| | `- note: while resolving type 'Stride'
| `- error: type alias 'Vector' references itself
340 |
341 | // MARK: - RealArithmetic
/Users/admin/builder/spi-builder-workspace/.dependencies/checkouts/SDGCornerstone/Sources/SDGMathematics/Float.swift:343:26: error: 'Float80' is unavailable: Float80 is not available on target platform.
341 | // MARK: - RealArithmetic
342 |
343 | public static let e: Float80 = 0x1.5BF0A8B145769535p1
| `- error: 'Float80' is unavailable: Float80 is not available on target platform.
344 |
345 | @inlinable public static func log(_ antilogarithm: Self) -> Self {
Swift.Float80:2:23: note: 'Float80' has been explicitly marked unavailable here
1 | @available(*, unavailable, message: "Float80 is not available on target platform.")
2 | @frozen public struct Float80 {
| `- note: 'Float80' has been explicitly marked unavailable here
3 | public init()
4 | }
/Users/admin/builder/spi-builder-workspace/.dependencies/checkouts/SDGCornerstone/Sources/SDGMathematics/Float.swift:322:3: error: extension outside of file declaring struct 'Float80' prevents automatic synthesis of 'hash(into:)' for protocol 'Hashable'
320 |
321 | #if !(PLATFORM_LACKS_SWIFT_FLOAT_80 || ((os(macOS) || os(Linux)) && arch(arm64)))
322 | extension Float80: Decodable, Encodable, FloatFamily {
| |- error: extension outside of file declaring struct 'Float80' prevents automatic synthesis of 'hash(into:)' for protocol 'Hashable'
| `- note: add stubs for conformance
323 |
324 | // MARK: - Decodable
Swift.Float80:2:23: note: type declared here
1 | @available(*, unavailable, message: "Float80 is not available on target platform.")
2 | @frozen public struct Float80 {
| `- note: type declared here
3 | public init()
4 | }
/Users/admin/builder/spi-builder-workspace/.dependencies/checkouts/SDGCornerstone/Sources/SDGMathematics/Float.swift:322:3: error: type 'Float80' does not conform to protocol 'BinaryFloatingPoint'
320 |
321 | #if !(PLATFORM_LACKS_SWIFT_FLOAT_80 || ((os(macOS) || os(Linux)) && arch(arm64)))
322 | extension Float80: Decodable, Encodable, FloatFamily {
| `- error: type 'Float80' does not conform to protocol 'BinaryFloatingPoint'
323 |
324 | // MARK: - Decodable
/Users/admin/builder/spi-builder-workspace/.dependencies/checkouts/SDGCornerstone/Sources/SDGMathematics/Float.swift:322:3: error: type 'Float80' does not conform to protocol 'CustomDebugStringConvertible'
320 |
321 | #if !(PLATFORM_LACKS_SWIFT_FLOAT_80 || ((os(macOS) || os(Linux)) && arch(arm64)))
322 | extension Float80: Decodable, Encodable, FloatFamily {
| `- error: type 'Float80' does not conform to protocol 'CustomDebugStringConvertible'
323 |
324 | // MARK: - Decodable
/Users/admin/builder/spi-builder-workspace/.dependencies/checkouts/SDGCornerstone/Sources/SDGMathematics/Float.swift:322:3: error: type 'Float80' does not conform to protocol 'LosslessStringConvertible'
320 |
321 | #if !(PLATFORM_LACKS_SWIFT_FLOAT_80 || ((os(macOS) || os(Linux)) && arch(arm64)))
322 | extension Float80: Decodable, Encodable, FloatFamily {
| `- error: type 'Float80' does not conform to protocol 'LosslessStringConvertible'
323 |
324 | // MARK: - Decodable
/Users/admin/builder/spi-builder-workspace/.dependencies/checkouts/SDGCornerstone/Sources/SDGMathematics/Numeric Protocols/WholeArithmetic.swift:226:21: note: candidate would match if 'String' conformed to 'UIntFamily'
224 | /// - Parameters:
225 | /// - uInt: The unsigned integer.
226 | @inlinable public init<U: UIntFamily>(_ uInt: U) {
| `- note: candidate would match if 'String' conformed to 'UIntFamily'
227 | self.init(UIntMax(uInt))
228 | }
/Users/admin/builder/spi-builder-workspace/.dependencies/checkouts/SDGCornerstone/Sources/SDGMathematics/Numeric Protocols/IntegralArithmetic.swift:33:21: note: candidate would match if 'String' conformed to 'IntFamily'
31 | /// - Parameters:
32 | /// - int: An instance of a member of the `Int` family.
33 | @inlinable public init<I: IntFamily>(_ int: I) {
| `- note: candidate would match if 'String' conformed to 'IntFamily'
34 | self.init(IntMax(int))
35 | }
Swift.BinaryFloatingPoint.init:2:19: note: candidate would match if 'String' conformed to 'BinaryFloatingPoint'
1 | protocol BinaryFloatingPoint {
2 | @inlinable public init<Source>(_ value: Source) where Source : BinaryFloatingPoint}
| `- note: candidate would match if 'String' conformed to 'BinaryFloatingPoint'
3 |
Swift.BinaryFloatingPoint.init:2:19: note: candidate would match if 'Float80.RawSignificand' conformed to 'FixedWidthInteger'
1 | protocol BinaryFloatingPoint {
2 | @inlinable public init<Source>(_ value: Source) where Source : BinaryInteger}
| `- note: candidate would match if 'Float80.RawSignificand' conformed to 'FixedWidthInteger'
3 |
/Users/admin/builder/spi-builder-workspace/.dependencies/checkouts/SDGCornerstone/Sources/SDGMathematics/Float.swift:322:3: error: type 'Float80' does not conform to protocol 'ExpressibleByFloatLiteral'
320 |
321 | #if !(PLATFORM_LACKS_SWIFT_FLOAT_80 || ((os(macOS) || os(Linux)) && arch(arm64)))
322 | extension Float80: Decodable, Encodable, FloatFamily {
| `- error: type 'Float80' does not conform to protocol 'ExpressibleByFloatLiteral'
323 |
324 | // MARK: - Decodable
Swift.ExpressibleByFloatLiteral.FloatLiteralType:2:16: note: unable to infer associated type 'FloatLiteralType' for protocol 'ExpressibleByFloatLiteral'
1 | protocol ExpressibleByFloatLiteral {
2 | associatedtype FloatLiteralType : _ExpressibleByBuiltinFloatLiteral}
| `- note: unable to infer associated type 'FloatLiteralType' for protocol 'ExpressibleByFloatLiteral'
3 |
/Users/admin/builder/spi-builder-workspace/.dependencies/checkouts/SDGCornerstone/Sources/SDGMathematics/Numeric Protocols/RationalArithmetic.swift:125:21: note: candidate would match and infer 'FloatLiteralType' = 'FloatMax' (aka 'Float80') if 'FloatMax' (aka 'Float80') conformed to '_ExpressibleByBuiltinFloatLiteral'
123 | // MARK: - ExpressibleByFloatLiteral
124 |
125 | @inlinable public init(floatLiteral: FloatMax) {
| `- note: candidate would match and infer 'FloatLiteralType' = 'FloatMax' (aka 'Float80') if 'FloatMax' (aka 'Float80') conformed to '_ExpressibleByBuiltinFloatLiteral'
126 | self.init(floatLiteral)
127 | }
/Users/admin/builder/spi-builder-workspace/.dependencies/checkouts/SDGCornerstone/Sources/SDGMathematics/Float.swift:322:3: error: instance method 'formRemainder(mod:)' has different argument labels from those required by protocol 'FloatingPoint' ('formRemainder(dividingBy:)')
320 |
321 | #if !(PLATFORM_LACKS_SWIFT_FLOAT_80 || ((os(macOS) || os(Linux)) && arch(arm64)))
322 | extension Float80: Decodable, Encodable, FloatFamily {
| `- error: instance method 'formRemainder(mod:)' has different argument labels from those required by protocol 'FloatingPoint' ('formRemainder(dividingBy:)')
323 |
324 | // MARK: - Decodable
/Users/admin/builder/spi-builder-workspace/.dependencies/checkouts/SDGCornerstone/Sources/SDGMathematics/Numeric Protocols/WholeArithmetic.swift:242:35: note: 'formRemainder(mod:)' declared here
240 | }
241 |
242 | @inlinable public mutating func formRemainder(mod divisor: Self) {
| `- note: 'formRemainder(mod:)' declared here
243 | self −= dividedAccordingToEuclid(by: divisor) × divisor
244 | }
Swift.FloatingPoint.formRemainder:2:15: note: requirement 'formRemainder(dividingBy:)' declared here
1 | protocol FloatingPoint {
2 | mutating func formRemainder(dividingBy other: Self)}
| `- note: requirement 'formRemainder(dividingBy:)' declared here
3 |
/Users/admin/builder/spi-builder-workspace/.dependencies/checkouts/SDGCornerstone/Sources/SDGMathematics/Float.swift:322:3: error: type 'Float80' does not conform to protocol 'FloatingPoint'
320 |
321 | #if !(PLATFORM_LACKS_SWIFT_FLOAT_80 || ((os(macOS) || os(Linux)) && arch(arm64)))
322 | extension Float80: Decodable, Encodable, FloatFamily {
| `- error: type 'Float80' does not conform to protocol 'FloatingPoint'
323 |
324 | // MARK: - Decodable
/Users/admin/builder/spi-builder-workspace/.dependencies/checkouts/SDGCornerstone/Sources/SDGMathematics/Float.swift:322:3: error: type 'Float80' does not conform to protocol 'CustomStringConvertible'
320 |
321 | #if !(PLATFORM_LACKS_SWIFT_FLOAT_80 || ((os(macOS) || os(Linux)) && arch(arm64)))
322 | extension Float80: Decodable, Encodable, FloatFamily {
| `- error: type 'Float80' does not conform to protocol 'CustomStringConvertible'
323 |
324 | // MARK: - Decodable
/Users/admin/builder/spi-builder-workspace/.dependencies/checkouts/SDGCornerstone/Sources/SDGMathematics/Float.swift:322:3: error: type 'Float80' does not conform to protocol 'RealArithmetic'
167 | }
168 |
169 | @inlinable public static func sin(_ angle: Angle<Self>) -> Self {
| `- note: candidate would match if 'Float80' conformed to 'ElementaryFunctions'
170 | return Self.sin(angle.inRadians)
171 | }
:
183 | }
184 |
185 | @inlinable public static func arctan(_ tangent: Self) -> Angle<Self> {
| `- note: candidate would match if 'Float80' conformed to 'ElementaryFunctions'
186 | return Self.atan(tangent).radians
187 | }
:
320 |
321 | #if !(PLATFORM_LACKS_SWIFT_FLOAT_80 || ((os(macOS) || os(Linux)) && arch(arm64)))
322 | extension Float80: Decodable, Encodable, FloatFamily {
| `- error: type 'Float80' does not conform to protocol 'RealArithmetic'
323 |
324 | // MARK: - Decodable
/Users/admin/builder/spi-builder-workspace/.dependencies/checkouts/SDGCornerstone/Sources/SDGMathematics/Float.swift:322:3: error: type 'Float80' does not conform to protocol 'Strideable'
320 |
321 | #if !(PLATFORM_LACKS_SWIFT_FLOAT_80 || ((os(macOS) || os(Linux)) && arch(arm64)))
322 | extension Float80: Decodable, Encodable, FloatFamily {
| `- error: type 'Float80' does not conform to protocol 'Strideable'
323 |
324 | // MARK: - Decodable
Swift.Strideable.Stride:2:16: note: ambiguous inference of associated type 'Stride': 'Self' vs. 'Self.Vector'
1 | protocol Strideable {
2 | associatedtype Stride : Comparable, SignedNumeric}
| `- note: ambiguous inference of associated type 'Stride': 'Self' vs. 'Self.Vector'
3 |
Swift.Strideable._step:2:31: note: matching requirement '_step(after:from:by:)' to this declaration inferred associated type to 'Self'
1 | protocol Strideable {
2 | @inlinable public static func _step(after current: (index: Int?, value: Self), from start: Self, by distance: Self.Stride) -> (index: Int?, value: Self)}
| `- note: matching requirement '_step(after:from:by:)' to this declaration inferred associated type to 'Self'
3 |
/Users/admin/builder/spi-builder-workspace/.dependencies/checkouts/SDGCornerstone/Sources/SDGMathematics/Numeric Protocols/OneDimensionalPoint.swift:59:26: note: matching requirement 'distance(to:)' to this declaration inferred associated type to 'Self.Vector'
57 | /// - Parameters:
58 | /// - other: The value to which the distance should be measured.
59 | @inlinable public func distance(to other: Self) -> Vector {
| `- note: matching requirement 'distance(to:)' to this declaration inferred associated type to 'Self.Vector'
60 | return other − self
61 | }
/Users/admin/builder/spi-builder-workspace/.dependencies/checkouts/SDGCornerstone/Sources/SDGMathematics/Float.swift:322:3: error: type 'Float80' does not conform to protocol 'Numeric'
320 |
321 | #if !(PLATFORM_LACKS_SWIFT_FLOAT_80 || ((os(macOS) || os(Linux)) && arch(arm64)))
322 | extension Float80: Decodable, Encodable, FloatFamily {
| `- error: type 'Float80' does not conform to protocol 'Numeric'
323 |
324 | // MARK: - Decodable
Swift.BinaryFloatingPoint.init:2:19: note: candidate has non-matching type '(exactly: Source)' [with Magnitude = Float80]
1 | protocol BinaryFloatingPoint {
2 | @inlinable public init?<Source>(exactly value: Source) where Source : BinaryFloatingPoint}
| `- note: candidate has non-matching type '(exactly: Source)' [with Magnitude = Float80]
3 |
Swift.BinaryFloatingPoint.init:2:19: note: candidate would match if 'Float80.RawSignificand' conformed to 'FixedWidthInteger'
1 | protocol BinaryFloatingPoint {
2 | @inlinable public init?<Source>(exactly value: Source) where Source : BinaryInteger}
| `- note: candidate would match if 'Float80.RawSignificand' conformed to 'FixedWidthInteger'
3 |
/Users/admin/builder/spi-builder-workspace/.dependencies/checkouts/SDGCornerstone/Sources/SDGMathematics/Float.swift:322:3: error: type 'Float80' does not conform to protocol 'WholeArithmetic'
320 |
321 | #if !(PLATFORM_LACKS_SWIFT_FLOAT_80 || ((os(macOS) || os(Linux)) && arch(arm64)))
322 | extension Float80: Decodable, Encodable, FloatFamily {
| `- error: type 'Float80' does not conform to protocol 'WholeArithmetic'
323 |
324 | // MARK: - Decodable
/Users/admin/builder/spi-builder-workspace/.dependencies/checkouts/SDGCornerstone/Sources/SDGMathematics/Numeric Protocols/RationalArithmetic.swift:101:33: note: candidate has non-matching type '<Self, R> (in: Range<Self>, using: inout R) -> Self'
99 | /// - range: The allowed range for the random value.
100 | /// - generator: The randomizer to use to generate the random value.
101 | @inlinable public static func random<R>(in range: Range<Self>, using generator: inout R) -> Self
| `- note: candidate has non-matching type '<Self, R> (in: Range<Self>, using: inout R) -> Self'
102 | where R: RandomNumberGenerator {
103 |
:
159 | /// - range: The allowed range for the random value.
160 | /// - generator: The randomizer to use to generate the random value.
161 | @inlinable public static func random<R>(in range: Range<Self>, using generator: inout R) -> Self
| `- note: candidate has non-matching type '<Self, R> (in: Range<Self>, using: inout R) -> Self'
162 | where R: RandomNumberGenerator {
163 | return _random(in: range, using: &generator)
Swift.BinaryFloatingPoint.random:2:31: note: candidate has non-matching type '<Self, T> (in: Range<Self>, using: inout T) -> Self'
1 | protocol BinaryFloatingPoint {
2 | @inlinable public static func random<T>(in range: Range<Self>, using generator: inout T) -> Self where T : RandomNumberGenerator}
| `- note: candidate has non-matching type '<Self, T> (in: Range<Self>, using: inout T) -> Self'
3 |
Swift.BinaryFloatingPoint.random:2:31: note: candidate would match if 'Float80.RawSignificand' conformed to 'FixedWidthInteger'
1 | protocol BinaryFloatingPoint {
2 | @inlinable public static func random<T>(in range: ClosedRange<Self>, using generator: inout T) -> Self where T : RandomNumberGenerator}
| `- note: candidate would match if 'Float80.RawSignificand' conformed to 'FixedWidthInteger'
3 |
/Users/admin/builder/spi-builder-workspace/.dependencies/checkouts/SDGCornerstone/Sources/SDGMathematics/Float.swift:322:3: error: type 'Float80' does not conform to protocol 'PointProtocol'
320 |
321 | #if !(PLATFORM_LACKS_SWIFT_FLOAT_80 || ((os(macOS) || os(Linux)) && arch(arm64)))
322 | extension Float80: Decodable, Encodable, FloatFamily {
| |- error: type 'Float80' does not conform to protocol 'PointProtocol'
| `- note: add stubs for conformance
323 |
324 | // MARK: - Decodable
Swift.BinaryFloatingPoint.RawSignificand:2:16: note: protocol requires nested type 'RawSignificand'
1 | protocol BinaryFloatingPoint {
2 | associatedtype RawSignificand : UnsignedInteger}
| `- note: protocol requires nested type 'RawSignificand'
3 |
Swift.BinaryFloatingPoint.RawExponent:2:16: note: protocol requires nested type 'RawExponent'
1 | protocol BinaryFloatingPoint {
2 | associatedtype RawExponent : UnsignedInteger}
| `- note: protocol requires nested type 'RawExponent'
3 |
Swift.BinaryFloatingPoint.exponentBitCount:2:12: note: protocol requires property 'exponentBitCount' with type 'Int'
1 | protocol BinaryFloatingPoint {
2 | static var exponentBitCount: Int { get }}
| `- note: protocol requires property 'exponentBitCount' with type 'Int'
3 |
Swift.BinaryFloatingPoint.significandBitCount:2:12: note: protocol requires property 'significandBitCount' with type 'Int'
1 | protocol BinaryFloatingPoint {
2 | static var significandBitCount: Int { get }}
| `- note: protocol requires property 'significandBitCount' with type 'Int'
3 |
Swift.BinaryFloatingPoint.binade:2:5: note: protocol requires property 'binade' with type 'Float80'
1 | protocol BinaryFloatingPoint {
2 | var binade: Self { get }}
| `- note: protocol requires property 'binade' with type 'Float80'
3 |
Swift.BinaryFloatingPoint.significandWidth:2:5: note: protocol requires property 'significandWidth' with type 'Int'
1 | protocol BinaryFloatingPoint {
2 | var significandWidth: Int { get }}
| `- note: protocol requires property 'significandWidth' with type 'Int'
3 |
Swift.CustomDebugStringConvertible.debugDescription:2:5: note: protocol requires property 'debugDescription' with type 'String'
1 | protocol CustomDebugStringConvertible {
2 | var debugDescription: String { get }}
| `- note: protocol requires property 'debugDescription' with type 'String'
3 |
Swift.LosslessStringConvertible.init:2:1: note: protocol requires initializer 'init(_:)' with type 'String'
1 | protocol LosslessStringConvertible {
2 | init?(_ description: String)}
| `- note: protocol requires initializer 'init(_:)' with type 'String'
3 |
Swift.FloatingPoint.Exponent:2:16: note: protocol requires nested type 'Exponent'
1 | protocol FloatingPoint {
2 | associatedtype Exponent : SignedInteger}
| `- note: protocol requires nested type 'Exponent'
3 |
Swift.FloatingPoint.nan:2:12: note: protocol requires property 'nan' with type 'Float80'
1 | protocol FloatingPoint {
2 | static var nan: Self { get }}
| `- note: protocol requires property 'nan' with type 'Float80'
3 |
Swift.FloatingPoint.signalingNaN:2:12: note: protocol requires property 'signalingNaN' with type 'Float80'
1 | protocol FloatingPoint {
2 | static var signalingNaN: Self { get }}
| `- note: protocol requires property 'signalingNaN' with type 'Float80'
3 |
Swift.FloatingPoint.infinity:2:12: note: protocol requires property 'infinity' with type 'Float80'
1 | protocol FloatingPoint {
2 | static var infinity: Self { get }}
| `- note: protocol requires property 'infinity' with type 'Float80'
3 |
Swift.FloatingPoint.greatestFiniteMagnitude:2:12: note: protocol requires property 'greatestFiniteMagnitude' with type 'Float80'
1 | protocol FloatingPoint {
2 | static var greatestFiniteMagnitude: Self { get }}
| `- note: protocol requires property 'greatestFiniteMagnitude' with type 'Float80'
3 |
Swift.FloatingPoint.pi:2:12: note: protocol requires property 'pi' with type 'Float80'
1 | protocol FloatingPoint {
2 | static var pi: Self { get }}
| `- note: protocol requires property 'pi' with type 'Float80'
3 |
Swift.FloatingPoint.ulp:2:5: note: protocol requires property 'ulp' with type 'Float80'
1 | protocol FloatingPoint {
2 | var ulp: Self { get }}
| `- note: protocol requires property 'ulp' with type 'Float80'
3 |
Swift.FloatingPoint.leastNormalMagnitude:2:12: note: protocol requires property 'leastNormalMagnitude' with type 'Float80'
1 | protocol FloatingPoint {
2 | static var leastNormalMagnitude: Self { get }}
| `- note: protocol requires property 'leastNormalMagnitude' with type 'Float80'
3 |
Swift.FloatingPoint.leastNonzeroMagnitude:2:12: note: protocol requires property 'leastNonzeroMagnitude' with type 'Float80'
1 | protocol FloatingPoint {
2 | static var leastNonzeroMagnitude: Self { get }}
| `- note: protocol requires property 'leastNonzeroMagnitude' with type 'Float80'
3 |
Swift.FloatingPoint.sign:2:5: note: protocol requires property 'sign' with type 'FloatingPointSign'
1 | protocol FloatingPoint {
2 | var sign: FloatingPointSign { get }}
| `- note: protocol requires property 'sign' with type 'FloatingPointSign'
3 |
Swift.FloatingPoint.significand:2:5: note: protocol requires property 'significand' with type 'Float80'
1 | protocol FloatingPoint {
2 | var significand: Self { get }}
| `- note: protocol requires property 'significand' with type 'Float80'
3 |
Swift.FloatingPoint.formTruncatingRemainder:2:15: note: protocol requires function 'formTruncatingRemainder(dividingBy:)' with type '(Float80) -> ()'
1 | protocol FloatingPoint {
2 | mutating func formTruncatingRemainder(dividingBy other: Self)}
| `- note: protocol requires function 'formTruncatingRemainder(dividingBy:)' with type '(Float80) -> ()'
3 |
Swift.FloatingPoint.formSquareRoot:2:15: note: protocol requires function 'formSquareRoot()' with type '() -> ()'
1 | protocol FloatingPoint {
2 | mutating func formSquareRoot()}
| `- note: protocol requires function 'formSquareRoot()' with type '() -> ()'
3 |
Swift.FloatingPoint.addProduct:2:15: note: protocol requires function 'addProduct' with type '(Float80, Float80) -> ()'
1 | protocol FloatingPoint {
2 | mutating func addProduct(_ lhs: Self, _ rhs: Self)}
| `- note: protocol requires function 'addProduct' with type '(Float80, Float80) -> ()'
3 |
Swift.FloatingPoint.nextUp:2:5: note: protocol requires property 'nextUp' with type 'Float80'
1 | protocol FloatingPoint {
2 | var nextUp: Self { get }}
| `- note: protocol requires property 'nextUp' with type 'Float80'
3 |
Swift.FloatingPoint.isEqual:2:6: note: protocol requires function 'isEqual(to:)' with type '(Float80) -> Bool'
1 | protocol FloatingPoint {
2 | func isEqual(to other: Self) -> Bool}
| `- note: protocol requires function 'isEqual(to:)' with type '(Float80) -> Bool'
3 |
Swift.FloatingPoint.isLess:2:6: note: protocol requires function 'isLess(than:)' with type '(Float80) -> Bool'
1 | protocol FloatingPoint {
2 | func isLess(than other: Self) -> Bool}
| `- note: protocol requires function 'isLess(than:)' with type '(Float80) -> Bool'
3 |
Swift.FloatingPoint.isLessThanOrEqualTo:2:6: note: protocol requires function 'isLessThanOrEqualTo' with type '(Float80) -> Bool'
1 | protocol FloatingPoint {
2 | func isLessThanOrEqualTo(_ other: Self) -> Bool}
| `- note: protocol requires function 'isLessThanOrEqualTo' with type '(Float80) -> Bool'
3 |
Swift.FloatingPoint.isNormal:2:5: note: protocol requires property 'isNormal' with type 'Bool'
1 | protocol FloatingPoint {
2 | var isNormal: Bool { get }}
| `- note: protocol requires property 'isNormal' with type 'Bool'
3 |
Swift.FloatingPoint.isFinite:2:5: note: protocol requires property 'isFinite' with type 'Bool'
1 | protocol FloatingPoint {
2 | var isFinite: Bool { get }}
| `- note: protocol requires property 'isFinite' with type 'Bool'
3 |
Swift.FloatingPoint.isZero:2:5: note: protocol requires property 'isZero' with type 'Bool'
1 | protocol FloatingPoint {
2 | var isZero: Bool { get }}
| `- note: protocol requires property 'isZero' with type 'Bool'
3 |
Swift.FloatingPoint.isSubnormal:2:5: note: protocol requires property 'isSubnormal' with type 'Bool'
1 | protocol FloatingPoint {
2 | var isSubnormal: Bool { get }}
| `- note: protocol requires property 'isSubnormal' with type 'Bool'
3 |
Swift.FloatingPoint.isInfinite:2:5: note: protocol requires property 'isInfinite' with type 'Bool'
1 | protocol FloatingPoint {
2 | var isInfinite: Bool { get }}
| `- note: protocol requires property 'isInfinite' with type 'Bool'
3 |
Swift.FloatingPoint.isNaN:2:5: note: protocol requires property 'isNaN' with type 'Bool'
1 | protocol FloatingPoint {
2 | var isNaN: Bool { get }}
| `- note: protocol requires property 'isNaN' with type 'Bool'
3 |
Swift.FloatingPoint.isSignalingNaN:2:5: note: protocol requires property 'isSignalingNaN' with type 'Bool'
1 | protocol FloatingPoint {
2 | var isSignalingNaN: Bool { get }}
| `- note: protocol requires property 'isSignalingNaN' with type 'Bool'
3 |
Swift.FloatingPoint.isCanonical:2:5: note: protocol requires property 'isCanonical' with type 'Bool'
1 | protocol FloatingPoint {
2 | var isCanonical: Bool { get }}
| `- note: protocol requires property 'isCanonical' with type 'Bool'
3 |
Swift.CustomStringConvertible.description:2:5: note: protocol requires property 'description' with type 'String'
1 | protocol CustomStringConvertible {
2 | var description: String { get }}
| `- note: protocol requires property 'description' with type 'String'
3 |
/Users/admin/builder/spi-builder-workspace/.dependencies/checkouts/SDGCornerstone/Sources/SDGMathematics/Numeric Protocols/RealArithmetic.swift:117:15: note: protocol requires function 'sin' with type '(Angle<Float80>) -> Float80'
115 | /// - Parameters:
116 | /// - angle: The angle.
117 | static func sin(_ angle: Angle<Self>) -> Self
| `- note: protocol requires function 'sin' with type '(Angle<Float80>) -> Float80'
118 |
119 | // @documentation(SDGCornerstone.RealArithmetic.cos(_:))
:
181 | /// - Parameters:
182 | /// - tangent: The tangent.
183 | static func arctan(_ tangent: Self) -> Angle<Self>
| `- note: protocol requires function 'arctan' with type '(Float80) -> Angle<Float80>'
184 |
185 | // @documentation(SDGCornerstone.RealArithmetic.arccsc(_:))
Swift.Numeric.init:2:1: note: protocol requires initializer 'init(exactly:)' with type '(exactly: T)'
1 | protocol Numeric {
2 | init?<T>(exactly source: T) where T : BinaryInteger}
| `- note: protocol requires initializer 'init(exactly:)' with type '(exactly: T)'
3 |
/Users/admin/builder/spi-builder-workspace/.dependencies/checkouts/SDGCornerstone/Sources/SDGMathematics/Numeric Protocols/WholeArithmetic.swift:215:15: note: protocol requires function 'random(in:using:)' with type '<R> (in: ClosedRange<Float80>, using: inout R) -> Float80'
213 | /// - range: The allowed range for the random value.
214 | /// - generator: The randomizer to use to generate the random value.
215 | static func random<R>(in range: ClosedRange<Self>, using generator: inout R) -> Self
| `- note: protocol requires function 'random(in:using:)' with type '<R> (in: ClosedRange<Float80>, using: inout R) -> Float80'
216 | where R: RandomNumberGenerator
217 | }
/Users/admin/builder/spi-builder-workspace/.dependencies/checkouts/SDGCornerstone/Sources/SDGMathematics/Numeric Protocols/PointProtocol.swift:23:18: note: protocol requires nested type 'Vector'
21 |
22 | /// The type to be used as a vector.
23 | associatedtype Vector: Negatable
| `- note: protocol requires nested type 'Vector'
24 |
25 | // @documentation(PointProtocol.+(Self, Vector))
/Users/admin/builder/spi-builder-workspace/.dependencies/checkouts/SDGCornerstone/Sources/SDGMathematics/Float.swift:322:13: error: 'Float80' is unavailable: Float80 is not available on target platform.
320 |
321 | #if !(PLATFORM_LACKS_SWIFT_FLOAT_80 || ((os(macOS) || os(Linux)) && arch(arm64)))
322 | extension Float80: Decodable, Encodable, FloatFamily {
| `- error: 'Float80' is unavailable: Float80 is not available on target platform.
323 |
324 | // MARK: - Decodable
Swift.Float80:2:23: note: 'Float80' has been explicitly marked unavailable here
1 | @available(*, unavailable, message: "Float80 is not available on target platform.")
2 | @frozen public struct Float80 {
| `- note: 'Float80' has been explicitly marked unavailable here
3 | public init()
4 | }
/Users/admin/builder/spi-builder-workspace/.dependencies/checkouts/SDGCornerstone/Sources/SDGMathematics/Float.swift:346:19: error: type 'Float80' has no member 'log10'
344 |
345 | @inlinable public static func log(_ antilogarithm: Self) -> Self {
346 | return Self.log10(antilogarithm)
| `- error: type 'Float80' has no member 'log10'
347 | }
348 |
Failed frontend command:
/Applications/Xcode-27.0.0-Release.Candidate.app/Contents/Developer/Toolchains/XcodeDefault.xctoolchain/usr/bin/swift-frontend -frontend -c /Users/admin/builder/spi-builder-workspace/.dependencies/checkouts/SDGCornerstone/Sources/SDGMathematics/Angle.swift /Users/admin/builder/spi-builder-workspace/.dependencies/checkouts/SDGCornerstone/Sources/SDGMathematics/BitField.swift /Users/admin/builder/spi-builder-workspace/.dependencies/checkouts/SDGCornerstone/Sources/SDGMathematics/ClosedRange.swift /Users/admin/builder/spi-builder-workspace/.dependencies/checkouts/SDGCornerstone/Sources/SDGMathematics/Comparable.swift -primary-file /Users/admin/builder/spi-builder-workspace/.dependencies/checkouts/SDGCornerstone/Sources/SDGMathematics/Data.swift -primary-file /Users/admin/builder/spi-builder-workspace/.dependencies/checkouts/SDGCornerstone/Sources/SDGMathematics/Float.swift /Users/admin/builder/spi-builder-workspace/.dependencies/checkouts/SDGCornerstone/Sources/SDGMathematics/FunctionAnalysis.swift /Users/admin/builder/spi-builder-workspace/.dependencies/checkouts/SDGCornerstone/Sources/SDGMathematics/Int.swift /Users/admin/builder/spi-builder-workspace/.dependencies/checkouts/SDGCornerstone/Sources/SDGMathematics/Measurement.swift /Users/admin/builder/spi-builder-workspace/.dependencies/checkouts/SDGCornerstone/Sources/SDGMathematics/Numeric\ Protocols/Addable.swift /Users/admin/builder/spi-builder-workspace/.dependencies/checkouts/SDGCornerstone/Sources/SDGMathematics/Numeric\ Protocols/FixedScaleOneDimensionalPoint.swift /Users/admin/builder/spi-builder-workspace/.dependencies/checkouts/SDGCornerstone/Sources/SDGMathematics/Numeric\ Protocols/GenericAdditiveArithmetic.swift /Users/admin/builder/spi-builder-workspace/.dependencies/checkouts/SDGCornerstone/Sources/SDGMathematics/Numeric\ Protocols/IntegerProtocol.swift /Users/admin/builder/spi-builder-workspace/.dependencies/checkouts/SDGCornerstone/Sources/SDGMathematics/Numeric\ Protocols/IntegralArithmetic.swift /Users/admin/builder/spi-builder-workspace/.dependencies/checkouts/SDGCornerstone/Sources/SDGMathematics/Numeric\ Protocols/Negatable.swift /Users/admin/builder/spi-builder-workspace/.dependencies/checkouts/SDGCornerstone/Sources/SDGMathematics/Numeric\ Protocols/NumericAdditiveArithmetic.swift /Users/admin/builder/spi-builder-workspace/.dependencies/checkouts/SDGCornerstone/Sources/SDGMathematics/Numeric\ Protocols/OneDimensionalPoint.swift /Users/admin/builder/spi-builder-workspace/.dependencies/checkouts/SDGCornerstone/Sources/SDGMathematics/Numeric\ Protocols/OneDimensionalVector.swift /Users/admin/builder/spi-builder-workspace/.dependencies/checkouts/SDGCornerstone/Sources/SDGMathematics/Numeric\ Protocols/PointProtocol.swift /Users/admin/builder/spi-builder-workspace/.dependencies/checkouts/SDGCornerstone/Sources/SDGMathematics/Numeric\ Protocols/RationalArithmetic.swift /Users/admin/builder/spi-builder-workspace/.dependencies/checkouts/SDGCornerstone/Sources/SDGMathematics/Numeric\ Protocols/RationalNumberProtocol.swift /Users/admin/builder/spi-builder-workspace/.dependencies/checkouts/SDGCornerstone/Sources/SDGMathematics/Numeric\ Protocols/RationalVector.swift /Users/admin/builder/spi-builder-workspace/.dependencies/checkouts/SDGCornerstone/Sources/SDGMathematics/Numeric\ Protocols/RealArithmetic.swift /Users/admin/builder/spi-builder-workspace/.dependencies/checkouts/SDGCornerstone/Sources/SDGMathematics/Numeric\ Protocols/RealNumberProtocol.swift /Users/admin/builder/spi-builder-workspace/.dependencies/checkouts/SDGCornerstone/Sources/SDGMathematics/Numeric\ Protocols/Subtractable.swift /Users/admin/builder/spi-builder-workspace/.dependencies/checkouts/SDGCornerstone/Sources/SDGMathematics/Numeric\ Protocols/VectorProtocol.swift /Users/admin/builder/spi-builder-workspace/.dependencies/checkouts/SDGCornerstone/Sources/SDGMathematics/Numeric\ Protocols/WholeArithmetic.swift /Users/admin/builder/spi-builder-workspace/.dependencies/checkouts/SDGCornerstone/Sources/SDGMathematics/Numeric\ Protocols/WholeNumberProtocol.swift /Users/admin/builder/spi-builder-workspace/.dependencies/checkouts/SDGCornerstone/Sources/SDGMathematics/Operators.swift /Users/admin/builder/spi-builder-workspace/.dependencies/checkouts/SDGCornerstone/Sources/SDGMathematics/OrderedEnumeration.swift /Users/admin/builder/spi-builder-workspace/.dependencies/checkouts/SDGCornerstone/Sources/SDGMathematics/Sequence.swift /Users/admin/builder/spi-builder-workspace/.dependencies/checkouts/SDGCornerstone/Sources/SDGMathematics/Tuple.swift /Users/admin/builder/spi-builder-workspace/.dependencies/checkouts/SDGCornerstone/Sources/SDGMathematics/UInt.swift -emit-dependencies-path /Users/admin/builder/spi-builder-workspace/.derivedData/Build/Intermediates.noindex/SDGCornerstone.build/Debug-xros/SDGMathematics-t.build/Objects-normal/arm64/Data.d -emit-const-values-path /Users/admin/builder/spi-builder-workspace/.derivedData/Build/Intermediates.noindex/SDGCornerstone.build/Debug-xros/SDGMathematics-t.build/Objects-normal/arm64/Data.swiftconstvalues -emit-reference-dependencies-path /Users/admin/builder/spi-builder-workspace/.derivedData/Build/Intermediates.noindex/SDGCornerstone.build/Debug-xros/SDGMathematics-t.build/Objects-normal/arm64/Data.swiftdeps -serialize-diagnostics-path /Users/admin/builder/spi-builder-workspace/.derivedData/Build/Intermediates.noindex/SDGCornerstone.build/Debug-xros/SDGMathematics-t.build/Objects-normal/arm64/Data.dia -emit-dependencies-path /Users/admin/builder/spi-builder-workspace/.derivedData/Build/Intermediates.noindex/SDGCornerstone.build/Debug-xros/SDGMathematics-t.build/Objects-normal/arm64/Float.d -emit-const-values-path /Users/admin/builder/spi-builder-workspace/.derivedData/Build/Intermediates.noindex/SDGCornerstone.build/Debug-xros/SDGMathematics-t.build/Objects-normal/arm64/Float.swiftconstvalues -emit-reference-dependencies-path /Users/admin/builder/spi-builder-workspace/.derivedData/Build/Intermediates.noindex/SDGCornerstone.build/Debug-xros/SDGMathematics-t.build/Objects-normal/arm64/Float.swiftdeps -serialize-diagnostics-path /Users/admin/builder/spi-builder-workspace/.derivedData/Build/Intermediates.noindex/SDGCornerstone.build/Debug-xros/SDGMathematics-t.build/Objects-normal/arm64/Float.dia -target arm64-apple-xros1.0 -module-can-import-version CoreGraphics 2049 2049.0.0 -disable-cross-import-overlay-search -load-resolved-plugin /Applications/Xcode-27.0.0-Release.Candidate.app/Contents/Developer/Platforms/XROS.platform/Developer/usr/lib/swift/host/plugins/libFoundationMacros.dylib\#/Applications/Xcode-27.0.0-Release.Candidate.app/Contents/Developer/Platforms/XROS.platform/Developer/usr/bin/swift-plugin-server\#FoundationMacros -load-resolved-plugin /Applications/Xcode-27.0.0-Release.Candidate.app/Contents/Developer/Platforms/XROS.platform/Developer/usr/lib/swift/host/plugins/libObservationMacros.dylib\#/Applications/Xcode-27.0.0-Release.Candidate.app/Contents/Developer/Platforms/XROS.platform/Developer/usr/bin/swift-plugin-server\#ObservationMacros -load-resolved-plugin /Applications/Xcode-27.0.0-Release.Candidate.app/Contents/Developer/Platforms/XROS.platform/Developer/usr/lib/swift/host/plugins/libSwiftMacros.dylib\#/Applications/Xcode-27.0.0-Release.Candidate.app/Contents/Developer/Platforms/XROS.platform/Developer/usr/bin/swift-plugin-server\#SwiftMacros -disable-implicit-swift-modules -Xcc -fno-implicit-modules -Xcc -fno-implicit-module-maps -explicit-swift-module-map-file /Users/admin/builder/spi-builder-workspace/.derivedData/Build/Intermediates.noindex/SDGCornerstone.build/Debug-xros/SDGMathematics-t.build/Objects-normal/arm64/SDGMathematics-dependencies-1.json -Xllvm -aarch64-use-tbi -enable-objc-interop -stack-check -sdk /Applications/Xcode-27.0.0-Release.Candidate.app/Contents/Developer/Platforms/XROS.platform/Developer/SDKs/XROS27.0.sdk -I /Users/admin/builder/spi-builder-workspace/.derivedData/Build/Products/Debug-xros -Isystem /Applications/Xcode-27.0.0-Release.Candidate.app/Contents/Developer/Platforms/XROS.platform/Developer/usr/lib -F /Users/admin/builder/spi-builder-workspace/.derivedData/Build/Products/Debug-xros/PackageFrameworks -F /Users/admin/builder/spi-builder-workspace/.derivedData/Build/Products/Debug-xros -F /Applications/Xcode-27.0.0-Release.Candidate.app/Contents/Developer/Platforms/XROS.platform/Developer/Library/Frameworks -F /Applications/Xcode-27.0.0-Release.Candidate.app/Contents/Developer/Platforms/XROS.platform/Developer/SDKs/XROS27.0.sdk/Developer/Library/Frameworks -module-cache-path /Users/admin/builder/spi-builder-workspace/.derivedData/Build/Intermediates.noindex/SwiftExplicitPrecompiledModules -no-color-diagnostics -Xcc -fno-color-diagnostics -enable-testing -g -debug-info-format\=dwarf -dwarf-version\=4 -suppress-warnings -profile-generate -profile-coverage-mapping -swift-version 5 -Onone -D SWIFT_PACKAGE -D DEBUG -D SWIFT_MODULE_RESOURCE_BUNDLE_UNAVAILABLE -D Xcode -serialize-debugging-options -enable-experimental-feature DebugDescriptionMacro -empty-abi-descriptor -validate-clang-modules-once -clang-build-session-file /Users/admin/builder/spi-builder-workspace/.derivedData/ModuleCache.noindex/Session.modulevalidation -Xcc -working-directory -Xcc /Users/admin/builder/spi-builder-workspace/.swiftpm/xcode -enable-anonymous-context-mangled-names -file-compilation-dir /Users/admin/builder/spi-builder-workspace/.swiftpm/xcode -Xcc -fmodule-map-file\=/Users/admin/builder/spi-builder-workspace/.dependencies/checkouts/swift-numerics/Sources/_NumericsShims/include/module.modulemap -Xcc -D_LIBCPP_HARDENING_MODE\=_LIBCPP_HARDENING_MODE_DEBUG -Xcc -ivfsstatcache -Xcc /Users/admin/builder/spi-builder-workspace/.derivedData/SDKStatCaches.noindex/xros27.0-24M361-e829b21a6f8c9b70876ba0858053c044735bd543db762f57723cac368afd1ce4.sdkstatcache -Xcc -fmodules-prune-interval\=86400 -Xcc -fmodules-prune-after\=345600 -Xcc -I/Users/admin/builder/spi-builder-workspace/.dependencies/checkouts/swift-numerics/Sources/_NumericsShims/include -Xcc -I/Users/admin/builder/spi-builder-workspace/.derivedData/Build/Products/Debug-xros/include -Xcc -I/Users/admin/builder/spi-builder-workspace/.derivedData/Build/Intermediates.noindex/SDGCornerstone.build/Debug-xros/SDGMathematics-t.build/DerivedSources-normal/arm64 -Xcc -I/Users/admin/builder/spi-builder-workspace/.derivedData/Build/Intermediates.noindex/SDGCornerstone.build/Debug-xros/SDGMathematics-t.build/DerivedSources/arm64 -Xcc -I/Users/admin/builder/spi-builder-workspace/.derivedData/Build/Intermediates.noindex/SDGCornerstone.build/Debug-xros/SDGMathematics-t.build/DerivedSources -Xcc -DSWIFT_PACKAGE -Xcc -DDEBUG\=1 -no-auto-bridging-header-chaining -module-name SDGMathematics -const-gather-protocols-file /Users/admin/builder/spi-builder-workspace/.derivedData/Build/Intermediates.noindex/SDGCornerstone.build/Debug-xros/SDGMathematics-t.build/Objects-normal/arm64/SDGMathematics_const_extract_protocols.json -disable-clang-spi -clang-target arm64-apple-xros27.0 -target-sdk-version 27.0 -target-sdk-name xros27.0 -in-process-plugin-server-path /Applications/Xcode-27.0.0-Release.Candidate.app/Contents/Developer/Toolchains/XcodeDefault.xctoolchain/usr/lib/swift/host/libSwiftInProcPluginServer.dylib -parse-as-library -o /Users/admin/builder/spi-builder-workspace/.derivedData/Build/Intermediates.noindex/SDGCornerstone.build/Debug-xros/SDGMathematics-t.build/Objects-normal/arm64/Data.o -o /Users/admin/builder/spi-builder-workspace/.derivedData/Build/Intermediates.noindex/SDGCornerstone.build/Debug-xros/SDGMathematics-t.build/Objects-normal/arm64/Float.o -debug-module-path /Users/admin/builder/spi-builder-workspace/.derivedData/Build/Intermediates.noindex/SDGCornerstone.build/Debug-xros/SDGMathematics-t.build/Objects-normal/arm64/SDGMathematics.swiftmodule -index-unit-output-path /SDGCornerstone.build/Debug-xros/SDGMathematics-t.build/Objects-normal/arm64/Data.o -index-unit-output-path /SDGCornerstone.build/Debug-xros/SDGMathematics-t.build/Objects-normal/arm64/Float.o -index-store-path /Users/admin/builder/spi-builder-workspace/.derivedData/Index.noindex/DataStore -index-system-modules
SwiftCompile normal arm64 /Users/admin/builder/spi-builder-workspace/.dependencies/checkouts/SDGCornerstone/Sources/SDGMathematics/Data.swift (in target 'SDGMathematics' from project 'SDGCornerstone')
cd /Users/admin/builder/spi-builder-workspace/.swiftpm/xcode
builtin-SwiftPerFileCompile Data.swift
SwiftCompile normal arm64 /Users/admin/builder/spi-builder-workspace/.dependencies/checkouts/SDGCornerstone/Sources/SDGMathematics/Float.swift (in target 'SDGMathematics' from project 'SDGCornerstone')
cd /Users/admin/builder/spi-builder-workspace/.swiftpm/xcode
builtin-SwiftPerFileCompile Float.swift
SwiftCompile normal arm64 Compiling\ RationalVector.swift,\ RealArithmetic.swift /Users/admin/builder/spi-builder-workspace/.dependencies/checkouts/SDGCornerstone/Sources/SDGMathematics/Numeric\ Protocols/RationalVector.swift /Users/admin/builder/spi-builder-workspace/.dependencies/checkouts/SDGCornerstone/Sources/SDGMathematics/Numeric\ Protocols/RealArithmetic.swift (in target 'SDGMathematics' from project 'SDGCornerstone')
SwiftCompile normal arm64 /Users/admin/builder/spi-builder-workspace/.dependencies/checkouts/SDGCornerstone/Sources/SDGMathematics/Numeric\ Protocols/RationalVector.swift (in target 'SDGMathematics' from project 'SDGCornerstone')
cd /Users/admin/builder/spi-builder-workspace/.swiftpm/xcode
builtin-SwiftPerFileCompile RationalVector.swift
SwiftCompile normal arm64 /Users/admin/builder/spi-builder-workspace/.dependencies/checkouts/SDGCornerstone/Sources/SDGMathematics/Numeric\ Protocols/RealArithmetic.swift (in target 'SDGMathematics' from project 'SDGCornerstone')
cd /Users/admin/builder/spi-builder-workspace/.swiftpm/xcode
builtin-SwiftPerFileCompile RealArithmetic.swift
SwiftEmitModule normal arm64 Emitting\ module\ for\ SwiftSyntax (in target 'SwiftSyntax' from project 'SwiftSyntax')
SwiftCompile normal arm64 (in target 'SwiftSyntax' from project 'SwiftSyntax')
cd /Users/admin/builder/spi-builder-workspace/.swiftpm/xcode
SwiftDriverJobDiscovery normal arm64 Compiling OneDimensionalPoint.swift, OneDimensionalVector.swift (in target 'SDGMathematics' from project 'SDGCornerstone')
SwiftCompile normal arm64 Compiling\ SyntaxKind.swift,\ SyntaxCollections.swift /Users/admin/builder/spi-builder-workspace/.dependencies/checkouts/swift-syntax/Sources/SwiftSyntax/generated/SyntaxKind.swift /Users/admin/builder/spi-builder-workspace/.dependencies/checkouts/swift-syntax/Sources/SwiftSyntax/gyb_generated/SyntaxCollections.swift (in target 'SwiftSyntax' from project 'SwiftSyntax')
SwiftCompile normal arm64 /Users/admin/builder/spi-builder-workspace/.dependencies/checkouts/swift-syntax/Sources/SwiftSyntax/generated/SyntaxKind.swift (in target 'SwiftSyntax' from project 'SwiftSyntax')
cd /Users/admin/builder/spi-builder-workspace/.swiftpm/xcode
builtin-SwiftPerFileCompile SyntaxKind.swift
SwiftCompile normal arm64 /Users/admin/builder/spi-builder-workspace/.dependencies/checkouts/swift-syntax/Sources/SwiftSyntax/gyb_generated/SyntaxCollections.swift (in target 'SwiftSyntax' from project 'SwiftSyntax')
cd /Users/admin/builder/spi-builder-workspace/.swiftpm/xcode
builtin-SwiftPerFileCompile SyntaxCollections.swift
SwiftDriverJobDiscovery normal arm64 Compiling IntegerProtocol.swift, IntegralArithmetic.swift (in target 'SDGMathematics' from project 'SDGCornerstone')
SwiftCompile normal arm64 Compiling\ SyntaxFactory.swift,\ SyntaxRewriter.swift /Users/admin/builder/spi-builder-workspace/.dependencies/checkouts/swift-syntax/Sources/SwiftSyntax/gyb_generated/SyntaxFactory.swift /Users/admin/builder/spi-builder-workspace/.dependencies/checkouts/swift-syntax/Sources/SwiftSyntax/gyb_generated/SyntaxRewriter.swift (in target 'SwiftSyntax' from project 'SwiftSyntax')
SwiftCompile normal arm64 /Users/admin/builder/spi-builder-workspace/.dependencies/checkouts/swift-syntax/Sources/SwiftSyntax/gyb_generated/SyntaxFactory.swift (in target 'SwiftSyntax' from project 'SwiftSyntax')
cd /Users/admin/builder/spi-builder-workspace/.swiftpm/xcode
builtin-SwiftPerFileCompile SyntaxFactory.swift
SwiftCompile normal arm64 /Users/admin/builder/spi-builder-workspace/.dependencies/checkouts/swift-syntax/Sources/SwiftSyntax/gyb_generated/SyntaxRewriter.swift (in target 'SwiftSyntax' from project 'SwiftSyntax')
cd /Users/admin/builder/spi-builder-workspace/.swiftpm/xcode
builtin-SwiftPerFileCompile SyntaxRewriter.swift
SwiftDriverJobDiscovery normal arm64 Compiling Negatable.swift, NumericAdditiveArithmetic.swift (in target 'SDGMathematics' from project 'SDGCornerstone')
SwiftCompile normal arm64 Compiling\ SyntaxStmtNodes.swift,\ SyntaxTypeNodes.swift /Users/admin/builder/spi-builder-workspace/.dependencies/checkouts/swift-syntax/Sources/SwiftSyntax/gyb_generated/syntax_nodes/SyntaxStmtNodes.swift /Users/admin/builder/spi-builder-workspace/.dependencies/checkouts/swift-syntax/Sources/SwiftSyntax/gyb_generated/syntax_nodes/SyntaxTypeNodes.swift (in target 'SwiftSyntax' from project 'SwiftSyntax')
SwiftCompile normal arm64 /Users/admin/builder/spi-builder-workspace/.dependencies/checkouts/swift-syntax/Sources/SwiftSyntax/gyb_generated/syntax_nodes/SyntaxStmtNodes.swift (in target 'SwiftSyntax' from project 'SwiftSyntax')
cd /Users/admin/builder/spi-builder-workspace/.swiftpm/xcode
builtin-SwiftPerFileCompile SyntaxStmtNodes.swift
SwiftCompile normal arm64 /Users/admin/builder/spi-builder-workspace/.dependencies/checkouts/swift-syntax/Sources/SwiftSyntax/gyb_generated/syntax_nodes/SyntaxTypeNodes.swift (in target 'SwiftSyntax' from project 'SwiftSyntax')
cd /Users/admin/builder/spi-builder-workspace/.swiftpm/xcode
builtin-SwiftPerFileCompile SyntaxTypeNodes.swift
SwiftDriverJobDiscovery normal arm64 Compiling RealNumberProtocol.swift, Sequence.swift (in target 'SDGMathematics' from project 'SDGCornerstone')
SwiftCompile normal arm64 Compiling\ SyntaxDeclNodes.swift,\ SyntaxExprNodes.swift /Users/admin/builder/spi-builder-workspace/.dependencies/checkouts/swift-syntax/Sources/SwiftSyntax/gyb_generated/syntax_nodes/SyntaxDeclNodes.swift /Users/admin/builder/spi-builder-workspace/.dependencies/checkouts/swift-syntax/Sources/SwiftSyntax/gyb_generated/syntax_nodes/SyntaxExprNodes.swift (in target 'SwiftSyntax' from project 'SwiftSyntax')
SwiftCompile normal arm64 /Users/admin/builder/spi-builder-workspace/.dependencies/checkouts/swift-syntax/Sources/SwiftSyntax/gyb_generated/syntax_nodes/SyntaxDeclNodes.swift (in target 'SwiftSyntax' from project 'SwiftSyntax')
cd /Users/admin/builder/spi-builder-workspace/.swiftpm/xcode
builtin-SwiftPerFileCompile SyntaxDeclNodes.swift
SwiftCompile normal arm64 /Users/admin/builder/spi-builder-workspace/.dependencies/checkouts/swift-syntax/Sources/SwiftSyntax/gyb_generated/syntax_nodes/SyntaxExprNodes.swift (in target 'SwiftSyntax' from project 'SwiftSyntax')
cd /Users/admin/builder/spi-builder-workspace/.swiftpm/xcode
builtin-SwiftPerFileCompile SyntaxExprNodes.swift
SwiftDriverJobDiscovery normal arm64 Compiling Measurement.swift, Addable.swift (in target 'SDGMathematics' from project 'SDGCornerstone')
SwiftCompile normal arm64 Compiling\ RawSyntaxTokenView.swift,\ RawSyntaxNodes.swift /Users/admin/builder/spi-builder-workspace/.dependencies/checkouts/swift-syntax/Sources/SwiftSyntax/Raw/RawSyntaxTokenView.swift /Users/admin/builder/spi-builder-workspace/.dependencies/checkouts/swift-syntax/Sources/SwiftSyntax/Raw/gyb_generated/RawSyntaxNodes.swift (in target 'SwiftSyntax' from project 'SwiftSyntax')
SwiftCompile normal arm64 /Users/admin/builder/spi-builder-workspace/.dependencies/checkouts/swift-syntax/Sources/SwiftSyntax/Raw/RawSyntaxTokenView.swift (in target 'SwiftSyntax' from project 'SwiftSyntax')
cd /Users/admin/builder/spi-builder-workspace/.swiftpm/xcode
builtin-SwiftPerFileCompile RawSyntaxTokenView.swift
SwiftCompile normal arm64 /Users/admin/builder/spi-builder-workspace/.dependencies/checkouts/swift-syntax/Sources/SwiftSyntax/Raw/gyb_generated/RawSyntaxNodes.swift (in target 'SwiftSyntax' from project 'SwiftSyntax')
cd /Users/admin/builder/spi-builder-workspace/.swiftpm/xcode
builtin-SwiftPerFileCompile RawSyntaxNodes.swift
SwiftDriverJobDiscovery normal arm64 Compiling Tuple.swift, UInt.swift (in target 'SDGMathematics' from project 'SDGCornerstone')
SwiftCompile normal arm64 Compiling\ RawSyntax.swift,\ RawSyntaxLayoutView.swift,\ RawSyntaxNodeProtocol.swift /Users/admin/builder/spi-builder-workspace/.dependencies/checkouts/swift-syntax/Sources/SwiftSyntax/Raw/RawSyntax.swift /Users/admin/builder/spi-builder-workspace/.dependencies/checkouts/swift-syntax/Sources/SwiftSyntax/Raw/RawSyntaxLayoutView.swift /Users/admin/builder/spi-builder-workspace/.dependencies/checkouts/swift-syntax/Sources/SwiftSyntax/Raw/RawSyntaxNodeProtocol.swift (in target 'SwiftSyntax' from project 'SwiftSyntax')
SwiftCompile normal arm64 /Users/admin/builder/spi-builder-workspace/.dependencies/checkouts/swift-syntax/Sources/SwiftSyntax/Raw/RawSyntax.swift (in target 'SwiftSyntax' from project 'SwiftSyntax')
cd /Users/admin/builder/spi-builder-workspace/.swiftpm/xcode
builtin-SwiftPerFileCompile RawSyntax.swift
SwiftCompile normal arm64 /Users/admin/builder/spi-builder-workspace/.dependencies/checkouts/swift-syntax/Sources/SwiftSyntax/Raw/RawSyntaxLayoutView.swift (in target 'SwiftSyntax' from project 'SwiftSyntax')
cd /Users/admin/builder/spi-builder-workspace/.swiftpm/xcode
builtin-SwiftPerFileCompile RawSyntaxLayoutView.swift
SwiftCompile normal arm64 /Users/admin/builder/spi-builder-workspace/.dependencies/checkouts/swift-syntax/Sources/SwiftSyntax/Raw/RawSyntaxNodeProtocol.swift (in target 'SwiftSyntax' from project 'SwiftSyntax')
cd /Users/admin/builder/spi-builder-workspace/.swiftpm/xcode
builtin-SwiftPerFileCompile RawSyntaxNodeProtocol.swift
SwiftDriverJobDiscovery normal arm64 Compiling RationalVector.swift, RealArithmetic.swift (in target 'SDGMathematics' from project 'SDGCornerstone')
SwiftCompile normal arm64 Compiling\ SyntaxNodes.swift,\ SyntaxPatternNodes.swift /Users/admin/builder/spi-builder-workspace/.dependencies/checkouts/swift-syntax/Sources/SwiftSyntax/gyb_generated/syntax_nodes/SyntaxNodes.swift /Users/admin/builder/spi-builder-workspace/.dependencies/checkouts/swift-syntax/Sources/SwiftSyntax/gyb_generated/syntax_nodes/SyntaxPatternNodes.swift (in target 'SwiftSyntax' from project 'SwiftSyntax')
SwiftCompile normal arm64 /Users/admin/builder/spi-builder-workspace/.dependencies/checkouts/swift-syntax/Sources/SwiftSyntax/gyb_generated/syntax_nodes/SyntaxNodes.swift (in target 'SwiftSyntax' from project 'SwiftSyntax')
cd /Users/admin/builder/spi-builder-workspace/.swiftpm/xcode
builtin-SwiftPerFileCompile SyntaxNodes.swift
SwiftCompile normal arm64 /Users/admin/builder/spi-builder-workspace/.dependencies/checkouts/swift-syntax/Sources/SwiftSyntax/gyb_generated/syntax_nodes/SyntaxPatternNodes.swift (in target 'SwiftSyntax' from project 'SwiftSyntax')
cd /Users/admin/builder/spi-builder-workspace/.swiftpm/xcode
builtin-SwiftPerFileCompile SyntaxPatternNodes.swift
SwiftDriverJobDiscovery normal arm64 Compiling FunctionAnalysis.swift, Int.swift (in target 'SDGMathematics' from project 'SDGCornerstone')
SwiftCompile normal arm64 Compiling\ Tokens.swift,\ Trivia.swift /Users/admin/builder/spi-builder-workspace/.dependencies/checkouts/swift-syntax/Sources/SwiftSyntax/gyb_generated/Tokens.swift /Users/admin/builder/spi-builder-workspace/.dependencies/checkouts/swift-syntax/Sources/SwiftSyntax/gyb_generated/Trivia.swift (in target 'SwiftSyntax' from project 'SwiftSyntax')
SwiftCompile normal arm64 /Users/admin/builder/spi-builder-workspace/.dependencies/checkouts/swift-syntax/Sources/SwiftSyntax/gyb_generated/Tokens.swift (in target 'SwiftSyntax' from project 'SwiftSyntax')
cd /Users/admin/builder/spi-builder-workspace/.swiftpm/xcode
builtin-SwiftPerFileCompile Tokens.swift
SwiftCompile normal arm64 /Users/admin/builder/spi-builder-workspace/.dependencies/checkouts/swift-syntax/Sources/SwiftSyntax/gyb_generated/Trivia.swift (in target 'SwiftSyntax' from project 'SwiftSyntax')
cd /Users/admin/builder/spi-builder-workspace/.swiftpm/xcode
builtin-SwiftPerFileCompile Trivia.swift
PruneExplicitPrecompiledModules /Users/admin/builder/spi-builder-workspace/.derivedData/SDKExplicitPrecompiledModules
PruneExplicitPrecompiledModules /Users/admin/builder/spi-builder-workspace/.derivedData/Build/Intermediates.noindex/ExplicitPrecompiledModules
PruneExplicitPrecompiledModules /Users/admin/builder/spi-builder-workspace/.derivedData/Build/Intermediates.noindex/SwiftExplicitPrecompiledModules
2026-09-19 11:07:23.160 xcodebuild[1682:9147] [MT] IDERunDestination: Supported platforms for the buildables in the current scheme is empty.
** BUILD FAILED **
The following build commands failed:
SwiftCompile normal arm64 Compiling\ Data.swift,\ Float.swift /Users/admin/builder/spi-builder-workspace/.dependencies/checkouts/SDGCornerstone/Sources/SDGMathematics/Data.swift /Users/admin/builder/spi-builder-workspace/.dependencies/checkouts/SDGCornerstone/Sources/SDGMathematics/Float.swift (in target 'SDGMathematics' from project 'SDGCornerstone')
SwiftCompile normal arm64 /Users/admin/builder/spi-builder-workspace/.dependencies/checkouts/SDGCornerstone/Sources/SDGMathematics/Float.swift (in target 'SDGMathematics' from project 'SDGCornerstone')
Building workspace SDGSwift with scheme SDGSwift-Package
(3 failures)
BUILD FAILURE 6.4 visionOS