The Swift Package Index logo.Swift Package Index

Build Information

Failed to build swift-docc-static, reference main (c42b46), with Swift 6.2 for Android on 26 Jun 2026 14:47:31 UTC.

Build Command

bash -c docker run --pull=always --rm -v "checkouts-53886769-0":/host -w "$PWD" -e JAVA_HOME="/root/.sdkman/candidates/java/current" -e SPI_BUILD="1" -e SPI_PROCESSING="1" registry.gitlab.com/saguaro1/spi-images:android-6.2-latest swift build --swift-sdk aarch64-unknown-linux-android28 2>&1

Build Log

[172/956] Compiling co-586-linux.S
[173/956] Compiling co-586-apple.S
[174/956] Compiling bsaes-armv7-linux.S
[175/956] Compiling bn-armv8-linux.S
[176/956] Compiling bn-armv8-win.S
[177/956] Compiling bn-armv8-apple.S
[178/956] Compiling bn-586-linux.S
[179/956] Compiling bn-586-apple.S
[180/956] Compiling armv8-mont-linux.S
[181/956] Compiling armv4-mont-linux.S
[182/956] Compiling armv8-mont-win.S
[183/956] Compiling armv8-mont-apple.S
[184/956] Compiling aesv8-gcm-armv8-win.S
[185/956] Compiling aesv8-gcm-armv8-linux.S
[186/956] Compiling aesv8-armv8-win.S
[186/956] Compiling aesv8-armv8-linux.S
[188/956] Compiling aesv8-gcm-armv8-apple.S
[189/956] Compiling aesv8-armv7-linux.S
[190/956] Compiling aesv8-armv8-apple.S
[191/956] Compiling aesni-x86_64-linux.S
[192/956] Compiling aesni-x86_64-apple.S
[193/956] Compiling aesni-x86-linux.S
[194/956] Compiling aesni-x86-apple.S
[195/956] Compiling aesni-gcm-x86_64-linux.S
[196/956] Compiling aesni-gcm-x86_64-apple.S
[197/956] Compiling aes-gcm-avx512-x86_64-linux.S
[198/956] Compiling aes-gcm-avx512-x86_64-apple.S
[199/956] Compiling aes-gcm-avx2-x86_64-linux.S
[200/956] Compiling aes-gcm-avx2-x86_64-apple.S
[201/956] Compiling xwing.cc
[202/956] Compiling x_sig.cc
[203/956] Compiling x_spki.cc
[204/956] Compiling x_x509.cc
[205/956] Compiling x_req.cc
[206/956] Compiling x_x509a.cc
[207/956] Compiling c-nioatomics.c
[208/956] Compiling x_pubkey.cc
[209/956] Compiling x_exten.cc
[210/956] Compiling x_name.cc
[211/956] Compiling x_crl.cc
[212/956] Compiling x_attrib.cc
[213/956] Compiling x_all.cc
[214/956] Compiling c-atomics.c
[215/956] Compiling x509spki.cc
[216/956] Compiling x_algor.cc
[217/956] Compiling x509rset.cc
[218/956] Compiling x509name.cc
[219/956] Compiling x509cset.cc
[220/956] Compiling x509_vpm.cc
[221/956] Compiling x509_v3.cc
[222/956] Compiling x509_vfy.cc
[223/956] Compiling x509_txt.cc
[224/956] Compiling x509_trs.cc
[225/956] Compiling x509_set.cc
[226/956] Compiling x509_req.cc
[227/956] Compiling x509_obj.cc
[228/956] Compiling x509_lu.cc
[229/956] Compiling x509_def.cc
[230/956] Compiling x509_ext.cc
[231/956] Compiling x509_d2.cc
[232/956] Compiling x509_cmp.cc
[233/956] Compiling x509.cc
[234/956] Compiling x509_att.cc
[235/956] Compiling v3_utl.cc
[236/956] Compiling v3_skey.cc
[237/956] Compiling v3_prn.cc
[238/956] Compiling v3_purp.cc
[239/956] Compiling v3_pmaps.cc
[240/956] Compiling v3_pcons.cc
[241/956] Compiling v3_ocsp.cc
[242/956] Compiling v3_ncons.cc
[243/956] Compiling v3_lib.cc
[244/956] Compiling v3_int.cc
[245/956] Compiling v3_ia5.cc
[246/956] Compiling v3_info.cc
[247/956] Compiling v3_genn.cc
[248/956] Compiling v3_extku.cc
[249/956] Compiling v3_enum.cc
[250/956] Compiling v3_crld.cc
[251/956] Compiling v3_cpols.cc
[252/956] Compiling v3_bitst.cc
[253/956] Compiling v3_conf.cc
[254/956] Compiling v3_bcons.cc
[255/956] Compiling v3_alt.cc
[256/956] Compiling v3_akeya.cc
[257/956] Compiling v3_akey.cc
[258/956] Compiling t_x509a.cc
[259/956] Compiling t_x509.cc
[260/956] Compiling t_crl.cc
[261/956] Compiling t_req.cc
[262/956] Compiling i2d_pr.cc
[263/956] Compiling rsa_pss.cc
[264/956] Compiling policy.cc
[265/956] Compiling name_print.cc
[266/956] Compiling by_file.cc
[267/956] Compiling by_dir.cc
[268/956] Compiling asn1_gen.cc
[269/956] Compiling algorithm.cc
[270/956] Compiling a_verify.cc
[271/956] Compiling a_sign.cc
[272/956] Compiling voprf.cc
[273/956] Compiling a_digest.cc
[274/956] Compiling thread_win.cc
[275/956] Compiling thread_pthread.cc
[276/956] Compiling thread_none.cc
[277/956] Compiling thread.cc
[278/956] Compiling stack.cc
[279/956] Compiling trust_token.cc
[280/956] Compiling pmbtoken.cc
[281/956] Compiling sha512.cc
[282/956] Compiling siphash.cc
[283/956] Compiling sha256.cc
[284/956] Compiling slhdsa.cc
[285/956] Compiling sha1.cc
[286/956] Compiling spake2plus.cc
[287/956] Compiling rsa_print.cc
[288/956] Compiling rsa_extra.cc
[289/956] Compiling refcount.cc
[290/956] Compiling rc4.cc
[291/956] Compiling rsa_crypt.cc
[292/956] Compiling windows.cc
[293/956] Compiling trusty.cc
[294/956] Compiling rand.cc
[295/956] Compiling urandom.cc
[296/956] Compiling ios.cc
[297/956] Compiling passive.cc
[298/956] Compiling getentropy.cc
[299/956] Compiling poly1305_arm_asm.S
[300/956] Compiling forkunsafe.cc
[301/956] Compiling deterministic.cc
[302/956] Compiling fork_detect.cc
[302/956] Compiling rsa_asn1.cc
[304/956] Compiling poly1305_arm.cc
[305/956] Compiling poly1305.cc
[306/956] Compiling poly1305_vec.cc
[307/956] Compiling pool.cc
[308/956] Compiling pkcs7.cc
[309/956] Compiling pkcs8.cc
[310/956] Compiling p5_pbev2.cc
[311/956] Compiling pkcs8_x509.cc
[312/956] Compiling pkcs7_x509.cc
[313/956] Compiling pem_xaux.cc
[314/956] Compiling pem_x509.cc
[315/956] Compiling pem_pkey.cc
[316/956] Compiling mlkem.cc
[317/956] Compiling obj_xref.cc
[318/956] Compiling pem_pk8.cc
[319/956] Compiling pem_oth.cc
[320/956] Compiling pem_info.cc
[321/956] Compiling mldsa.cc
[322/956] Compiling pem_lib.cc
[323/956] Compiling pem_all.cc
[324/956] Compiling mem.cc
[325/956] Compiling obj.cc
[326/956] Compiling poly_rq_mul.S
[327/956] Compiling fips_shared_support.cc
[328/956] Compiling lhash.cc
[329/956] Compiling md5.cc
[330/956] Compiling md4.cc
[331/956] Compiling fuzzer_mode.cc
[332/956] Compiling kyber.cc
[333/956] Compiling ex_data.cc
[334/956] Compiling hrss.cc
[335/956] Compiling hpke.cc
[336/956] Compiling scrypt.cc
[337/956] Compiling print.cc
[338/956] Compiling sign.cc
[339/956] Compiling pbkdf.cc
[340/956] Compiling p_x25519_asn1.cc
[341/956] Compiling p_x25519.cc
[342/956] Compiling p_rsa_asn1.cc
[343/956] Compiling p_hkdf.cc
[344/956] Compiling p_rsa.cc
[345/956] Compiling p_ed25519_asn1.cc
[346/956] Compiling p_ed25519.cc
[347/956] Compiling p_ec_asn1.cc
[348/956] Compiling p_ec.cc
[349/956] Compiling p_dsa_asn1.cc
[350/956] Compiling p_dh_asn1.cc
[351/956] Compiling p_dh.cc
[351/956] Compiling evp_ctx.cc
[353/956] Compiling evp_asn1.cc
[354/956] Compiling err.cc
[355/956] Compiling engine.cc
[356/956] Compiling ecdsa_p1363.cc
[357/956] Compiling evp.cc
[358/956] Compiling ecdh.cc
[359/956] Compiling ec_derive.cc
[360/956] Compiling ecdsa_asn1.cc
[361/956] Compiling hash_to_curve.cc
[362/956] Compiling dsa.cc
[363/956] Compiling dsa_asn1.cc
[364/956] Compiling digest_extra.cc
[365/956] Compiling ec_asn1.cc
[366/956] Compiling x25519-asm-arm.S
[367/956] Compiling des.cc
[368/956] Compiling params.cc
[369/956] Compiling dh_asn1.cc
[370/956] Compiling cpu_intel.cc
[371/956] Compiling crypto.cc
[372/956] Compiling spake25519.cc
[373/956] Compiling cpu_arm_linux.cc
[374/956] Compiling curve25519.cc
[375/956] Compiling cpu_arm_freebsd.cc
[376/956] Compiling cpu_aarch64_win.cc
[377/956] Compiling cpu_aarch64_sysreg.cc
[378/956] Compiling cpu_aarch64_openbsd.cc
[379/956] Compiling curve25519_64_adx.cc
[380/956] Compiling cpu_aarch64_fuchsia.cc
[380/956] Compiling cpu_aarch64_linux.cc
[382/956] Compiling cpu_aarch64_apple.cc
[383/956] Compiling conf.cc
[384/956] Compiling tls_cbc.cc
[385/956] Compiling get_cipher.cc
[386/956] Compiling e_rc4.cc
[387/956] Compiling e_tls.cc
[388/956] Compiling e_rc2.cc
[389/956] Compiling e_null.cc
[390/956] Compiling e_des.cc
[391/956] Compiling derive_key.cc
[392/956] Compiling e_chacha20poly1305.cc
[393/956] Compiling cms.cc
[394/956] Compiling e_aesgcmsiv.cc
[395/956] Compiling e_aeseax.cc
[396/956] Compiling e_aesctrhmac.cc
[397/956] Compiling chacha.cc
[398/956] Compiling buf.cc
[399/956] Compiling unicode.cc
[400/956] Compiling cbb.cc
[401/956] Compiling sqrt.cc
[402/956] Compiling ber.cc
[403/956] Compiling cbs.cc
[404/956] Compiling asn1_compat.cc
[405/956] Compiling div.cc
[406/956] Compiling exponentiation.cc
[407/956] Compiling printf.cc
[408/956] Compiling pair.cc
[409/956] Compiling bn_asn1.cc
[410/956] Compiling hexdump.cc
[411/956] Compiling blake2.cc
[412/956] Compiling file.cc
[413/956] Compiling convert.cc
[414/956] Compiling fd.cc
[415/956] Compiling errno.cc
[416/956] Compiling bio_mem.cc
[417/956] Compiling bio.cc
[418/956] Compiling base64.cc
[419/956] Compiling tasn_typ.cc
[420/956] Compiling tasn_fre.cc
[421/956] Compiling tasn_utl.cc
[422/956] Compiling posix_time.cc
[423/956] Compiling tasn_enc.cc
[424/956] Compiling f_string.cc
[425/956] Compiling tasn_new.cc
[426/956] Compiling f_int.cc
[427/956] Compiling tasn_dec.cc
[428/956] Compiling asn_pack.cc
[429/956] Compiling asn1_par.cc
[430/956] Compiling a_utctm.cc
[431/956] Compiling asn1_lib.cc
[432/956] Compiling a_octet.cc
[433/956] Compiling a_type.cc
[434/956] Compiling a_time.cc
[435/956] Compiling a_strnid.cc
[436/956] Compiling a_strex.cc
[437/956] Compiling a_i2d_fp.cc
[438/956] Compiling a_dup.cc
[439/956] Compiling a_mbstr.cc
[440/956] Compiling a_d2i_fp.cc
[441/956] Compiling a_object.cc
[442/956] Write sources
[443/956] Compiling CAtomic CAtomic.c
[443/956] Write sources
[447/956] Compiling a_int.cc
[448/956] Compiling a_gentm.cc
[449/956] Compiling cmark-gfm-extensions tasklist.c
[449/956] Compiling cmark-gfm-extensions tagfilter.c
[451/956] Write swift-version--11D90AFD9DD3AB2.txt
[452/956] Compiling cmark-gfm-extensions strikethrough.c
[453/956] Compiling cmark-gfm-extensions ext_scanners.c
[454/956] Compiling cmark-gfm-extensions table.c
[455/956] Compiling cmark-gfm-extensions core-extensions.c
[456/960] Compiling aes.cc
[457/1055] Compiling a_bool.cc
[458/1116] Compiling a_bitstr.cc
[459/1136] Compiling bcm.cc
[461/1154] Compiling Atomics IntegerConformances.swift
[462/1154] Compiling Atomics PointerConformances.swift
[463/1156] Compiling Atomics AtomicMemoryOrderings.swift
[464/1156] Compiling Atomics DoubleWord.swift
[465/1156] Compiling Atomics UnsafeAtomic.swift
[466/1156] Compiling Atomics UnsafeAtomicLazyReference.swift
[467/1156] Compiling Atomics ManagedAtomic.swift
[468/1156] Compiling Atomics ManagedAtomicLazyReference.swift
[469/1158] Compiling Markdown Link.swift
[470/1158] Compiling Markdown Strikethrough.swift
[471/1158] Compiling Markdown Strong.swift
[472/1158] Compiling Markdown CustomInline.swift
[473/1158] Compiling Markdown InlineCode.swift
[474/1158] Compiling Markdown InlineHTML.swift
[475/1158] Compiling Markdown LineBreak.swift
[476/1158] Compiling Markdown SoftBreak.swift
[477/1158] Compiling Markdown SymbolLink.swift
[478/1166] Compiling Atomics IntegerOperations.swift
[479/1166] Compiling Atomics Unmanaged extensions.swift
[484/1166] Compiling Markdown UnorderedList.swift
[485/1166] Compiling Markdown Paragraph.swift
[486/1166] Compiling Markdown CodeBlock.swift
[487/1166] Compiling Markdown HTMLBlock.swift
[488/1166] Compiling Markdown Heading.swift
[489/1166] Compiling Markdown ThematicBreak.swift
[490/1166] Compiling Markdown Table.swift
[491/1166] Compiling Markdown TableBody.swift
[492/1166] Compiling Atomics AtomicStorage.swift
[493/1166] Compiling Atomics AtomicValue.swift
[494/1166] Compiling Atomics AtomicInteger.swift
[495/1166] Compiling Atomics AtomicOptionalWrappable.swift
[496/1166] Compiling Atomics AtomicReference.swift
[497/1166] Compiling Atomics OptionalRawRepresentable.swift
[498/1166] Compiling Atomics RawRepresentable.swift
[499/1166] Compiling Atomics AtomicBool.swift
[502/1166] Compiling _NIODataStructures PriorityQueue.swift
[503/1166] Compiling Atomics Primitives.native.swift
[508/1166] Emitting module SystemPackage
[510/1166] Emitting module InternalCollectionsUtilities
[520/1172] Emitting module _NIOBase64
[521/1172] Compiling _NIOBase64 Base64.swift
[534/1181] Compiling _NIODataStructures _TinyArray.swift
[535/1190] Compiling Markdown BasicBlockContainer.swift
[536/1190] Compiling Markdown BasicInlineContainer.swift
[537/1190] Compiling Markdown BlockContainer.swift
[538/1190] Compiling Markdown BlockMarkup.swift
[539/1190] Compiling Markdown InlineContainer.swift
[540/1190] Compiling Markdown InlineMarkup.swift
[541/1190] Compiling Markdown ListItemContainer.swift
[542/1190] Compiling Markdown AtomicCounter.swift
[545/1217] Compiling ContainersPreview BorrowingIteratorProtocol+Map.swift
[546/1217] Compiling ContainersPreview BorrowingIteratorProtocol+Reduce.swift
[547/1217] Compiling ContainersPreview BorrowingIteratorProtocol+SpanwiseZip.swift
[548/1217] Compiling ContainersPreview BorrowingIteratorProtocol.swift
[549/1217] Compiling ContainersPreview BorrowingSequence+Algorithms.swift
[550/1217] Compiling ContainersPreview Producer+Map.swift
[551/1217] Compiling ContainersPreview Producer+Reduce.swift
[552/1217] Compiling ContainersPreview Producer.swift
[553/1217] Compiling ContainersPreview InputSpan.swift
[554/1217] Compiling ContainersPreview MutableRef.swift
[555/1217] Compiling ContainersPreview Drain+Map.swift
[556/1217] Compiling ContainersPreview Drain+Reduce.swift
[557/1217] Compiling ContainersPreview Drain.swift
[558/1217] Compiling ContainersPreview Producer+Collect.swift
[559/1217] Compiling ContainersPreview Producer+Filter.swift
[560/1221] Compiling ContainersPreview Container+SpanwiseZip.swift
[561/1221] Compiling ContainersPreview Container.swift
[562/1221] Compiling ContainersPreview ContainerIterator.swift
[563/1221] Compiling ContainersPreview DynamicContainer.swift
[564/1221] Compiling ContainersPreview MutableContainer.swift
[565/1221] Compiling ContainersPreview BorrowingSequence+Standard Conformances.swift
[566/1221] Compiling ContainersPreview BorrowingSequence+Utilities.swift
[567/1221] Compiling ContainersPreview BorrowingSequence.swift
[568/1221] Compiling ContainersPreview BidirectionalContainer.swift
[569/1221] Compiling ContainersPreview Container+Filter.swift
[570/1221] Compiling ContainersPreview PermutableContainer.swift
[571/1221] Compiling ContainersPreview RandomAccessContainer.swift
[572/1221] Compiling ContainersPreview RangeExpression2.swift
[573/1221] Compiling ContainersPreview RangeReplaceableContainer.swift
[574/1221] Compiling ContainersPreview Strideable+Limits.swift
[575/1221] Compiling ContainersPreview Ref.swift
[576/1221] Compiling ContainersPreview Shared.swift
[577/1221] Compiling ContainersPreview SpanIterator.swift
[578/1221] Compiling ContainersPreview UniqueBox.swift
[579/1221] Emitting module ContainersPreview
[580/1221] Compiling ContainersPreview OutputSpan+Extras.swift
[581/1221] Compiling ContainersPreview TemporaryAllocation.swift
[582/1221] Compiling ContainersPreview BorrowingIteratorProtocol+Copy.swift
[583/1221] Compiling ContainersPreview BorrowingIteratorProtocol+ElementsEqual.swift
[584/1221] Compiling ContainersPreview BorrowingIteratorProtocol+Filter.swift
[586/1224] Emitting module CryptoBoringWrapper
[591/1224] Compiling SystemPackage WinSDK+Overlay.swift
[597/1224] Compiling NIOConcurrencyHelpers NIOThreadPoolWorkAvailable.swift
[607/1224] Compiling Markdown Replacement.swift
[608/1224] Compiling Markdown SourceLocation.swift
[609/1224] Compiling Markdown Emphasis.swift
[610/1224] Compiling Markdown Image.swift
[611/1224] Compiling Markdown InlineAttributes.swift
[612/1224] Emitting module _NIODataStructures
[613/1224] Compiling _NIODataStructures Heap.swift
[614/1225] Compiling NIOConcurrencyHelpers NIOAtomic.swift
[615/1225] Compiling NIOConcurrencyHelpers NIOLock.swift
[616/1225] Emitting module NIOConcurrencyHelpers
[617/1225] Compiling CryptoBoringWrapper BoringSSLAEAD.swift
[628/1225] Compiling CryptoBoringWrapper EllipticCurvePoint.swift
[629/1225] Compiling CryptoBoringWrapper CryptoKitErrors_boring.swift
[630/1225] Compiling CryptoBoringWrapper EllipticCurve.swift
[634/1225] Compiling Markdown Text.swift
[635/1225] Compiling Markdown Aside.swift
[636/1225] Compiling Markdown BlockDirectiveParser.swift
[637/1225] Compiling Markdown CommonMarkConverter.swift
[659/1231] Emitting module SymbolKit
[671/1231] Compiling SymbolKit GraphCollector.swift
[672/1231] Compiling SymbolKit UnifiedSymbol+Encodable.swift
[673/1231] Compiling SymbolKit UnifiedSymbol.swift
[674/1231] Compiling SymbolKit UnifiedSymbolGraph+Encodable.swift
[675/1231] Compiling SymbolKit UnifiedSymbolGraph+Overloads.swift
[676/1231] Emitting module Markdown
[700/1272] Compiling CryptoBoringWrapper FiniteFieldArithmeticContext.swift
[701/1272] Compiling CryptoBoringWrapper RandomBytes.swift
[702/1272] Compiling CryptoBoringWrapper ArbitraryPrecisionInteger.swift
[703/1273] Compiling NIOConcurrencyHelpers lock.swift
[704/1273] Compiling NIOConcurrencyHelpers NIOLockedValueBox.swift
[705/1273] Compiling NIOConcurrencyHelpers atomics.swift
[708/1274] Emitting module ArgumentParserToolInfo
[709/1274] Compiling ArgumentParserToolInfo ToolInfo.swift
[709/1275] Wrapping AST for _NIODataStructures for debugging
[711/1275] Wrapping AST for _NIOBase64 for debugging
[713/1275] Emitting module Atomics
[713/1275] Wrapping AST for NIOConcurrencyHelpers for debugging
[714/1275] Wrapping AST for InternalCollectionsUtilities for debugging
[715/1316] Wrapping AST for CryptoBoringWrapper for debugging
[716/1346] Wrapping AST for ContainersPreview for debugging
[717/1393] Wrapping AST for ArgumentParserToolInfo for debugging
[719/1393] Compiling ArgumentParser NameSpecification.swift
[720/1393] Compiling ArgumentParser Option.swift
[721/1393] Compiling ArgumentParser OptionGroup.swift
[722/1393] Compiling ArgumentParser ParsableCommand.swift
[723/1393] Compiling ArgumentParser ArgumentDecoder.swift
[724/1398] Compiling ArgumentParser Mutex.swift
[725/1398] Compiling ArgumentParser Platform.swift
[726/1398] Compiling ArgumentParser SequenceExtensions.swift
[727/1398] Compiling ArgumentParser StringExtensions.swift
[728/1398] Compiling ArgumentParser SwiftExtensions.swift
[729/1398] Compiling ArgumentParser Tree.swift
[730/1398] Compiling ArgumentParser Parsed.swift
[731/1398] Compiling ArgumentParser ParsedValues.swift
[732/1398] Compiling ArgumentParser ParserError.swift
[733/1398] Compiling ArgumentParser SplitArguments.swift
[734/1398] Compiling ArgumentParser DumpHelpGenerator.swift
[734/1398] Compiling cmark-gfm-extensions autolink.c
[736/1398] Compiling ArgumentParser ArgumentHelp.swift
[737/1398] Compiling ArgumentParser ParentCommand.swift
[738/1398] Compiling ArgumentParser AsyncParsableCommand.swift
[739/1398] Compiling ArgumentParser CommandConfiguration.swift
[740/1398] Compiling ArgumentParser CommandGroup.swift
[741/1398] Compiling ArgumentParser EnumerableFlag.swift
[742/1398] Compiling ArgumentParser BashCompletionsGenerator.swift
[743/1398] Compiling ArgumentParser CompletionsGenerator.swift
[744/1398] Compiling ArgumentParser FishCompletionsGenerator.swift
[745/1398] Compiling ArgumentParser ZshCompletionsGenerator.swift
[746/1398] Compiling ArgumentParser Argument.swift
[747/1398] Compiling ArgumentParser ArgumentDiscussion.swift
[747/1398] Compiling cmark-gfm xml.c
[752/1399] Compiling cmark-gfm syntax_extension.c
[753/1399] Compiling cmark-gfm utf8.c
[754/1399] Wrapping AST for Atomics for debugging
[755/1399] Compiling cmark-gfm render.c
[756/1399] Compiling cmark-gfm registry.c
[757/1399] Compiling cmark-gfm references.c
[758/1399] Compiling cmark-gfm plugin.c
[759/1399] Compiling cmark-gfm plaintext.c
[760/1399] Compiling cmark-gfm scanners.c
[761/1399] Compiling cmark-gfm node.c
[763/1399] Compiling Crypto AESWrap.swift
[764/1399] Compiling Crypto AESWrap_boring.swift
[765/1399] Compiling Crypto Ed25519_boring.swift
[766/1399] Compiling Crypto NISTCurvesKeys_boring.swift
[767/1399] Compiling Crypto X25519Keys_boring.swift
[768/1399] Compiling Crypto Curve25519.swift
[769/1399] Compiling Crypto Ed25519Keys.swift
[770/1399] Compiling Crypto NISTCurvesKeys.swift
[770/1399] Compiling cmark-gfm map.c
[771/1400] Compiling cmark-gfm linked_list.c
[772/1400] Compiling cmark-gfm man.c
[775/1400] Compiling ArgumentParser ExpressibleByArgument.swift
[776/1400] Compiling ArgumentParser ParsableArguments.swift
[777/1400] Compiling ArgumentParser ArgumentVisibility.swift
[778/1400] Compiling ArgumentParser CompletionKind.swift
[779/1400] Compiling ArgumentParser Errors.swift
[780/1400] Compiling ArgumentParser Flag.swift
[781/1400] Compiling ArgumentParser ArgumentDefinition.swift
[782/1400] Compiling ArgumentParser ArgumentSet.swift
[783/1400] Compiling ArgumentParser CommandParser.swift
[784/1400] Compiling ArgumentParser InputKey.swift
[785/1400] Compiling ArgumentParser InputOrigin.swift
[786/1400] Compiling ArgumentParser Name.swift
[786/1400] Compiling cmark-gfm latex.c
[787/1400] Compiling cmark-gfm iterator.c
[788/1400] Wrapping AST for Markdown for debugging
[789/1400] Compiling cmark-gfm html.c
[790/1400] Compiling cmark-gfm houdini_html_e.c
[791/1400] Compiling cmark-gfm houdini_html_u.c
[792/1400] Compiling cmark-gfm inlines.c
[793/1400] Compiling cmark-gfm houdini_href_e.c
[794/1400] Compiling cmark-gfm footnotes.c
[795/1400] Compiling cmark-gfm cmark_ctype.c
[797/1400] Compiling DequeModule UniqueDeque+Replacements.swift
[798/1400] Compiling DequeModule UniqueDeque.swift
[799/1400] Compiling DequeModule _DequeSlot.swift
[800/1400] Compiling DequeModule _UnsafeDequeHandle.swift
[801/1400] Compiling DequeModule _UnsafeDequeSegments.swift
[802/1400] Compiling ArgumentParser Foundation.swift
[803/1400] Compiling Crypto ECDSASignature_boring.swift
[804/1400] Compiling Crypto ECDSA_boring.swift
[805/1400] Compiling Crypto EdDSA_boring.swift
[806/1400] Compiling Crypto ECDSA.swift
[806/1409] Compiling cmark-gfm cmark.c
[807/1410] Compiling cmark-gfm commonmark.c
[809/1410] Compiling Crypto HPKE-Errors.swift
[810/1410] Compiling Crypto HPKE.swift
[811/1410] Compiling Crypto HPKE-Context.swift
[812/1410] Compiling Crypto HPKE-KeySchedule.swift
[813/1410] Compiling Crypto HPKE-Modes.swift
[814/1410] Compiling Crypto Insecure.swift
[815/1410] Compiling Crypto Insecure_HashFunctions.swift
[816/1410] Compiling Crypto KEM.swift
[817/1410] Compiling Crypto ECDH_boring.swift
[818/1410] Compiling Crypto DH.swift
[818/1410] Compiling cmark-gfm buffer.c
[819/1410] Compiling cmark-gfm arena.c
[820/1410] Write sources
[822/1410] Compiling _AtomicsShims.c
[843/1410] Compiling _SubprocessCShims process_shims.c
[844/1410] Compiling cmark-gfm blocks.c
[844/1410] Write sources
[856/1458] Emitting module Crypto
[856/1465] Write sources
[873/1467] Compiling CSystem shims.c
[875/1467] Compiling SymbolKit Availability.swift
[876/1467] Compiling SymbolKit AvailabilityItem.swift
[877/1467] Compiling SymbolKit Domain.swift
[878/1467] Compiling SymbolKit DeclarationFragments+Simplify.swift
[879/1467] Compiling SymbolKit DeclarationFragments.swift
[880/1467] Compiling SymbolKit GenericConstraints.swift
[881/1467] Compiling SymbolKit Swift.swift
[882/1467] Compiling SymbolKit SemanticVersion.swift
[883/1467] Compiling SymbolKit AccessControl.swift
[884/1467] Compiling SymbolKit AlternateDeclarations.swift
[886/1482] Compiling InternalCollectionsUtilities Integer rank.swift
[887/1482] Compiling InternalCollectionsUtilities UInt+first and last set bit.swift
[888/1482] Compiling InternalCollectionsUtilities UInt+reversed.swift
[889/1482] Compiling InternalCollectionsUtilities Debugging.swift
[890/1482] Compiling InternalCollectionsUtilities Descriptions.swift
[891/1482] Compiling InternalCollectionsUtilities FixedWidthInteger+roundUpToPowerOfTwo.swift
[892/1482] Compiling InternalCollectionsUtilities LifetimeOverride.swift
[893/1482] Compiling InternalCollectionsUtilities RandomAccessCollection+Offsets.swift
[894/1482] Compiling InternalCollectionsUtilities Span+Extras.swift
[895/1482] Compiling InternalCollectionsUtilities String+Padding.swift
[896/1522] Compiling SystemPackage FileDescriptor.swift
[897/1522] Compiling SystemPackage FileHelpers.swift
[898/1522] Compiling SystemPackage FileOperations.swift
[899/1522] Compiling SystemPackage FilePathSyntax.swift
[900/1522] Compiling SystemPackage FilePathTemp.swift
[901/1522] Compiling SystemPackage FilePathTempPosix.swift
[902/1522] Compiling SystemPackage FilePathTempWindows.swift
[903/1528] Compiling SystemPackage PlatformString.swift
[904/1528] Compiling SymbolKit OverloadData.swift
[905/1528] Compiling SymbolKit PlistDetails.swift
[906/1528] Compiling SymbolKit SPI.swift
[907/1528] Compiling SymbolKit Snippet.swift
[908/1528] Compiling SymbolKit Extension.swift
[909/1528] Emitting module InternalCollectionsUtilities
[910/1528] Compiling Crypto ECDH.swift
[911/1528] Compiling Crypto HKDF.swift
[924/1530] Compiling SystemPackage FilePathWindows.swift
[925/1530] Compiling SystemPackage Stat.swift
[926/1530] Compiling SystemPackage IOCompletion.swift
[927/1530] Compiling InternalCollectionsUtilities _SortedCollection.swift
[928/1530] Compiling InternalCollectionsUtilities _UniqueCollection.swift
[929/1530] Compiling SystemPackage RawIORequest.swift
[930/1530] Compiling Crypto Ed25519.swift
[931/1530] Compiling Crypto Signature.swift
[932/1530] Compiling Crypto CryptoKitErrors_boring.swift
[933/1530] Compiling Crypto RNG_boring.swift
[934/1530] Compiling Crypto SafeCompare_boring.swift
[935/1530] Compiling Crypto Zeroization_boring.swift
[936/1530] Compiling Crypto PrettyBytes.swift
[937/1530] Compiling Crypto SafeCompare.swift
[938/1530] Compiling Crypto SecureBytes.swift
[939/1530] Compiling Crypto Zeroization.swift
[941/1531] Compiling ArgumentParser AsyncCompletionsValidator.swift
[942/1531] Compiling ArgumentParser CodingKeyValidator.swift
[943/1531] Compiling ArgumentParser NonsenseFlagsValidator.swift
[944/1531] Compiling ArgumentParser ParsableArgumentsValidation.swift
[945/1531] Compiling ArgumentParser PositionalArgumentsValidator.swift
[946/1531] Compiling ArgumentParser UniqueNamesValidator.swift
[947/1531] Emitting module ArgumentParser
[948/1531] Emitting module DequeModule
[949/1553] Compiling SymbolKit GenericConstraint.swift
[950/1553] Compiling SymbolKit GenericParameter.swift
[951/1553] Compiling SymbolKit Generics.swift
[952/1553] Compiling SymbolKit Namespace.swift
[953/1553] Compiling SymbolKit Symbol.swift
[954/1553] Compiling SymbolKit SymbolKind.swift
[955/1553] Compiling SystemPackage Exports.swift
[956/1553] Compiling SystemPackage Mocking.swift
[957/1553] Compiling SystemPackage RawBuffer.swift
[958/1553] Compiling SystemPackage Syscalls.swift
[959/1553] Compiling SystemPackage WindowsSyscallAdapters.swift
[960/1553] Compiling SystemPackage MachPort.swift
[967/1554] Compiling Subprocess Span+Subprocess.swift
[968/1554] Compiling Subprocess Input+Foundation.swift
[969/1554] Compiling Subprocess Output+Foundation.swift
[970/1554] Compiling Subprocess Span+SubprocessFoundation.swift
[971/1554] Compiling Subprocess Input.swift
[972/1554] Compiling Subprocess Output.swift
[973/1554] Compiling Subprocess Subprocess+BSD.swift
[974/1554] Compiling Subprocess AsyncIO+Linux.swift
[975/1554] Compiling Subprocess AsyncIO+Unix.swift
[976/1554] Compiling Subprocess AsyncIO+Windows.swift
[977/1554] Compiling Subprocess API.swift
[978/1554] Compiling Subprocess Buffer.swift
[979/1554] Compiling Subprocess Configuration.swift
[980/1554] Compiling Subprocess Error.swift
[984/1561] Compiling Subprocess Subprocess+Windows.swift
[985/1561] Compiling Subprocess Result.swift
[990/1564] Compiling Subprocess SubprocessOutputSequence.swift
[991/1564] Compiling Subprocess Teardown.swift
[992/1564] Compiling Subprocess Thread.swift
[993/1564] Compiling SystemPackage Identifiers.swift
[994/1564] Compiling SystemPackage Backcompat.swift
[995/1564] Compiling SystemPackage CInterop.swift
[996/1564] Compiling SystemPackage Constants.swift
[1001/1629] Compiling NIOCore ByteBuffer-hex.swift
[1002/1629] Compiling NIOCore ByteBuffer-int.swift
[1003/1629] Compiling NIOCore ByteBuffer-lengthPrefix.swift
[1004/1629] Compiling NIOCore AddressedEnvelope.swift
[1005/1629] Compiling NIOCore AsyncAwaitSupport.swift
[1006/1629] Compiling NIOCore AsyncChannel.swift
[1007/1629] Emitting module SymbolKit
[1008/1629] Compiling DocCCommon Mutex.swift
[1009/1629] Compiling DocCCommon SourceLanguage.swift
[1010/1635] Compiling DocCCommon FastSymbolGraphJSONDecoder.swift
[1011/1635] Compiling DocCCommon FixedSizeBitSet.swift
[1012/1635] Emitting module Subprocess
[1013/1635] Compiling NIOCore ByteBuffer-binaryEncodedLengthPrefix.swift
[1014/1635] Compiling NIOCore ByteBuffer-conversions.swift
[1015/1635] Compiling NIOCore ByteBuffer-core.swift
[1016/1635] Compiling NIOCore FileDescriptor.swift
[1017/1635] Compiling NIOCore FileHandle.swift
[1018/1635] Compiling NIOCore FileRegion.swift
[1019/1635] Compiling SymbolKit UnifiedSymbolGraph.swift
[1020/1635] Compiling NIOCore NIODecodedAsyncSequence.swift
[1021/1635] Compiling NIOCore NIOLoopBound.swift
[1022/1635] Compiling NIOCore NIOPooledRecvBufferAllocator.swift
[1023/1635] Compiling NIOCore NIOScheduledCallback.swift
[1024/1635] Compiling NIOCore NIOSendable.swift
[1025/1635] Compiling NIOCore NIOSplitLinesMessageDecoder.swift
[1026/1635] Compiling NIOCore NIOTransportAccessibleChannelCore.swift
[1027/1635] Compiling NIOCore RecvByteBufferAllocator.swift
[1029/1644] Compiling NIOCore NIOAsyncWriter.swift
[1030/1644] Compiling NIOCore EventLoopFuture+Deprecated.swift
[1030/1644] Wrapping AST for SystemPackage for debugging
[1031/1644] Wrapping AST for SymbolKit for debugging
[1033/1644] Compiling NIOCore NIOAsyncSequenceProducer.swift
[1034/1644] Compiling NIOCore NIOAsyncSequenceProducerStrategies.swift
[1035/1644] Emitting module SystemPackage
[1035/1649] Wrapping AST for Subprocess for debugging
[1043/1649] Compiling NIOCore NIOThrowingAsyncSequenceProducer.swift
[1044/1649] Compiling NIOCore BSDSocketAPI.swift
[1045/1649] Compiling NIOCore ByteBuffer-aux.swift
[1053/1649] Compiling _NIODataStructures PriorityQueue.swift
[1053/1649] Wrapping AST for DequeModule for debugging
[1055/1649] Compiling NIOCore AsyncChannelInboundStream.swift
[1056/1649] Compiling NIOCore AsyncChannelOutboundWriter.swift
[1058/1649] Compiling NIOCore AsyncChannelHandler.swift
[1059/1650] Emitting module _NIOBase64
[1060/1650] Compiling _NIOBase64 Base64.swift
[1060/1650] Wrapping AST for Crypto for debugging
[1063/1651] Wrapping AST for ArgumentParser for debugging
[1064/1651] Compiling CNIOWindows shim.c
[1066/1651] Compiling _NIODataStructures _TinyArray.swift
[1066/1651] Wrapping AST for InternalCollectionsUtilities for debugging
[1068/1651] Emitting module _NIODataStructures
[1069/1651] Compiling _NIODataStructures Heap.swift
[1069/1652] Compiling CNIOWindows WSAStartup.c
[1070/1652] Wrapping AST for _NIOBase64 for debugging
[1071/1652] Compiling CNIOWASI CNIOWASI.c
[1072/1653] Compiling CNIOPosix event_loop_id.c
[1074/1680] Compiling CNIOOpenBSD shim.c
[1075/1688] Compiling CNIOLinux liburing_shims.c
[1076/1688] Wrapping AST for _NIODataStructures for debugging
[1077/1688] Compiling CNIOLLHTTP c_nio_http.c
[1079/1688] Compiling ContainersPreview Drain+Map.swift
[1080/1688] Compiling ContainersPreview Drain+Reduce.swift
[1081/1688] Compiling ContainersPreview Drain.swift
[1082/1688] Compiling ContainersPreview Producer+Collect.swift
[1083/1688] Compiling ContainersPreview Producer+Filter.swift
[1084/1688] Compiling ContainersPreview BorrowingSequence+Standard Conformances.swift
[1085/1688] Compiling ContainersPreview BorrowingSequence+Utilities.swift
[1086/1688] Compiling ContainersPreview BorrowingSequence.swift
[1087/1688] Compiling ContainersPreview BidirectionalContainer.swift
[1088/1688] Compiling ContainersPreview Container+Filter.swift
[1089/1688] Compiling ContainersPreview Producer+Map.swift
[1090/1688] Compiling ContainersPreview Producer+Reduce.swift
[1091/1688] Compiling ContainersPreview Producer.swift
[1092/1688] Compiling ContainersPreview InputSpan.swift
[1093/1688] Compiling ContainersPreview MutableRef.swift
[1093/1692] Compiling CNIOLinux shim.c
[1094/1692] Compiling CNIOFreeBSD shim.c
[1096/1692] Compiling ContainersPreview PermutableContainer.swift
[1097/1692] Compiling ContainersPreview RandomAccessContainer.swift
[1098/1692] Compiling ContainersPreview RangeExpression2.swift
[1099/1692] Compiling ContainersPreview RangeReplaceableContainer.swift
[1100/1692] Compiling ContainersPreview Strideable+Limits.swift
[1101/1692] Compiling ContainersPreview Container+SpanwiseZip.swift
[1102/1692] Compiling ContainersPreview Container.swift
[1103/1692] Compiling ContainersPreview ContainerIterator.swift
[1104/1692] Compiling ContainersPreview DynamicContainer.swift
[1105/1692] Compiling ContainersPreview MutableContainer.swift
[1106/1692] Compiling ContainersPreview BorrowingIteratorProtocol+Map.swift
[1107/1692] Compiling ContainersPreview BorrowingIteratorProtocol+Reduce.swift
[1108/1692] Compiling ContainersPreview BorrowingIteratorProtocol+SpanwiseZip.swift
[1109/1692] Compiling ContainersPreview BorrowingIteratorProtocol.swift
[1110/1692] Compiling ContainersPreview BorrowingSequence+Algorithms.swift
[1110/1692] Compiling CNIODarwin shim.c
[1111/1692] Compiling CNIOLLHTTP c_nio_api.c
[1113/1692] Compiling ContainersPreview Ref.swift
[1114/1692] Compiling ContainersPreview Shared.swift
[1115/1692] Compiling ContainersPreview SpanIterator.swift
[1116/1692] Compiling ContainersPreview UniqueBox.swift
[1117/1692] Emitting module ContainersPreview
[1118/1692] Compiling ContainersPreview OutputSpan+Extras.swift
[1119/1692] Compiling ContainersPreview TemporaryAllocation.swift
[1120/1692] Compiling ContainersPreview BorrowingIteratorProtocol+Copy.swift
[1121/1692] Compiling ContainersPreview BorrowingIteratorProtocol+ElementsEqual.swift
[1122/1692] Compiling ContainersPreview BorrowingIteratorProtocol+Filter.swift
[1123/1693] Compiling CNIOLLHTTP c_nio_llhttp.c
[1124/1693] Compiling CLMDB midl.c
[1126/1693] Compiling NIOCore IPProtocol.swift
[1127/1693] Compiling NIOCore IntegerBitPacking.swift
[1128/1693] Compiling NIOCore IntegerTypes.swift
[1129/1693] Compiling NIOCore Interfaces.swift
[1130/1693] Compiling SymbolKit GraphCollector.swift
[1131/1693] Compiling SymbolKit UnifiedSymbol+Encodable.swift
[1132/1693] Compiling SymbolKit UnifiedSymbol.swift
[1133/1693] Compiling SymbolKit UnifiedSymbolGraph+Encodable.swift
[1134/1693] Compiling SymbolKit UnifiedSymbolGraph+Overloads.swift
[1134/1693] Wrapping AST for ContainersPreview for debugging
[1136/1734] Compiling DequeModule RigidDeque+Removals.swift
[1137/1734] Compiling DequeModule RigidDeque+Replacements.swift
[1138/1734] Compiling DequeModule RigidDeque+Testing.swift
[1139/1734] Compiling DequeModule RigidDeque.swift
[1140/1734] Compiling DequeModule UniqueDeque+Append.swift
[1141/1734] Compiling DequeModule UniqueDeque+Consumption.swift
[1142/1734] Compiling DequeModule RigidDeque+Equatable.swift
[1143/1734] Compiling DequeModule RigidDeque+Experimental.swift
[1144/1734] Compiling DequeModule RigidDeque+Hashable.swift
[1145/1734] Compiling DequeModule UniqueDeque+Container.swift
[1146/1734] Compiling DequeModule UniqueDeque+Deprecated.swift
[1147/1734] Compiling DequeModule UniqueDeque+Descriptions.swift
[1148/1734] Compiling DequeModule UniqueDeque+Equatable.swift
[1149/1734] Compiling DequeModule UniqueDeque+Experimental.swift
[1150/1734] Compiling DequeModule _DequeBuffer.swift
[1151/1734] Compiling DequeModule _DequeBufferHeader.swift
[1152/1734] Compiling DequeModule RigidDeque+Append.swift
[1153/1734] Compiling DequeModule RigidDeque+Consumption.swift
[1154/1734] Compiling DequeModule RigidDeque+Container.swift
[1155/1734] Compiling DequeModule RigidDeque+Descriptions.swift
[1161/1734] Compiling DequeModule UniqueDeque+Hashable.swift
[1162/1734] Compiling DequeModule UniqueDeque+Initializers.swift
[1163/1734] Compiling DequeModule UniqueDeque+Insertions.swift
[1164/1734] Compiling DequeModule UniqueDeque+Prepend.swift
[1165/1734] Compiling DequeModule UniqueDeque+Removals.swift
[1171/1739] Compiling CLMDB mdb.c
[1176/1739] Compiling DequeModule RigidDeque+Initializers.swift
[1177/1739] Compiling DequeModule RigidDeque+Insertions.swift
[1178/1739] Compiling DequeModule RigidDeque+Prepend.swift
[1178/1739] Compiling CCryptoBoringSSLShims shims.c
[1179/1739] Compiling fiat_p256_adx_sqr.S
[1180/1739] Compiling fiat_p256_adx_mul.S
[1186/1739] Compiling fiat_curve25519_adx_square.S
[1193/1739] Compiling DequeModule Deque+ExpressibleByArrayLiteral.swift
[1200/1739] Compiling DequeModule Deque+Extras.swift
[1201/1739] Compiling DequeModule Deque+Hashable.swift
[1202/1739] Compiling DequeModule Deque+Testing.swift
[1202/1739] Compiling fiat_curve25519_adx_mul.S
[1209/1739] Compiling DequeModule Deque._Storage.swift
[1210/1739] Compiling DequeModule Deque._UnsafeHandle.swift
[1211/1739] Compiling DequeModule Deque.swift
[1213/1740] Compiling md5-x86_64-linux.S
[1221/1740] Compiling DequeModule Deque+Codable.swift
[1222/1740] Compiling DequeModule Deque+Collection.swift
[1223/1740] Compiling DequeModule Deque+CustomReflectable.swift
[1224/1740] Compiling DequeModule Deque+Descriptions.swift
[1225/1740] Compiling DequeModule Deque+Equatable.swift
[1227/1740] Compiling md5-x86_64-apple.S
[1228/1740] Compiling md5-586-linux.S
[1230/1740] Compiling NIOCore SingleStepByteToMessageDecoder.swift
[1231/1740] Compiling NIOCore SocketAddresses.swift
[1232/1740] Compiling NIOCore SocketOptionProvider.swift
[1233/1740] Compiling NIOCore SystemCallHelpers.swift
[1234/1740] Compiling NIOCore TimeAmount+Duration.swift
[1235/1740] Compiling NIOCore TypeAssistedChannelHandler.swift
[1236/1740] Compiling NIOCore UniversalBootstrapSupport.swift
[1237/1740] Compiling NIOCore Utilities.swift
[1237/1740] Compiling md5-586-apple.S
[1243/1762] Compiling DequeModule UniqueDeque+Replacements.swift
[1244/1762] Compiling DequeModule UniqueDeque.swift
[1245/1762] Compiling DequeModule _DequeSlot.swift
[1246/1762] Compiling DequeModule _UnsafeDequeHandle.swift
[1247/1762] Compiling DequeModule _UnsafeDequeSegments.swift
[1262/1762] Compiling Subprocess Error.swift
[1263/1762] Compiling Subprocess Execution.swift
[1264/1762] Compiling Subprocess AsyncIO+KQueue.swift
[1265/1762] Compiling Subprocess API.swift
[1266/1762] Compiling Subprocess Buffer.swift
[1267/1762] Compiling Subprocess Configuration.swift
[1268/1762] Compiling Subprocess Input.swift
[1269/1762] Compiling Subprocess Subprocess+Unix.swift
[1270/1762] Compiling Subprocess Input+Foundation.swift
[1271/1762] Compiling Subprocess Output+Foundation.swift
[1272/1762] Compiling Subprocess Span+SubprocessFoundation.swift
[1273/1762] Compiling Subprocess Subprocess+Windows.swift
[1274/1762] Compiling Subprocess Result.swift
[1275/1762] Compiling Subprocess Span+Subprocess.swift
[1276/1762] Compiling Subprocess Output.swift
[1277/1762] Compiling Subprocess Subprocess+BSD.swift
[1278/1762] Compiling Subprocess AsyncIO+Linux.swift
[1279/1762] Compiling Subprocess AsyncIO+Unix.swift
[1280/1762] Compiling Subprocess AsyncIO+Windows.swift
[1281/1762] Compiling Subprocess Subprocess+Darwin.swift
[1282/1762] Compiling Subprocess Subprocess+Linux.swift
[1302/1763] Compiling err_data.cc
[1304/1763] Wrapping AST for SystemPackage for debugging
[1305/1763] Compiling chacha20_poly1305_x86_64-linux.S
[1306/1770] Wrapping AST for SymbolKit for debugging
[1307/1770] Compiling chacha20_poly1305_x86_64-apple.S
[1308/1770] Compiling chacha20_poly1305_armv8-win.S
[1309/1770] Compiling chacha20_poly1305_armv8-linux.S
[1310/1770] Compiling chacha20_poly1305_armv8-apple.S
[1311/1770] Compiling chacha-x86_64-linux.S
[1313/1770] Compiling DocCCommon SymbolGraph+FastJSONDecodable.swift
[1314/1770] Compiling DocCCommon UnsafeRawPointer+HasASCIIPrefix.swift
[1314/1770] Compiling chacha-x86_64-apple.S
[1315/1770] Compiling chacha-x86-linux.S
[1316/1770] Compiling c-nioatomics.c
[1317/1770] Compiling chacha-x86-apple.S
[1318/1770] Compiling chacha-armv8-win.S
[1319/1770] Compiling chacha-armv8-apple.S
[1320/1770] Compiling chacha-armv8-linux.S
[1322/1770] Emitting module DocCCommon
[1322/1770] Compiling chacha-armv4-linux.S
[1323/1771] Compiling aes128gcmsiv-x86_64-linux.S
[1325/1771] Compiling aes128gcmsiv-x86_64-apple.S
[1326/1771] Compiling x86_64-mont5-linux.S
[1327/1771] Compiling x86_64-mont5-apple.S
[1329/1771] Emitting module DequeModule
[1329/1771] Wrapping AST for DocCCommon for debugging
[1330/1771] Compiling x86_64-mont-linux.S
[1331/1784] Compiling x86_64-mont-apple.S
[1332/1784] Compiling x86-mont-apple.S
[1333/1784] Compiling x86-mont-linux.S
[1334/1784] Compiling vpaes-x86_64-linux.S
[1335/1784] Compiling vpaes-x86_64-apple.S
[1336/1784] Compiling vpaes-x86-linux.S
[1342/1784] Compiling vpaes-x86-apple.S
[1343/1785] Compiling vpaes-armv8-win.S
[1345/1785] Compiling vpaes-armv8-linux.S
[1346/1785] Compiling vpaes-armv8-apple.S
[1347/1785] Compiling vpaes-armv7-linux.S
[1348/1785] Compiling sha512-x86_64-linux.S
[1349/1785] Compiling sha512-x86_64-apple.S
[1350/1785] Compiling sha512-armv8-win.S
[1351/1785] Compiling sha512-armv8-linux.S
[1352/1785] Wrapping AST for DequeModule for debugging
[1353/1785] Compiling c-atomics.c
[1355/1785] Emitting module DocCHTML
[1355/1786] Compiling sha512-armv8-apple.S
[1356/1786] Compiling sha512-armv4-linux.S
[1357/1786] Compiling sha512-586-apple.S
[1358/1786] Compiling sha512-586-linux.S
[1359/1786] Compiling sha256-x86_64-apple.S
[1360/1791] Compiling sha256-x86_64-linux.S
[1362/1793] Compiling DocCHTML WordBreak.swift
[1363/1793] Compiling DocCHTML StaticResources.swift
[1363/1793] Compiling sha256-armv8-win.S
[1364/1793] Compiling sha256-armv8-apple.S
[1365/1793] Compiling sha256-armv8-linux.S
[1366/1793] Compiling sha256-armv4-linux.S
[1367/1793] Compiling sha256-586-linux.S
[1368/1793] Compiling sha256-586-apple.S
[1369/1793] Compiling sha1-x86_64-linux.S
[1371/1793] Compiling DocCHTML XMLNode+element.swift
[1371/1793] Compiling sha1-x86_64-apple.S
[1372/1793] Compiling sha1-armv8-win.S
[1373/1793] Compiling sha1-armv8-linux.S
[1374/1793] Compiling sha1-armv4-large-linux.S
[1375/1793] Compiling sha1-armv8-apple.S
[1379/1796] Compiling sha1-586-linux.S
[1380/1796] Compiling sha1-586-apple.S
[1381/1796] Compiling rsaz-avx2-linux.S
[1382/1796] Compiling rdrand-x86_64-apple.S
[1383/1796] Compiling rdrand-x86_64-linux.S
[1384/1796] Compiling rsaz-avx2-apple.S
[1385/1796] Compiling p256_beeu-armv8-asm-win.S
[1386/1796] Compiling p256_beeu-x86_64-asm-linux.S
[1387/1796] Compiling p256_beeu-x86_64-asm-apple.S
[1388/1796] Compiling p256_beeu-armv8-asm-linux.S
[1389/1796] Compiling p256-x86_64-asm-linux.S
[1390/1796] Compiling p256_beeu-armv8-asm-apple.S
[1395/1796] Compiling NIOConcurrencyHelpers NIOLock.swift
[1395/1796] Compiling p256-x86_64-asm-apple.S
[1396/1796] Compiling p256-armv8-asm-win.S
[1398/1796] Compiling DocCHTML LinkProvider.swift
[1399/1796] Compiling DocCHTML MarkdownRenderer+Availability.swift
[1400/1796] Compiling DocCHTML MarkdownRenderer+Breadcrumbs.swift
[1401/1796] Compiling DocCHTML MarkdownRenderer+Declaration.swift
[1401/1796] Compiling p256-armv8-asm-linux.S
[1402/1796] Compiling ghashv8-armv8-win.S
[1403/1796] Compiling p256-armv8-asm-apple.S
[1407/1796] Compiling ghashv8-armv8-linux.S
[1408/1796] Compiling ghashv8-armv8-apple.S
[1410/1796] Compiling DocCHTML MarkdownRenderer+Topics.swift
[1411/1796] Compiling DocCHTML MarkdownRenderer.swift
[1412/1796] Compiling DocCHTML MarkdownRenderer+Relationships.swift
[1412/1796] Compiling ghashv8-armv7-linux.S
[1414/1796] Compiling NIOConcurrencyHelpers lock.swift
[1414/1796] Compiling ghash-x86_64-linux.S
[1415/1796] Compiling ghash-x86_64-apple.S
[1416/1796] Compiling ghash-x86-linux.S
[1417/1796] Compiling ghash-ssse3-x86_64-linux.S
[1419/1796] Compiling NIOConcurrencyHelpers NIOAtomic.swift
[1419/1796] Compiling ghash-x86-apple.S
[1421/1796] Emitting module NIOConcurrencyHelpers
[1421/1796] Compiling ghash-ssse3-x86-linux.S
[1422/1796] Compiling ghash-ssse3-x86_64-apple.S
[1423/1796] Compiling ghash-ssse3-x86-apple.S
[1424/1796] Compiling ghash-neon-armv8-win.S
[1425/1796] Compiling ghash-neon-armv8-linux.S
[1426/1796] Compiling ghash-armv4-linux.S
[1427/1796] Compiling ghash-neon-armv8-apple.S
[1428/1796] Compiling co-586-linux.S
[1430/1796] Compiling NIOConcurrencyHelpers NIOThreadPoolWorkAvailable.swift
[1431/1796] Compiling NIOConcurrencyHelpers atomics.swift
[1432/1796] Compiling NIOConcurrencyHelpers NIOLockedValueBox.swift
[1432/1797] Compiling co-586-apple.S
[1433/1797] Compiling bsaes-armv7-linux.S
[1434/1797] Compiling bn-armv8-win.S
[1436/1797] Compiling bn-armv8-linux.S
[1437/1797] Compiling bn-armv8-apple.S
[1438/1797] Compiling bn-586-linux.S
[1439/1797] Compiling bn-586-apple.S
[1440/1797] Compiling armv8-mont-win.S
[1441/1797] Compiling armv8-mont-apple.S
[1442/1797] Compiling armv8-mont-linux.S
[1443/1797] Compiling armv4-mont-linux.S
[1444/1797] Wrapping AST for NIOConcurrencyHelpers for debugging
[1445/1797] Compiling aesv8-gcm-armv8-win.S
[1446/1797] Compiling aesv8-gcm-armv8-apple.S
[1448/1797] Compiling DocCCommon SourceLanguage.swift
[1448/1797] Compiling aesv8-armv8-win.S
[1449/1797] Compiling aesv8-gcm-armv8-linux.S
[1450/1797] Compiling aesv8-armv8-linux.S
[1451/1797] Compiling aesv8-armv8-apple.S
[1452/1797] Compiling aesv8-armv7-linux.S
[1456/1797] Compiling DocCHTML MarkdownRenderer+Discussion.swift
[1457/1797] Compiling DocCHTML MarkdownRenderer+Parameters.swift
[1459/1797] Compiling DocCHTML MarkdownRenderer+Returns.swift
[1459/1797] Compiling aesni-x86_64-linux.S
[1460/1798] Compiling aesni-x86_64-apple.S
[1461/1798] Compiling aesni-x86-linux.S
[1463/1798] Compiling aesni-x86-apple.S
[1464/1798] Compiling aesni-gcm-x86_64-linux.S
[1465/1798] Compiling aesni-gcm-x86_64-apple.S
[1466/1798] Compiling aes-gcm-avx512-x86_64-linux.S
[1467/1798] Compiling aes-gcm-avx512-x86_64-apple.S
[1468/1798] Compiling aes-gcm-avx2-x86_64-linux.S
[1469/1798] Compiling aes-gcm-avx2-x86_64-apple.S
[1470/1798] Wrapping AST for DocCHTML for debugging
[1472/1798] Compiling DocCCommon FastSymbolGraphJSONDecoder.swift
[1473/1798] Compiling DocCCommon FixedSizeBitSet.swift
[1474/1972] Emitting module Subprocess
[1474/1972] Compiling x_x509a.cc
[1475/1972] Compiling xwing.cc
[1477/1972] Compiling SwiftDocC GeneratedCurationWriter.swift
[1478/1972] Compiling SwiftDocC Checker.swift
[1479/1972] Compiling SwiftDocC DuplicateTopicsSection.swift
[1480/1972] Compiling SwiftDocC Duration.swift
[1481/1972] Compiling SwiftDocC ExternalTopicsHash.swift
[1482/1972] Compiling SwiftDocC OutputSize.swift
[1483/1972] Compiling SwiftDocC RenderNode+Coding.swift
[1484/1972] Compiling SwiftDocC RemoveHierarchyTransformation.swift
[1485/1972] Compiling SwiftDocC RemoveUnusedReferencesTransformation.swift
[1486/1972] Compiling DocCCommon SymbolGraph+FastJSONDecodable.swift
[1487/1972] Compiling DocCCommon Mutex.swift
[1487/1972] Compiling x_x509.cc
[1488/1972] Compiling x_spki.cc
[1490/1972] Compiling SwiftDocC InvalidAdditionalTitle.swift
[1491/1972] Compiling SwiftDocC InvalidCodeBlockOption.swift
[1492/1972] Compiling SwiftDocC MiscasedSectionHeading.swift
[1494/1973] Compiling SwiftDocC RenderNodeTransforming.swift
[1495/1973] Compiling SwiftDocC TopicRenderReferenceEncoder.swift
[1496/1973] Compiling SwiftDocC DocumentationCoverageOptions.swift
[1497/1973] Compiling SwiftDocC ConvertService+DataProvider.swift
[1498/1973] Compiling SwiftDocC ConvertService.swift
[1499/1973] Compiling SwiftDocC ConvertServiceFallbackResolver.swift
[1500/1973] Compiling SwiftDocC LinkCompletionTools.swift
[1501/1973] Compiling SwiftDocC DocumentationServer+createDefaultServer.swift
[1502/1973] Compiling SwiftDocC ExternalReferenceResolverServiceClient.swift
[1503/1973] Compiling SwiftDocC Benchmark.swift
[1504/1973] Compiling SwiftDocC BenchmarkResults.swift
[1505/1973] Compiling SwiftDocC Metrics.swift
[1509/1973] Compiling SwiftDocC PeakMemory.swift
[1510/1973] Compiling SwiftDocC TopicAnchorHash.swift
[1511/1973] Compiling SwiftDocC TopicGraphHash.swift
[1512/1973] Emitting module NIOCore
[1519/1973] Compiling SwiftDocC MissingAbstract.swift
[1520/1973] Compiling SwiftDocC NonInclusiveLanguageChecker.swift
[1521/1973] Compiling SwiftDocC NonOverviewHeadingChecker.swift
[1522/1974] Wrapping AST for Subprocess for debugging
[1523/2024] Compiling x_sig.cc
[1524/2028] Compiling x_req.cc
[1525/2028] Wrapping AST for NIOCore for debugging
[1527/2028] Emitting module NIOEmbedded
[1527/2028] Compiling x_name.cc
[1528/2028] Compiling x_exten.cc
[1529/2028] Compiling x_pubkey.cc
[1530/2028] Compiling x_crl.cc
[1532/2028] Compiling NIOEmbedded AsyncTestingChannel.swift
[1533/2028] Compiling NIOEmbedded Embedded.swift
[1534/2028] Compiling NIOEmbedded AsyncTestingEventLoop.swift
[1535/2029] Wrapping AST for NIOEmbedded for debugging
[1536/2029] Compiling x_attrib.cc
[1537/2029] Compiling x_algor.cc
[1538/2029] Compiling x_all.cc
[1540/2029] Emitting module NIOPosix
[1541/2036] Compiling NIOPosix SelectorWSAPoll.swift
[1542/2036] Compiling NIOPosix ServerSocket.swift
[1543/2036] Compiling NIOPosix Socket.swift
[1544/2036] Compiling NIOPosix SocketChannel.swift
[1545/2036] Compiling NIOPosix SocketProtocols.swift
[1546/2036] Compiling NIOPosix StructuredConcurrencyHelpers.swift
[1547/2036] Compiling NIOPosix System.swift
[1548/2036] Compiling NIOPosix PipeChannel.swift
[1549/2036] Compiling NIOPosix PipePair.swift
[1550/2036] Compiling NIOPosix Pool.swift
[1551/2036] Compiling NIOPosix PosixSingletons+ConcurrencyTakeOver.swift
[1552/2036] Compiling NIOPosix PosixSingletons.swift
[1553/2036] Compiling NIOPosix RawSocketBootstrap.swift
[1554/2036] Compiling NIOPosix Resolver.swift
[1555/2036] Compiling NIOPosix Selectable.swift
[1556/2036] Compiling NIOPosix SelectableChannel.swift
[1557/2036] Compiling NIOPosix SelectableEventLoop.swift
[1558/2036] Compiling NIOPosix SelectorEpoll.swift
[1559/2036] Compiling NIOPosix SelectorGeneric.swift
[1560/2036] Compiling NIOPosix SelectorKqueue.swift
[1561/2036] Compiling NIOPosix SelectorUring.swift
[1561/2036] Compiling x509spki.cc
[1563/2036] Emitting module DocCCommon
[1563/2036] Compiling x509rset.cc
[1564/2036] Compiling x509name.cc
[1566/2036] Compiling DocCCommon UnsafeRawPointer+HasASCIIPrefix.swift
[1567/2037] Compiling x509_vpm.cc
[1568/2037] Wrapping AST for DocCCommon for debugging
[1569/2037] Compiling x509cset.cc
[1571/2037] Compiling NIOPosix Thread.swift
[1572/2037] Compiling NIOPosix ThreadPosix.swift
[1573/2037] Compiling NIOPosix ThreadWindows.swift
[1574/2037] Compiling NIOPosix Utilities.swift
[1575/2037] Compiling NIOPosix VsockAddress.swift
[1576/2037] Compiling NIOPosix VsockChannelEvents.swift
[1577/2037] Compiling NIOPosix Windows.swift
[1577/2037] Compiling x509_vfy.cc
[1579/2037] Compiling SwiftDocC ContentCache.swift
[1580/2037] Compiling SwiftDocC DocumentationContext+Configuration.swift
[1581/2037] Compiling SwiftDocC ConvertActionConverter.swift
[1582/2037] Compiling SwiftDocC ConvertOutputConsumer.swift
[1583/2037] Compiling SwiftDocC CoverageDataEntry.swift
[1584/2037] Compiling SwiftDocC ANSIAnnotation.swift
[1585/2037] Compiling SwiftDocC Diagnostic.swift
[1586/2037] Compiling SwiftDocC DiagnosticConsoleWriter.swift
[1587/2037] Compiling SwiftDocC DiagnosticConsumer.swift
[1588/2037] Compiling NIOPosix BaseStreamSocketChannel.swift
[1589/2037] Compiling NIOPosix Bootstrap.swift
[1590/2037] Compiling NIOPosix ControlMessage.swift
[1591/2037] Compiling NIOPosix DatagramVectorReadManager.swift
[1592/2037] Compiling NIOPosix Errors+Any.swift
[1593/2037] Compiling NIOPosix FileDescriptor.swift
[1594/2037] Compiling NIOPosix GetaddrinfoResolver.swift
[1595/2037] Compiling NIOPosix BSDSocketAPICommon.swift
[1596/2037] Compiling NIOPosix BSDSocketAPIPosix.swift
[1597/2037] Compiling NIOPosix BSDSocketAPIWindows.swift
[1598/2037] Compiling NIOPosix BaseSocket.swift
[1599/2037] Compiling SwiftDocC DiagnosticEngine.swift
[1600/2037] Compiling NIOPosix BaseSocketChannel+AccessibleTransport.swift
[1601/2037] Compiling NIOPosix BaseSocketChannel+SocketOptionProvider.swift
[1602/2037] Compiling NIOPosix BaseSocketChannel.swift
[1603/2037] Compiling SwiftDocC DiagnosticFile.swift
[1604/2037] Compiling SwiftDocC DiagnosticFileWriter.swift
[1605/2037] Compiling SwiftDocC DiagnosticFormattingOptions.swift
[1606/2037] Compiling SwiftDocC DiagnosticNote.swift
[1607/2037] Compiling SwiftDocC DiagnosticSeverity.swift
[1608/2037] Compiling SwiftDocC ParseDirectiveArguments.swift
[1609/2037] Compiling SwiftDocC Problem.swift
[1610/2037] Compiling SwiftDocC Replacement.swift
[1611/2037] Compiling SwiftDocC Solution.swift
[1612/2037] Compiling SwiftDocC SourcePosition.swift
[1613/2037] Compiling SwiftDocC TerminalHelper.swift
[1614/2037] Compiling SwiftDocC DocumentationBundle+Identifier.swift
[1615/2037] Compiling SwiftDocC DocumentationBundle.swift
[1616/2037] Compiling SwiftDocC DocumentationBundleFileTypes.swift
[1617/2037] Compiling SwiftDocC DocumentationContext+Breadcrumbs.swift
[1617/2042] Compiling x509_v3.cc
[1618/2061] Compiling x509_txt.cc
[1619/2061] Compiling x509_trs.cc
[1620/2061] Compiling x509_req.cc
[1622/2061] Compiling NIOPosix HappyEyeballs.swift
[1623/2061] Compiling NIOPosix IO.swift
[1624/2061] Compiling NIOPosix IntegerBitPacking.swift
[1625/2061] Compiling NIOPosix IntegerTypes.swift
[1626/2061] Compiling NIOPosix Linux.swift
[1627/2061] Compiling NIOPosix LinuxCPUSet.swift
[1628/2061] Compiling NIOPosix LinuxUring.swift
[1629/2061] Compiling NIOPosix MultiThreadedEventLoopGroup.swift
[1630/2061] Compiling NIOPosix NIOPosixSendableMetatype.swift
[1631/2061] Compiling NIOPosix NIORandomizedDNSResolver.swift
[1632/2061] Compiling NIOPosix NIOThreadPool.swift
[1633/2061] Compiling NIOPosix NonBlockingFileIO.swift
[1634/2061] Compiling NIOPosix PendingDatagramWritesManager.swift
[1635/2061] Compiling NIOPosix PendingWritesManager.swift
[1635/2061] Compiling x509_set.cc
[1637/2062] Compiling x509_obj.cc
[1639/2064] Emitting module NIO
[1640/2064] Compiling NIO Exports.swift
[1641/2065] Wrapping AST for NIOPosix for debugging
[1642/2065] Compiling x509_lu.cc
[1643/2065] Wrapping AST for NIO for debugging
[1644/2081] Compiling x509_d2.cc
[1645/2081] Compiling x509_def.cc
[1646/2081] Compiling x509_att.cc
[1647/2081] Compiling x509_ext.cc
[1648/2081] Compiling x509_cmp.cc
[1656/2081] Compiling SwiftDocC RenderIndex.swift
[1657/2081] Compiling SwiftDocC RenderInlineContent+TextIndexing.swift
[1658/2081] Compiling SwiftDocC RenderNode+Indexable.swift
[1659/2081] Compiling SwiftDocC RenderNode+Relationships.swift
[1660/2081] Compiling SwiftDocC RenderSection+TextIndexing.swift
[1661/2081] Compiling SwiftDocC TutorialSectionsRenderSection+Indexable.swift
[1662/2081] Compiling SwiftDocC BundleData.swift
[1663/2081] Compiling SwiftDocC DataAssetManager.swift
[1664/2081] Compiling SwiftDocC SVGIDExtractor.swift
[1665/2081] Compiling SwiftDocC CodeColors.swift
[1666/2081] Compiling SwiftDocC CodeColorsPreferenceKey.swift
[1667/2081] Compiling SwiftDocC SRGBColor.swift
[1668/2081] Compiling SwiftDocC CommunicationBridge.swift
[1669/2081] Compiling SwiftDocC AnyCodable.swift
[1670/2081] Compiling SwiftDocC JSON.swift
[1671/2081] Compiling SwiftDocC Message+Codable.swift
[1672/2081] Compiling SwiftDocC Message.swift
[1673/2081] Compiling SwiftDocC MessageType.swift
[1674/2081] Compiling SwiftDocC WebKitCommunicationBridge.swift
[1675/2105] Compiling NIOHTTP1 NIOTypedHTTPClientUpgradeHandler.swift
[1676/2105] Compiling NIOHTTP1 NIOTypedHTTPClientUpgraderStateMachine.swift
[1676/2107] Compiling x509.cc
[1678/2107] Emitting module SwiftDocC
[1679/2131] Compiling NIOHTTP1 HTTPHeaderValidator.swift
[1680/2131] Compiling NIOHTTP1 HTTPHeaders+Validation.swift
[1681/2131] Compiling NIOHTTP1 NIOHTTPClientUpgradeHandler.swift
[1682/2131] Compiling NIOHTTP1 NIOHTTPObjectAggregator.swift
[1682/2131] Compiling v3_utl.cc
[1683/2131] Compiling v3_skey.cc
[1684/2131] Compiling v3_prn.cc
[1685/2131] Compiling v3_purp.cc
[1687/2131] Emitting module NIOHTTP1
[1688/2131] Compiling NIOHTTP1 ByteCollectionUtils.swift
[1689/2131] Compiling NIOHTTP1 HTTPDecoder.swift
[1690/2131] Compiling NIOHTTP1 HTTPEncoder.swift
[1691/2131] Compiling NIOHTTP1 NIOTypedHTTPServerUpgradeHandler.swift
[1692/2131] Compiling NIOHTTP1 NIOTypedHTTPServerUpgraderStateMachine.swift
[1692/2131] Compiling v3_pmaps.cc
[1694/2131] Compiling NIOHTTP1 HTTPPipelineSetup.swift
[1695/2131] Compiling NIOHTTP1 HTTPServerPipelineHandler.swift
[1696/2131] Compiling NIOHTTP1 HTTPTypedPipelineSetup.swift
[1697/2131] Compiling NIOHTTP1 HTTPTypes.swift
[1698/2131] Compiling NIOHTTP1 HTTPServerProtocolErrorHandler.swift
[1699/2131] Compiling NIOHTTP1 HTTPServerUpgradeHandler.swift
[1700/2132] Compiling v3_pcons.cc
[1701/2132] Compiling v3_ncons.cc
[1702/2137] Compiling v3_ocsp.cc
[1703/2137] Wrapping AST for NIOHTTP1 for debugging
[1704/2137] Compiling v3_lib.cc
[1706/2137] Compiling DocCStaticServer StaticFileHandler.swift
[1707/2137] Compiling DocCStaticServer MIMEType.swift
[1707/2137] Compiling v3_int.cc
[1709/2137] Compiling DocCStaticServer HTTPResponse.swift
[1710/2137] Compiling DocCStaticServer PreviewServer.swift
[1711/2137] Emitting module DocCStaticServer
[1712/2138] Compiling v3_info.cc
[1713/2138] Wrapping AST for DocCStaticServer for debugging
[1714/2138] Compiling v3_ia5.cc
[1715/2138] Compiling v3_genn.cc
[1716/2138] Compiling v3_extku.cc
[1717/2138] Compiling v3_enum.cc
[1718/2138] Compiling v3_crld.cc
[1719/2138] Compiling v3_cpols.cc
[1721/2138] Compiling SwiftDocC RenderHierarchyChapter.swift
[1722/2138] Compiling SwiftDocC RenderHierarchyLandmark.swift
[1723/2138] Compiling SwiftDocC RenderHierarchyTranslator.swift
[1724/2138] Compiling SwiftDocC RenderHierarchyTutorial.swift
[1725/2138] Compiling SwiftDocC RenderReferenceHierarchy.swift
[1726/2138] Compiling SwiftDocC RenderTutorialsHierarchy.swift
[1727/2138] Compiling SwiftDocC PresentationURLGenerator.swift
[1728/2138] Compiling SwiftDocC AssetReferences.swift
[1729/2138] Compiling SwiftDocC FileReference.swift
[1730/2138] Compiling SwiftDocC ImageReference.swift
[1731/2138] Compiling SwiftDocC LinkReference.swift
[1732/2138] Compiling SwiftDocC MediaReference.swift
[1733/2138] Compiling SwiftDocC RenderReference.swift
[1734/2138] Compiling SwiftDocC TopicColor.swift
[1735/2138] Compiling SwiftDocC TopicImage.swift
[1736/2138] Compiling SwiftDocC TopicRenderReference.swift
[1737/2138] Compiling SwiftDocC UnresolvedReference.swift
[1738/2138] Compiling SwiftDocC VideoReference.swift
[1739/2138] Compiling SwiftDocC RenderContentCompiler.swift
[1740/2138] Compiling SwiftDocC RenderContentConvertible.swift
[1741/2138] Compiling SwiftDocC RenderContext.swift
[1742/2138] Compiling SwiftDocC RenderNode.Tag.swift
[1743/2138] Compiling SwiftDocC RenderNode.swift
[1744/2138] Compiling SwiftDocC AnyMetadata.swift
[1744/2162] Compiling v3_conf.cc
[1745/2162] Compiling v3_bitst.cc
[1746/2162] Compiling v3_alt.cc
[1747/2162] Compiling v3_bcons.cc
[1748/2162] Compiling v3_akeya.cc
[1749/2162] Compiling v3_akey.cc
[1750/2162] Compiling t_x509a.cc
[1751/2162] Compiling t_crl.cc
[1752/2162] Compiling t_req.cc
[1753/2162] Compiling t_x509.cc
[1754/2162] Compiling rsa_pss.cc
[1755/2162] Compiling name_print.cc
[1757/2162] Compiling SwiftDocC PathHierarchyBasedLinkResolver+Overloads.swift
[1758/2162] Compiling SwiftDocC PathHierarchyBasedLinkResolver.swift
[1759/2162] Compiling SwiftDocC SnippetResolver.swift
[1760/2162] Compiling SwiftDocC NodeURLGenerator.swift
[1761/2162] Compiling SwiftDocC AccessControl+Comparable.swift
[1762/2162] Compiling SwiftDocC ExtendedTypeFormatExtension.swift
[1763/2162] Compiling SwiftDocC ExtendedTypeFormatTransformation.swift
[1764/2162] Compiling SwiftDocC GeneratedDocumentationTopics.swift
[1765/2162] Compiling SwiftDocC ResolvedTopicReference+Symbol.swift
[1766/2162] Compiling SwiftDocC SymbolGraphLoader.swift
[1767/2162] Compiling SwiftDocC SymbolGraphRelationshipsBuilder.swift
[1768/2162] Compiling SwiftDocC SymbolReference.swift
[1769/2162] Compiling SwiftDocC UnresolvedTopicReference+Symbol.swift
[1770/2162] Compiling SwiftDocC AutomaticCuration.swift
[1771/2162] Compiling SwiftDocC TopicGraph.swift
[1772/2162] Compiling SwiftDocC DefaultAvailability.swift
[1773/2162] Compiling SwiftDocC DocumentationBundle+Info.swift
[1774/2162] Compiling SwiftDocC DocumentationWorkspaceDataProvider.swift
[1775/2162] Compiling SwiftDocC FeatureFlags+Info.swift
[1776/2162] Compiling SwiftDocC LinkDestinationSummary.swift
[1777/2162] Compiling SwiftDocC AnchorSection.swift
[1778/2162] Compiling SwiftDocC AvailabilityParser.swift
[1779/2162] Compiling SwiftDocC BuildMetadata.swift
[1780/2162] Compiling SwiftDocC DocumentationMarkup.swift
[1781/2162] Compiling SwiftDocC DocumentationNode.swift
[1782/2162] Compiling SwiftDocC Identifier.swift
[1783/2162] Compiling SwiftDocC Kind.swift
[1784/2162] Compiling SwiftDocC MarkdownOutputMarkdownWalker.swift
[1785/2162] Compiling SwiftDocC MarkdownOutputSemanticVisitor.swift
[1786/2162] Compiling SwiftDocC Markup+parsing.swift
[1787/2162] Compiling SwiftDocC Name.swift
[1788/2162] Compiling SwiftDocC ParametersAndReturnValidator.swift
[1789/2162] Compiling SwiftDocC RenderTermLists.swift
[1790/2162] Compiling SwiftDocC RenderBlockContent+Capitalization.swift
[1791/2162] Compiling SwiftDocC RenderBlockContent.swift
[1792/2162] Compiling SwiftDocC RenderContentMetadata.swift
[1793/2162] Compiling SwiftDocC RenderInlineContent.swift
[1794/2162] Compiling SwiftDocC AnyRenderReference.swift
[1795/2162] Compiling SwiftDocC AnyRenderSection.swift
[1796/2162] Compiling SwiftDocC DifferenceBuilder.swift
[1797/2162] Compiling SwiftDocC Differences.swift
[1798/2162] Compiling SwiftDocC RenderNode+Diffable.swift
[1799/2162] Compiling SwiftDocC DocumentationContentRenderer.swift
[1800/2162] Compiling SwiftDocC HTMLContentConsumer.swift
[1801/2162] Compiling SwiftDocC HTMLRenderer+FullPage.swift
[1802/2162] Compiling SwiftDocC HTMLRenderer.swift
[1803/2162] Compiling SwiftDocC LinkTitleResolver.swift
[1804/2162] Compiling SwiftDocC RenderHierarchy.swift
[1804/2210] Compiling policy.cc
[1805/2210] Compiling i2d_pr.cc
[1806/2210] Compiling by_file.cc
[1807/2210] Compiling asn1_gen.cc
[1808/2210] Compiling by_dir.cc
[1809/2210] Compiling algorithm.cc
[1810/2210] Compiling a_verify.cc
[1811/2210] Compiling a_sign.cc
[1812/2210] Compiling trust_token.cc
[1813/2210] Compiling thread_win.cc
[1814/2210] Compiling voprf.cc
[1815/2210] Compiling thread_pthread.cc
[1816/2210] Compiling a_digest.cc
[1817/2210] Compiling thread_none.cc
[1819/2210] Compiling SwiftDocC AttributesRenderSection.swift
[1820/2210] Compiling SwiftDocC AvailabilityRenderMetadataItem.swift
[1821/2210] Compiling SwiftDocC ConformanceSection.swift
[1822/2210] Compiling SwiftDocC ContentRenderSection.swift
[1823/2210] Compiling SwiftDocC DeclarationRenderSection+SymbolGraph.swift
[1824/2210] Compiling SwiftDocC DeclarationsRenderSection.swift
[1825/2210] Compiling SwiftDocC DiffAvailability.swift
[1826/2210] Compiling SwiftDocC MentionsRenderSection.swift
[1827/2210] Compiling SwiftDocC ParameterRenderSection.swift
[1828/2210] Compiling SwiftDocC PossibleValuesRenderSection.swift
[1829/2210] Compiling SwiftDocC PropertiesRenderSection.swift
[1830/2210] Compiling SwiftDocC PropertyListDetailsRenderSection.swift
[1831/2210] Compiling SwiftDocC RESTBodyRenderSection.swift
[1832/2210] Compiling SwiftDocC RESTEndpointRenderSection.swift
[1833/2210] Compiling SwiftDocC RESTExampleRenderSection.swift
[1834/2210] Compiling SwiftDocC RESTParametersRenderSection.swift
[1835/2210] Compiling SwiftDocC RESTResponseRenderSection.swift
[1836/2210] Compiling SwiftDocC RelationshipsRenderSection.swift
[1837/2210] Compiling SwiftDocC SampleDownloadSection.swift
[1838/2210] Compiling SwiftDocC TaskGroupRenderSection.swift
[1839/2210] Compiling SwiftDocC TopicsSectionStyle.swift
[1840/2210] Compiling SwiftDocC TutorialArticleSection.swift
[1841/2210] Compiling SwiftDocC LineHighlighter.swift
[1842/2210] Compiling SwiftDocC DownloadReference.swift
[1843/2234] Compiling SwiftDocC Abstract.swift
[1844/2234] Compiling SwiftDocC AutomaticTaskGroupSection.swift
[1845/2234] Compiling SwiftDocC DefaultImplementations.swift
[1846/2234] Compiling SwiftDocC DeprecatedSection.swift
[1847/2234] Compiling SwiftDocC DictionaryKeysSection.swift
[1848/2234] Compiling SwiftDocC Discussion.swift
[1849/2234] Compiling SwiftDocC GroupedSection.swift
[1850/2234] Compiling SwiftDocC HTTPBodySection.swift
[1851/2234] Compiling SwiftDocC HTTPEndpointSection.swift
[1852/2234] Compiling SwiftDocC HTTPParametersSection.swift
[1853/2234] Compiling SwiftDocC HTTPResponsesSection.swift
[1854/2234] Compiling SwiftDocC ParametersSection.swift
[1855/2234] Compiling SwiftDocC PropertyListPossibleValuesSection.swift
[1856/2234] Compiling SwiftDocC Relationships.swift
[1857/2234] Compiling SwiftDocC ReturnsSection.swift
[1858/2234] Compiling SwiftDocC SeeAlso.swift
[1859/2234] Compiling SwiftDocC Topics.swift
[1860/2234] Compiling SwiftDocC DictionaryKey.swift
[1861/2234] Compiling SwiftDocC HTTPBody.swift
[1862/2234] Compiling SwiftDocC HTTPParameter.swift
[1863/2234] Compiling SwiftDocC HTTPResponse.swift
[1864/2234] Compiling SwiftDocC LegacyTag.swift
[1865/2234] Compiling SwiftDocC Parameter.swift
[1866/2234] Compiling SwiftDocC Return.swift
[1866/2258] Compiling thread.cc
[1867/2258] Compiling pmbtoken.cc
[1869/2258] Compiling SwiftDocC CodableContentSection.swift
[1870/2258] Compiling SwiftDocC CodableRenderReference.swift
[1871/2258] Compiling SwiftDocC CodableRenderSection.swift
[1872/2258] Compiling SwiftDocC RenderMetadata.swift
[1873/2258] Compiling SwiftDocC RenderNode+Codable.swift
[1874/2258] Compiling SwiftDocC RenderNodeTranslator.swift
[1875/2258] Compiling SwiftDocC RenderNodeVariant.swift
[1876/2258] Compiling SwiftDocC RenderReferenceStore.swift
[1877/2258] Compiling SwiftDocC RenderSection.swift
[1878/2258] Compiling SwiftDocC AttributesSectionTranslator.swift
[1879/2258] Compiling SwiftDocC DeclarationsSectionTranslator.swift
[1880/2258] Compiling SwiftDocC DictionaryKeysSectionTranslator.swift
[1881/2258] Compiling SwiftDocC DiscussionSectionTranslator.swift
[1882/2258] Compiling SwiftDocC HTTPBodySectionTranslator.swift
[1883/2258] Compiling SwiftDocC HTTPEndpointSectionTranslator.swift
[1884/2258] Compiling SwiftDocC HTTPParametersSectionTranslator.swift
[1885/2258] Compiling SwiftDocC HTTPResponsesSectionTranslator.swift
[1886/2258] Compiling SwiftDocC MentionsSectionTranslator.swift
[1887/2258] Compiling SwiftDocC ParametersSectionTranslator.swift
[1888/2258] Compiling SwiftDocC PlistDetailsSectionTranslator.swift
[1889/2258] Compiling SwiftDocC PossibleValuesSectionTranslator.swift
[1890/2258] Compiling SwiftDocC RenderSectionTranslator.swift
[1891/2258] Compiling SwiftDocC ReturnsSectionTranslator.swift
[1892/2258] Compiling SwiftDocC SemanticVersion.swift
[1892/2282] Compiling siphash.cc
[1893/2282] Compiling sha512.cc
[1894/2282] Compiling stack.cc
[1895/2282] Compiling slhdsa.cc
[1896/2282] Compiling spake2plus.cc
[1897/2282] Compiling sha1.cc
[1898/2282] Compiling sha256.cc
[1899/2282] Compiling rsa_print.cc
[1900/2282] Compiling rsa_crypt.cc
[1901/2282] Compiling rsa_extra.cc
[1902/2282] Compiling rc4.cc
[1903/2282] Compiling windows.cc
[1904/2282] Compiling refcount.cc
[1905/2282] Compiling trusty.cc
[1906/2282] Compiling passive.cc
[1907/2282] Compiling rand.cc
[1908/2282] Compiling ios.cc
[1909/2282] Compiling urandom.cc
[1911/2282] Compiling SwiftDocC XcodeRequirementReference.swift
[1912/2282] Compiling SwiftDocC IntroRenderSection.swift
[1913/2282] Compiling SwiftDocC TutorialAssessmentsRenderSection.swift
[1914/2282] Compiling SwiftDocC TutorialSectionsRenderSection.swift
[1915/2282] Compiling SwiftDocC RenderTile.swift
[1916/2282] Compiling SwiftDocC CallToActionSection.swift
[1917/2282] Compiling SwiftDocC ContentAndMediaGroupSection.swift
[1918/2282] Compiling SwiftDocC ContentAndMediaSection.swift
[1919/2282] Compiling SwiftDocC ResourcesRenderSection.swift
[1920/2282] Compiling SwiftDocC VolumeRenderSection.swift
[1921/2282] Compiling SwiftDocC JSONPatchApplier.swift
[1922/2282] Compiling SwiftDocC JSONPatchOperation.swift
[1923/2282] Compiling SwiftDocC JSONPointer.swift
[1924/2282] Compiling SwiftDocC PatchOperation.swift
[1925/2282] Compiling SwiftDocC RenderNodeVariantOverridesApplier.swift
[1926/2282] Compiling SwiftDocC VariantCollection+Coding.swift
[1927/2282] Compiling SwiftDocC VariantCollection+Symbol.swift
[1928/2282] Compiling SwiftDocC VariantCollection+Variant.swift
[1929/2282] Compiling SwiftDocC VariantCollection.swift
[1930/2282] Compiling SwiftDocC VariantContainer.swift
[1931/2282] Compiling SwiftDocC VariantOverride.swift
[1932/2282] Compiling SwiftDocC VariantOverrides.swift
[1933/2282] Compiling SwiftDocC VariantPatchOperation.swift
[1934/2282] Compiling SwiftDocC Section.swift
[1934/2306] Compiling rsa_asn1.cc
[1935/2306] Compiling forkunsafe.cc
[1936/2306] Compiling poly1305_arm_asm.S
[1937/2306] Compiling fork_detect.cc
[1938/2306] Compiling deterministic.cc
[1939/2306] Compiling getentropy.cc
[1940/2306] Compiling poly1305_vec.cc
[1942/2306] Compiling SwiftDocC Throw.swift
[1943/2306] Compiling SwiftDocC TaskGroup.swift
[1944/2306] Compiling SwiftDocC Abstracted.swift
[1945/2306] Compiling SwiftDocC Article.swift
[1946/2306] Compiling SwiftDocC ArticleSymbolMentions.swift
[1947/2306] Compiling SwiftDocC MarkupConvertible.swift
[1948/2306] Compiling SwiftDocC Comment.swift
[1949/2306] Compiling SwiftDocC ContentAndMedia.swift
[1950/2306] Compiling SwiftDocC DirectiveConvertable.swift
[1951/2306] Compiling SwiftDocC AutomaticDirectiveConvertible.swift
[1952/2306] Compiling SwiftDocC ChildDirectiveWrapper.swift
[1953/2306] Compiling SwiftDocC ChildMarkdownWrapper.swift
[1954/2306] Compiling SwiftDocC DirectiveArgumentValueConvertible.swift
[1955/2306] Compiling SwiftDocC DirectiveArgumentWrapper.swift
[1956/2306] Compiling SwiftDocC DirectiveIndex.swift
[1957/2306] Compiling SwiftDocC DirectiveMirror.swift
[1958/2306] Compiling SwiftDocC MarkupContaining.swift
[1959/2306] Compiling SwiftDocC DirectiveParser.swift
[1960/2306] Compiling SwiftDocC ExternalMarkupReferenceWalker.swift
[1961/2306] Compiling SwiftDocC ExternalReferenceWalker.swift
[1962/2306] Compiling SwiftDocC DeprecatedArgument.swift
[1963/2306] Compiling SwiftDocC Extract.swift
[1964/2306] Compiling SwiftDocC HasArgumentOfType.swift
[1965/2306] Compiling SwiftDocC HasAtLeastOne.swift
[1965/2330] Compiling pool.cc
[1966/2330] Compiling poly1305_arm.cc
[1967/2330] Compiling poly1305.cc
[1968/2330] Compiling p5_pbev2.cc
[1969/2330] Compiling pem_xaux.cc
[1970/2330] Compiling pkcs8.cc
[1971/2330] Compiling pkcs7_x509.cc
[1972/2330] Compiling pkcs8_x509.cc
[1999/2330] Compiling SwiftDocC DocumentationContext.swift
[2000/2330] Compiling SwiftDocC DocumentationCurator.swift
[2001/2330] Compiling SwiftDocC KindIdentifier+Curation.swift
[2002/2330] Compiling SwiftDocC SymbolGraph.Symbol.Location+URL.swift
[2003/2330] Compiling SwiftDocC ExternalDocumentationSource.swift
[2004/2330] Compiling SwiftDocC ExternalMetadata.swift
[2005/2330] Compiling SwiftDocC GlobalExternalSymbolResolver.swift
[2006/2330] Compiling SwiftDocC OutOfProcessReferenceResolver+Communication.swift
[2007/2330] Compiling SwiftDocC OutOfProcessReferenceResolver+DeprecatedCommunication.swift
[2008/2330] Compiling SwiftDocC OutOfProcessReferenceResolver.swift
[2009/2330] Compiling SwiftDocC DataProvider.swift
[2010/2330] Compiling SwiftDocC DocumentationInputsProvider.swift
[2011/2330] Compiling SwiftDocC ExternalPathHierarchyResolver.swift
[2012/2330] Compiling SwiftDocC LinkResolver+NavigatorIndex.swift
[2013/2330] Compiling SwiftDocC LinkResolver.swift
[2014/2330] Compiling SwiftDocC PathHierarchy+DisambiguatedPaths.swift
[2015/2330] Compiling SwiftDocC PathHierarchy+Dump.swift
[2016/2330] Compiling SwiftDocC PathHierarchy+Error.swift
[2017/2330] Compiling SwiftDocC PathHierarchy+Find.swift
[2018/2330] Compiling SwiftDocC PathHierarchy+PathComponent.swift
[2019/2330] Compiling SwiftDocC PathHierarchy+Serialization.swift
[2020/2330] Compiling SwiftDocC PathHierarchy+TypeSignature.swift
[2021/2330] Compiling SwiftDocC PathHierarchy+TypeSignatureDisambiguation.swift
[2022/2330] Compiling SwiftDocC PathHierarchy.swift
[2023/2330] Compiling SwiftDocC PathHierarchyBasedLinkResolver+Breadcrumbs.swift
[2048/2354] Compiling pkcs7.cc
[2049/2354] Compiling pem_x509.cc
[2050/2354] Compiling pem_pkey.cc
[2052/2354] Compiling SwiftDocC NoOpSignposterShim.swift
[2053/2354] Compiling SwiftDocC Optional+baseType.swift
[2054/2354] Compiling SwiftDocC PlainTextShim.swift
[2055/2354] Compiling SwiftDocC RangeReplaceableCollection+Group.swift
[2056/2354] Compiling SwiftDocC SendableMetatypeShim.swift
[2057/2354] Compiling SwiftDocC Sequence+Categorize.swift
[2058/2354] Compiling SwiftDocC Sequence+FirstMap.swift
[2059/2354] Compiling SwiftDocC Sequence+RenderBlockContentElemenet.swift
[2060/2354] Compiling SwiftDocC SortByKeyPath.swift
[2061/2354] Compiling SwiftDocC String+Capitalization.swift
[2062/2354] Compiling SwiftDocC String+Hashing.swift
[2063/2354] Compiling SwiftDocC String+Path.swift
[2064/2354] Compiling SwiftDocC String+SingleQuoted.swift
[2065/2354] Compiling SwiftDocC String+Splitting.swift
[2066/2354] Compiling SwiftDocC String+Whitespace.swift
[2067/2354] Compiling SwiftDocC StringCollection+List.swift
[2068/2354] Compiling SwiftDocC URL+IsAbsoluteWebURL.swift
[2069/2354] Compiling SwiftDocC URL+Relative.swift
[2070/2354] Compiling SwiftDocC URL+WithFragment.swift
[2071/2354] Compiling SwiftDocC URL+WithoutHostAndPortAndScheme.swift
[2072/2354] Compiling SwiftDocC DirectedGraph+Cycles.swift
[2073/2354] Compiling SwiftDocC DirectedGraph+Paths.swift
[2074/2354] Compiling SwiftDocC DirectedGraph+Traversal.swift
[2075/2354] Compiling SwiftDocC DirectedGraph.swift
[2075/2354] Compiling pem_info.cc
[2076/2354] Compiling obj_xref.cc
[2077/2354] Compiling pem_lib.cc
[2078/2354] Compiling pem_oth.cc
[2080/2354] Compiling SwiftDocC PageKind.swift
[2081/2354] Compiling SwiftDocC SupportedLanguage.swift
[2082/2354] Compiling SwiftDocC TechnologyRoot.swift
[2083/2354] Compiling SwiftDocC TitleHeading.swift
[2084/2354] Compiling SwiftDocC AutomaticArticleSubheading.swift
[2085/2354] Compiling SwiftDocC AutomaticSeeAlso.swift
[2086/2354] Compiling SwiftDocC AutomaticTitleHeading.swift
[2087/2354] Compiling SwiftDocC Options.swift
[2088/2354] Compiling SwiftDocC TopicsVisualStyle.swift
[2089/2354] Compiling SwiftDocC Redirect.swift
[2090/2354] Compiling SwiftDocC Redirected.swift
[2091/2354] Compiling SwiftDocC Links.swift
[2092/2354] Compiling SwiftDocC Row.swift
[2093/2354] Compiling SwiftDocC Small.swift
[2094/2354] Compiling SwiftDocC TabNavigator.swift
[2095/2354] Compiling SwiftDocC ReferenceResolver.swift
[2096/2354] Compiling SwiftDocC Semantic.swift
[2097/2354] Compiling SwiftDocC SemanticAnalyzer.swift
[2098/2354] Compiling SwiftDocC Snippet.swift
[2099/2354] Compiling SwiftDocC DeprecationSummary.swift
[2100/2354] Compiling SwiftDocC DocumentationDataVariants+SymbolGraphSymbol.swift
[2101/2354] Compiling SwiftDocC DocumentationDataVariants.swift
[2102/2354] Compiling SwiftDocC PlatformName.swift
[2103/2354] Compiling SwiftDocC Relationship.swift
[2103/2354] Compiling pem_pk8.cc
[2104/2354] Compiling pem_all.cc
[2105/2354] Compiling mlkem.cc
[2106/2354] Compiling obj.cc
[2107/2354] Compiling mem.cc
[2108/2354] Compiling poly_rq_mul.S
[2110/2354] Compiling SwiftDocC HasAtMostOne.swift
[2111/2354] Compiling SwiftDocC HasContent.swift
[2112/2354] Compiling SwiftDocC HasExactlyOne.swift
[2113/2354] Compiling SwiftDocC HasOnlyKnownArguments.swift
[2114/2354] Compiling SwiftDocC HasOnlyKnownDirectives.swift
[2115/2354] Compiling SwiftDocC HasOnlySequentialHeadings.swift
[2116/2354] Compiling SwiftDocC SymbolKind.Swift.swift
[2117/2354] Compiling SwiftDocC Intro.swift
[2118/2354] Compiling SwiftDocC Landmark.swift
[2119/2354] Compiling SwiftDocC Layout.swift
[2120/2354] Compiling SwiftDocC MarkupContainer.swift
[2121/2354] Compiling SwiftDocC MarkupReferenceResolver.swift
[2122/2354] Compiling SwiftDocC ImageMedia.swift
[2123/2354] Compiling SwiftDocC Media.swift
[2124/2354] Compiling SwiftDocC VideoMedia.swift
[2125/2354] Compiling SwiftDocC AlternateRepresentation.swift
[2126/2354] Compiling SwiftDocC Availability.swift
[2127/2354] Compiling SwiftDocC CallToAction.swift
[2128/2354] Compiling SwiftDocC CustomMetadata.swift
[2129/2354] Compiling SwiftDocC DisplayName.swift
[2130/2354] Compiling SwiftDocC DocumentationExtension.swift
[2131/2354] Compiling SwiftDocC Metadata.swift
[2132/2354] Compiling SwiftDocC PageColor.swift
[2133/2354] Compiling SwiftDocC PageImage.swift
[2133/2354] Compiling lhash.cc
[2134/2354] Compiling mldsa.cc
[2135/2354] Compiling fips_shared_support.cc
[2137/2354] Compiling SwiftDocC Symbol.swift
[2138/2354] Compiling SwiftDocC UnifiedSymbol+Extensions.swift
[2139/2354] Compiling SwiftDocC Resources.swift
[2140/2354] Compiling SwiftDocC Tile.swift
[2141/2354] Compiling SwiftDocC TutorialTableOfContents.swift
[2142/2354] Compiling SwiftDocC Chapter.swift
[2143/2354] Compiling SwiftDocC TutorialReference.swift
[2144/2354] Compiling SwiftDocC Volume.swift
[2145/2354] Compiling SwiftDocC Timed.swift
[2146/2354] Compiling SwiftDocC Titled.swift
[2147/2354] Compiling SwiftDocC Assessments.swift
[2148/2354] Compiling SwiftDocC Choice.swift
[2149/2354] Compiling SwiftDocC Justification.swift
[2150/2354] Compiling SwiftDocC MultipleChoice.swift
[2151/2354] Compiling SwiftDocC Code.swift
[2152/2354] Compiling SwiftDocC Step.swift
[2153/2354] Compiling SwiftDocC Steps.swift
[2154/2354] Compiling SwiftDocC TutorialSection.swift
[2155/2354] Compiling SwiftDocC Tutorial.swift
[2156/2354] Compiling SwiftDocC XcodeRequirement.swift
[2157/2354] Compiling SwiftDocC Stack.swift
[2158/2354] Compiling SwiftDocC TutorialArticle.swift
[2159/2354] Compiling SwiftDocC SemanticVisitor.swift
[2160/2354] Compiling SwiftDocC SemanticWalker.swift
[2160/2354] Compiling md4.cc
[2161/2354] Compiling md5.cc
[2162/2354] Compiling fuzzer_mode.cc
[2163/2354] Compiling kyber.cc
[2164/2354] Compiling ex_data.cc
[2165/2354] Compiling hpke.cc
[2166/2354] Compiling scrypt.cc
[2167/2354] Compiling hrss.cc
[2168/2354] Compiling print.cc
[2169/2354] Compiling sign.cc
[2171/2354] Compiling SwiftDocC SemanticTreeDumper.swift
[2172/2354] Compiling SwiftDocC DocumentationSchemeHandler.swift
[2173/2354] Compiling SwiftDocC FileServer.swift
[2174/2354] Compiling SwiftDocC SourceRepository.swift
[2175/2354] Compiling SwiftDocC MarkdownOutputManifest.swift
[2176/2354] Compiling SwiftDocC MarkdownOutputNode.swift
[2177/2354] Compiling SwiftDocC Checksum.swift
[2178/2354] Compiling SwiftDocC Collection+ConcurrentPerform.swift
[2179/2354] Compiling SwiftDocC CollectionChanges.swift
[2180/2354] Compiling SwiftDocC CommonTypeExports.swift
[2181/2354] Compiling SwiftDocC BidirectionalMap.swift
[2182/2354] Compiling SwiftDocC GroupedSequence.swift
[2183/2354] Compiling SwiftDocC DispatchGroup+Async.swift
[2184/2354] Compiling SwiftDocC DescribedError.swift
[2185/2354] Compiling SwiftDocC ErrorWithProblems.swift
[2186/2354] Compiling SwiftDocC ExternalIdentifier.swift
[2187/2354] Compiling SwiftDocC FeatureFlags.swift
[2188/2354] Compiling SwiftDocC FileManagerProtocol+FilesSequence.swift
[2189/2354] Compiling SwiftDocC FileManagerProtocol.swift
[2190/2354] Compiling SwiftDocC Array+baseType.swift
[2191/2354] Compiling SwiftDocC AutoreleasepoolShim.swift
[2192/2354] Compiling SwiftDocC CharacterSet.swift
[2193/2354] Compiling SwiftDocC Collection+indexed.swift
[2194/2354] Compiling SwiftDocC Dictionary+TypedValues.swift
[2194/2354] Compiling pbkdf.cc
[2195/2354] Compiling p_x25519_asn1.cc
[2197/2354] Compiling SwiftDocC LMDB+Database.swift
[2198/2354] Compiling SwiftDocC LMDB+Environment.swift
[2199/2354] Compiling SwiftDocC LMDB+Error.swift
[2200/2354] Compiling SwiftDocC LMDB+Transaction.swift
[2201/2354] Compiling SwiftDocC LMDB.swift
[2202/2354] Compiling SwiftDocC EnglishLanguage.swift
[2203/2354] Compiling SwiftDocC NativeLanguage.swift
[2204/2354] Compiling SwiftDocC ListItemUpdatable.swift
[2205/2354] Compiling SwiftDocC LogHandle.swift
[2206/2354] Compiling SwiftDocC AnyLink.swift
[2207/2354] Compiling SwiftDocC BlockDirectiveExtensions.swift
[2208/2354] Compiling SwiftDocC DocumentExtensions.swift
[2209/2354] Compiling SwiftDocC Heading+StartsWithAnyLink.swift
[2210/2354] Compiling SwiftDocC ImageExtensions.swift
[2211/2354] Compiling SwiftDocC ListItemExtractor.swift
[2212/2354] Compiling SwiftDocC MarkupChildrenExtensions.swift
[2213/2354] Compiling SwiftDocC SourceRangeExtensions.swift
[2214/2354] Compiling SwiftDocC NearMiss.swift
[2215/2354] Compiling SwiftDocC RenderNodeDataExtractor.swift
[2216/2354] Compiling SwiftDocC SemanticVersion+Comparable.swift
[2217/2354] Compiling SwiftDocC SymbolGraphAvailability+Filter.swift
[2218/2354] Compiling SwiftDocC Synchronization.swift
[2219/2354] Compiling SwiftDocC ValidatedURL.swift
[2220/2354] Compiling SwiftDocC Version.swift
[2220/2355] Compiling p_x25519.cc
[2222/2355] Compiling p_rsa_asn1.cc
[2223/2355] Compiling p_rsa.cc
[2224/2355] Compiling p_hkdf.cc
[2225/2355] Compiling p_ed25519_asn1.cc
[2226/2368] Compiling p_ed25519.cc
[2227/2368] Wrapping AST for SwiftDocC for debugging
[2228/2368] Compiling p_dsa_asn1.cc
[2230/2368] Compiling DocCStatic StaticHTMLConsumer.swift
[2231/2369] Compiling DocCStatic SwiftSyntaxHighlighter.swift
[2231/2369] Compiling p_ec_asn1.cc
[2232/2369] Compiling p_ec.cc
[2233/2369] Compiling p_dh.cc
[2235/2369] Compiling DocCStatic GenerationResult.swift
[2236/2369] Compiling DocCStatic NavigationIndex.swift
[2236/2369] Compiling p_dh_asn1.cc
[2237/2369] Compiling evp.cc
[2239/2369] Compiling DocCStatic NavigationSidebarBuilder.swift
[2240/2369] Compiling DocCStatic RenderContentHTMLRenderer.swift
[2240/2369] Compiling err.cc
[2242/2369] Compiling DocCStatic SearchIndexBuilder.swift
[2242/2369] Compiling engine.cc
[2243/2369] Compiling evp_ctx.cc
[2244/2369] Compiling evp_asn1.cc
[2245/2369] Compiling ecdsa_p1363.cc
[2246/2369] Compiling ecdh.cc
[2247/2369] Compiling ecdsa_asn1.cc
[2249/2369] Compiling DocCStatic HTMLPageBuilder.swift
[2250/2369] Compiling DocCStatic IndexPageBuilder.swift
[2250/2369] Compiling ec_derive.cc
[2251/2369] Compiling hash_to_curve.cc
[2252/2369] Compiling dsa_asn1.cc
[2253/2369] Compiling ec_asn1.cc
[2254/2369] Compiling dsa.cc
[2256/2369] Emitting module DocCStatic
[2256/2369] Compiling digest_extra.cc
[2257/2369] Compiling params.cc
[2258/2369] Compiling x25519-asm-arm.S
[2260/2369] Compiling DocCStatic StaticDocumentationGenerator.swift
[2261/2369] Compiling DocCStatic SymbolKind.swift
[2262/2369] Compiling DocCStatic DocCStatic.swift
[2263/2369] Compiling DocCStatic DocLinkPostProcessor.swift
[2264/2370] Compiling curve25519_64_adx.cc
[2265/2370] Compiling des.cc
[2266/2372] Compiling spake25519.cc
[2267/2372] Compiling dh_asn1.cc
[2268/2372] Wrapping AST for DocCStatic for debugging
[2269/2372] Compiling crypto.cc
[2270/2372] Compiling curve25519.cc
[2272/2372] Emitting module docc_static
[2272/2372] Compiling cpu_intel.cc
[2273/2372] Compiling cpu_arm_linux.cc
[2274/2372] Compiling cpu_arm_freebsd.cc
[2275/2372] Compiling cpu_aarch64_win.cc
[2276/2372] Compiling cpu_aarch64_sysreg.cc
[2277/2372] Compiling cpu_aarch64_openbsd.cc
[2278/2372] Compiling cpu_aarch64_linux.cc
[2279/2372] Compiling cpu_aarch64_fuchsia.cc
[2280/2372] Compiling cpu_aarch64_apple.cc
[2281/2372] Compiling conf.cc
[2282/2372] Compiling tls_cbc.cc
[2283/2372] Compiling get_cipher.cc
[2284/2372] Compiling e_tls.cc
[2285/2372] Compiling e_rc4.cc
[2287/2372] Compiling docc_static docc_static.swift
[2287/2372] Compiling cms.cc
[2289/2373] Compiling e_rc2.cc
[2290/2373] Wrapping AST for docc-static for debugging
[2291/2373] Write Objects.LinkFileList
[2292/2373] Compiling e_null.cc
[2293/2373] Compiling e_des.cc
[2294/2373] Compiling e_aesgcmsiv.cc
[2295/2373] Compiling e_chacha20poly1305.cc
[2296/2373] Compiling e_aeseax.cc
[2297/2373] Compiling e_aesctrhmac.cc
[2298/2373] Compiling derive_key.cc
[2299/2373] Compiling chacha.cc
[2300/2373] Compiling unicode.cc
[2301/2373] Compiling cbs.cc
[2302/2373] Compiling asn1_compat.cc
[2303/2373] Compiling buf.cc
[2304/2373] Compiling cbb.cc
[2305/2373] Compiling ber.cc
[2306/2373] Compiling sqrt.cc
[2307/2373] Compiling exponentiation.cc
[2308/2373] Compiling div.cc
[2309/2373] Compiling blake2.cc
[2310/2373] Compiling printf.cc
[2311/2373] Linking docc-static-tool
[2312/2373] Compiling bn_asn1.cc
[2313/2373] Compiling convert.cc
[2314/2373] Compiling hexdump.cc
[2315/2373] Compiling pair.cc
[2316/2373] Compiling file.cc
[2317/2373] Compiling errno.cc
[2318/2373] Compiling bio_mem.cc
[2319/2373] Compiling fd.cc
[2320/2373] Compiling bio.cc
[2321/2373] Compiling bcm.cc
[2322/2373] Compiling base64.cc
[2323/2373] Compiling tasn_typ.cc
[2324/2373] Compiling tasn_utl.cc
[2325/2373] Compiling tasn_fre.cc
[2326/2373] Compiling tasn_enc.cc
[2327/2373] Compiling posix_time.cc
[2328/2373] Compiling f_string.cc
[2329/2373] Compiling tasn_new.cc
[2330/2373] Compiling f_int.cc
[2331/2373] Compiling tasn_dec.cc
[2332/2373] Compiling asn_pack.cc
[2333/2373] Compiling asn1_par.cc
[2334/2373] Compiling asn1_lib.cc
[2335/2373] Compiling a_utctm.cc
[2336/2373] Compiling a_octet.cc
[2336/2373] Compiling a_type.cc
[2336/2373] Compiling a_time.cc
[2339/2373] Compiling a_strnid.cc
[2340/2373] Compiling a_strex.cc
[2341/2373] Compiling a_object.cc
[2342/2373] Compiling a_i2d_fp.cc
[2343/2373] Compiling a_dup.cc
[2344/2373] Compiling CAtomic CAtomic.c
[2344/2373] Write sources
[2348/2373] Compiling a_mbstr.cc
[2349/2421] Compiling a_d2i_fp.cc
[2350/2456] Compiling a_int.cc
[2351/2456] Compiling a_gentm.cc
[2353/2456] Compiling Markdown DoxygenDiscussion.swift
[2354/2456] Compiling Markdown DoxygenNote.swift
[2355/2458] Compiling Atomics ManagedAtomic.swift
[2356/2458] Compiling Atomics ManagedAtomicLazyReference.swift
[2356/2458] Compiling aes.cc
[2358/2458] Compiling Atomics AtomicStorage.swift
[2359/2458] Compiling Atomics AtomicValue.swift
[2360/2458] Compiling Atomics AtomicMemoryOrderings.swift
[2361/2458] Compiling Atomics DoubleWord.swift
[2361/2458] Compiling a_bool.cc
[2363/2458] Compiling Atomics IntegerOperations.swift
[2364/2458] Compiling Atomics Unmanaged extensions.swift
[2365/2458] Compiling Markdown BasicBlockContainer.swift
[2366/2458] Compiling Markdown BasicInlineContainer.swift
[2367/2458] Compiling Markdown BlockContainer.swift
[2368/2458] Compiling Markdown BlockMarkup.swift
[2369/2458] Compiling Markdown InlineContainer.swift
[2370/2458] Compiling Markdown InlineMarkup.swift
[2371/2458] Compiling Markdown ListItemContainer.swift
[2372/2458] Compiling Markdown AtomicCounter.swift
[2373/2466] Compiling Markdown RawMarkup.swift
[2374/2466] Compiling Markdown BlockDirective.swift
[2375/2466] Compiling Markdown BlockQuote.swift
[2375/2466] Compiling a_bitstr.cc
[2386/2474] Compiling Markdown TableCell.swift
[2387/2474] Compiling Markdown TableCellContainer.swift
[2388/2474] Compiling Markdown TableHead.swift
[2389/2474] Compiling Markdown TableRow.swift
[2390/2474] Compiling Markdown Replacement.swift
[2391/2474] Compiling Markdown SourceLocation.swift
[2392/2474] Compiling Markdown Emphasis.swift
[2393/2474] Compiling Markdown Image.swift
[2394/2474] Compiling Markdown InlineAttributes.swift
[2396/2474] Compiling Markdown UnorderedList.swift
[2397/2474] Compiling Markdown Paragraph.swift
[2398/2474] Compiling Markdown CodeBlock.swift
[2399/2474] Compiling Markdown HTMLBlock.swift
[2400/2474] Compiling Markdown Heading.swift
[2401/2474] Compiling Markdown ThematicBreak.swift
[2402/2474] Compiling Markdown Table.swift
[2403/2474] Compiling Markdown TableBody.swift
[2404/2474] Compiling ArgumentParserToolInfo ToolInfo.swift
[2405/2474] Emitting module ArgumentParserToolInfo
[2406/2475] Wrapping AST for ArgumentParserToolInfo for debugging
[2408/2522] Compiling ArgumentParser BashCompletionsGenerator.swift
[2409/2522] Compiling ArgumentParser CompletionsGenerator.swift
[2410/2522] Compiling ArgumentParser FishCompletionsGenerator.swift
[2411/2522] Compiling ArgumentParser ZshCompletionsGenerator.swift
[2412/2522] Compiling ArgumentParser Argument.swift
[2413/2522] Compiling ArgumentParser ArgumentDiscussion.swift
[2414/2522] Compiling ArgumentParser ArgumentHelp.swift
[2415/2522] Compiling ArgumentParser ParentCommand.swift
[2416/2522] Compiling ArgumentParser AsyncParsableCommand.swift
[2417/2522] Emitting module Markdown
[2418/2522] Compiling CryptoBoringWrapper RandomBytes.swift
[2419/2522] Emitting module CryptoBoringWrapper
[2420/2522] Compiling CryptoBoringWrapper CryptoKitErrors_boring.swift
[2421/2522] Emitting module Atomics
[2422/2522] Compiling CryptoBoringWrapper FiniteFieldArithmeticContext.swift
[2423/2522] Compiling CryptoBoringWrapper EllipticCurvePoint.swift
[2424/2522] Compiling CryptoBoringWrapper EllipticCurve.swift
[2425/2522] Compiling CryptoBoringWrapper BoringSSLAEAD.swift
[2434/2523] Compiling ArgumentParser CommandConfiguration.swift
[2435/2523] Compiling ArgumentParser CommandGroup.swift
[2436/2523] Compiling ArgumentParser EnumerableFlag.swift
[2437/2523] Compiling ArgumentParser ExpressibleByArgument.swift
[2438/2523] Compiling ArgumentParser ParsableArguments.swift
[2439/2529] Wrapping AST for Atomics for debugging
[2441/2532] Compiling CryptoBoringWrapper ArbitraryPrecisionInteger.swift
[2442/2594] Wrapping AST for CryptoBoringWrapper for debugging
[2444/2594] Compiling NIOCore ChannelHandler.swift
[2445/2594] Compiling NIOCore ChannelHandlers.swift
[2446/2594] Compiling NIOCore ChannelInvoker.swift
[2447/2594] Compiling NIOCore ChannelOption.swift
[2448/2594] Compiling NIOCore ChannelPipeline.swift
[2449/2594] Compiling NIOCore IPProtocol.swift
[2450/2665] Compiling Crypto SEC1PrivateKey.swift
[2451/2665] Compiling Crypto SubjectPublicKeyInfo.swift
[2452/2665] Compiling Crypto CryptoError_boring.swift
[2453/2665] Compiling Crypto CryptoKitErrors.swift
[2454/2665] Compiling Crypto Digest_boring.swift
[2455/2665] Compiling Crypto Digest.swift
[2456/2665] Compiling Crypto HMAC.swift
[2457/2665] Compiling Crypto MACFunctions.swift
[2458/2665] Compiling Crypto MessageAuthenticationCode.swift
[2459/2665] Compiling Crypto AES.swift
[2460/2665] Compiling Crypto ECDSASignature_boring.swift
[2461/2665] Compiling Crypto ECDSA_boring.swift
[2462/2665] Compiling Crypto EdDSA_boring.swift
[2463/2665] Compiling Crypto ECDSA.swift
[2464/2665] Compiling Crypto HPKE-LabeledExtract.swift
[2465/2665] Compiling Crypto HPKE-Utils.swift
[2466/2665] Compiling Crypto DHKEM.swift
[2467/2665] Compiling Crypto HPKE-KEM-Curve25519.swift
[2468/2665] Compiling Crypto HPKE-NIST-EC-KEMs.swift
[2469/2665] Compiling Crypto HPKE-KEM.swift
[2470/2665] Compiling Crypto HPKE-Errors.swift
[2471/2665] Compiling Crypto HPKE.swift
[2472/2665] Compiling Crypto HPKE-Context.swift
[2473/2665] Compiling Crypto HPKE-KeySchedule.swift
[2474/2665] Compiling Crypto HPKE-Modes.swift
[2475/2665] Compiling Crypto Insecure.swift
[2476/2665] Compiling Crypto Insecure_HashFunctions.swift
[2477/2665] Compiling Crypto KEM.swift
[2478/2665] Compiling Crypto ECDH_boring.swift
[2479/2665] Compiling Crypto DH.swift
[2480/2665] Compiling Crypto X25519Keys.swift
[2481/2665] Compiling Crypto SymmetricKeys.swift
[2488/2665] Compiling Crypto Ed25519_boring.swift
[2489/2665] Compiling Crypto NISTCurvesKeys_boring.swift
[2490/2665] Compiling Crypto X25519Keys_boring.swift
[2491/2665] Compiling Crypto Curve25519.swift
[2492/2665] Compiling Crypto Ed25519Keys.swift
[2493/2665] Compiling Crypto NISTCurvesKeys.swift
[2495/2666] Compiling Crypto Cipher.swift
[2496/2666] Compiling Crypto Nonces.swift
[2497/2666] Compiling Crypto ASN1.swift
[2498/2666] Compiling Crypto ASN1Any.swift
[2499/2666] Compiling Crypto ASN1BitString.swift
[2500/2666] Compiling Crypto ASN1Boolean.swift
[2501/2666] Compiling Crypto PKCS8PrivateKey.swift
[2502/2666] Compiling Crypto ASN1Identifier.swift
[2503/2666] Compiling Crypto ASN1Integer.swift
[2504/2666] Compiling Crypto ASN1Null.swift
[2505/2666] Compiling Crypto ASN1OctetString.swift
[2506/2666] Compiling Crypto ASN1Strings.swift
[2507/2666] Compiling Crypto ArraySliceBigint.swift
[2508/2666] Compiling Crypto GeneralizedTime.swift
[2509/2666] Emitting module ArgumentParser
[2509/2666] Wrapping AST for Markdown for debugging
[2521/2689] Compiling DocCHTML WordBreak.swift
[2522/2690] Compiling DocCHTML StaticResources.swift
[2523/2690] Compiling DocCHTML MarkdownRenderer+Relationships.swift
[2524/2690] Compiling DocCHTML MarkdownRenderer+Returns.swift
[2525/2690] Compiling DocCHTML MarkdownRenderer+Discussion.swift
[2526/2690] Compiling DocCHTML MarkdownRenderer+Parameters.swift
[2527/2690] Emitting module DocCHTML
[2528/2690] Compiling DocCHTML XMLNode+element.swift
[2529/2690] Emitting module Crypto
[2530/2690] Compiling DocCHTML MarkdownRenderer+Breadcrumbs.swift
[2531/2690] Compiling DocCHTML MarkdownRenderer+Declaration.swift
[2532/2690] Compiling DocCHTML LinkProvider.swift
[2533/2690] Compiling DocCHTML MarkdownRenderer+Availability.swift
[2534/2690] Compiling Crypto Digests.swift
[2535/2690] Compiling Crypto HashFunctions.swift
[2536/2690] Compiling Crypto HashFunctions_SHA2.swift
[2537/2690] Compiling Crypto ECDH.swift
[2538/2690] Compiling Crypto HKDF.swift
[2539/2690] Compiling Crypto AESWrap.swift
[2540/2690] Compiling Crypto AESWrap_boring.swift
[2552/2698] Compiling DocCHTML MarkdownRenderer+Topics.swift
[2553/2698] Compiling DocCHTML MarkdownRenderer.swift
[2591/2700] Compiling Crypto HPKE-AEAD.swift
[2592/2700] Compiling Crypto HPKE-Ciphersuite.swift
[2593/2700] Compiling Crypto HPKE-KDF.swift
[2594/2700] Compiling Crypto HPKE-KexKeyDerivation.swift
[2602/2700] Wrapping AST for DocCHTML for debugging
[2603/2700] Wrapping AST for ArgumentParser for debugging
[2615/2700] Compiling Crypto AES-GCM.swift
[2616/2700] Compiling Crypto AES-GCM_boring.swift
[2617/2700] Compiling Crypto ChaChaPoly_boring.swift
[2618/2700] Compiling Crypto ChaChaPoly.swift
[2625/2700] Compiling NIOCore Utilities.swift
[2626/2700] Compiling Crypto Signature.swift
[2627/2700] Compiling Crypto CryptoKitErrors_boring.swift
[2628/2700] Compiling Crypto RNG_boring.swift
[2629/2700] Compiling Crypto SafeCompare_boring.swift
[2630/2700] Compiling Crypto Zeroization_boring.swift
[2631/2700] Compiling Crypto PrettyBytes.swift
[2632/2700] Compiling Crypto SafeCompare.swift
[2633/2700] Compiling Crypto SecureBytes.swift
[2634/2700] Compiling Crypto Zeroization.swift
[2653/2701] Wrapping AST for Crypto for debugging
[2673/2875] Compiling SwiftDocC InvalidCodeBlockOption.swift
[2674/2875] Compiling SwiftDocC MiscasedSectionHeading.swift
[2675/2875] Compiling SwiftDocC MissingAbstract.swift
[2676/2875] Compiling SwiftDocC NonInclusiveLanguageChecker.swift
[2677/2875] Compiling SwiftDocC NonOverviewHeadingChecker.swift
[2678/2875] Compiling SwiftDocC SeeAlsoInTopicsHeadingChecker.swift
[2679/2875] Compiling SwiftDocC DocumentationContextConverter.swift
[2680/2875] Compiling SwiftDocC DocumentationNodeConverter.swift
[2681/2875] Compiling SwiftDocC ContentCache.swift
/host/spi-builder-workspace/.build/checkouts/swift-docc/Sources/SwiftDocC/Infrastructure/Diagnostics/TerminalHelper.swift:23:9: error: cannot find 'isatty' in scope
21 | enum TerminalHelper {
22 |     static var isConnectedToTerminal: Bool {
23 |         isatty(fileno(stderr)) != 0
   |         `- error: cannot find 'isatty' in scope
24 |     }
25 | }
/host/spi-builder-workspace/.build/checkouts/swift-docc/Sources/SwiftDocC/Infrastructure/Diagnostics/TerminalHelper.swift:23:16: error: cannot find 'fileno' in scope
21 | enum TerminalHelper {
22 |     static var isConnectedToTerminal: Bool {
23 |         isatty(fileno(stderr)) != 0
   |                `- error: cannot find 'fileno' in scope
24 |     }
25 | }
/host/spi-builder-workspace/.build/checkouts/swift-docc/Sources/SwiftDocC/Infrastructure/Diagnostics/TerminalHelper.swift:23:23: error: cannot find 'stderr' in scope
21 | enum TerminalHelper {
22 |     static var isConnectedToTerminal: Bool {
23 |         isatty(fileno(stderr)) != 0
   |                       `- error: cannot find 'stderr' in scope
24 |     }
25 | }
[2682/2875] Compiling SwiftDocC DocumentationContext+Configuration.swift
/host/spi-builder-workspace/.build/checkouts/swift-docc/Sources/SwiftDocC/Infrastructure/Diagnostics/TerminalHelper.swift:23:9: error: cannot find 'isatty' in scope
21 | enum TerminalHelper {
22 |     static var isConnectedToTerminal: Bool {
23 |         isatty(fileno(stderr)) != 0
   |         `- error: cannot find 'isatty' in scope
24 |     }
25 | }
/host/spi-builder-workspace/.build/checkouts/swift-docc/Sources/SwiftDocC/Infrastructure/Diagnostics/TerminalHelper.swift:23:16: error: cannot find 'fileno' in scope
21 | enum TerminalHelper {
22 |     static var isConnectedToTerminal: Bool {
23 |         isatty(fileno(stderr)) != 0
   |                `- error: cannot find 'fileno' in scope
24 |     }
25 | }
/host/spi-builder-workspace/.build/checkouts/swift-docc/Sources/SwiftDocC/Infrastructure/Diagnostics/TerminalHelper.swift:23:23: error: cannot find 'stderr' in scope
21 | enum TerminalHelper {
22 |     static var isConnectedToTerminal: Bool {
23 |         isatty(fileno(stderr)) != 0
   |                       `- error: cannot find 'stderr' in scope
24 |     }
25 | }
[2683/2875] Compiling SwiftDocC ConvertActionConverter.swift
/host/spi-builder-workspace/.build/checkouts/swift-docc/Sources/SwiftDocC/Infrastructure/Diagnostics/TerminalHelper.swift:23:9: error: cannot find 'isatty' in scope
21 | enum TerminalHelper {
22 |     static var isConnectedToTerminal: Bool {
23 |         isatty(fileno(stderr)) != 0
   |         `- error: cannot find 'isatty' in scope
24 |     }
25 | }
/host/spi-builder-workspace/.build/checkouts/swift-docc/Sources/SwiftDocC/Infrastructure/Diagnostics/TerminalHelper.swift:23:16: error: cannot find 'fileno' in scope
21 | enum TerminalHelper {
22 |     static var isConnectedToTerminal: Bool {
23 |         isatty(fileno(stderr)) != 0
   |                `- error: cannot find 'fileno' in scope
24 |     }
25 | }
/host/spi-builder-workspace/.build/checkouts/swift-docc/Sources/SwiftDocC/Infrastructure/Diagnostics/TerminalHelper.swift:23:23: error: cannot find 'stderr' in scope
21 | enum TerminalHelper {
22 |     static var isConnectedToTerminal: Bool {
23 |         isatty(fileno(stderr)) != 0
   |                       `- error: cannot find 'stderr' in scope
24 |     }
25 | }
[2684/2875] Compiling SwiftDocC ConvertOutputConsumer.swift
/host/spi-builder-workspace/.build/checkouts/swift-docc/Sources/SwiftDocC/Infrastructure/Diagnostics/TerminalHelper.swift:23:9: error: cannot find 'isatty' in scope
21 | enum TerminalHelper {
22 |     static var isConnectedToTerminal: Bool {
23 |         isatty(fileno(stderr)) != 0
   |         `- error: cannot find 'isatty' in scope
24 |     }
25 | }
/host/spi-builder-workspace/.build/checkouts/swift-docc/Sources/SwiftDocC/Infrastructure/Diagnostics/TerminalHelper.swift:23:16: error: cannot find 'fileno' in scope
21 | enum TerminalHelper {
22 |     static var isConnectedToTerminal: Bool {
23 |         isatty(fileno(stderr)) != 0
   |                `- error: cannot find 'fileno' in scope
24 |     }
25 | }
/host/spi-builder-workspace/.build/checkouts/swift-docc/Sources/SwiftDocC/Infrastructure/Diagnostics/TerminalHelper.swift:23:23: error: cannot find 'stderr' in scope
21 | enum TerminalHelper {
22 |     static var isConnectedToTerminal: Bool {
23 |         isatty(fileno(stderr)) != 0
   |                       `- error: cannot find 'stderr' in scope
24 |     }
25 | }
[2685/2875] Compiling SwiftDocC CoverageDataEntry.swift
/host/spi-builder-workspace/.build/checkouts/swift-docc/Sources/SwiftDocC/Infrastructure/Diagnostics/TerminalHelper.swift:23:9: error: cannot find 'isatty' in scope
21 | enum TerminalHelper {
22 |     static var isConnectedToTerminal: Bool {
23 |         isatty(fileno(stderr)) != 0
   |         `- error: cannot find 'isatty' in scope
24 |     }
25 | }
/host/spi-builder-workspace/.build/checkouts/swift-docc/Sources/SwiftDocC/Infrastructure/Diagnostics/TerminalHelper.swift:23:16: error: cannot find 'fileno' in scope
21 | enum TerminalHelper {
22 |     static var isConnectedToTerminal: Bool {
23 |         isatty(fileno(stderr)) != 0
   |                `- error: cannot find 'fileno' in scope
24 |     }
25 | }
/host/spi-builder-workspace/.build/checkouts/swift-docc/Sources/SwiftDocC/Infrastructure/Diagnostics/TerminalHelper.swift:23:23: error: cannot find 'stderr' in scope
21 | enum TerminalHelper {
22 |     static var isConnectedToTerminal: Bool {
23 |         isatty(fileno(stderr)) != 0
   |                       `- error: cannot find 'stderr' in scope
24 |     }
25 | }
[2686/2875] Compiling SwiftDocC ANSIAnnotation.swift
/host/spi-builder-workspace/.build/checkouts/swift-docc/Sources/SwiftDocC/Infrastructure/Diagnostics/TerminalHelper.swift:23:9: error: cannot find 'isatty' in scope
21 | enum TerminalHelper {
22 |     static var isConnectedToTerminal: Bool {
23 |         isatty(fileno(stderr)) != 0
   |         `- error: cannot find 'isatty' in scope
24 |     }
25 | }
/host/spi-builder-workspace/.build/checkouts/swift-docc/Sources/SwiftDocC/Infrastructure/Diagnostics/TerminalHelper.swift:23:16: error: cannot find 'fileno' in scope
21 | enum TerminalHelper {
22 |     static var isConnectedToTerminal: Bool {
23 |         isatty(fileno(stderr)) != 0
   |                `- error: cannot find 'fileno' in scope
24 |     }
25 | }
/host/spi-builder-workspace/.build/checkouts/swift-docc/Sources/SwiftDocC/Infrastructure/Diagnostics/TerminalHelper.swift:23:23: error: cannot find 'stderr' in scope
21 | enum TerminalHelper {
22 |     static var isConnectedToTerminal: Bool {
23 |         isatty(fileno(stderr)) != 0
   |                       `- error: cannot find 'stderr' in scope
24 |     }
25 | }
[2687/2875] Compiling SwiftDocC Diagnostic.swift
/host/spi-builder-workspace/.build/checkouts/swift-docc/Sources/SwiftDocC/Infrastructure/Diagnostics/TerminalHelper.swift:23:9: error: cannot find 'isatty' in scope
21 | enum TerminalHelper {
22 |     static var isConnectedToTerminal: Bool {
23 |         isatty(fileno(stderr)) != 0
   |         `- error: cannot find 'isatty' in scope
24 |     }
25 | }
/host/spi-builder-workspace/.build/checkouts/swift-docc/Sources/SwiftDocC/Infrastructure/Diagnostics/TerminalHelper.swift:23:16: error: cannot find 'fileno' in scope
21 | enum TerminalHelper {
22 |     static var isConnectedToTerminal: Bool {
23 |         isatty(fileno(stderr)) != 0
   |                `- error: cannot find 'fileno' in scope
24 |     }
25 | }
/host/spi-builder-workspace/.build/checkouts/swift-docc/Sources/SwiftDocC/Infrastructure/Diagnostics/TerminalHelper.swift:23:23: error: cannot find 'stderr' in scope
21 | enum TerminalHelper {
22 |     static var isConnectedToTerminal: Bool {
23 |         isatty(fileno(stderr)) != 0
   |                       `- error: cannot find 'stderr' in scope
24 |     }
25 | }
[2688/2875] Compiling SwiftDocC DiagnosticConsoleWriter.swift
/host/spi-builder-workspace/.build/checkouts/swift-docc/Sources/SwiftDocC/Infrastructure/Diagnostics/TerminalHelper.swift:23:9: error: cannot find 'isatty' in scope
21 | enum TerminalHelper {
22 |     static var isConnectedToTerminal: Bool {
23 |         isatty(fileno(stderr)) != 0
   |         `- error: cannot find 'isatty' in scope
24 |     }
25 | }
/host/spi-builder-workspace/.build/checkouts/swift-docc/Sources/SwiftDocC/Infrastructure/Diagnostics/TerminalHelper.swift:23:16: error: cannot find 'fileno' in scope
21 | enum TerminalHelper {
22 |     static var isConnectedToTerminal: Bool {
23 |         isatty(fileno(stderr)) != 0
   |                `- error: cannot find 'fileno' in scope
24 |     }
25 | }
/host/spi-builder-workspace/.build/checkouts/swift-docc/Sources/SwiftDocC/Infrastructure/Diagnostics/TerminalHelper.swift:23:23: error: cannot find 'stderr' in scope
21 | enum TerminalHelper {
22 |     static var isConnectedToTerminal: Bool {
23 |         isatty(fileno(stderr)) != 0
   |                       `- error: cannot find 'stderr' in scope
24 |     }
25 | }
[2689/2875] Compiling SwiftDocC DiagnosticConsumer.swift
/host/spi-builder-workspace/.build/checkouts/swift-docc/Sources/SwiftDocC/Infrastructure/Diagnostics/TerminalHelper.swift:23:9: error: cannot find 'isatty' in scope
21 | enum TerminalHelper {
22 |     static var isConnectedToTerminal: Bool {
23 |         isatty(fileno(stderr)) != 0
   |         `- error: cannot find 'isatty' in scope
24 |     }
25 | }
/host/spi-builder-workspace/.build/checkouts/swift-docc/Sources/SwiftDocC/Infrastructure/Diagnostics/TerminalHelper.swift:23:16: error: cannot find 'fileno' in scope
21 | enum TerminalHelper {
22 |     static var isConnectedToTerminal: Bool {
23 |         isatty(fileno(stderr)) != 0
   |                `- error: cannot find 'fileno' in scope
24 |     }
25 | }
/host/spi-builder-workspace/.build/checkouts/swift-docc/Sources/SwiftDocC/Infrastructure/Diagnostics/TerminalHelper.swift:23:23: error: cannot find 'stderr' in scope
21 | enum TerminalHelper {
22 |     static var isConnectedToTerminal: Bool {
23 |         isatty(fileno(stderr)) != 0
   |                       `- error: cannot find 'stderr' in scope
24 |     }
25 | }
[2690/2875] Compiling SwiftDocC DiagnosticEngine.swift
/host/spi-builder-workspace/.build/checkouts/swift-docc/Sources/SwiftDocC/Infrastructure/Diagnostics/TerminalHelper.swift:23:9: error: cannot find 'isatty' in scope
21 | enum TerminalHelper {
22 |     static var isConnectedToTerminal: Bool {
23 |         isatty(fileno(stderr)) != 0
   |         `- error: cannot find 'isatty' in scope
24 |     }
25 | }
/host/spi-builder-workspace/.build/checkouts/swift-docc/Sources/SwiftDocC/Infrastructure/Diagnostics/TerminalHelper.swift:23:16: error: cannot find 'fileno' in scope
21 | enum TerminalHelper {
22 |     static var isConnectedToTerminal: Bool {
23 |         isatty(fileno(stderr)) != 0
   |                `- error: cannot find 'fileno' in scope
24 |     }
25 | }
/host/spi-builder-workspace/.build/checkouts/swift-docc/Sources/SwiftDocC/Infrastructure/Diagnostics/TerminalHelper.swift:23:23: error: cannot find 'stderr' in scope
21 | enum TerminalHelper {
22 |     static var isConnectedToTerminal: Bool {
23 |         isatty(fileno(stderr)) != 0
   |                       `- error: cannot find 'stderr' in scope
24 |     }
25 | }
[2691/2875] Compiling SwiftDocC DiagnosticFile.swift
/host/spi-builder-workspace/.build/checkouts/swift-docc/Sources/SwiftDocC/Infrastructure/Diagnostics/TerminalHelper.swift:23:9: error: cannot find 'isatty' in scope
21 | enum TerminalHelper {
22 |     static var isConnectedToTerminal: Bool {
23 |         isatty(fileno(stderr)) != 0
   |         `- error: cannot find 'isatty' in scope
24 |     }
25 | }
/host/spi-builder-workspace/.build/checkouts/swift-docc/Sources/SwiftDocC/Infrastructure/Diagnostics/TerminalHelper.swift:23:16: error: cannot find 'fileno' in scope
21 | enum TerminalHelper {
22 |     static var isConnectedToTerminal: Bool {
23 |         isatty(fileno(stderr)) != 0
   |                `- error: cannot find 'fileno' in scope
24 |     }
25 | }
/host/spi-builder-workspace/.build/checkouts/swift-docc/Sources/SwiftDocC/Infrastructure/Diagnostics/TerminalHelper.swift:23:23: error: cannot find 'stderr' in scope
21 | enum TerminalHelper {
22 |     static var isConnectedToTerminal: Bool {
23 |         isatty(fileno(stderr)) != 0
   |                       `- error: cannot find 'stderr' in scope
24 |     }
25 | }
[2692/2875] Compiling SwiftDocC DiagnosticFileWriter.swift
/host/spi-builder-workspace/.build/checkouts/swift-docc/Sources/SwiftDocC/Infrastructure/Diagnostics/TerminalHelper.swift:23:9: error: cannot find 'isatty' in scope
21 | enum TerminalHelper {
22 |     static var isConnectedToTerminal: Bool {
23 |         isatty(fileno(stderr)) != 0
   |         `- error: cannot find 'isatty' in scope
24 |     }
25 | }
/host/spi-builder-workspace/.build/checkouts/swift-docc/Sources/SwiftDocC/Infrastructure/Diagnostics/TerminalHelper.swift:23:16: error: cannot find 'fileno' in scope
21 | enum TerminalHelper {
22 |     static var isConnectedToTerminal: Bool {
23 |         isatty(fileno(stderr)) != 0
   |                `- error: cannot find 'fileno' in scope
24 |     }
25 | }
/host/spi-builder-workspace/.build/checkouts/swift-docc/Sources/SwiftDocC/Infrastructure/Diagnostics/TerminalHelper.swift:23:23: error: cannot find 'stderr' in scope
21 | enum TerminalHelper {
22 |     static var isConnectedToTerminal: Bool {
23 |         isatty(fileno(stderr)) != 0
   |                       `- error: cannot find 'stderr' in scope
24 |     }
25 | }
[2693/2875] Compiling SwiftDocC DiagnosticFormattingOptions.swift
/host/spi-builder-workspace/.build/checkouts/swift-docc/Sources/SwiftDocC/Infrastructure/Diagnostics/TerminalHelper.swift:23:9: error: cannot find 'isatty' in scope
21 | enum TerminalHelper {
22 |     static var isConnectedToTerminal: Bool {
23 |         isatty(fileno(stderr)) != 0
   |         `- error: cannot find 'isatty' in scope
24 |     }
25 | }
/host/spi-builder-workspace/.build/checkouts/swift-docc/Sources/SwiftDocC/Infrastructure/Diagnostics/TerminalHelper.swift:23:16: error: cannot find 'fileno' in scope
21 | enum TerminalHelper {
22 |     static var isConnectedToTerminal: Bool {
23 |         isatty(fileno(stderr)) != 0
   |                `- error: cannot find 'fileno' in scope
24 |     }
25 | }
/host/spi-builder-workspace/.build/checkouts/swift-docc/Sources/SwiftDocC/Infrastructure/Diagnostics/TerminalHelper.swift:23:23: error: cannot find 'stderr' in scope
21 | enum TerminalHelper {
22 |     static var isConnectedToTerminal: Bool {
23 |         isatty(fileno(stderr)) != 0
   |                       `- error: cannot find 'stderr' in scope
24 |     }
25 | }
[2694/2875] Compiling SwiftDocC DiagnosticNote.swift
/host/spi-builder-workspace/.build/checkouts/swift-docc/Sources/SwiftDocC/Infrastructure/Diagnostics/TerminalHelper.swift:23:9: error: cannot find 'isatty' in scope
21 | enum TerminalHelper {
22 |     static var isConnectedToTerminal: Bool {
23 |         isatty(fileno(stderr)) != 0
   |         `- error: cannot find 'isatty' in scope
24 |     }
25 | }
/host/spi-builder-workspace/.build/checkouts/swift-docc/Sources/SwiftDocC/Infrastructure/Diagnostics/TerminalHelper.swift:23:16: error: cannot find 'fileno' in scope
21 | enum TerminalHelper {
22 |     static var isConnectedToTerminal: Bool {
23 |         isatty(fileno(stderr)) != 0
   |                `- error: cannot find 'fileno' in scope
24 |     }
25 | }
/host/spi-builder-workspace/.build/checkouts/swift-docc/Sources/SwiftDocC/Infrastructure/Diagnostics/TerminalHelper.swift:23:23: error: cannot find 'stderr' in scope
21 | enum TerminalHelper {
22 |     static var isConnectedToTerminal: Bool {
23 |         isatty(fileno(stderr)) != 0
   |                       `- error: cannot find 'stderr' in scope
24 |     }
25 | }
[2695/2875] Compiling SwiftDocC DiagnosticSeverity.swift
/host/spi-builder-workspace/.build/checkouts/swift-docc/Sources/SwiftDocC/Infrastructure/Diagnostics/TerminalHelper.swift:23:9: error: cannot find 'isatty' in scope
21 | enum TerminalHelper {
22 |     static var isConnectedToTerminal: Bool {
23 |         isatty(fileno(stderr)) != 0
   |         `- error: cannot find 'isatty' in scope
24 |     }
25 | }
/host/spi-builder-workspace/.build/checkouts/swift-docc/Sources/SwiftDocC/Infrastructure/Diagnostics/TerminalHelper.swift:23:16: error: cannot find 'fileno' in scope
21 | enum TerminalHelper {
22 |     static var isConnectedToTerminal: Bool {
23 |         isatty(fileno(stderr)) != 0
   |                `- error: cannot find 'fileno' in scope
24 |     }
25 | }
/host/spi-builder-workspace/.build/checkouts/swift-docc/Sources/SwiftDocC/Infrastructure/Diagnostics/TerminalHelper.swift:23:23: error: cannot find 'stderr' in scope
21 | enum TerminalHelper {
22 |     static var isConnectedToTerminal: Bool {
23 |         isatty(fileno(stderr)) != 0
   |                       `- error: cannot find 'stderr' in scope
24 |     }
25 | }
[2696/2875] Compiling SwiftDocC ParseDirectiveArguments.swift
/host/spi-builder-workspace/.build/checkouts/swift-docc/Sources/SwiftDocC/Infrastructure/Diagnostics/TerminalHelper.swift:23:9: error: cannot find 'isatty' in scope
21 | enum TerminalHelper {
22 |     static var isConnectedToTerminal: Bool {
23 |         isatty(fileno(stderr)) != 0
   |         `- error: cannot find 'isatty' in scope
24 |     }
25 | }
/host/spi-builder-workspace/.build/checkouts/swift-docc/Sources/SwiftDocC/Infrastructure/Diagnostics/TerminalHelper.swift:23:16: error: cannot find 'fileno' in scope
21 | enum TerminalHelper {
22 |     static var isConnectedToTerminal: Bool {
23 |         isatty(fileno(stderr)) != 0
   |                `- error: cannot find 'fileno' in scope
24 |     }
25 | }
/host/spi-builder-workspace/.build/checkouts/swift-docc/Sources/SwiftDocC/Infrastructure/Diagnostics/TerminalHelper.swift:23:23: error: cannot find 'stderr' in scope
21 | enum TerminalHelper {
22 |     static var isConnectedToTerminal: Bool {
23 |         isatty(fileno(stderr)) != 0
   |                       `- error: cannot find 'stderr' in scope
24 |     }
25 | }
[2697/2875] Compiling SwiftDocC Problem.swift
/host/spi-builder-workspace/.build/checkouts/swift-docc/Sources/SwiftDocC/Infrastructure/Diagnostics/TerminalHelper.swift:23:9: error: cannot find 'isatty' in scope
21 | enum TerminalHelper {
22 |     static var isConnectedToTerminal: Bool {
23 |         isatty(fileno(stderr)) != 0
   |         `- error: cannot find 'isatty' in scope
24 |     }
25 | }
/host/spi-builder-workspace/.build/checkouts/swift-docc/Sources/SwiftDocC/Infrastructure/Diagnostics/TerminalHelper.swift:23:16: error: cannot find 'fileno' in scope
21 | enum TerminalHelper {
22 |     static var isConnectedToTerminal: Bool {
23 |         isatty(fileno(stderr)) != 0
   |                `- error: cannot find 'fileno' in scope
24 |     }
25 | }
/host/spi-builder-workspace/.build/checkouts/swift-docc/Sources/SwiftDocC/Infrastructure/Diagnostics/TerminalHelper.swift:23:23: error: cannot find 'stderr' in scope
21 | enum TerminalHelper {
22 |     static var isConnectedToTerminal: Bool {
23 |         isatty(fileno(stderr)) != 0
   |                       `- error: cannot find 'stderr' in scope
24 |     }
25 | }
[2698/2875] Compiling SwiftDocC Replacement.swift
/host/spi-builder-workspace/.build/checkouts/swift-docc/Sources/SwiftDocC/Infrastructure/Diagnostics/TerminalHelper.swift:23:9: error: cannot find 'isatty' in scope
21 | enum TerminalHelper {
22 |     static var isConnectedToTerminal: Bool {
23 |         isatty(fileno(stderr)) != 0
   |         `- error: cannot find 'isatty' in scope
24 |     }
25 | }
/host/spi-builder-workspace/.build/checkouts/swift-docc/Sources/SwiftDocC/Infrastructure/Diagnostics/TerminalHelper.swift:23:16: error: cannot find 'fileno' in scope
21 | enum TerminalHelper {
22 |     static var isConnectedToTerminal: Bool {
23 |         isatty(fileno(stderr)) != 0
   |                `- error: cannot find 'fileno' in scope
24 |     }
25 | }
/host/spi-builder-workspace/.build/checkouts/swift-docc/Sources/SwiftDocC/Infrastructure/Diagnostics/TerminalHelper.swift:23:23: error: cannot find 'stderr' in scope
21 | enum TerminalHelper {
22 |     static var isConnectedToTerminal: Bool {
23 |         isatty(fileno(stderr)) != 0
   |                       `- error: cannot find 'stderr' in scope
24 |     }
25 | }
[2699/2875] Compiling SwiftDocC Solution.swift
/host/spi-builder-workspace/.build/checkouts/swift-docc/Sources/SwiftDocC/Infrastructure/Diagnostics/TerminalHelper.swift:23:9: error: cannot find 'isatty' in scope
21 | enum TerminalHelper {
22 |     static var isConnectedToTerminal: Bool {
23 |         isatty(fileno(stderr)) != 0
   |         `- error: cannot find 'isatty' in scope
24 |     }
25 | }
/host/spi-builder-workspace/.build/checkouts/swift-docc/Sources/SwiftDocC/Infrastructure/Diagnostics/TerminalHelper.swift:23:16: error: cannot find 'fileno' in scope
21 | enum TerminalHelper {
22 |     static var isConnectedToTerminal: Bool {
23 |         isatty(fileno(stderr)) != 0
   |                `- error: cannot find 'fileno' in scope
24 |     }
25 | }
/host/spi-builder-workspace/.build/checkouts/swift-docc/Sources/SwiftDocC/Infrastructure/Diagnostics/TerminalHelper.swift:23:23: error: cannot find 'stderr' in scope
21 | enum TerminalHelper {
22 |     static var isConnectedToTerminal: Bool {
23 |         isatty(fileno(stderr)) != 0
   |                       `- error: cannot find 'stderr' in scope
24 |     }
25 | }
[2700/2875] Compiling SwiftDocC SourcePosition.swift
/host/spi-builder-workspace/.build/checkouts/swift-docc/Sources/SwiftDocC/Infrastructure/Diagnostics/TerminalHelper.swift:23:9: error: cannot find 'isatty' in scope
21 | enum TerminalHelper {
22 |     static var isConnectedToTerminal: Bool {
23 |         isatty(fileno(stderr)) != 0
   |         `- error: cannot find 'isatty' in scope
24 |     }
25 | }
/host/spi-builder-workspace/.build/checkouts/swift-docc/Sources/SwiftDocC/Infrastructure/Diagnostics/TerminalHelper.swift:23:16: error: cannot find 'fileno' in scope
21 | enum TerminalHelper {
22 |     static var isConnectedToTerminal: Bool {
23 |         isatty(fileno(stderr)) != 0
   |                `- error: cannot find 'fileno' in scope
24 |     }
25 | }
/host/spi-builder-workspace/.build/checkouts/swift-docc/Sources/SwiftDocC/Infrastructure/Diagnostics/TerminalHelper.swift:23:23: error: cannot find 'stderr' in scope
21 | enum TerminalHelper {
22 |     static var isConnectedToTerminal: Bool {
23 |         isatty(fileno(stderr)) != 0
   |                       `- error: cannot find 'stderr' in scope
24 |     }
25 | }
[2701/2875] Compiling SwiftDocC TerminalHelper.swift
/host/spi-builder-workspace/.build/checkouts/swift-docc/Sources/SwiftDocC/Infrastructure/Diagnostics/TerminalHelper.swift:23:9: error: cannot find 'isatty' in scope
21 | enum TerminalHelper {
22 |     static var isConnectedToTerminal: Bool {
23 |         isatty(fileno(stderr)) != 0
   |         `- error: cannot find 'isatty' in scope
24 |     }
25 | }
/host/spi-builder-workspace/.build/checkouts/swift-docc/Sources/SwiftDocC/Infrastructure/Diagnostics/TerminalHelper.swift:23:16: error: cannot find 'fileno' in scope
21 | enum TerminalHelper {
22 |     static var isConnectedToTerminal: Bool {
23 |         isatty(fileno(stderr)) != 0
   |                `- error: cannot find 'fileno' in scope
24 |     }
25 | }
/host/spi-builder-workspace/.build/checkouts/swift-docc/Sources/SwiftDocC/Infrastructure/Diagnostics/TerminalHelper.swift:23:23: error: cannot find 'stderr' in scope
21 | enum TerminalHelper {
22 |     static var isConnectedToTerminal: Bool {
23 |         isatty(fileno(stderr)) != 0
   |                       `- error: cannot find 'stderr' in scope
24 |     }
25 | }
[2702/2875] Compiling SwiftDocC DocumentationBundle+Identifier.swift
/host/spi-builder-workspace/.build/checkouts/swift-docc/Sources/SwiftDocC/Infrastructure/Diagnostics/TerminalHelper.swift:23:9: error: cannot find 'isatty' in scope
21 | enum TerminalHelper {
22 |     static var isConnectedToTerminal: Bool {
23 |         isatty(fileno(stderr)) != 0
   |         `- error: cannot find 'isatty' in scope
24 |     }
25 | }
/host/spi-builder-workspace/.build/checkouts/swift-docc/Sources/SwiftDocC/Infrastructure/Diagnostics/TerminalHelper.swift:23:16: error: cannot find 'fileno' in scope
21 | enum TerminalHelper {
22 |     static var isConnectedToTerminal: Bool {
23 |         isatty(fileno(stderr)) != 0
   |                `- error: cannot find 'fileno' in scope
24 |     }
25 | }
/host/spi-builder-workspace/.build/checkouts/swift-docc/Sources/SwiftDocC/Infrastructure/Diagnostics/TerminalHelper.swift:23:23: error: cannot find 'stderr' in scope
21 | enum TerminalHelper {
22 |     static var isConnectedToTerminal: Bool {
23 |         isatty(fileno(stderr)) != 0
   |                       `- error: cannot find 'stderr' in scope
24 |     }
25 | }
[2703/2875] Compiling SwiftDocC DocumentationBundle.swift
/host/spi-builder-workspace/.build/checkouts/swift-docc/Sources/SwiftDocC/Infrastructure/Diagnostics/TerminalHelper.swift:23:9: error: cannot find 'isatty' in scope
21 | enum TerminalHelper {
22 |     static var isConnectedToTerminal: Bool {
23 |         isatty(fileno(stderr)) != 0
   |         `- error: cannot find 'isatty' in scope
24 |     }
25 | }
/host/spi-builder-workspace/.build/checkouts/swift-docc/Sources/SwiftDocC/Infrastructure/Diagnostics/TerminalHelper.swift:23:16: error: cannot find 'fileno' in scope
21 | enum TerminalHelper {
22 |     static var isConnectedToTerminal: Bool {
23 |         isatty(fileno(stderr)) != 0
   |                `- error: cannot find 'fileno' in scope
24 |     }
25 | }
/host/spi-builder-workspace/.build/checkouts/swift-docc/Sources/SwiftDocC/Infrastructure/Diagnostics/TerminalHelper.swift:23:23: error: cannot find 'stderr' in scope
21 | enum TerminalHelper {
22 |     static var isConnectedToTerminal: Bool {
23 |         isatty(fileno(stderr)) != 0
   |                       `- error: cannot find 'stderr' in scope
24 |     }
25 | }
[2704/2875] Compiling SwiftDocC DocumentationBundleFileTypes.swift
/host/spi-builder-workspace/.build/checkouts/swift-docc/Sources/SwiftDocC/Infrastructure/Diagnostics/TerminalHelper.swift:23:9: error: cannot find 'isatty' in scope
21 | enum TerminalHelper {
22 |     static var isConnectedToTerminal: Bool {
23 |         isatty(fileno(stderr)) != 0
   |         `- error: cannot find 'isatty' in scope
24 |     }
25 | }
/host/spi-builder-workspace/.build/checkouts/swift-docc/Sources/SwiftDocC/Infrastructure/Diagnostics/TerminalHelper.swift:23:16: error: cannot find 'fileno' in scope
21 | enum TerminalHelper {
22 |     static var isConnectedToTerminal: Bool {
23 |         isatty(fileno(stderr)) != 0
   |                `- error: cannot find 'fileno' in scope
24 |     }
25 | }
/host/spi-builder-workspace/.build/checkouts/swift-docc/Sources/SwiftDocC/Infrastructure/Diagnostics/TerminalHelper.swift:23:23: error: cannot find 'stderr' in scope
21 | enum TerminalHelper {
22 |     static var isConnectedToTerminal: Bool {
23 |         isatty(fileno(stderr)) != 0
   |                       `- error: cannot find 'stderr' in scope
24 |     }
25 | }
[2705/2875] Compiling SwiftDocC DocumentationContext+Breadcrumbs.swift
/host/spi-builder-workspace/.build/checkouts/swift-docc/Sources/SwiftDocC/Infrastructure/Diagnostics/TerminalHelper.swift:23:9: error: cannot find 'isatty' in scope
21 | enum TerminalHelper {
22 |     static var isConnectedToTerminal: Bool {
23 |         isatty(fileno(stderr)) != 0
   |         `- error: cannot find 'isatty' in scope
24 |     }
25 | }
/host/spi-builder-workspace/.build/checkouts/swift-docc/Sources/SwiftDocC/Infrastructure/Diagnostics/TerminalHelper.swift:23:16: error: cannot find 'fileno' in scope
21 | enum TerminalHelper {
22 |     static var isConnectedToTerminal: Bool {
23 |         isatty(fileno(stderr)) != 0
   |                `- error: cannot find 'fileno' in scope
24 |     }
25 | }
/host/spi-builder-workspace/.build/checkouts/swift-docc/Sources/SwiftDocC/Infrastructure/Diagnostics/TerminalHelper.swift:23:23: error: cannot find 'stderr' in scope
21 | enum TerminalHelper {
22 |     static var isConnectedToTerminal: Bool {
23 |         isatty(fileno(stderr)) != 0
   |                       `- error: cannot find 'stderr' in scope
24 |     }
25 | }
[2706/2899] Compiling SwiftDocC DocumentationServer+Message.swift
[2707/2899] Compiling SwiftDocC DocumentationServer+MessageType.swift
[2708/2899] Compiling SwiftDocC DocumentationServer.swift
[2709/2899] Compiling SwiftDocC DocumentationServerError.swift
[2710/2899] Compiling SwiftDocC DocumentationServerProtocol.swift
[2711/2899] Compiling SwiftDocC DocumentationService.swift
[2712/2899] Compiling SwiftDocC ConvertRequest.swift
[2713/2899] Compiling SwiftDocC ConvertRequestContextWrapper.swift
[2714/2899] Compiling SwiftDocC ConvertResponse.swift
[2715/2899] Compiling SwiftDocC Benchmark.swift
[2716/2899] Compiling SwiftDocC BenchmarkResults.swift
[2717/2899] Compiling SwiftDocC Metrics.swift
[2718/2899] Compiling SwiftDocC Duration.swift
[2719/2899] Compiling SwiftDocC ExternalTopicsHash.swift
[2720/2899] Compiling SwiftDocC OutputSize.swift
[2721/2899] Compiling SwiftDocC PeakMemory.swift
[2722/2899] Compiling SwiftDocC TopicAnchorHash.swift
[2723/2899] Compiling SwiftDocC TopicGraphHash.swift
[2724/2899] Compiling SwiftDocC GeneratedCurationWriter.swift
[2725/2899] Compiling SwiftDocC Checker.swift
[2726/2899] Compiling SwiftDocC DuplicateTopicsSection.swift
[2727/2899] Compiling SwiftDocC InvalidAdditionalTitle.swift
[2736/2899] Compiling SwiftDocC RenderNode+Coding.swift
[2737/2899] Compiling SwiftDocC RemoveHierarchyTransformation.swift
[2738/2899] Compiling SwiftDocC RemoveUnusedReferencesTransformation.swift
[2739/2899] Compiling SwiftDocC RenderNodeTransformationComposition.swift
[2740/2923] Emitting module NIOCore
[2741/2928] Wrapping AST for NIOCore for debugging
[2743/2978] Compiling SwiftDocC RenderHierarchyChapter.swift
[2744/2978] Compiling SwiftDocC RenderHierarchyLandmark.swift
[2745/2978] Compiling SwiftDocC RenderHierarchyTranslator.swift
[2746/2978] Compiling SwiftDocC RenderHierarchyTutorial.swift
[2747/2978] Compiling SwiftDocC RenderReferenceHierarchy.swift
[2748/2978] Compiling SwiftDocC RenderTutorialsHierarchy.swift
[2749/2978] Compiling SwiftDocC PresentationURLGenerator.swift
[2750/2978] Compiling SwiftDocC AssetReferences.swift
[2751/2978] Compiling SwiftDocC FileReference.swift
[2752/2978] Compiling SwiftDocC ImageReference.swift
[2753/2978] Compiling SwiftDocC LinkReference.swift
[2754/2978] Compiling SwiftDocC MediaReference.swift
[2755/2978] Compiling SwiftDocC RenderReference.swift
[2756/2978] Compiling SwiftDocC TopicColor.swift
[2757/2978] Compiling SwiftDocC TopicImage.swift
[2758/2978] Compiling SwiftDocC TopicRenderReference.swift
[2759/2978] Compiling SwiftDocC UnresolvedReference.swift
[2760/2978] Compiling SwiftDocC VideoReference.swift
[2761/2978] Compiling SwiftDocC RenderContentCompiler.swift
[2762/2978] Compiling SwiftDocC RenderContentConvertible.swift
[2763/2978] Compiling SwiftDocC RenderContext.swift
[2764/2978] Compiling SwiftDocC RenderNode.Tag.swift
[2765/2978] Compiling SwiftDocC RenderNode.swift
[2766/2978] Compiling SwiftDocC AnyMetadata.swift
[2767/3002] Emitting module NIOEmbedded
[2768/3002] Compiling NIOEmbedded AsyncTestingChannel.swift
[2769/3002] Compiling NIOEmbedded AsyncTestingEventLoop.swift
[2770/3002] Compiling NIOEmbedded Embedded.swift
[2771/3003] Wrapping AST for NIOEmbedded for debugging
[2773/3003] Emitting module NIOPosix
[2774/3010] Compiling NIOPosix Selectable.swift
[2775/3010] Compiling NIOPosix SelectableChannel.swift
[2776/3010] Compiling NIOPosix SelectableEventLoop.swift
[2777/3010] Compiling NIOPosix SelectorEpoll.swift
[2778/3010] Compiling NIOPosix SelectorGeneric.swift
[2779/3010] Compiling NIOPosix SelectorKqueue.swift
[2780/3010] Compiling NIOPosix SelectorUring.swift
[2781/3010] Compiling NIOPosix SelectorWSAPoll.swift
[2782/3010] Compiling NIOPosix ServerSocket.swift
[2783/3010] Compiling NIOPosix Socket.swift
[2784/3010] Compiling NIOPosix SocketChannel.swift
[2785/3010] Compiling NIOPosix SocketProtocols.swift
[2786/3010] Compiling NIOPosix StructuredConcurrencyHelpers.swift
[2787/3010] Compiling NIOPosix System.swift
[2788/3010] Compiling NIOPosix PipeChannel.swift
[2789/3010] Compiling NIOPosix PipePair.swift
[2790/3010] Compiling NIOPosix Pool.swift
[2791/3010] Compiling NIOPosix PosixSingletons+ConcurrencyTakeOver.swift
[2792/3010] Compiling NIOPosix PosixSingletons.swift
[2793/3010] Compiling NIOPosix RawSocketBootstrap.swift
[2794/3010] Compiling NIOPosix Resolver.swift
[2795/3010] Compiling NIOPosix BaseStreamSocketChannel.swift
[2796/3010] Compiling NIOPosix Bootstrap.swift
[2797/3010] Compiling NIOPosix ControlMessage.swift
[2798/3010] Compiling NIOPosix DatagramVectorReadManager.swift
[2799/3010] Compiling NIOPosix Errors+Any.swift
[2800/3010] Compiling NIOPosix FileDescriptor.swift
[2801/3010] Compiling NIOPosix GetaddrinfoResolver.swift
[2802/3010] Compiling NIOPosix BSDSocketAPICommon.swift
[2803/3010] Compiling NIOPosix BSDSocketAPIPosix.swift
[2804/3010] Compiling NIOPosix BSDSocketAPIWindows.swift
[2805/3010] Compiling NIOPosix BaseSocket.swift
[2806/3010] Compiling NIOPosix BaseSocketChannel+AccessibleTransport.swift
[2807/3010] Compiling NIOPosix BaseSocketChannel+SocketOptionProvider.swift
[2808/3010] Compiling NIOPosix BaseSocketChannel.swift
[2809/3010] Compiling NIOPosix Thread.swift
[2810/3010] Compiling NIOPosix ThreadPosix.swift
[2811/3010] Compiling NIOPosix ThreadWindows.swift
[2812/3010] Compiling NIOPosix Utilities.swift
[2813/3010] Compiling NIOPosix VsockAddress.swift
[2814/3010] Compiling NIOPosix VsockChannelEvents.swift
[2815/3010] Compiling NIOPosix Windows.swift
[2816/3010] Compiling NIOPosix HappyEyeballs.swift
[2817/3010] Compiling NIOPosix IO.swift
[2818/3010] Compiling NIOPosix IntegerBitPacking.swift
[2819/3010] Compiling NIOPosix IntegerTypes.swift
[2820/3010] Compiling NIOPosix Linux.swift
[2821/3010] Compiling NIOPosix LinuxCPUSet.swift
[2822/3010] Compiling NIOPosix LinuxUring.swift
[2823/3010] Compiling NIOPosix MultiThreadedEventLoopGroup.swift
[2824/3010] Compiling NIOPosix NIOPosixSendableMetatype.swift
[2825/3010] Compiling NIOPosix NIORandomizedDNSResolver.swift
[2826/3010] Compiling NIOPosix NIOThreadPool.swift
[2827/3010] Compiling NIOPosix NonBlockingFileIO.swift
[2828/3010] Compiling NIOPosix PendingDatagramWritesManager.swift
[2829/3010] Compiling NIOPosix PendingWritesManager.swift
[2830/3011] Wrapping AST for NIOPosix for debugging
[2832/3013] Compiling NIO Exports.swift
[2833/3013] Emitting module NIO
[2834/3014] Wrapping AST for NIO for debugging
[2836/3030] Compiling NIOHTTP1 HTTPHeaderValidator.swift
[2837/3030] Compiling NIOHTTP1 HTTPHeaders+Validation.swift
[2838/3032] Compiling NIOHTTP1 NIOTypedHTTPClientUpgradeHandler.swift
[2839/3032] Compiling NIOHTTP1 NIOTypedHTTPClientUpgraderStateMachine.swift
[2840/3032] Compiling NIOHTTP1 NIOTypedHTTPServerUpgradeHandler.swift
[2841/3032] Compiling NIOHTTP1 NIOTypedHTTPServerUpgraderStateMachine.swift
[2842/3032] Compiling SwiftDocC AttributesRenderSection.swift
[2843/3032] Compiling SwiftDocC AvailabilityRenderMetadataItem.swift
[2844/3032] Compiling SwiftDocC ConformanceSection.swift
[2845/3032] Compiling SwiftDocC ContentRenderSection.swift
[2846/3032] Compiling SwiftDocC DeclarationRenderSection+SymbolGraph.swift
[2847/3032] Compiling SwiftDocC DeclarationsRenderSection.swift
[2848/3032] Compiling SwiftDocC DiffAvailability.swift
[2849/3032] Compiling SwiftDocC MentionsRenderSection.swift
[2850/3032] Compiling SwiftDocC ParameterRenderSection.swift
[2851/3032] Compiling SwiftDocC PossibleValuesRenderSection.swift
[2852/3032] Compiling SwiftDocC PropertiesRenderSection.swift
[2853/3032] Compiling SwiftDocC PropertyListDetailsRenderSection.swift
[2854/3032] Compiling SwiftDocC RESTBodyRenderSection.swift
[2855/3032] Compiling SwiftDocC RESTEndpointRenderSection.swift
[2856/3032] Compiling SwiftDocC RESTExampleRenderSection.swift
[2857/3032] Compiling SwiftDocC RESTParametersRenderSection.swift
[2858/3032] Compiling SwiftDocC RESTResponseRenderSection.swift
[2859/3032] Compiling SwiftDocC RelationshipsRenderSection.swift
[2860/3032] Compiling SwiftDocC SampleDownloadSection.swift
[2861/3032] Compiling SwiftDocC TaskGroupRenderSection.swift
[2862/3032] Compiling SwiftDocC TopicsSectionStyle.swift
[2863/3032] Compiling SwiftDocC TutorialArticleSection.swift
[2864/3032] Compiling SwiftDocC LineHighlighter.swift
[2865/3032] Compiling SwiftDocC DownloadReference.swift
[2866/3056] Compiling NIOHTTP1 HTTPPipelineSetup.swift
[2867/3056] Compiling NIOHTTP1 HTTPServerPipelineHandler.swift
[2868/3056] Compiling SwiftDocC CodableContentSection.swift
[2869/3056] Compiling SwiftDocC CodableRenderReference.swift
[2870/3056] Compiling SwiftDocC CodableRenderSection.swift
[2871/3056] Compiling SwiftDocC RenderMetadata.swift
[2872/3056] Compiling SwiftDocC RenderNode+Codable.swift
[2873/3056] Compiling SwiftDocC RenderNodeTranslator.swift
[2874/3056] Compiling SwiftDocC RenderNodeVariant.swift
[2875/3056] Compiling SwiftDocC RenderReferenceStore.swift
[2876/3056] Compiling SwiftDocC RenderSection.swift
[2877/3056] Compiling SwiftDocC AttributesSectionTranslator.swift
[2878/3056] Compiling SwiftDocC DeclarationsSectionTranslator.swift
[2879/3056] Compiling SwiftDocC DictionaryKeysSectionTranslator.swift
[2880/3056] Compiling SwiftDocC DiscussionSectionTranslator.swift
[2881/3056] Compiling SwiftDocC HTTPBodySectionTranslator.swift
[2882/3056] Compiling SwiftDocC HTTPEndpointSectionTranslator.swift
[2883/3056] Compiling SwiftDocC HTTPParametersSectionTranslator.swift
[2884/3056] Compiling SwiftDocC HTTPResponsesSectionTranslator.swift
[2885/3056] Compiling SwiftDocC MentionsSectionTranslator.swift
[2886/3056] Compiling SwiftDocC ParametersSectionTranslator.swift
[2887/3056] Compiling SwiftDocC PlistDetailsSectionTranslator.swift
[2888/3056] Compiling SwiftDocC PossibleValuesSectionTranslator.swift
[2889/3056] Compiling SwiftDocC RenderSectionTranslator.swift
[2890/3056] Compiling SwiftDocC ReturnsSectionTranslator.swift
[2891/3056] Compiling SwiftDocC SemanticVersion.swift
[2892/3080] Compiling NIOHTTP1 HTTPTypedPipelineSetup.swift
[2893/3080] Compiling NIOHTTP1 HTTPTypes.swift
[2894/3080] Compiling NIOHTTP1 NIOHTTPClientUpgradeHandler.swift
[2895/3080] Compiling NIOHTTP1 NIOHTTPObjectAggregator.swift
[2896/3080] Compiling NIOHTTP1 HTTPServerProtocolErrorHandler.swift
[2897/3080] Compiling NIOHTTP1 HTTPServerUpgradeHandler.swift
[2898/3080] Compiling NIOHTTP1 ByteCollectionUtils.swift
[2899/3080] Compiling NIOHTTP1 HTTPDecoder.swift
[2900/3080] Compiling NIOHTTP1 HTTPEncoder.swift
[2901/3080] Emitting module NIOHTTP1
[2902/3081] Wrapping AST for NIOHTTP1 for debugging
[2929/3086] Compiling SwiftDocC DocumentationNode.swift
[2930/3086] Compiling SwiftDocC Identifier.swift
[2931/3086] Compiling SwiftDocC Kind.swift
[2932/3086] Compiling SwiftDocC MarkdownOutputMarkdownWalker.swift
[2933/3086] Compiling SwiftDocC MarkdownOutputSemanticVisitor.swift
[2934/3086] Compiling SwiftDocC Markup+parsing.swift
[2935/3086] Compiling SwiftDocC Name.swift
[2936/3086] Compiling SwiftDocC ParametersAndReturnValidator.swift
[2937/3086] Compiling SwiftDocC RenderTermLists.swift
[2938/3086] Compiling SwiftDocC RenderBlockContent+Capitalization.swift
[2939/3086] Compiling SwiftDocC RenderBlockContent.swift
[2940/3086] Compiling SwiftDocC RenderContentMetadata.swift
[2941/3086] Compiling SwiftDocC RenderInlineContent.swift
[2942/3086] Compiling SwiftDocC AnyRenderReference.swift
[2943/3086] Compiling SwiftDocC AnyRenderSection.swift
[2944/3086] Compiling SwiftDocC DifferenceBuilder.swift
[2945/3086] Compiling SwiftDocC Differences.swift
[2946/3086] Compiling SwiftDocC RenderNode+Diffable.swift
[2947/3086] Compiling SwiftDocC DocumentationContentRenderer.swift
[2948/3086] Compiling SwiftDocC HTMLContentConsumer.swift
[2949/3086] Compiling SwiftDocC HTMLRenderer+FullPage.swift
[2950/3086] Compiling SwiftDocC HTMLRenderer.swift
[2951/3086] Compiling SwiftDocC LinkTitleResolver.swift
[2952/3086] Compiling SwiftDocC RenderHierarchy.swift
[2953/3134] Compiling DocCStaticServer PreviewServer.swift
[2954/3134] Emitting module DocCStaticServer
[2955/3134] Compiling DocCStaticServer StaticFileHandler.swift
[2956/3134] Compiling DocCStaticServer MIMEType.swift
[2957/3134] Compiling DocCStaticServer HTTPResponse.swift
[2958/3135] Wrapping AST for DocCStaticServer for debugging
[2960/3135] Compiling SwiftDocC Abstract.swift
[2961/3135] Compiling SwiftDocC AutomaticTaskGroupSection.swift
[2962/3135] Compiling SwiftDocC DefaultImplementations.swift
[2963/3135] Compiling SwiftDocC DeprecatedSection.swift
[2964/3135] Compiling SwiftDocC DictionaryKeysSection.swift
[2965/3135] Compiling SwiftDocC Discussion.swift
[2966/3135] Compiling SwiftDocC GroupedSection.swift
[2967/3135] Compiling SwiftDocC HTTPBodySection.swift
[2968/3135] Compiling SwiftDocC HTTPEndpointSection.swift
[2969/3135] Compiling SwiftDocC HTTPParametersSection.swift
[2970/3135] Compiling SwiftDocC HTTPResponsesSection.swift
[2971/3135] Compiling SwiftDocC ParametersSection.swift
[2972/3135] Compiling SwiftDocC PropertyListPossibleValuesSection.swift
[2973/3135] Compiling SwiftDocC Relationships.swift
[2974/3135] Compiling SwiftDocC ReturnsSection.swift
[2975/3135] Compiling SwiftDocC SeeAlso.swift
[2976/3135] Compiling SwiftDocC Topics.swift
[2977/3135] Compiling SwiftDocC DictionaryKey.swift
[2978/3135] Compiling SwiftDocC HTTPBody.swift
[2979/3135] Compiling SwiftDocC HTTPParameter.swift
[2980/3135] Compiling SwiftDocC HTTPResponse.swift
[2981/3135] Compiling SwiftDocC LegacyTag.swift
[2982/3135] Compiling SwiftDocC Parameter.swift
[2983/3135] Compiling SwiftDocC Return.swift
[2984/3159] Compiling SwiftDocC XcodeRequirementReference.swift
[2985/3159] Compiling SwiftDocC IntroRenderSection.swift
[2986/3159] Compiling SwiftDocC TutorialAssessmentsRenderSection.swift
[2987/3159] Compiling SwiftDocC TutorialSectionsRenderSection.swift
[2988/3159] Compiling SwiftDocC RenderTile.swift
[2989/3159] Compiling SwiftDocC CallToActionSection.swift
[2990/3159] Compiling SwiftDocC ContentAndMediaGroupSection.swift
[2991/3159] Compiling SwiftDocC ContentAndMediaSection.swift
[2992/3159] Compiling SwiftDocC ResourcesRenderSection.swift
[2993/3159] Compiling SwiftDocC VolumeRenderSection.swift
[2994/3159] Compiling SwiftDocC JSONPatchApplier.swift
[2995/3159] Compiling SwiftDocC JSONPatchOperation.swift
[2996/3159] Compiling SwiftDocC JSONPointer.swift
[2997/3159] Compiling SwiftDocC PatchOperation.swift
[2998/3159] Compiling SwiftDocC RenderNodeVariantOverridesApplier.swift
[2999/3159] Compiling SwiftDocC VariantCollection+Coding.swift
[3000/3159] Compiling SwiftDocC VariantCollection+Symbol.swift
[3001/3159] Compiling SwiftDocC VariantCollection+Variant.swift
[3002/3159] Compiling SwiftDocC VariantCollection.swift
[3003/3159] Compiling SwiftDocC VariantContainer.swift
[3004/3159] Compiling SwiftDocC VariantOverride.swift
[3005/3159] Compiling SwiftDocC VariantOverrides.swift
[3006/3159] Compiling SwiftDocC VariantPatchOperation.swift
[3007/3159] Compiling SwiftDocC Section.swift
[3008/3183] Compiling SwiftDocC Throw.swift
[3009/3183] Compiling SwiftDocC TaskGroup.swift
[3010/3183] Compiling SwiftDocC Abstracted.swift
[3011/3183] Compiling SwiftDocC Article.swift
[3012/3183] Compiling SwiftDocC ArticleSymbolMentions.swift
[3013/3183] Compiling SwiftDocC MarkupConvertible.swift
[3014/3183] Compiling SwiftDocC Comment.swift
[3015/3183] Compiling SwiftDocC ContentAndMedia.swift
[3016/3183] Compiling SwiftDocC DirectiveConvertable.swift
[3017/3183] Compiling SwiftDocC AutomaticDirectiveConvertible.swift
[3018/3183] Compiling SwiftDocC ChildDirectiveWrapper.swift
[3019/3183] Compiling SwiftDocC ChildMarkdownWrapper.swift
[3020/3183] Compiling SwiftDocC DirectiveArgumentValueConvertible.swift
[3021/3183] Compiling SwiftDocC DirectiveArgumentWrapper.swift
[3022/3183] Compiling SwiftDocC DirectiveIndex.swift
[3023/3183] Compiling SwiftDocC DirectiveMirror.swift
[3024/3183] Compiling SwiftDocC MarkupContaining.swift
[3025/3183] Compiling SwiftDocC DirectiveParser.swift
[3026/3183] Compiling SwiftDocC ExternalMarkupReferenceWalker.swift
[3027/3183] Compiling SwiftDocC ExternalReferenceWalker.swift
[3028/3183] Compiling SwiftDocC DeprecatedArgument.swift
[3029/3183] Compiling SwiftDocC Extract.swift
[3030/3183] Compiling SwiftDocC HasArgumentOfType.swift
[3031/3183] Compiling SwiftDocC HasAtLeastOne.swift
error: emit-module command failed with exit code 1 (use -v to see invocation)
[3032/3207] Compiling SwiftDocC DocumentationContext.swift
[3033/3207] Compiling SwiftDocC DocumentationCurator.swift
[3034/3207] Compiling SwiftDocC KindIdentifier+Curation.swift
[3035/3207] Compiling SwiftDocC SymbolGraph.Symbol.Location+URL.swift
[3036/3207] Compiling SwiftDocC ExternalDocumentationSource.swift
[3037/3207] Compiling SwiftDocC ExternalMetadata.swift
[3038/3207] Compiling SwiftDocC GlobalExternalSymbolResolver.swift
[3039/3207] Compiling SwiftDocC OutOfProcessReferenceResolver+Communication.swift
[3040/3207] Compiling SwiftDocC OutOfProcessReferenceResolver+DeprecatedCommunication.swift
[3041/3207] Compiling SwiftDocC OutOfProcessReferenceResolver.swift
[3042/3207] Compiling SwiftDocC DataProvider.swift
[3043/3207] Compiling SwiftDocC DocumentationInputsProvider.swift
[3044/3207] Compiling SwiftDocC ExternalPathHierarchyResolver.swift
[3045/3207] Compiling SwiftDocC LinkResolver+NavigatorIndex.swift
[3046/3207] Compiling SwiftDocC LinkResolver.swift
[3047/3207] Compiling SwiftDocC PathHierarchy+DisambiguatedPaths.swift
[3048/3207] Compiling SwiftDocC PathHierarchy+Dump.swift
[3049/3207] Compiling SwiftDocC PathHierarchy+Error.swift
[3050/3207] Compiling SwiftDocC PathHierarchy+Find.swift
[3051/3207] Compiling SwiftDocC PathHierarchy+PathComponent.swift
[3052/3207] Compiling SwiftDocC PathHierarchy+Serialization.swift
[3053/3207] Compiling SwiftDocC PathHierarchy+TypeSignature.swift
[3054/3207] Compiling SwiftDocC PathHierarchy+TypeSignatureDisambiguation.swift
[3055/3207] Compiling SwiftDocC PathHierarchy.swift
[3056/3207] Compiling SwiftDocC PathHierarchyBasedLinkResolver+Breadcrumbs.swift
[3057/3207] Compiling SwiftDocC AvailabilityIndex.swift
[3058/3207] Compiling SwiftDocC NavigatorIndex.swift
[3059/3207] Compiling SwiftDocC NavigatorItem.swift
[3060/3207] Compiling SwiftDocC NavigatorTree.swift
[3061/3207] Compiling SwiftDocC RenderNode+NavigatorIndex.swift
[3062/3207] Compiling SwiftDocC RenderBlockContent+TextIndexing.swift
[3063/3207] Compiling SwiftDocC RenderIndex.swift
[3064/3207] Compiling SwiftDocC RenderInlineContent+TextIndexing.swift
[3065/3207] Compiling SwiftDocC RenderNode+Indexable.swift
[3066/3207] Compiling SwiftDocC RenderNode+Relationships.swift
[3067/3207] Compiling SwiftDocC RenderSection+TextIndexing.swift
[3068/3207] Compiling SwiftDocC TutorialSectionsRenderSection+Indexable.swift
[3069/3207] Compiling SwiftDocC BundleData.swift
[3070/3207] Compiling SwiftDocC DataAssetManager.swift
[3071/3207] Compiling SwiftDocC SVGIDExtractor.swift
[3072/3207] Compiling SwiftDocC CodeColors.swift
[3073/3207] Compiling SwiftDocC CodeColorsPreferenceKey.swift
[3074/3207] Compiling SwiftDocC SRGBColor.swift
[3075/3207] Compiling SwiftDocC CommunicationBridge.swift
[3076/3207] Compiling SwiftDocC AnyCodable.swift
[3077/3207] Compiling SwiftDocC JSON.swift
[3078/3207] Compiling SwiftDocC Message+Codable.swift
[3079/3207] Compiling SwiftDocC Message.swift
[3080/3207] Compiling SwiftDocC MessageType.swift
[3081/3207] Compiling SwiftDocC WebKitCommunicationBridge.swift
[3082/3207] Emitting module SwiftDocC
/host/spi-builder-workspace/.build/checkouts/swift-docc/Sources/SwiftDocC/Utility/LMDB/LMDB.swift:48:51: error: cannot find 'S_IRWXU' in scope
 46 |     public static let defaultFileMode: ModeType = _S_IREAD | _S_IWRITE
 47 |     #else
 48 |     public static let defaultFileMode: ModeType = S_IRWXU | S_IRGRP | S_IROTH
    |                                                   `- error: cannot find 'S_IRWXU' in scope
 49 |     #endif
 50 |
/host/spi-builder-workspace/.build/checkouts/swift-docc/Sources/SwiftDocC/Utility/LMDB/LMDB.swift:48:61: error: cannot find 'S_IRGRP' in scope
 46 |     public static let defaultFileMode: ModeType = _S_IREAD | _S_IWRITE
 47 |     #else
 48 |     public static let defaultFileMode: ModeType = S_IRWXU | S_IRGRP | S_IROTH
    |                                                             `- error: cannot find 'S_IRGRP' in scope
 49 |     #endif
 50 |
/host/spi-builder-workspace/.build/checkouts/swift-docc/Sources/SwiftDocC/Utility/LMDB/LMDB.swift:48:71: error: cannot find 'S_IROTH' in scope
 46 |     public static let defaultFileMode: ModeType = _S_IREAD | _S_IWRITE
 47 |     #else
 48 |     public static let defaultFileMode: ModeType = S_IRWXU | S_IRGRP | S_IROTH
    |                                                                       `- error: cannot find 'S_IROTH' in scope
 49 |     #endif
 50 |
/host/spi-builder-workspace/.build/checkouts/swift-docc/Sources/SwiftDocC/Utility/LMDB/LMDB.swift:48:69: error: cannot convert value of type 'UInt8' to specified type 'LMDB.ModeType' (aka 'UInt32')
 46 |     public static let defaultFileMode: ModeType = _S_IREAD | _S_IWRITE
 47 |     #else
 48 |     public static let defaultFileMode: ModeType = S_IRWXU | S_IRGRP | S_IROTH
    |                                                                     `- error: cannot convert value of type 'UInt8' to specified type 'LMDB.ModeType' (aka 'UInt32')
 49 |     #endif
 50 |
[3083/3207] Compiling SwiftDocC PathHierarchyBasedLinkResolver+Overloads.swift
[3084/3207] Compiling SwiftDocC PathHierarchyBasedLinkResolver.swift
[3085/3207] Compiling SwiftDocC SnippetResolver.swift
[3086/3207] Compiling SwiftDocC NodeURLGenerator.swift
[3087/3207] Compiling SwiftDocC AccessControl+Comparable.swift
[3088/3207] Compiling SwiftDocC ExtendedTypeFormatExtension.swift
[3089/3207] Compiling SwiftDocC ExtendedTypeFormatTransformation.swift
[3090/3207] Compiling SwiftDocC GeneratedDocumentationTopics.swift
[3091/3207] Compiling SwiftDocC ResolvedTopicReference+Symbol.swift
[3092/3207] Compiling SwiftDocC SymbolGraphLoader.swift
[3093/3207] Compiling SwiftDocC SymbolGraphRelationshipsBuilder.swift
[3094/3207] Compiling SwiftDocC SymbolReference.swift
[3095/3207] Compiling SwiftDocC UnresolvedTopicReference+Symbol.swift
[3096/3207] Compiling SwiftDocC AutomaticCuration.swift
[3097/3207] Compiling SwiftDocC TopicGraph.swift
[3098/3207] Compiling SwiftDocC DefaultAvailability.swift
[3099/3207] Compiling SwiftDocC DocumentationBundle+Info.swift
[3100/3207] Compiling SwiftDocC DocumentationWorkspaceDataProvider.swift
[3101/3207] Compiling SwiftDocC FeatureFlags+Info.swift
[3102/3207] Compiling SwiftDocC LinkDestinationSummary.swift
[3103/3207] Compiling SwiftDocC AnchorSection.swift
[3104/3207] Compiling SwiftDocC AvailabilityParser.swift
[3105/3207] Compiling SwiftDocC BuildMetadata.swift
[3106/3207] Compiling SwiftDocC DocumentationMarkup.swift
[3107/3255] Compiling SwiftDocC HasAtMostOne.swift
[3108/3255] Compiling SwiftDocC HasContent.swift
[3109/3255] Compiling SwiftDocC HasExactlyOne.swift
[3110/3255] Compiling SwiftDocC HasOnlyKnownArguments.swift
[3111/3255] Compiling SwiftDocC HasOnlyKnownDirectives.swift
[3112/3255] Compiling SwiftDocC HasOnlySequentialHeadings.swift
[3113/3255] Compiling SwiftDocC SymbolKind.Swift.swift
[3114/3255] Compiling SwiftDocC Intro.swift
[3115/3255] Compiling SwiftDocC Landmark.swift
[3116/3255] Compiling SwiftDocC Layout.swift
[3117/3255] Compiling SwiftDocC MarkupContainer.swift
[3118/3255] Compiling SwiftDocC MarkupReferenceResolver.swift
[3119/3255] Compiling SwiftDocC ImageMedia.swift
[3120/3255] Compiling SwiftDocC Media.swift
[3121/3255] Compiling SwiftDocC VideoMedia.swift
[3122/3255] Compiling SwiftDocC AlternateRepresentation.swift
[3123/3255] Compiling SwiftDocC Availability.swift
[3124/3255] Compiling SwiftDocC CallToAction.swift
[3125/3255] Compiling SwiftDocC CustomMetadata.swift
[3126/3255] Compiling SwiftDocC DisplayName.swift
[3127/3255] Compiling SwiftDocC DocumentationExtension.swift
[3128/3255] Compiling SwiftDocC Metadata.swift
[3129/3255] Compiling SwiftDocC PageColor.swift
[3130/3255] Compiling SwiftDocC PageImage.swift
[3131/3255] Compiling SwiftDocC LMDB+Database.swift
/host/spi-builder-workspace/.build/checkouts/swift-docc/Sources/SwiftDocC/Utility/LMDB/LMDB.swift:48:51: error: cannot find 'S_IRWXU' in scope
 46 |     public static let defaultFileMode: ModeType = _S_IREAD | _S_IWRITE
 47 |     #else
 48 |     public static let defaultFileMode: ModeType = S_IRWXU | S_IRGRP | S_IROTH
    |                                                   `- error: cannot find 'S_IRWXU' in scope
 49 |     #endif
 50 |
/host/spi-builder-workspace/.build/checkouts/swift-docc/Sources/SwiftDocC/Utility/LMDB/LMDB.swift:48:61: error: cannot find 'S_IRGRP' in scope
 46 |     public static let defaultFileMode: ModeType = _S_IREAD | _S_IWRITE
 47 |     #else
 48 |     public static let defaultFileMode: ModeType = S_IRWXU | S_IRGRP | S_IROTH
    |                                                             `- error: cannot find 'S_IRGRP' in scope
 49 |     #endif
 50 |
/host/spi-builder-workspace/.build/checkouts/swift-docc/Sources/SwiftDocC/Utility/LMDB/LMDB.swift:48:71: error: cannot find 'S_IROTH' in scope
 46 |     public static let defaultFileMode: ModeType = _S_IREAD | _S_IWRITE
 47 |     #else
 48 |     public static let defaultFileMode: ModeType = S_IRWXU | S_IRGRP | S_IROTH
    |                                                                       `- error: cannot find 'S_IROTH' in scope
 49 |     #endif
 50 |
/host/spi-builder-workspace/.build/checkouts/swift-docc/Sources/SwiftDocC/Utility/LMDB/LMDB.swift:48:69: error: cannot convert value of type 'UInt8' to specified type 'LMDB.ModeType' (aka 'UInt32')
 46 |     public static let defaultFileMode: ModeType = _S_IREAD | _S_IWRITE
 47 |     #else
 48 |     public static let defaultFileMode: ModeType = S_IRWXU | S_IRGRP | S_IROTH
    |                                                                     `- error: cannot convert value of type 'UInt8' to specified type 'LMDB.ModeType' (aka 'UInt32')
 49 |     #endif
 50 |
[3132/3255] Compiling SwiftDocC LMDB+Environment.swift
/host/spi-builder-workspace/.build/checkouts/swift-docc/Sources/SwiftDocC/Utility/LMDB/LMDB.swift:48:51: error: cannot find 'S_IRWXU' in scope
 46 |     public static let defaultFileMode: ModeType = _S_IREAD | _S_IWRITE
 47 |     #else
 48 |     public static let defaultFileMode: ModeType = S_IRWXU | S_IRGRP | S_IROTH
    |                                                   `- error: cannot find 'S_IRWXU' in scope
 49 |     #endif
 50 |
/host/spi-builder-workspace/.build/checkouts/swift-docc/Sources/SwiftDocC/Utility/LMDB/LMDB.swift:48:61: error: cannot find 'S_IRGRP' in scope
 46 |     public static let defaultFileMode: ModeType = _S_IREAD | _S_IWRITE
 47 |     #else
 48 |     public static let defaultFileMode: ModeType = S_IRWXU | S_IRGRP | S_IROTH
    |                                                             `- error: cannot find 'S_IRGRP' in scope
 49 |     #endif
 50 |
/host/spi-builder-workspace/.build/checkouts/swift-docc/Sources/SwiftDocC/Utility/LMDB/LMDB.swift:48:71: error: cannot find 'S_IROTH' in scope
 46 |     public static let defaultFileMode: ModeType = _S_IREAD | _S_IWRITE
 47 |     #else
 48 |     public static let defaultFileMode: ModeType = S_IRWXU | S_IRGRP | S_IROTH
    |                                                                       `- error: cannot find 'S_IROTH' in scope
 49 |     #endif
 50 |
/host/spi-builder-workspace/.build/checkouts/swift-docc/Sources/SwiftDocC/Utility/LMDB/LMDB.swift:48:69: error: cannot convert value of type 'UInt8' to specified type 'LMDB.ModeType' (aka 'UInt32')
 46 |     public static let defaultFileMode: ModeType = _S_IREAD | _S_IWRITE
 47 |     #else
 48 |     public static let defaultFileMode: ModeType = S_IRWXU | S_IRGRP | S_IROTH
    |                                                                     `- error: cannot convert value of type 'UInt8' to specified type 'LMDB.ModeType' (aka 'UInt32')
 49 |     #endif
 50 |
[3133/3255] Compiling SwiftDocC LMDB+Error.swift
/host/spi-builder-workspace/.build/checkouts/swift-docc/Sources/SwiftDocC/Utility/LMDB/LMDB.swift:48:51: error: cannot find 'S_IRWXU' in scope
 46 |     public static let defaultFileMode: ModeType = _S_IREAD | _S_IWRITE
 47 |     #else
 48 |     public static let defaultFileMode: ModeType = S_IRWXU | S_IRGRP | S_IROTH
    |                                                   `- error: cannot find 'S_IRWXU' in scope
 49 |     #endif
 50 |
/host/spi-builder-workspace/.build/checkouts/swift-docc/Sources/SwiftDocC/Utility/LMDB/LMDB.swift:48:61: error: cannot find 'S_IRGRP' in scope
 46 |     public static let defaultFileMode: ModeType = _S_IREAD | _S_IWRITE
 47 |     #else
 48 |     public static let defaultFileMode: ModeType = S_IRWXU | S_IRGRP | S_IROTH
    |                                                             `- error: cannot find 'S_IRGRP' in scope
 49 |     #endif
 50 |
/host/spi-builder-workspace/.build/checkouts/swift-docc/Sources/SwiftDocC/Utility/LMDB/LMDB.swift:48:71: error: cannot find 'S_IROTH' in scope
 46 |     public static let defaultFileMode: ModeType = _S_IREAD | _S_IWRITE
 47 |     #else
 48 |     public static let defaultFileMode: ModeType = S_IRWXU | S_IRGRP | S_IROTH
    |                                                                       `- error: cannot find 'S_IROTH' in scope
 49 |     #endif
 50 |
/host/spi-builder-workspace/.build/checkouts/swift-docc/Sources/SwiftDocC/Utility/LMDB/LMDB.swift:48:69: error: cannot convert value of type 'UInt8' to specified type 'LMDB.ModeType' (aka 'UInt32')
 46 |     public static let defaultFileMode: ModeType = _S_IREAD | _S_IWRITE
 47 |     #else
 48 |     public static let defaultFileMode: ModeType = S_IRWXU | S_IRGRP | S_IROTH
    |                                                                     `- error: cannot convert value of type 'UInt8' to specified type 'LMDB.ModeType' (aka 'UInt32')
 49 |     #endif
 50 |
[3134/3255] Compiling SwiftDocC LMDB+Transaction.swift
/host/spi-builder-workspace/.build/checkouts/swift-docc/Sources/SwiftDocC/Utility/LMDB/LMDB.swift:48:51: error: cannot find 'S_IRWXU' in scope
 46 |     public static let defaultFileMode: ModeType = _S_IREAD | _S_IWRITE
 47 |     #else
 48 |     public static let defaultFileMode: ModeType = S_IRWXU | S_IRGRP | S_IROTH
    |                                                   `- error: cannot find 'S_IRWXU' in scope
 49 |     #endif
 50 |
/host/spi-builder-workspace/.build/checkouts/swift-docc/Sources/SwiftDocC/Utility/LMDB/LMDB.swift:48:61: error: cannot find 'S_IRGRP' in scope
 46 |     public static let defaultFileMode: ModeType = _S_IREAD | _S_IWRITE
 47 |     #else
 48 |     public static let defaultFileMode: ModeType = S_IRWXU | S_IRGRP | S_IROTH
    |                                                             `- error: cannot find 'S_IRGRP' in scope
 49 |     #endif
 50 |
/host/spi-builder-workspace/.build/checkouts/swift-docc/Sources/SwiftDocC/Utility/LMDB/LMDB.swift:48:71: error: cannot find 'S_IROTH' in scope
 46 |     public static let defaultFileMode: ModeType = _S_IREAD | _S_IWRITE
 47 |     #else
 48 |     public static let defaultFileMode: ModeType = S_IRWXU | S_IRGRP | S_IROTH
    |                                                                       `- error: cannot find 'S_IROTH' in scope
 49 |     #endif
 50 |
/host/spi-builder-workspace/.build/checkouts/swift-docc/Sources/SwiftDocC/Utility/LMDB/LMDB.swift:48:69: error: cannot convert value of type 'UInt8' to specified type 'LMDB.ModeType' (aka 'UInt32')
 46 |     public static let defaultFileMode: ModeType = _S_IREAD | _S_IWRITE
 47 |     #else
 48 |     public static let defaultFileMode: ModeType = S_IRWXU | S_IRGRP | S_IROTH
    |                                                                     `- error: cannot convert value of type 'UInt8' to specified type 'LMDB.ModeType' (aka 'UInt32')
 49 |     #endif
 50 |
[3135/3255] Compiling SwiftDocC LMDB.swift
/host/spi-builder-workspace/.build/checkouts/swift-docc/Sources/SwiftDocC/Utility/LMDB/LMDB.swift:48:51: error: cannot find 'S_IRWXU' in scope
 46 |     public static let defaultFileMode: ModeType = _S_IREAD | _S_IWRITE
 47 |     #else
 48 |     public static let defaultFileMode: ModeType = S_IRWXU | S_IRGRP | S_IROTH
    |                                                   `- error: cannot find 'S_IRWXU' in scope
 49 |     #endif
 50 |
/host/spi-builder-workspace/.build/checkouts/swift-docc/Sources/SwiftDocC/Utility/LMDB/LMDB.swift:48:61: error: cannot find 'S_IRGRP' in scope
 46 |     public static let defaultFileMode: ModeType = _S_IREAD | _S_IWRITE
 47 |     #else
 48 |     public static let defaultFileMode: ModeType = S_IRWXU | S_IRGRP | S_IROTH
    |                                                             `- error: cannot find 'S_IRGRP' in scope
 49 |     #endif
 50 |
/host/spi-builder-workspace/.build/checkouts/swift-docc/Sources/SwiftDocC/Utility/LMDB/LMDB.swift:48:71: error: cannot find 'S_IROTH' in scope
 46 |     public static let defaultFileMode: ModeType = _S_IREAD | _S_IWRITE
 47 |     #else
 48 |     public static let defaultFileMode: ModeType = S_IRWXU | S_IRGRP | S_IROTH
    |                                                                       `- error: cannot find 'S_IROTH' in scope
 49 |     #endif
 50 |
/host/spi-builder-workspace/.build/checkouts/swift-docc/Sources/SwiftDocC/Utility/LMDB/LMDB.swift:48:69: error: cannot convert value of type 'UInt8' to specified type 'LMDB.ModeType' (aka 'UInt32')
 46 |     public static let defaultFileMode: ModeType = _S_IREAD | _S_IWRITE
 47 |     #else
 48 |     public static let defaultFileMode: ModeType = S_IRWXU | S_IRGRP | S_IROTH
    |                                                                     `- error: cannot convert value of type 'UInt8' to specified type 'LMDB.ModeType' (aka 'UInt32')
 49 |     #endif
 50 |
[3136/3255] Compiling SwiftDocC EnglishLanguage.swift
/host/spi-builder-workspace/.build/checkouts/swift-docc/Sources/SwiftDocC/Utility/LMDB/LMDB.swift:48:51: error: cannot find 'S_IRWXU' in scope
 46 |     public static let defaultFileMode: ModeType = _S_IREAD | _S_IWRITE
 47 |     #else
 48 |     public static let defaultFileMode: ModeType = S_IRWXU | S_IRGRP | S_IROTH
    |                                                   `- error: cannot find 'S_IRWXU' in scope
 49 |     #endif
 50 |
/host/spi-builder-workspace/.build/checkouts/swift-docc/Sources/SwiftDocC/Utility/LMDB/LMDB.swift:48:61: error: cannot find 'S_IRGRP' in scope
 46 |     public static let defaultFileMode: ModeType = _S_IREAD | _S_IWRITE
 47 |     #else
 48 |     public static let defaultFileMode: ModeType = S_IRWXU | S_IRGRP | S_IROTH
    |                                                             `- error: cannot find 'S_IRGRP' in scope
 49 |     #endif
 50 |
/host/spi-builder-workspace/.build/checkouts/swift-docc/Sources/SwiftDocC/Utility/LMDB/LMDB.swift:48:71: error: cannot find 'S_IROTH' in scope
 46 |     public static let defaultFileMode: ModeType = _S_IREAD | _S_IWRITE
 47 |     #else
 48 |     public static let defaultFileMode: ModeType = S_IRWXU | S_IRGRP | S_IROTH
    |                                                                       `- error: cannot find 'S_IROTH' in scope
 49 |     #endif
 50 |
/host/spi-builder-workspace/.build/checkouts/swift-docc/Sources/SwiftDocC/Utility/LMDB/LMDB.swift:48:69: error: cannot convert value of type 'UInt8' to specified type 'LMDB.ModeType' (aka 'UInt32')
 46 |     public static let defaultFileMode: ModeType = _S_IREAD | _S_IWRITE
 47 |     #else
 48 |     public static let defaultFileMode: ModeType = S_IRWXU | S_IRGRP | S_IROTH
    |                                                                     `- error: cannot convert value of type 'UInt8' to specified type 'LMDB.ModeType' (aka 'UInt32')
 49 |     #endif
 50 |
[3137/3255] Compiling SwiftDocC NativeLanguage.swift
/host/spi-builder-workspace/.build/checkouts/swift-docc/Sources/SwiftDocC/Utility/LMDB/LMDB.swift:48:51: error: cannot find 'S_IRWXU' in scope
 46 |     public static let defaultFileMode: ModeType = _S_IREAD | _S_IWRITE
 47 |     #else
 48 |     public static let defaultFileMode: ModeType = S_IRWXU | S_IRGRP | S_IROTH
    |                                                   `- error: cannot find 'S_IRWXU' in scope
 49 |     #endif
 50 |
/host/spi-builder-workspace/.build/checkouts/swift-docc/Sources/SwiftDocC/Utility/LMDB/LMDB.swift:48:61: error: cannot find 'S_IRGRP' in scope
 46 |     public static let defaultFileMode: ModeType = _S_IREAD | _S_IWRITE
 47 |     #else
 48 |     public static let defaultFileMode: ModeType = S_IRWXU | S_IRGRP | S_IROTH
    |                                                             `- error: cannot find 'S_IRGRP' in scope
 49 |     #endif
 50 |
/host/spi-builder-workspace/.build/checkouts/swift-docc/Sources/SwiftDocC/Utility/LMDB/LMDB.swift:48:71: error: cannot find 'S_IROTH' in scope
 46 |     public static let defaultFileMode: ModeType = _S_IREAD | _S_IWRITE
 47 |     #else
 48 |     public static let defaultFileMode: ModeType = S_IRWXU | S_IRGRP | S_IROTH
    |                                                                       `- error: cannot find 'S_IROTH' in scope
 49 |     #endif
 50 |
/host/spi-builder-workspace/.build/checkouts/swift-docc/Sources/SwiftDocC/Utility/LMDB/LMDB.swift:48:69: error: cannot convert value of type 'UInt8' to specified type 'LMDB.ModeType' (aka 'UInt32')
 46 |     public static let defaultFileMode: ModeType = _S_IREAD | _S_IWRITE
 47 |     #else
 48 |     public static let defaultFileMode: ModeType = S_IRWXU | S_IRGRP | S_IROTH
    |                                                                     `- error: cannot convert value of type 'UInt8' to specified type 'LMDB.ModeType' (aka 'UInt32')
 49 |     #endif
 50 |
[3138/3255] Compiling SwiftDocC ListItemUpdatable.swift
/host/spi-builder-workspace/.build/checkouts/swift-docc/Sources/SwiftDocC/Utility/LMDB/LMDB.swift:48:51: error: cannot find 'S_IRWXU' in scope
 46 |     public static let defaultFileMode: ModeType = _S_IREAD | _S_IWRITE
 47 |     #else
 48 |     public static let defaultFileMode: ModeType = S_IRWXU | S_IRGRP | S_IROTH
    |                                                   `- error: cannot find 'S_IRWXU' in scope
 49 |     #endif
 50 |
/host/spi-builder-workspace/.build/checkouts/swift-docc/Sources/SwiftDocC/Utility/LMDB/LMDB.swift:48:61: error: cannot find 'S_IRGRP' in scope
 46 |     public static let defaultFileMode: ModeType = _S_IREAD | _S_IWRITE
 47 |     #else
 48 |     public static let defaultFileMode: ModeType = S_IRWXU | S_IRGRP | S_IROTH
    |                                                             `- error: cannot find 'S_IRGRP' in scope
 49 |     #endif
 50 |
/host/spi-builder-workspace/.build/checkouts/swift-docc/Sources/SwiftDocC/Utility/LMDB/LMDB.swift:48:71: error: cannot find 'S_IROTH' in scope
 46 |     public static let defaultFileMode: ModeType = _S_IREAD | _S_IWRITE
 47 |     #else
 48 |     public static let defaultFileMode: ModeType = S_IRWXU | S_IRGRP | S_IROTH
    |                                                                       `- error: cannot find 'S_IROTH' in scope
 49 |     #endif
 50 |
/host/spi-builder-workspace/.build/checkouts/swift-docc/Sources/SwiftDocC/Utility/LMDB/LMDB.swift:48:69: error: cannot convert value of type 'UInt8' to specified type 'LMDB.ModeType' (aka 'UInt32')
 46 |     public static let defaultFileMode: ModeType = _S_IREAD | _S_IWRITE
 47 |     #else
 48 |     public static let defaultFileMode: ModeType = S_IRWXU | S_IRGRP | S_IROTH
    |                                                                     `- error: cannot convert value of type 'UInt8' to specified type 'LMDB.ModeType' (aka 'UInt32')
 49 |     #endif
 50 |
[3139/3255] Compiling SwiftDocC LogHandle.swift
/host/spi-builder-workspace/.build/checkouts/swift-docc/Sources/SwiftDocC/Utility/LMDB/LMDB.swift:48:51: error: cannot find 'S_IRWXU' in scope
 46 |     public static let defaultFileMode: ModeType = _S_IREAD | _S_IWRITE
 47 |     #else
 48 |     public static let defaultFileMode: ModeType = S_IRWXU | S_IRGRP | S_IROTH
    |                                                   `- error: cannot find 'S_IRWXU' in scope
 49 |     #endif
 50 |
/host/spi-builder-workspace/.build/checkouts/swift-docc/Sources/SwiftDocC/Utility/LMDB/LMDB.swift:48:61: error: cannot find 'S_IRGRP' in scope
 46 |     public static let defaultFileMode: ModeType = _S_IREAD | _S_IWRITE
 47 |     #else
 48 |     public static let defaultFileMode: ModeType = S_IRWXU | S_IRGRP | S_IROTH
    |                                                             `- error: cannot find 'S_IRGRP' in scope
 49 |     #endif
 50 |
/host/spi-builder-workspace/.build/checkouts/swift-docc/Sources/SwiftDocC/Utility/LMDB/LMDB.swift:48:71: error: cannot find 'S_IROTH' in scope
 46 |     public static let defaultFileMode: ModeType = _S_IREAD | _S_IWRITE
 47 |     #else
 48 |     public static let defaultFileMode: ModeType = S_IRWXU | S_IRGRP | S_IROTH
    |                                                                       `- error: cannot find 'S_IROTH' in scope
 49 |     #endif
 50 |
/host/spi-builder-workspace/.build/checkouts/swift-docc/Sources/SwiftDocC/Utility/LMDB/LMDB.swift:48:69: error: cannot convert value of type 'UInt8' to specified type 'LMDB.ModeType' (aka 'UInt32')
 46 |     public static let defaultFileMode: ModeType = _S_IREAD | _S_IWRITE
 47 |     #else
 48 |     public static let defaultFileMode: ModeType = S_IRWXU | S_IRGRP | S_IROTH
    |                                                                     `- error: cannot convert value of type 'UInt8' to specified type 'LMDB.ModeType' (aka 'UInt32')
 49 |     #endif
 50 |
[3140/3255] Compiling SwiftDocC AnyLink.swift
/host/spi-builder-workspace/.build/checkouts/swift-docc/Sources/SwiftDocC/Utility/LMDB/LMDB.swift:48:51: error: cannot find 'S_IRWXU' in scope
 46 |     public static let defaultFileMode: ModeType = _S_IREAD | _S_IWRITE
 47 |     #else
 48 |     public static let defaultFileMode: ModeType = S_IRWXU | S_IRGRP | S_IROTH
    |                                                   `- error: cannot find 'S_IRWXU' in scope
 49 |     #endif
 50 |
/host/spi-builder-workspace/.build/checkouts/swift-docc/Sources/SwiftDocC/Utility/LMDB/LMDB.swift:48:61: error: cannot find 'S_IRGRP' in scope
 46 |     public static let defaultFileMode: ModeType = _S_IREAD | _S_IWRITE
 47 |     #else
 48 |     public static let defaultFileMode: ModeType = S_IRWXU | S_IRGRP | S_IROTH
    |                                                             `- error: cannot find 'S_IRGRP' in scope
 49 |     #endif
 50 |
/host/spi-builder-workspace/.build/checkouts/swift-docc/Sources/SwiftDocC/Utility/LMDB/LMDB.swift:48:71: error: cannot find 'S_IROTH' in scope
 46 |     public static let defaultFileMode: ModeType = _S_IREAD | _S_IWRITE
 47 |     #else
 48 |     public static let defaultFileMode: ModeType = S_IRWXU | S_IRGRP | S_IROTH
    |                                                                       `- error: cannot find 'S_IROTH' in scope
 49 |     #endif
 50 |
/host/spi-builder-workspace/.build/checkouts/swift-docc/Sources/SwiftDocC/Utility/LMDB/LMDB.swift:48:69: error: cannot convert value of type 'UInt8' to specified type 'LMDB.ModeType' (aka 'UInt32')
 46 |     public static let defaultFileMode: ModeType = _S_IREAD | _S_IWRITE
 47 |     #else
 48 |     public static let defaultFileMode: ModeType = S_IRWXU | S_IRGRP | S_IROTH
    |                                                                     `- error: cannot convert value of type 'UInt8' to specified type 'LMDB.ModeType' (aka 'UInt32')
 49 |     #endif
 50 |
[3141/3255] Compiling SwiftDocC BlockDirectiveExtensions.swift
/host/spi-builder-workspace/.build/checkouts/swift-docc/Sources/SwiftDocC/Utility/LMDB/LMDB.swift:48:51: error: cannot find 'S_IRWXU' in scope
 46 |     public static let defaultFileMode: ModeType = _S_IREAD | _S_IWRITE
 47 |     #else
 48 |     public static let defaultFileMode: ModeType = S_IRWXU | S_IRGRP | S_IROTH
    |                                                   `- error: cannot find 'S_IRWXU' in scope
 49 |     #endif
 50 |
/host/spi-builder-workspace/.build/checkouts/swift-docc/Sources/SwiftDocC/Utility/LMDB/LMDB.swift:48:61: error: cannot find 'S_IRGRP' in scope
 46 |     public static let defaultFileMode: ModeType = _S_IREAD | _S_IWRITE
 47 |     #else
 48 |     public static let defaultFileMode: ModeType = S_IRWXU | S_IRGRP | S_IROTH
    |                                                             `- error: cannot find 'S_IRGRP' in scope
 49 |     #endif
 50 |
/host/spi-builder-workspace/.build/checkouts/swift-docc/Sources/SwiftDocC/Utility/LMDB/LMDB.swift:48:71: error: cannot find 'S_IROTH' in scope
 46 |     public static let defaultFileMode: ModeType = _S_IREAD | _S_IWRITE
 47 |     #else
 48 |     public static let defaultFileMode: ModeType = S_IRWXU | S_IRGRP | S_IROTH
    |                                                                       `- error: cannot find 'S_IROTH' in scope
 49 |     #endif
 50 |
/host/spi-builder-workspace/.build/checkouts/swift-docc/Sources/SwiftDocC/Utility/LMDB/LMDB.swift:48:69: error: cannot convert value of type 'UInt8' to specified type 'LMDB.ModeType' (aka 'UInt32')
 46 |     public static let defaultFileMode: ModeType = _S_IREAD | _S_IWRITE
 47 |     #else
 48 |     public static let defaultFileMode: ModeType = S_IRWXU | S_IRGRP | S_IROTH
    |                                                                     `- error: cannot convert value of type 'UInt8' to specified type 'LMDB.ModeType' (aka 'UInt32')
 49 |     #endif
 50 |
[3142/3255] Compiling SwiftDocC DocumentExtensions.swift
/host/spi-builder-workspace/.build/checkouts/swift-docc/Sources/SwiftDocC/Utility/LMDB/LMDB.swift:48:51: error: cannot find 'S_IRWXU' in scope
 46 |     public static let defaultFileMode: ModeType = _S_IREAD | _S_IWRITE
 47 |     #else
 48 |     public static let defaultFileMode: ModeType = S_IRWXU | S_IRGRP | S_IROTH
    |                                                   `- error: cannot find 'S_IRWXU' in scope
 49 |     #endif
 50 |
/host/spi-builder-workspace/.build/checkouts/swift-docc/Sources/SwiftDocC/Utility/LMDB/LMDB.swift:48:61: error: cannot find 'S_IRGRP' in scope
 46 |     public static let defaultFileMode: ModeType = _S_IREAD | _S_IWRITE
 47 |     #else
 48 |     public static let defaultFileMode: ModeType = S_IRWXU | S_IRGRP | S_IROTH
    |                                                             `- error: cannot find 'S_IRGRP' in scope
 49 |     #endif
 50 |
/host/spi-builder-workspace/.build/checkouts/swift-docc/Sources/SwiftDocC/Utility/LMDB/LMDB.swift:48:71: error: cannot find 'S_IROTH' in scope
 46 |     public static let defaultFileMode: ModeType = _S_IREAD | _S_IWRITE
 47 |     #else
 48 |     public static let defaultFileMode: ModeType = S_IRWXU | S_IRGRP | S_IROTH
    |                                                                       `- error: cannot find 'S_IROTH' in scope
 49 |     #endif
 50 |
/host/spi-builder-workspace/.build/checkouts/swift-docc/Sources/SwiftDocC/Utility/LMDB/LMDB.swift:48:69: error: cannot convert value of type 'UInt8' to specified type 'LMDB.ModeType' (aka 'UInt32')
 46 |     public static let defaultFileMode: ModeType = _S_IREAD | _S_IWRITE
 47 |     #else
 48 |     public static let defaultFileMode: ModeType = S_IRWXU | S_IRGRP | S_IROTH
    |                                                                     `- error: cannot convert value of type 'UInt8' to specified type 'LMDB.ModeType' (aka 'UInt32')
 49 |     #endif
 50 |
[3143/3255] Compiling SwiftDocC Heading+StartsWithAnyLink.swift
/host/spi-builder-workspace/.build/checkouts/swift-docc/Sources/SwiftDocC/Utility/LMDB/LMDB.swift:48:51: error: cannot find 'S_IRWXU' in scope
 46 |     public static let defaultFileMode: ModeType = _S_IREAD | _S_IWRITE
 47 |     #else
 48 |     public static let defaultFileMode: ModeType = S_IRWXU | S_IRGRP | S_IROTH
    |                                                   `- error: cannot find 'S_IRWXU' in scope
 49 |     #endif
 50 |
/host/spi-builder-workspace/.build/checkouts/swift-docc/Sources/SwiftDocC/Utility/LMDB/LMDB.swift:48:61: error: cannot find 'S_IRGRP' in scope
 46 |     public static let defaultFileMode: ModeType = _S_IREAD | _S_IWRITE
 47 |     #else
 48 |     public static let defaultFileMode: ModeType = S_IRWXU | S_IRGRP | S_IROTH
    |                                                             `- error: cannot find 'S_IRGRP' in scope
 49 |     #endif
 50 |
/host/spi-builder-workspace/.build/checkouts/swift-docc/Sources/SwiftDocC/Utility/LMDB/LMDB.swift:48:71: error: cannot find 'S_IROTH' in scope
 46 |     public static let defaultFileMode: ModeType = _S_IREAD | _S_IWRITE
 47 |     #else
 48 |     public static let defaultFileMode: ModeType = S_IRWXU | S_IRGRP | S_IROTH
    |                                                                       `- error: cannot find 'S_IROTH' in scope
 49 |     #endif
 50 |
/host/spi-builder-workspace/.build/checkouts/swift-docc/Sources/SwiftDocC/Utility/LMDB/LMDB.swift:48:69: error: cannot convert value of type 'UInt8' to specified type 'LMDB.ModeType' (aka 'UInt32')
 46 |     public static let defaultFileMode: ModeType = _S_IREAD | _S_IWRITE
 47 |     #else
 48 |     public static let defaultFileMode: ModeType = S_IRWXU | S_IRGRP | S_IROTH
    |                                                                     `- error: cannot convert value of type 'UInt8' to specified type 'LMDB.ModeType' (aka 'UInt32')
 49 |     #endif
 50 |
[3144/3255] Compiling SwiftDocC ImageExtensions.swift
/host/spi-builder-workspace/.build/checkouts/swift-docc/Sources/SwiftDocC/Utility/LMDB/LMDB.swift:48:51: error: cannot find 'S_IRWXU' in scope
 46 |     public static let defaultFileMode: ModeType = _S_IREAD | _S_IWRITE
 47 |     #else
 48 |     public static let defaultFileMode: ModeType = S_IRWXU | S_IRGRP | S_IROTH
    |                                                   `- error: cannot find 'S_IRWXU' in scope
 49 |     #endif
 50 |
/host/spi-builder-workspace/.build/checkouts/swift-docc/Sources/SwiftDocC/Utility/LMDB/LMDB.swift:48:61: error: cannot find 'S_IRGRP' in scope
 46 |     public static let defaultFileMode: ModeType = _S_IREAD | _S_IWRITE
 47 |     #else
 48 |     public static let defaultFileMode: ModeType = S_IRWXU | S_IRGRP | S_IROTH
    |                                                             `- error: cannot find 'S_IRGRP' in scope
 49 |     #endif
 50 |
/host/spi-builder-workspace/.build/checkouts/swift-docc/Sources/SwiftDocC/Utility/LMDB/LMDB.swift:48:71: error: cannot find 'S_IROTH' in scope
 46 |     public static let defaultFileMode: ModeType = _S_IREAD | _S_IWRITE
 47 |     #else
 48 |     public static let defaultFileMode: ModeType = S_IRWXU | S_IRGRP | S_IROTH
    |                                                                       `- error: cannot find 'S_IROTH' in scope
 49 |     #endif
 50 |
/host/spi-builder-workspace/.build/checkouts/swift-docc/Sources/SwiftDocC/Utility/LMDB/LMDB.swift:48:69: error: cannot convert value of type 'UInt8' to specified type 'LMDB.ModeType' (aka 'UInt32')
 46 |     public static let defaultFileMode: ModeType = _S_IREAD | _S_IWRITE
 47 |     #else
 48 |     public static let defaultFileMode: ModeType = S_IRWXU | S_IRGRP | S_IROTH
    |                                                                     `- error: cannot convert value of type 'UInt8' to specified type 'LMDB.ModeType' (aka 'UInt32')
 49 |     #endif
 50 |
[3145/3255] Compiling SwiftDocC ListItemExtractor.swift
/host/spi-builder-workspace/.build/checkouts/swift-docc/Sources/SwiftDocC/Utility/LMDB/LMDB.swift:48:51: error: cannot find 'S_IRWXU' in scope
 46 |     public static let defaultFileMode: ModeType = _S_IREAD | _S_IWRITE
 47 |     #else
 48 |     public static let defaultFileMode: ModeType = S_IRWXU | S_IRGRP | S_IROTH
    |                                                   `- error: cannot find 'S_IRWXU' in scope
 49 |     #endif
 50 |
/host/spi-builder-workspace/.build/checkouts/swift-docc/Sources/SwiftDocC/Utility/LMDB/LMDB.swift:48:61: error: cannot find 'S_IRGRP' in scope
 46 |     public static let defaultFileMode: ModeType = _S_IREAD | _S_IWRITE
 47 |     #else
 48 |     public static let defaultFileMode: ModeType = S_IRWXU | S_IRGRP | S_IROTH
    |                                                             `- error: cannot find 'S_IRGRP' in scope
 49 |     #endif
 50 |
/host/spi-builder-workspace/.build/checkouts/swift-docc/Sources/SwiftDocC/Utility/LMDB/LMDB.swift:48:71: error: cannot find 'S_IROTH' in scope
 46 |     public static let defaultFileMode: ModeType = _S_IREAD | _S_IWRITE
 47 |     #else
 48 |     public static let defaultFileMode: ModeType = S_IRWXU | S_IRGRP | S_IROTH
    |                                                                       `- error: cannot find 'S_IROTH' in scope
 49 |     #endif
 50 |
/host/spi-builder-workspace/.build/checkouts/swift-docc/Sources/SwiftDocC/Utility/LMDB/LMDB.swift:48:69: error: cannot convert value of type 'UInt8' to specified type 'LMDB.ModeType' (aka 'UInt32')
 46 |     public static let defaultFileMode: ModeType = _S_IREAD | _S_IWRITE
 47 |     #else
 48 |     public static let defaultFileMode: ModeType = S_IRWXU | S_IRGRP | S_IROTH
    |                                                                     `- error: cannot convert value of type 'UInt8' to specified type 'LMDB.ModeType' (aka 'UInt32')
 49 |     #endif
 50 |
[3146/3255] Compiling SwiftDocC MarkupChildrenExtensions.swift
/host/spi-builder-workspace/.build/checkouts/swift-docc/Sources/SwiftDocC/Utility/LMDB/LMDB.swift:48:51: error: cannot find 'S_IRWXU' in scope
 46 |     public static let defaultFileMode: ModeType = _S_IREAD | _S_IWRITE
 47 |     #else
 48 |     public static let defaultFileMode: ModeType = S_IRWXU | S_IRGRP | S_IROTH
    |                                                   `- error: cannot find 'S_IRWXU' in scope
 49 |     #endif
 50 |
/host/spi-builder-workspace/.build/checkouts/swift-docc/Sources/SwiftDocC/Utility/LMDB/LMDB.swift:48:61: error: cannot find 'S_IRGRP' in scope
 46 |     public static let defaultFileMode: ModeType = _S_IREAD | _S_IWRITE
 47 |     #else
 48 |     public static let defaultFileMode: ModeType = S_IRWXU | S_IRGRP | S_IROTH
    |                                                             `- error: cannot find 'S_IRGRP' in scope
 49 |     #endif
 50 |
/host/spi-builder-workspace/.build/checkouts/swift-docc/Sources/SwiftDocC/Utility/LMDB/LMDB.swift:48:71: error: cannot find 'S_IROTH' in scope
 46 |     public static let defaultFileMode: ModeType = _S_IREAD | _S_IWRITE
 47 |     #else
 48 |     public static let defaultFileMode: ModeType = S_IRWXU | S_IRGRP | S_IROTH
    |                                                                       `- error: cannot find 'S_IROTH' in scope
 49 |     #endif
 50 |
/host/spi-builder-workspace/.build/checkouts/swift-docc/Sources/SwiftDocC/Utility/LMDB/LMDB.swift:48:69: error: cannot convert value of type 'UInt8' to specified type 'LMDB.ModeType' (aka 'UInt32')
 46 |     public static let defaultFileMode: ModeType = _S_IREAD | _S_IWRITE
 47 |     #else
 48 |     public static let defaultFileMode: ModeType = S_IRWXU | S_IRGRP | S_IROTH
    |                                                                     `- error: cannot convert value of type 'UInt8' to specified type 'LMDB.ModeType' (aka 'UInt32')
 49 |     #endif
 50 |
[3147/3255] Compiling SwiftDocC SourceRangeExtensions.swift
/host/spi-builder-workspace/.build/checkouts/swift-docc/Sources/SwiftDocC/Utility/LMDB/LMDB.swift:48:51: error: cannot find 'S_IRWXU' in scope
 46 |     public static let defaultFileMode: ModeType = _S_IREAD | _S_IWRITE
 47 |     #else
 48 |     public static let defaultFileMode: ModeType = S_IRWXU | S_IRGRP | S_IROTH
    |                                                   `- error: cannot find 'S_IRWXU' in scope
 49 |     #endif
 50 |
/host/spi-builder-workspace/.build/checkouts/swift-docc/Sources/SwiftDocC/Utility/LMDB/LMDB.swift:48:61: error: cannot find 'S_IRGRP' in scope
 46 |     public static let defaultFileMode: ModeType = _S_IREAD | _S_IWRITE
 47 |     #else
 48 |     public static let defaultFileMode: ModeType = S_IRWXU | S_IRGRP | S_IROTH
    |                                                             `- error: cannot find 'S_IRGRP' in scope
 49 |     #endif
 50 |
/host/spi-builder-workspace/.build/checkouts/swift-docc/Sources/SwiftDocC/Utility/LMDB/LMDB.swift:48:71: error: cannot find 'S_IROTH' in scope
 46 |     public static let defaultFileMode: ModeType = _S_IREAD | _S_IWRITE
 47 |     #else
 48 |     public static let defaultFileMode: ModeType = S_IRWXU | S_IRGRP | S_IROTH
    |                                                                       `- error: cannot find 'S_IROTH' in scope
 49 |     #endif
 50 |
/host/spi-builder-workspace/.build/checkouts/swift-docc/Sources/SwiftDocC/Utility/LMDB/LMDB.swift:48:69: error: cannot convert value of type 'UInt8' to specified type 'LMDB.ModeType' (aka 'UInt32')
 46 |     public static let defaultFileMode: ModeType = _S_IREAD | _S_IWRITE
 47 |     #else
 48 |     public static let defaultFileMode: ModeType = S_IRWXU | S_IRGRP | S_IROTH
    |                                                                     `- error: cannot convert value of type 'UInt8' to specified type 'LMDB.ModeType' (aka 'UInt32')
 49 |     #endif
 50 |
[3148/3255] Compiling SwiftDocC NearMiss.swift
/host/spi-builder-workspace/.build/checkouts/swift-docc/Sources/SwiftDocC/Utility/LMDB/LMDB.swift:48:51: error: cannot find 'S_IRWXU' in scope
 46 |     public static let defaultFileMode: ModeType = _S_IREAD | _S_IWRITE
 47 |     #else
 48 |     public static let defaultFileMode: ModeType = S_IRWXU | S_IRGRP | S_IROTH
    |                                                   `- error: cannot find 'S_IRWXU' in scope
 49 |     #endif
 50 |
/host/spi-builder-workspace/.build/checkouts/swift-docc/Sources/SwiftDocC/Utility/LMDB/LMDB.swift:48:61: error: cannot find 'S_IRGRP' in scope
 46 |     public static let defaultFileMode: ModeType = _S_IREAD | _S_IWRITE
 47 |     #else
 48 |     public static let defaultFileMode: ModeType = S_IRWXU | S_IRGRP | S_IROTH
    |                                                             `- error: cannot find 'S_IRGRP' in scope
 49 |     #endif
 50 |
/host/spi-builder-workspace/.build/checkouts/swift-docc/Sources/SwiftDocC/Utility/LMDB/LMDB.swift:48:71: error: cannot find 'S_IROTH' in scope
 46 |     public static let defaultFileMode: ModeType = _S_IREAD | _S_IWRITE
 47 |     #else
 48 |     public static let defaultFileMode: ModeType = S_IRWXU | S_IRGRP | S_IROTH
    |                                                                       `- error: cannot find 'S_IROTH' in scope
 49 |     #endif
 50 |
/host/spi-builder-workspace/.build/checkouts/swift-docc/Sources/SwiftDocC/Utility/LMDB/LMDB.swift:48:69: error: cannot convert value of type 'UInt8' to specified type 'LMDB.ModeType' (aka 'UInt32')
 46 |     public static let defaultFileMode: ModeType = _S_IREAD | _S_IWRITE
 47 |     #else
 48 |     public static let defaultFileMode: ModeType = S_IRWXU | S_IRGRP | S_IROTH
    |                                                                     `- error: cannot convert value of type 'UInt8' to specified type 'LMDB.ModeType' (aka 'UInt32')
 49 |     #endif
 50 |
[3149/3255] Compiling SwiftDocC RenderNodeDataExtractor.swift
/host/spi-builder-workspace/.build/checkouts/swift-docc/Sources/SwiftDocC/Utility/LMDB/LMDB.swift:48:51: error: cannot find 'S_IRWXU' in scope
 46 |     public static let defaultFileMode: ModeType = _S_IREAD | _S_IWRITE
 47 |     #else
 48 |     public static let defaultFileMode: ModeType = S_IRWXU | S_IRGRP | S_IROTH
    |                                                   `- error: cannot find 'S_IRWXU' in scope
 49 |     #endif
 50 |
/host/spi-builder-workspace/.build/checkouts/swift-docc/Sources/SwiftDocC/Utility/LMDB/LMDB.swift:48:61: error: cannot find 'S_IRGRP' in scope
 46 |     public static let defaultFileMode: ModeType = _S_IREAD | _S_IWRITE
 47 |     #else
 48 |     public static let defaultFileMode: ModeType = S_IRWXU | S_IRGRP | S_IROTH
    |                                                             `- error: cannot find 'S_IRGRP' in scope
 49 |     #endif
 50 |
/host/spi-builder-workspace/.build/checkouts/swift-docc/Sources/SwiftDocC/Utility/LMDB/LMDB.swift:48:71: error: cannot find 'S_IROTH' in scope
 46 |     public static let defaultFileMode: ModeType = _S_IREAD | _S_IWRITE
 47 |     #else
 48 |     public static let defaultFileMode: ModeType = S_IRWXU | S_IRGRP | S_IROTH
    |                                                                       `- error: cannot find 'S_IROTH' in scope
 49 |     #endif
 50 |
/host/spi-builder-workspace/.build/checkouts/swift-docc/Sources/SwiftDocC/Utility/LMDB/LMDB.swift:48:69: error: cannot convert value of type 'UInt8' to specified type 'LMDB.ModeType' (aka 'UInt32')
 46 |     public static let defaultFileMode: ModeType = _S_IREAD | _S_IWRITE
 47 |     #else
 48 |     public static let defaultFileMode: ModeType = S_IRWXU | S_IRGRP | S_IROTH
    |                                                                     `- error: cannot convert value of type 'UInt8' to specified type 'LMDB.ModeType' (aka 'UInt32')
 49 |     #endif
 50 |
[3150/3255] Compiling SwiftDocC SemanticVersion+Comparable.swift
/host/spi-builder-workspace/.build/checkouts/swift-docc/Sources/SwiftDocC/Utility/LMDB/LMDB.swift:48:51: error: cannot find 'S_IRWXU' in scope
 46 |     public static let defaultFileMode: ModeType = _S_IREAD | _S_IWRITE
 47 |     #else
 48 |     public static let defaultFileMode: ModeType = S_IRWXU | S_IRGRP | S_IROTH
    |                                                   `- error: cannot find 'S_IRWXU' in scope
 49 |     #endif
 50 |
/host/spi-builder-workspace/.build/checkouts/swift-docc/Sources/SwiftDocC/Utility/LMDB/LMDB.swift:48:61: error: cannot find 'S_IRGRP' in scope
 46 |     public static let defaultFileMode: ModeType = _S_IREAD | _S_IWRITE
 47 |     #else
 48 |     public static let defaultFileMode: ModeType = S_IRWXU | S_IRGRP | S_IROTH
    |                                                             `- error: cannot find 'S_IRGRP' in scope
 49 |     #endif
 50 |
/host/spi-builder-workspace/.build/checkouts/swift-docc/Sources/SwiftDocC/Utility/LMDB/LMDB.swift:48:71: error: cannot find 'S_IROTH' in scope
 46 |     public static let defaultFileMode: ModeType = _S_IREAD | _S_IWRITE
 47 |     #else
 48 |     public static let defaultFileMode: ModeType = S_IRWXU | S_IRGRP | S_IROTH
    |                                                                       `- error: cannot find 'S_IROTH' in scope
 49 |     #endif
 50 |
/host/spi-builder-workspace/.build/checkouts/swift-docc/Sources/SwiftDocC/Utility/LMDB/LMDB.swift:48:69: error: cannot convert value of type 'UInt8' to specified type 'LMDB.ModeType' (aka 'UInt32')
 46 |     public static let defaultFileMode: ModeType = _S_IREAD | _S_IWRITE
 47 |     #else
 48 |     public static let defaultFileMode: ModeType = S_IRWXU | S_IRGRP | S_IROTH
    |                                                                     `- error: cannot convert value of type 'UInt8' to specified type 'LMDB.ModeType' (aka 'UInt32')
 49 |     #endif
 50 |
[3151/3255] Compiling SwiftDocC SymbolGraphAvailability+Filter.swift
/host/spi-builder-workspace/.build/checkouts/swift-docc/Sources/SwiftDocC/Utility/LMDB/LMDB.swift:48:51: error: cannot find 'S_IRWXU' in scope
 46 |     public static let defaultFileMode: ModeType = _S_IREAD | _S_IWRITE
 47 |     #else
 48 |     public static let defaultFileMode: ModeType = S_IRWXU | S_IRGRP | S_IROTH
    |                                                   `- error: cannot find 'S_IRWXU' in scope
 49 |     #endif
 50 |
/host/spi-builder-workspace/.build/checkouts/swift-docc/Sources/SwiftDocC/Utility/LMDB/LMDB.swift:48:61: error: cannot find 'S_IRGRP' in scope
 46 |     public static let defaultFileMode: ModeType = _S_IREAD | _S_IWRITE
 47 |     #else
 48 |     public static let defaultFileMode: ModeType = S_IRWXU | S_IRGRP | S_IROTH
    |                                                             `- error: cannot find 'S_IRGRP' in scope
 49 |     #endif
 50 |
/host/spi-builder-workspace/.build/checkouts/swift-docc/Sources/SwiftDocC/Utility/LMDB/LMDB.swift:48:71: error: cannot find 'S_IROTH' in scope
 46 |     public static let defaultFileMode: ModeType = _S_IREAD | _S_IWRITE
 47 |     #else
 48 |     public static let defaultFileMode: ModeType = S_IRWXU | S_IRGRP | S_IROTH
    |                                                                       `- error: cannot find 'S_IROTH' in scope
 49 |     #endif
 50 |
/host/spi-builder-workspace/.build/checkouts/swift-docc/Sources/SwiftDocC/Utility/LMDB/LMDB.swift:48:69: error: cannot convert value of type 'UInt8' to specified type 'LMDB.ModeType' (aka 'UInt32')
 46 |     public static let defaultFileMode: ModeType = _S_IREAD | _S_IWRITE
 47 |     #else
 48 |     public static let defaultFileMode: ModeType = S_IRWXU | S_IRGRP | S_IROTH
    |                                                                     `- error: cannot convert value of type 'UInt8' to specified type 'LMDB.ModeType' (aka 'UInt32')
 49 |     #endif
 50 |
[3152/3255] Compiling SwiftDocC Synchronization.swift
/host/spi-builder-workspace/.build/checkouts/swift-docc/Sources/SwiftDocC/Utility/LMDB/LMDB.swift:48:51: error: cannot find 'S_IRWXU' in scope
 46 |     public static let defaultFileMode: ModeType = _S_IREAD | _S_IWRITE
 47 |     #else
 48 |     public static let defaultFileMode: ModeType = S_IRWXU | S_IRGRP | S_IROTH
    |                                                   `- error: cannot find 'S_IRWXU' in scope
 49 |     #endif
 50 |
/host/spi-builder-workspace/.build/checkouts/swift-docc/Sources/SwiftDocC/Utility/LMDB/LMDB.swift:48:61: error: cannot find 'S_IRGRP' in scope
 46 |     public static let defaultFileMode: ModeType = _S_IREAD | _S_IWRITE
 47 |     #else
 48 |     public static let defaultFileMode: ModeType = S_IRWXU | S_IRGRP | S_IROTH
    |                                                             `- error: cannot find 'S_IRGRP' in scope
 49 |     #endif
 50 |
/host/spi-builder-workspace/.build/checkouts/swift-docc/Sources/SwiftDocC/Utility/LMDB/LMDB.swift:48:71: error: cannot find 'S_IROTH' in scope
 46 |     public static let defaultFileMode: ModeType = _S_IREAD | _S_IWRITE
 47 |     #else
 48 |     public static let defaultFileMode: ModeType = S_IRWXU | S_IRGRP | S_IROTH
    |                                                                       `- error: cannot find 'S_IROTH' in scope
 49 |     #endif
 50 |
/host/spi-builder-workspace/.build/checkouts/swift-docc/Sources/SwiftDocC/Utility/LMDB/LMDB.swift:48:69: error: cannot convert value of type 'UInt8' to specified type 'LMDB.ModeType' (aka 'UInt32')
 46 |     public static let defaultFileMode: ModeType = _S_IREAD | _S_IWRITE
 47 |     #else
 48 |     public static let defaultFileMode: ModeType = S_IRWXU | S_IRGRP | S_IROTH
    |                                                                     `- error: cannot convert value of type 'UInt8' to specified type 'LMDB.ModeType' (aka 'UInt32')
 49 |     #endif
 50 |
[3153/3255] Compiling SwiftDocC ValidatedURL.swift
/host/spi-builder-workspace/.build/checkouts/swift-docc/Sources/SwiftDocC/Utility/LMDB/LMDB.swift:48:51: error: cannot find 'S_IRWXU' in scope
 46 |     public static let defaultFileMode: ModeType = _S_IREAD | _S_IWRITE
 47 |     #else
 48 |     public static let defaultFileMode: ModeType = S_IRWXU | S_IRGRP | S_IROTH
    |                                                   `- error: cannot find 'S_IRWXU' in scope
 49 |     #endif
 50 |
/host/spi-builder-workspace/.build/checkouts/swift-docc/Sources/SwiftDocC/Utility/LMDB/LMDB.swift:48:61: error: cannot find 'S_IRGRP' in scope
 46 |     public static let defaultFileMode: ModeType = _S_IREAD | _S_IWRITE
 47 |     #else
 48 |     public static let defaultFileMode: ModeType = S_IRWXU | S_IRGRP | S_IROTH
    |                                                             `- error: cannot find 'S_IRGRP' in scope
 49 |     #endif
 50 |
/host/spi-builder-workspace/.build/checkouts/swift-docc/Sources/SwiftDocC/Utility/LMDB/LMDB.swift:48:71: error: cannot find 'S_IROTH' in scope
 46 |     public static let defaultFileMode: ModeType = _S_IREAD | _S_IWRITE
 47 |     #else
 48 |     public static let defaultFileMode: ModeType = S_IRWXU | S_IRGRP | S_IROTH
    |                                                                       `- error: cannot find 'S_IROTH' in scope
 49 |     #endif
 50 |
/host/spi-builder-workspace/.build/checkouts/swift-docc/Sources/SwiftDocC/Utility/LMDB/LMDB.swift:48:69: error: cannot convert value of type 'UInt8' to specified type 'LMDB.ModeType' (aka 'UInt32')
 46 |     public static let defaultFileMode: ModeType = _S_IREAD | _S_IWRITE
 47 |     #else
 48 |     public static let defaultFileMode: ModeType = S_IRWXU | S_IRGRP | S_IROTH
    |                                                                     `- error: cannot convert value of type 'UInt8' to specified type 'LMDB.ModeType' (aka 'UInt32')
 49 |     #endif
 50 |
[3154/3255] Compiling SwiftDocC Version.swift
/host/spi-builder-workspace/.build/checkouts/swift-docc/Sources/SwiftDocC/Utility/LMDB/LMDB.swift:48:51: error: cannot find 'S_IRWXU' in scope
 46 |     public static let defaultFileMode: ModeType = _S_IREAD | _S_IWRITE
 47 |     #else
 48 |     public static let defaultFileMode: ModeType = S_IRWXU | S_IRGRP | S_IROTH
    |                                                   `- error: cannot find 'S_IRWXU' in scope
 49 |     #endif
 50 |
/host/spi-builder-workspace/.build/checkouts/swift-docc/Sources/SwiftDocC/Utility/LMDB/LMDB.swift:48:61: error: cannot find 'S_IRGRP' in scope
 46 |     public static let defaultFileMode: ModeType = _S_IREAD | _S_IWRITE
 47 |     #else
 48 |     public static let defaultFileMode: ModeType = S_IRWXU | S_IRGRP | S_IROTH
    |                                                             `- error: cannot find 'S_IRGRP' in scope
 49 |     #endif
 50 |
/host/spi-builder-workspace/.build/checkouts/swift-docc/Sources/SwiftDocC/Utility/LMDB/LMDB.swift:48:71: error: cannot find 'S_IROTH' in scope
 46 |     public static let defaultFileMode: ModeType = _S_IREAD | _S_IWRITE
 47 |     #else
 48 |     public static let defaultFileMode: ModeType = S_IRWXU | S_IRGRP | S_IROTH
    |                                                                       `- error: cannot find 'S_IROTH' in scope
 49 |     #endif
 50 |
/host/spi-builder-workspace/.build/checkouts/swift-docc/Sources/SwiftDocC/Utility/LMDB/LMDB.swift:48:69: error: cannot convert value of type 'UInt8' to specified type 'LMDB.ModeType' (aka 'UInt32')
 46 |     public static let defaultFileMode: ModeType = _S_IREAD | _S_IWRITE
 47 |     #else
 48 |     public static let defaultFileMode: ModeType = S_IRWXU | S_IRGRP | S_IROTH
    |                                                                     `- error: cannot convert value of type 'UInt8' to specified type 'LMDB.ModeType' (aka 'UInt32')
 49 |     #endif
 50 |
[3155/3255] Compiling SwiftDocC PageKind.swift
[3156/3255] Compiling SwiftDocC SupportedLanguage.swift
[3157/3255] Compiling SwiftDocC TechnologyRoot.swift
[3158/3255] Compiling SwiftDocC TitleHeading.swift
[3159/3255] Compiling SwiftDocC AutomaticArticleSubheading.swift
[3160/3255] Compiling SwiftDocC AutomaticSeeAlso.swift
[3161/3255] Compiling SwiftDocC AutomaticTitleHeading.swift
[3162/3255] Compiling SwiftDocC Options.swift
[3163/3255] Compiling SwiftDocC TopicsVisualStyle.swift
[3164/3255] Compiling SwiftDocC Redirect.swift
[3165/3255] Compiling SwiftDocC Redirected.swift
[3166/3255] Compiling SwiftDocC Links.swift
[3167/3255] Compiling SwiftDocC Row.swift
[3168/3255] Compiling SwiftDocC Small.swift
[3169/3255] Compiling SwiftDocC TabNavigator.swift
[3170/3255] Compiling SwiftDocC ReferenceResolver.swift
[3171/3255] Compiling SwiftDocC Semantic.swift
[3172/3255] Compiling SwiftDocC SemanticAnalyzer.swift
[3173/3255] Compiling SwiftDocC Snippet.swift
[3174/3255] Compiling SwiftDocC DeprecationSummary.swift
[3175/3255] Compiling SwiftDocC DocumentationDataVariants+SymbolGraphSymbol.swift
[3176/3255] Compiling SwiftDocC DocumentationDataVariants.swift
[3177/3255] Compiling SwiftDocC PlatformName.swift
[3178/3255] Compiling SwiftDocC Relationship.swift
[3179/3255] Compiling SwiftDocC NoOpSignposterShim.swift
[3180/3255] Compiling SwiftDocC Optional+baseType.swift
[3181/3255] Compiling SwiftDocC PlainTextShim.swift
[3182/3255] Compiling SwiftDocC RangeReplaceableCollection+Group.swift
[3183/3255] Compiling SwiftDocC SendableMetatypeShim.swift
[3184/3255] Compiling SwiftDocC Sequence+Categorize.swift
[3185/3255] Compiling SwiftDocC Sequence+FirstMap.swift
[3186/3255] Compiling SwiftDocC Sequence+RenderBlockContentElemenet.swift
[3187/3255] Compiling SwiftDocC SortByKeyPath.swift
[3188/3255] Compiling SwiftDocC String+Capitalization.swift
[3189/3255] Compiling SwiftDocC String+Hashing.swift
[3190/3255] Compiling SwiftDocC String+Path.swift
[3191/3255] Compiling SwiftDocC String+SingleQuoted.swift
[3192/3255] Compiling SwiftDocC String+Splitting.swift
[3193/3255] Compiling SwiftDocC String+Whitespace.swift
[3194/3255] Compiling SwiftDocC StringCollection+List.swift
[3195/3255] Compiling SwiftDocC URL+IsAbsoluteWebURL.swift
[3196/3255] Compiling SwiftDocC URL+Relative.swift
[3197/3255] Compiling SwiftDocC URL+WithFragment.swift
[3198/3255] Compiling SwiftDocC URL+WithoutHostAndPortAndScheme.swift
[3199/3255] Compiling SwiftDocC DirectedGraph+Cycles.swift
[3200/3255] Compiling SwiftDocC DirectedGraph+Paths.swift
[3201/3255] Compiling SwiftDocC DirectedGraph+Traversal.swift
[3202/3255] Compiling SwiftDocC DirectedGraph.swift
[3203/3255] Compiling SwiftDocC SemanticTreeDumper.swift
[3204/3255] Compiling SwiftDocC DocumentationSchemeHandler.swift
[3205/3255] Compiling SwiftDocC FileServer.swift
[3206/3255] Compiling SwiftDocC SourceRepository.swift
[3207/3255] Compiling SwiftDocC MarkdownOutputManifest.swift
[3208/3255] Compiling SwiftDocC MarkdownOutputNode.swift
[3209/3255] Compiling SwiftDocC Checksum.swift
[3210/3255] Compiling SwiftDocC Collection+ConcurrentPerform.swift
[3211/3255] Compiling SwiftDocC CollectionChanges.swift
[3212/3255] Compiling SwiftDocC CommonTypeExports.swift
[3213/3255] Compiling SwiftDocC BidirectionalMap.swift
[3214/3255] Compiling SwiftDocC GroupedSequence.swift
[3215/3255] Compiling SwiftDocC DispatchGroup+Async.swift
[3216/3255] Compiling SwiftDocC DescribedError.swift
[3217/3255] Compiling SwiftDocC ErrorWithProblems.swift
[3218/3255] Compiling SwiftDocC ExternalIdentifier.swift
[3219/3255] Compiling SwiftDocC FeatureFlags.swift
[3220/3255] Compiling SwiftDocC FileManagerProtocol+FilesSequence.swift
[3221/3255] Compiling SwiftDocC FileManagerProtocol.swift
[3222/3255] Compiling SwiftDocC Array+baseType.swift
[3223/3255] Compiling SwiftDocC AutoreleasepoolShim.swift
[3224/3255] Compiling SwiftDocC CharacterSet.swift
[3225/3255] Compiling SwiftDocC Collection+indexed.swift
[3226/3255] Compiling SwiftDocC Dictionary+TypedValues.swift
[3227/3255] Compiling SwiftDocC Symbol.swift
[3228/3255] Compiling SwiftDocC UnifiedSymbol+Extensions.swift
[3229/3255] Compiling SwiftDocC Resources.swift
[3230/3255] Compiling SwiftDocC Tile.swift
[3231/3255] Compiling SwiftDocC TutorialTableOfContents.swift
[3232/3255] Compiling SwiftDocC Chapter.swift
[3233/3255] Compiling SwiftDocC TutorialReference.swift
[3234/3255] Compiling SwiftDocC Volume.swift
[3235/3255] Compiling SwiftDocC Timed.swift
[3236/3255] Compiling SwiftDocC Titled.swift
[3237/3255] Compiling SwiftDocC Assessments.swift
[3238/3255] Compiling SwiftDocC Choice.swift
[3239/3255] Compiling SwiftDocC Justification.swift
[3240/3255] Compiling SwiftDocC MultipleChoice.swift
[3241/3255] Compiling SwiftDocC Code.swift
[3242/3255] Compiling SwiftDocC Step.swift
[3243/3255] Compiling SwiftDocC Steps.swift
[3244/3255] Compiling SwiftDocC TutorialSection.swift
[3245/3255] Compiling SwiftDocC Tutorial.swift
[3246/3255] Compiling SwiftDocC XcodeRequirement.swift
[3247/3255] Compiling SwiftDocC Stack.swift
[3248/3255] Compiling SwiftDocC TutorialArticle.swift
[3249/3255] Compiling SwiftDocC SemanticVisitor.swift
[3250/3255] Compiling SwiftDocC SemanticWalker.swift
BUILD FAILURE 6.2 android