Build Information
Failed to build TauTUI, reference main (16ccb9), with Swift 6.4 for watchOS using Xcode 27.0 on 28 Sep 2026 05:46:10 UTC.
Build Command
env DEVELOPER_DIR=/Applications/Xcode-27.0.0-Release.Candidate.app xcrun xcodebuild -IDEClonedSourcePackagesDirPathOverride=$PWD/.dependencies -skipMacroValidation -skipPackagePluginValidation -derivedDataPath $PWD/.derivedData build -scheme TauTUI-Package -destination generic/platform=watchOSBuild Log
SwiftCompile normal arm64 /Users/admin/builder/spi-builder-workspace/.dependencies/checkouts/swift-displaywidth/Sources/DisplayWidth/DisplayWidth.swift (in target 'DisplayWidth' from project 'swift-displaywidth')
cd /Users/admin/builder/spi-builder-workspace/.swiftpm/xcode
builtin-SwiftPerFileCompile DisplayWidth.swift
SwiftDriverJobDiscovery normal arm64 Compiling UnicodeData.swift (in target 'DisplayWidth' from project 'swift-displaywidth')
SwiftCompile normal arm64_32 Compiling\ UnicodeData.swift /Users/admin/builder/spi-builder-workspace/.dependencies/checkouts/swift-displaywidth/Sources/DisplayWidth/UnicodeData.swift (in target 'DisplayWidth' from project 'swift-displaywidth')
SwiftCompile normal arm64_32 /Users/admin/builder/spi-builder-workspace/.dependencies/checkouts/swift-displaywidth/Sources/DisplayWidth/UnicodeData.swift (in target 'DisplayWidth' from project 'swift-displaywidth')
cd /Users/admin/builder/spi-builder-workspace/.swiftpm/xcode
builtin-SwiftPerFileCompile UnicodeData.swift
SwiftDriverJobDiscovery normal arm64 Compiling PlainTextConvertibleMarkup.swift, RawMarkup.swift, BlockDirective.swift, BlockQuote.swift, CustomBlock.swift, DoxygenAbstract.swift, DoxygenDiscussion.swift (in target 'Markdown' from project 'swift-markdown')
SwiftCompile normal arm64_32 Compiling\ EastAsianWidthAttribute.swift /Users/admin/builder/spi-builder-workspace/.dependencies/checkouts/swift-displaywidth/Sources/DisplayWidth/EastAsianWidthAttribute.swift (in target 'DisplayWidth' from project 'swift-displaywidth')
SwiftCompile normal arm64_32 /Users/admin/builder/spi-builder-workspace/.dependencies/checkouts/swift-displaywidth/Sources/DisplayWidth/EastAsianWidthAttribute.swift (in target 'DisplayWidth' from project 'swift-displaywidth')
cd /Users/admin/builder/spi-builder-workspace/.swiftpm/xcode
builtin-SwiftPerFileCompile EastAsianWidthAttribute.swift
SwiftDriverJobDiscovery normal arm64 Compiling LazySplitLines.swift, ParseOptions.swift, RangeAdjuster.swift, RangerTracker.swift, MarkupRewriter.swift, BasicBlockContainer.swift, BasicInlineContainer.swift (in target 'Markdown' from project 'swift-markdown')
SwiftCompile normal arm64 Compiling\ BinarySearch.swift /Users/admin/builder/spi-builder-workspace/.dependencies/checkouts/swift-displaywidth/Sources/DisplayWidth/BinarySearch.swift (in target 'DisplayWidth' from project 'swift-displaywidth')
SwiftCompile normal arm64 /Users/admin/builder/spi-builder-workspace/.dependencies/checkouts/swift-displaywidth/Sources/DisplayWidth/BinarySearch.swift (in target 'DisplayWidth' from project 'swift-displaywidth')
cd /Users/admin/builder/spi-builder-workspace/.swiftpm/xcode
builtin-SwiftPerFileCompile BinarySearch.swift
SwiftDriverJobDiscovery normal arm64_32 Compiling UnicodeData.swift (in target 'DisplayWidth' from project 'swift-displaywidth')
SwiftCompile normal arm64 Compiling\ GeneralCategory.swift /Users/admin/builder/spi-builder-workspace/.dependencies/checkouts/swift-displaywidth/Sources/DisplayWidth/GeneralCategory.swift (in target 'DisplayWidth' from project 'swift-displaywidth')
SwiftCompile normal arm64 /Users/admin/builder/spi-builder-workspace/.dependencies/checkouts/swift-displaywidth/Sources/DisplayWidth/GeneralCategory.swift (in target 'DisplayWidth' from project 'swift-displaywidth')
cd /Users/admin/builder/spi-builder-workspace/.swiftpm/xcode
builtin-SwiftPerFileCompile GeneralCategory.swift
SwiftDriverJobDiscovery normal arm64_32 Compiling LocaleAwareDisplayWidth.swift (in target 'DisplayWidth' from project 'swift-displaywidth')
SwiftCompile normal arm64_32 Compiling\ UnicodeData.generated.swift /Users/admin/builder/spi-builder-workspace/.dependencies/checkouts/swift-displaywidth/Sources/DisplayWidth/UnicodeData.generated.swift (in target 'DisplayWidth' from project 'swift-displaywidth')
SwiftCompile normal arm64_32 /Users/admin/builder/spi-builder-workspace/.dependencies/checkouts/swift-displaywidth/Sources/DisplayWidth/UnicodeData.generated.swift (in target 'DisplayWidth' from project 'swift-displaywidth')
cd /Users/admin/builder/spi-builder-workspace/.swiftpm/xcode
builtin-SwiftPerFileCompile UnicodeData.generated.swift
SwiftDriverJobDiscovery normal arm64_32 Compiling EastAsianWidthAttribute.swift (in target 'DisplayWidth' from project 'swift-displaywidth')
SwiftCompile normal arm64 Compiling\ LocaleAwareDisplayWidth.swift /Users/admin/builder/spi-builder-workspace/.dependencies/checkouts/swift-displaywidth/Sources/DisplayWidth/LocaleAwareDisplayWidth.swift (in target 'DisplayWidth' from project 'swift-displaywidth')
SwiftCompile normal arm64 /Users/admin/builder/spi-builder-workspace/.dependencies/checkouts/swift-displaywidth/Sources/DisplayWidth/LocaleAwareDisplayWidth.swift (in target 'DisplayWidth' from project 'swift-displaywidth')
cd /Users/admin/builder/spi-builder-workspace/.swiftpm/xcode
builtin-SwiftPerFileCompile LocaleAwareDisplayWidth.swift
SwiftDriverJobDiscovery normal arm64_32 Compiling DisplayWidth.swift (in target 'DisplayWidth' from project 'swift-displaywidth')
SwiftCompile normal arm64 Compiling\ EastAsianWidthAttribute.swift /Users/admin/builder/spi-builder-workspace/.dependencies/checkouts/swift-displaywidth/Sources/DisplayWidth/EastAsianWidthAttribute.swift (in target 'DisplayWidth' from project 'swift-displaywidth')
SwiftCompile normal arm64 /Users/admin/builder/spi-builder-workspace/.dependencies/checkouts/swift-displaywidth/Sources/DisplayWidth/EastAsianWidthAttribute.swift (in target 'DisplayWidth' from project 'swift-displaywidth')
cd /Users/admin/builder/spi-builder-workspace/.swiftpm/xcode
builtin-SwiftPerFileCompile EastAsianWidthAttribute.swift
SwiftDriverJobDiscovery normal arm64_32 Compiling LineBreak.swift, SoftBreak.swift, SymbolLink.swift, Text.swift, Aside.swift, BlockDirectiveParser.swift, CommonMarkConverter.swift (in target 'Markdown' from project 'swift-markdown')
SwiftCompile normal arm64 Compiling\ UnicodeData.generated.swift /Users/admin/builder/spi-builder-workspace/.dependencies/checkouts/swift-displaywidth/Sources/DisplayWidth/UnicodeData.generated.swift (in target 'DisplayWidth' from project 'swift-displaywidth')
SwiftCompile normal arm64 /Users/admin/builder/spi-builder-workspace/.dependencies/checkouts/swift-displaywidth/Sources/DisplayWidth/UnicodeData.generated.swift (in target 'DisplayWidth' from project 'swift-displaywidth')
cd /Users/admin/builder/spi-builder-workspace/.swiftpm/xcode
builtin-SwiftPerFileCompile UnicodeData.generated.swift
SwiftDriverJobDiscovery normal arm64 Compiling CodeBlock.swift, HTMLBlock.swift, Heading.swift, ThematicBreak.swift, Table.swift, TableBody.swift, TableCell.swift (in target 'Markdown' from project 'swift-markdown')
SwiftDriverJobDiscovery normal arm64 Compiling DisplayWidth.swift (in target 'DisplayWidth' from project 'swift-displaywidth')
SwiftDriver\ Compilation Markdown normal arm64 com.apple.xcode.tools.swift.compiler (in target 'Markdown' from project 'swift-markdown')
cd /Users/admin/builder/spi-builder-workspace/.swiftpm/xcode
builtin-Swift-Compilation -- /Applications/Xcode-27.0.0-Release.Candidate.app/Contents/Developer/Toolchains/XcodeDefault.xctoolchain/usr/bin/swiftc -parse-as-library -module-name Markdown -Onone @/Users/admin/builder/spi-builder-workspace/.derivedData/Build/Intermediates.noindex/swift-markdown.build/Debug-watchos/Markdown-t.build/Objects-normal/arm64/Markdown.SwiftFileList -DSWIFT_PACKAGE -DDEBUG -DSWIFT_MODULE_RESOURCE_BUNDLE_UNAVAILABLE -Xcc -fmodule-map-file\=/Users/admin/builder/spi-builder-workspace/.dependencies/checkouts/swift-cmark/src/include/module.modulemap -Xcc -fmodule-map-file\=/Users/admin/builder/spi-builder-workspace/.dependencies/checkouts/swift-cmark/extensions/include/module.modulemap -Xcc -fmodule-map-file\=/Users/admin/builder/spi-builder-workspace/.dependencies/checkouts/swift-markdown/Sources/CAtomic/include/module.modulemap -DXcode -plugin-path /Applications/Xcode-27.0.0-Release.Candidate.app/Contents/Developer/Toolchains/XcodeDefault.xctoolchain/usr/lib/swift/host/plugins/testing -enable-experimental-feature DebugDescriptionMacro -sdk /Applications/Xcode-27.0.0-Release.Candidate.app/Contents/Developer/Platforms/WatchOS.platform/Developer/SDKs/WatchOS27.0.sdk -target arm64-apple-watchos9.0 -g -module-cache-path /Users/admin/builder/spi-builder-workspace/.derivedData/ModuleCache.noindex -Xfrontend -serialize-debugging-options -profile-coverage-mapping -profile-generate -enable-testing -suppress-warnings -index-store-path /Users/admin/builder/spi-builder-workspace/.derivedData/Index.noindex/DataStore -Xcc -D_LIBCPP_HARDENING_MODE\=_LIBCPP_HARDENING_MODE_DEBUG -swift-version 5 -I /Users/admin/builder/spi-builder-workspace/.derivedData/Build/Products/Debug-watchos -Isystem /Applications/Xcode-27.0.0-Release.Candidate.app/Contents/Developer/Platforms/WatchOS.platform/Developer/usr/lib -F /Users/admin/builder/spi-builder-workspace/.derivedData/Build/Products/Debug-watchos/PackageFrameworks -F /Users/admin/builder/spi-builder-workspace/.derivedData/Build/Products/Debug-watchos -F /Applications/Xcode-27.0.0-Release.Candidate.app/Contents/Developer/Platforms/WatchOS.platform/Developer/Library/Frameworks -F /Applications/Xcode-27.0.0-Release.Candidate.app/Contents/Developer/Platforms/WatchOS.platform/Developer/SDKs/WatchOS27.0.sdk/Developer/Library/Frameworks -c -j10 -enable-batch-mode -incremental -Xcc -ivfsstatcache -Xcc /Users/admin/builder/spi-builder-workspace/.derivedData/SDKStatCaches.noindex/watchos27.0-24R360-e829b21a6f8c9b70876ba0858053c04477534ef55a1706bf4c1112bbb242f0a2.sdkstatcache -output-file-map /Users/admin/builder/spi-builder-workspace/.derivedData/Build/Intermediates.noindex/swift-markdown.build/Debug-watchos/Markdown-t.build/Objects-normal/arm64/Markdown-OutputFileMap.json -save-temps -no-color-diagnostics -explicit-module-build -module-cache-path /Users/admin/builder/spi-builder-workspace/.derivedData/Build/Intermediates.noindex/SwiftExplicitPrecompiledModules -clang-scanner-module-cache-path /Users/admin/builder/spi-builder-workspace/.derivedData/ModuleCache.noindex -sdk-module-cache-path /Users/admin/builder/spi-builder-workspace/.derivedData/SDKExplicitPrecompiledModules -emit-dependencies -emit-module -emit-module-path /Users/admin/builder/spi-builder-workspace/.derivedData/Build/Intermediates.noindex/swift-markdown.build/Debug-watchos/Markdown-t.build/Objects-normal/arm64/Markdown.swiftmodule -serialize-diagnostics -dependency-scan-serialize-diagnostics-path /Users/admin/builder/spi-builder-workspace/.derivedData/Build/Intermediates.noindex/swift-markdown.build/Debug-watchos/Markdown-t.build/Objects-normal/arm64/Markdown-dependency-scan.dia -user-module-version 0.9.0 -validate-clang-modules-once -clang-build-session-file /Users/admin/builder/spi-builder-workspace/.derivedData/ModuleCache.noindex/Session.modulevalidation -Xcc -fmodules-prune-interval\=86400 -Xcc -fmodules-prune-after\=345600 -package-name swift_markdown -emit-const-values -const-gather-protocols-list /Users/admin/builder/spi-builder-workspace/.derivedData/Build/Intermediates.noindex/swift-markdown.build/Debug-watchos/Markdown-t.build/Objects-normal/arm64/Markdown_const_extract_protocols.json -Xcc -I/Users/admin/builder/spi-builder-workspace/.dependencies/checkouts/swift-cmark/src/include -Xcc -I/Users/admin/builder/spi-builder-workspace/.dependencies/checkouts/swift-cmark/extensions/include -Xcc -I/Users/admin/builder/spi-builder-workspace/.dependencies/checkouts/swift-markdown/Sources/CAtomic/include -Xcc -I/Users/admin/builder/spi-builder-workspace/.derivedData/Build/Products/Debug-watchos/include -Xcc -I/Users/admin/builder/spi-builder-workspace/.derivedData/Build/Intermediates.noindex/swift-markdown.build/Debug-watchos/Markdown-t.build/DerivedSources-normal/arm64 -Xcc -I/Users/admin/builder/spi-builder-workspace/.derivedData/Build/Intermediates.noindex/swift-markdown.build/Debug-watchos/Markdown-t.build/DerivedSources/arm64 -Xcc -I/Users/admin/builder/spi-builder-workspace/.derivedData/Build/Intermediates.noindex/swift-markdown.build/Debug-watchos/Markdown-t.build/DerivedSources -Xcc -DSWIFT_PACKAGE -Xcc -DDEBUG\=1 -emit-objc-header -emit-objc-header-path /Users/admin/builder/spi-builder-workspace/.derivedData/Build/Intermediates.noindex/swift-markdown.build/Debug-watchos/Markdown-t.build/Objects-normal/arm64/Markdown-Swift.h -working-directory /Users/admin/builder/spi-builder-workspace/.swiftpm/xcode -experimental-emit-module-separately -disable-cmo
SwiftCompile normal arm64_32 Compiling\ BinarySearch.swift /Users/admin/builder/spi-builder-workspace/.dependencies/checkouts/swift-displaywidth/Sources/DisplayWidth/BinarySearch.swift (in target 'DisplayWidth' from project 'swift-displaywidth')
SwiftCompile normal arm64_32 /Users/admin/builder/spi-builder-workspace/.dependencies/checkouts/swift-displaywidth/Sources/DisplayWidth/BinarySearch.swift (in target 'DisplayWidth' from project 'swift-displaywidth')
cd /Users/admin/builder/spi-builder-workspace/.swiftpm/xcode
builtin-SwiftPerFileCompile BinarySearch.swift
SwiftCompile normal arm64_32 Compiling\ GeneralCategory.swift /Users/admin/builder/spi-builder-workspace/.dependencies/checkouts/swift-displaywidth/Sources/DisplayWidth/GeneralCategory.swift (in target 'DisplayWidth' from project 'swift-displaywidth')
SwiftCompile normal arm64_32 /Users/admin/builder/spi-builder-workspace/.dependencies/checkouts/swift-displaywidth/Sources/DisplayWidth/GeneralCategory.swift (in target 'DisplayWidth' from project 'swift-displaywidth')
cd /Users/admin/builder/spi-builder-workspace/.swiftpm/xcode
builtin-SwiftPerFileCompile GeneralCategory.swift
SwiftDriverJobDiscovery normal arm64 Compiling BinarySearch.swift (in target 'DisplayWidth' from project 'swift-displaywidth')
ScanDependencies /Users/admin/builder/spi-builder-workspace/.derivedData/Build/Intermediates.noindex/swift-system.build/Debug-watchos/CSystem-t.build/Objects-normal/arm64_32/shims.o /Users/admin/builder/spi-builder-workspace/.dependencies/checkouts/swift-system/Sources/CSystem/shims.c normal arm64_32 c com.apple.compilers.llvm.clang.1_0.compiler (in target 'CSystem' from project 'swift-system')
cd /Users/admin/builder/spi-builder-workspace/.swiftpm/xcode
Using response file: /Users/admin/builder/spi-builder-workspace/.derivedData/Build/Intermediates.noindex/swift-system.build/Debug-watchos/CSystem-t.build/Objects-normal/arm64_32/7187679823f38a2a940e0043cdf9d637-common-args.resp
builtin-ScanDependencies -o /Users/admin/builder/spi-builder-workspace/.derivedData/Build/Intermediates.noindex/swift-system.build/Debug-watchos/CSystem-t.build/Objects-normal/arm64_32/shims.o.scan -- /Applications/Xcode-27.0.0-Release.Candidate.app/Contents/Developer/Toolchains/XcodeDefault.xctoolchain/usr/bin/clang -x c -ivfsstatcache /Users/admin/builder/spi-builder-workspace/.derivedData/SDKStatCaches.noindex/watchos27.0-24R360-e829b21a6f8c9b70876ba0858053c04477534ef55a1706bf4c1112bbb242f0a2.sdkstatcache -target arm64_32-apple-watchos9.0 -fmessage-length\=0 -fdiagnostics-show-note-include-stack -fmacro-backtrace-limit\=0 -fno-color-diagnostics -fmodules-prune-interval\=86400 -fmodules-prune-after\=345600 -fbuild-session-file\=/Users/admin/builder/spi-builder-workspace/.derivedData/ModuleCache.noindex/Session.modulevalidation -fmodules-validate-once-per-build-session -Wnon-modular-include-in-framework-module -Werror\=non-modular-include-in-framework-module -Wno-trigraphs -Wno-missing-field-initializers -Wno-missing-prototypes -Wno-return-type -Wno-missing-braces -Wparentheses -Wswitch -Wno-unused-function -Wno-unused-label -Wno-unused-parameter -Wno-unused-variable -Wunused-value -Wno-empty-body -Wno-uninitialized -Wno-unknown-pragmas -w -Wno-shadow -Wno-four-char-constants -Wno-conversion -Wno-constant-conversion -Wno-int-conversion -Wno-bool-conversion -Wno-enum-conversion -Wno-float-conversion -Wno-non-literal-null-conversion -Wno-objc-literal-conversion -Wno-shorten-64-to-32 -Wpointer-sign -Wno-newline-eof -Wno-implicit-fallthrough -isysroot /Applications/Xcode-27.0.0-Release.Candidate.app/Contents/Developer/Platforms/WatchOS.platform/Developer/SDKs/WatchOS27.0.sdk -fstrict-aliasing -Wdeprecated-declarations -Wno-sign-conversion -Wno-infinite-recursion -Wno-comma -Wno-block-capture-autoreleasing -Wno-strict-prototypes -Wno-semicolon-before-method-body -index-store-path /Users/admin/builder/spi-builder-workspace/.derivedData/Index.noindex/DataStore @/Users/admin/builder/spi-builder-workspace/.derivedData/Build/Intermediates.noindex/swift-system.build/Debug-watchos/CSystem-t.build/Objects-normal/arm64_32/7187679823f38a2a940e0043cdf9d637-common-args.resp -MMD -MT dependencies -MF /Users/admin/builder/spi-builder-workspace/.derivedData/Build/Intermediates.noindex/swift-system.build/Debug-watchos/CSystem-t.build/Objects-normal/arm64_32/shims.d --serialize-diagnostics /Users/admin/builder/spi-builder-workspace/.derivedData/Build/Intermediates.noindex/swift-system.build/Debug-watchos/CSystem-t.build/Objects-normal/arm64_32/shims.dia -c /Users/admin/builder/spi-builder-workspace/.dependencies/checkouts/swift-system/Sources/CSystem/shims.c -o /Users/admin/builder/spi-builder-workspace/.derivedData/Build/Intermediates.noindex/swift-system.build/Debug-watchos/CSystem-t.build/Objects-normal/arm64_32/shims.o -index-unit-output-path /swift-system.build/Debug-watchos/CSystem-t.build/Objects-normal/arm64_32/shims.o
SwiftDriverJobDiscovery normal arm64 Compiling GeneralCategory.swift (in target 'DisplayWidth' from project 'swift-displaywidth')
ScanDependencies /Users/admin/builder/spi-builder-workspace/.derivedData/Build/Intermediates.noindex/swift-system.build/Debug-watchos/CSystem-t.build/Objects-normal/arm64/shims.o /Users/admin/builder/spi-builder-workspace/.dependencies/checkouts/swift-system/Sources/CSystem/shims.c normal arm64 c com.apple.compilers.llvm.clang.1_0.compiler (in target 'CSystem' from project 'swift-system')
cd /Users/admin/builder/spi-builder-workspace/.swiftpm/xcode
Using response file: /Users/admin/builder/spi-builder-workspace/.derivedData/Build/Intermediates.noindex/swift-system.build/Debug-watchos/CSystem-t.build/Objects-normal/arm64/7187679823f38a2a940e0043cdf9d637-common-args.resp
builtin-ScanDependencies -o /Users/admin/builder/spi-builder-workspace/.derivedData/Build/Intermediates.noindex/swift-system.build/Debug-watchos/CSystem-t.build/Objects-normal/arm64/shims.o.scan -- /Applications/Xcode-27.0.0-Release.Candidate.app/Contents/Developer/Toolchains/XcodeDefault.xctoolchain/usr/bin/clang -x c -ivfsstatcache /Users/admin/builder/spi-builder-workspace/.derivedData/SDKStatCaches.noindex/watchos27.0-24R360-e829b21a6f8c9b70876ba0858053c04477534ef55a1706bf4c1112bbb242f0a2.sdkstatcache -target arm64-apple-watchos9.0 -fmessage-length\=0 -fdiagnostics-show-note-include-stack -fmacro-backtrace-limit\=0 -fno-color-diagnostics -fmodules-prune-interval\=86400 -fmodules-prune-after\=345600 -fbuild-session-file\=/Users/admin/builder/spi-builder-workspace/.derivedData/ModuleCache.noindex/Session.modulevalidation -fmodules-validate-once-per-build-session -Wnon-modular-include-in-framework-module -Werror\=non-modular-include-in-framework-module -Wno-trigraphs -Wno-missing-field-initializers -Wno-missing-prototypes -Wno-return-type -Wno-missing-braces -Wparentheses -Wswitch -Wno-unused-function -Wno-unused-label -Wno-unused-parameter -Wno-unused-variable -Wunused-value -Wno-empty-body -Wno-uninitialized -Wno-unknown-pragmas -w -Wno-shadow -Wno-four-char-constants -Wno-conversion -Wno-constant-conversion -Wno-int-conversion -Wno-bool-conversion -Wno-enum-conversion -Wno-float-conversion -Wno-non-literal-null-conversion -Wno-objc-literal-conversion -Wshorten-64-to-32 -Wpointer-sign -Wno-newline-eof -Wno-implicit-fallthrough -isysroot /Applications/Xcode-27.0.0-Release.Candidate.app/Contents/Developer/Platforms/WatchOS.platform/Developer/SDKs/WatchOS27.0.sdk -fstrict-aliasing -Wdeprecated-declarations -Wno-sign-conversion -Wno-infinite-recursion -Wno-comma -Wno-block-capture-autoreleasing -Wno-strict-prototypes -Wno-semicolon-before-method-body -index-store-path /Users/admin/builder/spi-builder-workspace/.derivedData/Index.noindex/DataStore @/Users/admin/builder/spi-builder-workspace/.derivedData/Build/Intermediates.noindex/swift-system.build/Debug-watchos/CSystem-t.build/Objects-normal/arm64/7187679823f38a2a940e0043cdf9d637-common-args.resp -MMD -MT dependencies -MF /Users/admin/builder/spi-builder-workspace/.derivedData/Build/Intermediates.noindex/swift-system.build/Debug-watchos/CSystem-t.build/Objects-normal/arm64/shims.d --serialize-diagnostics /Users/admin/builder/spi-builder-workspace/.derivedData/Build/Intermediates.noindex/swift-system.build/Debug-watchos/CSystem-t.build/Objects-normal/arm64/shims.dia -c /Users/admin/builder/spi-builder-workspace/.dependencies/checkouts/swift-system/Sources/CSystem/shims.c -o /Users/admin/builder/spi-builder-workspace/.derivedData/Build/Intermediates.noindex/swift-system.build/Debug-watchos/CSystem-t.build/Objects-normal/arm64/shims.o -index-unit-output-path /swift-system.build/Debug-watchos/CSystem-t.build/Objects-normal/arm64/shims.o
CompileC /Users/admin/builder/spi-builder-workspace/.derivedData/Build/Intermediates.noindex/swift-system.build/Debug-watchos/CSystem-t.build/Objects-normal/arm64_32/shims.o /Users/admin/builder/spi-builder-workspace/.dependencies/checkouts/swift-system/Sources/CSystem/shims.c normal arm64_32 c com.apple.compilers.llvm.clang.1_0.compiler (in target 'CSystem' from project 'swift-system')
cd /Users/admin/builder/spi-builder-workspace/.swiftpm/xcode
Using response file: /Users/admin/builder/spi-builder-workspace/.derivedData/Build/Intermediates.noindex/swift-system.build/Debug-watchos/CSystem-t.build/Objects-normal/arm64_32/7187679823f38a2a940e0043cdf9d637-common-args.resp
/Applications/Xcode-27.0.0-Release.Candidate.app/Contents/Developer/Toolchains/XcodeDefault.xctoolchain/usr/bin/clang -x c -ivfsstatcache /Users/admin/builder/spi-builder-workspace/.derivedData/SDKStatCaches.noindex/watchos27.0-24R360-e829b21a6f8c9b70876ba0858053c04477534ef55a1706bf4c1112bbb242f0a2.sdkstatcache -target arm64_32-apple-watchos9.0 -fmessage-length\=0 -fdiagnostics-show-note-include-stack -fmacro-backtrace-limit\=0 -fno-color-diagnostics -fmodules-prune-interval\=86400 -fmodules-prune-after\=345600 -fbuild-session-file\=/Users/admin/builder/spi-builder-workspace/.derivedData/ModuleCache.noindex/Session.modulevalidation -fmodules-validate-once-per-build-session -Wnon-modular-include-in-framework-module -Werror\=non-modular-include-in-framework-module -Wno-trigraphs -Wno-missing-field-initializers -Wno-missing-prototypes -Wno-return-type -Wno-missing-braces -Wparentheses -Wswitch -Wno-unused-function -Wno-unused-label -Wno-unused-parameter -Wno-unused-variable -Wunused-value -Wno-empty-body -Wno-uninitialized -Wno-unknown-pragmas -w -Wno-shadow -Wno-four-char-constants -Wno-conversion -Wno-constant-conversion -Wno-int-conversion -Wno-bool-conversion -Wno-enum-conversion -Wno-float-conversion -Wno-non-literal-null-conversion -Wno-objc-literal-conversion -Wno-shorten-64-to-32 -Wpointer-sign -Wno-newline-eof -Wno-implicit-fallthrough -isysroot /Applications/Xcode-27.0.0-Release.Candidate.app/Contents/Developer/Platforms/WatchOS.platform/Developer/SDKs/WatchOS27.0.sdk -fstrict-aliasing -Wdeprecated-declarations -Wno-sign-conversion -Wno-infinite-recursion -Wno-comma -Wno-block-capture-autoreleasing -Wno-strict-prototypes -Wno-semicolon-before-method-body -index-store-path /Users/admin/builder/spi-builder-workspace/.derivedData/Index.noindex/DataStore @/Users/admin/builder/spi-builder-workspace/.derivedData/Build/Intermediates.noindex/swift-system.build/Debug-watchos/CSystem-t.build/Objects-normal/arm64_32/7187679823f38a2a940e0043cdf9d637-common-args.resp -MMD -MT dependencies -MF /Users/admin/builder/spi-builder-workspace/.derivedData/Build/Intermediates.noindex/swift-system.build/Debug-watchos/CSystem-t.build/Objects-normal/arm64_32/shims.d --serialize-diagnostics /Users/admin/builder/spi-builder-workspace/.derivedData/Build/Intermediates.noindex/swift-system.build/Debug-watchos/CSystem-t.build/Objects-normal/arm64_32/shims.dia -c /Users/admin/builder/spi-builder-workspace/.dependencies/checkouts/swift-system/Sources/CSystem/shims.c -o /Users/admin/builder/spi-builder-workspace/.derivedData/Build/Intermediates.noindex/swift-system.build/Debug-watchos/CSystem-t.build/Objects-normal/arm64_32/shims.o -index-unit-output-path /swift-system.build/Debug-watchos/CSystem-t.build/Objects-normal/arm64_32/shims.o
SwiftDriverJobDiscovery normal arm64 Compiling EastAsianWidthAttribute.swift (in target 'DisplayWidth' from project 'swift-displaywidth')
ScanDependencies /Users/admin/builder/spi-builder-workspace/.derivedData/Build/Intermediates.noindex/swift-markdown.build/Debug-watchos/CAtomic-t.build/Objects-normal/arm64_32/CAtomic.o /Users/admin/builder/spi-builder-workspace/.dependencies/checkouts/swift-markdown/Sources/CAtomic/CAtomic.c normal arm64_32 c com.apple.compilers.llvm.clang.1_0.compiler (in target 'CAtomic' from project 'swift-markdown')
cd /Users/admin/builder/spi-builder-workspace/.swiftpm/xcode
Using response file: /Users/admin/builder/spi-builder-workspace/.derivedData/Build/Intermediates.noindex/swift-markdown.build/Debug-watchos/CAtomic-t.build/Objects-normal/arm64_32/7187679823f38a2a940e0043cdf9d637-common-args.resp
builtin-ScanDependencies -o /Users/admin/builder/spi-builder-workspace/.derivedData/Build/Intermediates.noindex/swift-markdown.build/Debug-watchos/CAtomic-t.build/Objects-normal/arm64_32/CAtomic.o.scan -- /Applications/Xcode-27.0.0-Release.Candidate.app/Contents/Developer/Toolchains/XcodeDefault.xctoolchain/usr/bin/clang -x c -ivfsstatcache /Users/admin/builder/spi-builder-workspace/.derivedData/SDKStatCaches.noindex/watchos27.0-24R360-e829b21a6f8c9b70876ba0858053c04477534ef55a1706bf4c1112bbb242f0a2.sdkstatcache -target arm64_32-apple-watchos9.0 -fmessage-length\=0 -fdiagnostics-show-note-include-stack -fmacro-backtrace-limit\=0 -fno-color-diagnostics -fmodules-prune-interval\=86400 -fmodules-prune-after\=345600 -fbuild-session-file\=/Users/admin/builder/spi-builder-workspace/.derivedData/ModuleCache.noindex/Session.modulevalidation -fmodules-validate-once-per-build-session -Wnon-modular-include-in-framework-module -Werror\=non-modular-include-in-framework-module -Wno-trigraphs -Wno-missing-field-initializers -Wno-missing-prototypes -Wno-return-type -Wno-missing-braces -Wparentheses -Wswitch -Wno-unused-function -Wno-unused-label -Wno-unused-parameter -Wno-unused-variable -Wunused-value -Wno-empty-body -Wno-uninitialized -Wno-unknown-pragmas -w -Wno-shadow -Wno-four-char-constants -Wno-conversion -Wno-constant-conversion -Wno-int-conversion -Wno-bool-conversion -Wno-enum-conversion -Wno-float-conversion -Wno-non-literal-null-conversion -Wno-objc-literal-conversion -Wno-shorten-64-to-32 -Wpointer-sign -Wno-newline-eof -Wno-implicit-fallthrough -isysroot /Applications/Xcode-27.0.0-Release.Candidate.app/Contents/Developer/Platforms/WatchOS.platform/Developer/SDKs/WatchOS27.0.sdk -fstrict-aliasing -Wdeprecated-declarations -Wno-sign-conversion -Wno-infinite-recursion -Wno-comma -Wno-block-capture-autoreleasing -Wno-strict-prototypes -Wno-semicolon-before-method-body -index-store-path /Users/admin/builder/spi-builder-workspace/.derivedData/Index.noindex/DataStore @/Users/admin/builder/spi-builder-workspace/.derivedData/Build/Intermediates.noindex/swift-markdown.build/Debug-watchos/CAtomic-t.build/Objects-normal/arm64_32/7187679823f38a2a940e0043cdf9d637-common-args.resp -MMD -MT dependencies -MF /Users/admin/builder/spi-builder-workspace/.derivedData/Build/Intermediates.noindex/swift-markdown.build/Debug-watchos/CAtomic-t.build/Objects-normal/arm64_32/CAtomic.d --serialize-diagnostics /Users/admin/builder/spi-builder-workspace/.derivedData/Build/Intermediates.noindex/swift-markdown.build/Debug-watchos/CAtomic-t.build/Objects-normal/arm64_32/CAtomic.dia -c /Users/admin/builder/spi-builder-workspace/.dependencies/checkouts/swift-markdown/Sources/CAtomic/CAtomic.c -o /Users/admin/builder/spi-builder-workspace/.derivedData/Build/Intermediates.noindex/swift-markdown.build/Debug-watchos/CAtomic-t.build/Objects-normal/arm64_32/CAtomic.o -index-unit-output-path /swift-markdown.build/Debug-watchos/CAtomic-t.build/Objects-normal/arm64_32/CAtomic.o
SwiftDriverJobDiscovery normal arm64 Compiling LocaleAwareDisplayWidth.swift (in target 'DisplayWidth' from project 'swift-displaywidth')
ScanDependencies /Users/admin/builder/spi-builder-workspace/.derivedData/Build/Intermediates.noindex/swift-markdown.build/Debug-watchos/CAtomic-t.build/Objects-normal/arm64/CAtomic.o /Users/admin/builder/spi-builder-workspace/.dependencies/checkouts/swift-markdown/Sources/CAtomic/CAtomic.c normal arm64 c com.apple.compilers.llvm.clang.1_0.compiler (in target 'CAtomic' from project 'swift-markdown')
cd /Users/admin/builder/spi-builder-workspace/.swiftpm/xcode
Using response file: /Users/admin/builder/spi-builder-workspace/.derivedData/Build/Intermediates.noindex/swift-markdown.build/Debug-watchos/CAtomic-t.build/Objects-normal/arm64/7187679823f38a2a940e0043cdf9d637-common-args.resp
builtin-ScanDependencies -o /Users/admin/builder/spi-builder-workspace/.derivedData/Build/Intermediates.noindex/swift-markdown.build/Debug-watchos/CAtomic-t.build/Objects-normal/arm64/CAtomic.o.scan -- /Applications/Xcode-27.0.0-Release.Candidate.app/Contents/Developer/Toolchains/XcodeDefault.xctoolchain/usr/bin/clang -x c -ivfsstatcache /Users/admin/builder/spi-builder-workspace/.derivedData/SDKStatCaches.noindex/watchos27.0-24R360-e829b21a6f8c9b70876ba0858053c04477534ef55a1706bf4c1112bbb242f0a2.sdkstatcache -target arm64-apple-watchos9.0 -fmessage-length\=0 -fdiagnostics-show-note-include-stack -fmacro-backtrace-limit\=0 -fno-color-diagnostics -fmodules-prune-interval\=86400 -fmodules-prune-after\=345600 -fbuild-session-file\=/Users/admin/builder/spi-builder-workspace/.derivedData/ModuleCache.noindex/Session.modulevalidation -fmodules-validate-once-per-build-session -Wnon-modular-include-in-framework-module -Werror\=non-modular-include-in-framework-module -Wno-trigraphs -Wno-missing-field-initializers -Wno-missing-prototypes -Wno-return-type -Wno-missing-braces -Wparentheses -Wswitch -Wno-unused-function -Wno-unused-label -Wno-unused-parameter -Wno-unused-variable -Wunused-value -Wno-empty-body -Wno-uninitialized -Wno-unknown-pragmas -w -Wno-shadow -Wno-four-char-constants -Wno-conversion -Wno-constant-conversion -Wno-int-conversion -Wno-bool-conversion -Wno-enum-conversion -Wno-float-conversion -Wno-non-literal-null-conversion -Wno-objc-literal-conversion -Wshorten-64-to-32 -Wpointer-sign -Wno-newline-eof -Wno-implicit-fallthrough -isysroot /Applications/Xcode-27.0.0-Release.Candidate.app/Contents/Developer/Platforms/WatchOS.platform/Developer/SDKs/WatchOS27.0.sdk -fstrict-aliasing -Wdeprecated-declarations -Wno-sign-conversion -Wno-infinite-recursion -Wno-comma -Wno-block-capture-autoreleasing -Wno-strict-prototypes -Wno-semicolon-before-method-body -index-store-path /Users/admin/builder/spi-builder-workspace/.derivedData/Index.noindex/DataStore @/Users/admin/builder/spi-builder-workspace/.derivedData/Build/Intermediates.noindex/swift-markdown.build/Debug-watchos/CAtomic-t.build/Objects-normal/arm64/7187679823f38a2a940e0043cdf9d637-common-args.resp -MMD -MT dependencies -MF /Users/admin/builder/spi-builder-workspace/.derivedData/Build/Intermediates.noindex/swift-markdown.build/Debug-watchos/CAtomic-t.build/Objects-normal/arm64/CAtomic.d --serialize-diagnostics /Users/admin/builder/spi-builder-workspace/.derivedData/Build/Intermediates.noindex/swift-markdown.build/Debug-watchos/CAtomic-t.build/Objects-normal/arm64/CAtomic.dia -c /Users/admin/builder/spi-builder-workspace/.dependencies/checkouts/swift-markdown/Sources/CAtomic/CAtomic.c -o /Users/admin/builder/spi-builder-workspace/.derivedData/Build/Intermediates.noindex/swift-markdown.build/Debug-watchos/CAtomic-t.build/Objects-normal/arm64/CAtomic.o -index-unit-output-path /swift-markdown.build/Debug-watchos/CAtomic-t.build/Objects-normal/arm64/CAtomic.o
SwiftDriverJobDiscovery normal arm64_32 Compiling BinarySearch.swift (in target 'DisplayWidth' from project 'swift-displaywidth')
Ld /Users/admin/builder/spi-builder-workspace/.derivedData/Build/Intermediates.noindex/swift-system.build/Debug-watchos/CSystem-t.build/Objects-normal/arm64_32/Binary/CSystem.o normal arm64_32 (in target 'CSystem' from project 'swift-system')
cd /Users/admin/builder/spi-builder-workspace/.dependencies/checkouts/swift-system
/Applications/Xcode-27.0.0-Release.Candidate.app/Contents/Developer/Toolchains/XcodeDefault.xctoolchain/usr/bin/clang -Xlinker -reproducible -target arm64_32-apple-watchos9.0 -r -isysroot /Applications/Xcode-27.0.0-Release.Candidate.app/Contents/Developer/Platforms/WatchOS.platform/Developer/SDKs/WatchOS27.0.sdk -O0 -w -Xlinker -no_warn_duplicate_libraries -F/Users/admin/builder/spi-builder-workspace/.derivedData/Build/Intermediates.noindex/EagerLinkingTBDs/Debug-watchos -F/Users/admin/builder/spi-builder-workspace/.derivedData/Build/Products/Debug-watchos -iframework /Applications/Xcode-27.0.0-Release.Candidate.app/Contents/Developer/Platforms/WatchOS.platform/Developer/Library/Frameworks -iframework /Applications/Xcode-27.0.0-Release.Candidate.app/Contents/Developer/Platforms/WatchOS.platform/Developer/SDKs/WatchOS27.0.sdk/Developer/Library/Frameworks -filelist /Users/admin/builder/spi-builder-workspace/.derivedData/Build/Intermediates.noindex/swift-system.build/Debug-watchos/CSystem-t.build/Objects-normal/arm64_32/CSystem.LinkFileList -nostdlib -Xlinker -object_path_lto -Xlinker /Users/admin/builder/spi-builder-workspace/.derivedData/Build/Intermediates.noindex/swift-system.build/Debug-watchos/CSystem-t.build/Objects-normal/arm64_32/CSystem_lto.o -Xlinker -no_deduplicate -Xlinker -debug_variant -Xlinker -dependency_info -Xlinker /Users/admin/builder/spi-builder-workspace/.derivedData/Build/Intermediates.noindex/swift-system.build/Debug-watchos/CSystem-t.build/Objects-normal/arm64_32/CSystem_dependency_info.dat -o /Users/admin/builder/spi-builder-workspace/.derivedData/Build/Intermediates.noindex/swift-system.build/Debug-watchos/CSystem-t.build/Objects-normal/arm64_32/Binary/CSystem.o
CompileC /Users/admin/builder/spi-builder-workspace/.derivedData/Build/Intermediates.noindex/swift-system.build/Debug-watchos/CSystem-t.build/Objects-normal/arm64/shims.o /Users/admin/builder/spi-builder-workspace/.dependencies/checkouts/swift-system/Sources/CSystem/shims.c normal arm64 c com.apple.compilers.llvm.clang.1_0.compiler (in target 'CSystem' from project 'swift-system')
cd /Users/admin/builder/spi-builder-workspace/.swiftpm/xcode
Using response file: /Users/admin/builder/spi-builder-workspace/.derivedData/Build/Intermediates.noindex/swift-system.build/Debug-watchos/CSystem-t.build/Objects-normal/arm64/7187679823f38a2a940e0043cdf9d637-common-args.resp
/Applications/Xcode-27.0.0-Release.Candidate.app/Contents/Developer/Toolchains/XcodeDefault.xctoolchain/usr/bin/clang -x c -ivfsstatcache /Users/admin/builder/spi-builder-workspace/.derivedData/SDKStatCaches.noindex/watchos27.0-24R360-e829b21a6f8c9b70876ba0858053c04477534ef55a1706bf4c1112bbb242f0a2.sdkstatcache -target arm64-apple-watchos9.0 -fmessage-length\=0 -fdiagnostics-show-note-include-stack -fmacro-backtrace-limit\=0 -fno-color-diagnostics -fmodules-prune-interval\=86400 -fmodules-prune-after\=345600 -fbuild-session-file\=/Users/admin/builder/spi-builder-workspace/.derivedData/ModuleCache.noindex/Session.modulevalidation -fmodules-validate-once-per-build-session -Wnon-modular-include-in-framework-module -Werror\=non-modular-include-in-framework-module -Wno-trigraphs -Wno-missing-field-initializers -Wno-missing-prototypes -Wno-return-type -Wno-missing-braces -Wparentheses -Wswitch -Wno-unused-function -Wno-unused-label -Wno-unused-parameter -Wno-unused-variable -Wunused-value -Wno-empty-body -Wno-uninitialized -Wno-unknown-pragmas -w -Wno-shadow -Wno-four-char-constants -Wno-conversion -Wno-constant-conversion -Wno-int-conversion -Wno-bool-conversion -Wno-enum-conversion -Wno-float-conversion -Wno-non-literal-null-conversion -Wno-objc-literal-conversion -Wshorten-64-to-32 -Wpointer-sign -Wno-newline-eof -Wno-implicit-fallthrough -isysroot /Applications/Xcode-27.0.0-Release.Candidate.app/Contents/Developer/Platforms/WatchOS.platform/Developer/SDKs/WatchOS27.0.sdk -fstrict-aliasing -Wdeprecated-declarations -Wno-sign-conversion -Wno-infinite-recursion -Wno-comma -Wno-block-capture-autoreleasing -Wno-strict-prototypes -Wno-semicolon-before-method-body -index-store-path /Users/admin/builder/spi-builder-workspace/.derivedData/Index.noindex/DataStore @/Users/admin/builder/spi-builder-workspace/.derivedData/Build/Intermediates.noindex/swift-system.build/Debug-watchos/CSystem-t.build/Objects-normal/arm64/7187679823f38a2a940e0043cdf9d637-common-args.resp -MMD -MT dependencies -MF /Users/admin/builder/spi-builder-workspace/.derivedData/Build/Intermediates.noindex/swift-system.build/Debug-watchos/CSystem-t.build/Objects-normal/arm64/shims.d --serialize-diagnostics /Users/admin/builder/spi-builder-workspace/.derivedData/Build/Intermediates.noindex/swift-system.build/Debug-watchos/CSystem-t.build/Objects-normal/arm64/shims.dia -c /Users/admin/builder/spi-builder-workspace/.dependencies/checkouts/swift-system/Sources/CSystem/shims.c -o /Users/admin/builder/spi-builder-workspace/.derivedData/Build/Intermediates.noindex/swift-system.build/Debug-watchos/CSystem-t.build/Objects-normal/arm64/shims.o -index-unit-output-path /swift-system.build/Debug-watchos/CSystem-t.build/Objects-normal/arm64/shims.o
CompileC /Users/admin/builder/spi-builder-workspace/.derivedData/Build/Intermediates.noindex/swift-markdown.build/Debug-watchos/CAtomic-t.build/Objects-normal/arm64_32/CAtomic.o /Users/admin/builder/spi-builder-workspace/.dependencies/checkouts/swift-markdown/Sources/CAtomic/CAtomic.c normal arm64_32 c com.apple.compilers.llvm.clang.1_0.compiler (in target 'CAtomic' from project 'swift-markdown')
cd /Users/admin/builder/spi-builder-workspace/.swiftpm/xcode
Using response file: /Users/admin/builder/spi-builder-workspace/.derivedData/Build/Intermediates.noindex/swift-markdown.build/Debug-watchos/CAtomic-t.build/Objects-normal/arm64_32/7187679823f38a2a940e0043cdf9d637-common-args.resp
/Applications/Xcode-27.0.0-Release.Candidate.app/Contents/Developer/Toolchains/XcodeDefault.xctoolchain/usr/bin/clang -x c -ivfsstatcache /Users/admin/builder/spi-builder-workspace/.derivedData/SDKStatCaches.noindex/watchos27.0-24R360-e829b21a6f8c9b70876ba0858053c04477534ef55a1706bf4c1112bbb242f0a2.sdkstatcache -target arm64_32-apple-watchos9.0 -fmessage-length\=0 -fdiagnostics-show-note-include-stack -fmacro-backtrace-limit\=0 -fno-color-diagnostics -fmodules-prune-interval\=86400 -fmodules-prune-after\=345600 -fbuild-session-file\=/Users/admin/builder/spi-builder-workspace/.derivedData/ModuleCache.noindex/Session.modulevalidation -fmodules-validate-once-per-build-session -Wnon-modular-include-in-framework-module -Werror\=non-modular-include-in-framework-module -Wno-trigraphs -Wno-missing-field-initializers -Wno-missing-prototypes -Wno-return-type -Wno-missing-braces -Wparentheses -Wswitch -Wno-unused-function -Wno-unused-label -Wno-unused-parameter -Wno-unused-variable -Wunused-value -Wno-empty-body -Wno-uninitialized -Wno-unknown-pragmas -w -Wno-shadow -Wno-four-char-constants -Wno-conversion -Wno-constant-conversion -Wno-int-conversion -Wno-bool-conversion -Wno-enum-conversion -Wno-float-conversion -Wno-non-literal-null-conversion -Wno-objc-literal-conversion -Wno-shorten-64-to-32 -Wpointer-sign -Wno-newline-eof -Wno-implicit-fallthrough -isysroot /Applications/Xcode-27.0.0-Release.Candidate.app/Contents/Developer/Platforms/WatchOS.platform/Developer/SDKs/WatchOS27.0.sdk -fstrict-aliasing -Wdeprecated-declarations -Wno-sign-conversion -Wno-infinite-recursion -Wno-comma -Wno-block-capture-autoreleasing -Wno-strict-prototypes -Wno-semicolon-before-method-body -index-store-path /Users/admin/builder/spi-builder-workspace/.derivedData/Index.noindex/DataStore @/Users/admin/builder/spi-builder-workspace/.derivedData/Build/Intermediates.noindex/swift-markdown.build/Debug-watchos/CAtomic-t.build/Objects-normal/arm64_32/7187679823f38a2a940e0043cdf9d637-common-args.resp -MMD -MT dependencies -MF /Users/admin/builder/spi-builder-workspace/.derivedData/Build/Intermediates.noindex/swift-markdown.build/Debug-watchos/CAtomic-t.build/Objects-normal/arm64_32/CAtomic.d --serialize-diagnostics /Users/admin/builder/spi-builder-workspace/.derivedData/Build/Intermediates.noindex/swift-markdown.build/Debug-watchos/CAtomic-t.build/Objects-normal/arm64_32/CAtomic.dia -c /Users/admin/builder/spi-builder-workspace/.dependencies/checkouts/swift-markdown/Sources/CAtomic/CAtomic.c -o /Users/admin/builder/spi-builder-workspace/.derivedData/Build/Intermediates.noindex/swift-markdown.build/Debug-watchos/CAtomic-t.build/Objects-normal/arm64_32/CAtomic.o -index-unit-output-path /swift-markdown.build/Debug-watchos/CAtomic-t.build/Objects-normal/arm64_32/CAtomic.o
Ld /Users/admin/builder/spi-builder-workspace/.derivedData/Build/Intermediates.noindex/cmark-gfm.build/Debug-watchos/cmark-gfm-extensions-t.build/Objects-normal/arm64_32/Binary/cmark-gfm-extensions.o normal arm64_32 (in target 'cmark-gfm-extensions' from project 'cmark-gfm')
cd /Users/admin/builder/spi-builder-workspace/.dependencies/checkouts/swift-cmark
/Applications/Xcode-27.0.0-Release.Candidate.app/Contents/Developer/Toolchains/XcodeDefault.xctoolchain/usr/bin/clang -Xlinker -reproducible -target arm64_32-apple-watchos9.0 -r -isysroot /Applications/Xcode-27.0.0-Release.Candidate.app/Contents/Developer/Platforms/WatchOS.platform/Developer/SDKs/WatchOS27.0.sdk -O0 -w -Xlinker -no_warn_duplicate_libraries -F/Users/admin/builder/spi-builder-workspace/.derivedData/Build/Intermediates.noindex/EagerLinkingTBDs/Debug-watchos -F/Users/admin/builder/spi-builder-workspace/.derivedData/Build/Products/Debug-watchos/PackageFrameworks -F/Users/admin/builder/spi-builder-workspace/.derivedData/Build/Products/Debug-watchos -iframework /Applications/Xcode-27.0.0-Release.Candidate.app/Contents/Developer/Platforms/WatchOS.platform/Developer/Library/Frameworks -iframework /Applications/Xcode-27.0.0-Release.Candidate.app/Contents/Developer/Platforms/WatchOS.platform/Developer/SDKs/WatchOS27.0.sdk/Developer/Library/Frameworks -filelist /Users/admin/builder/spi-builder-workspace/.derivedData/Build/Intermediates.noindex/cmark-gfm.build/Debug-watchos/cmark-gfm-extensions-t.build/Objects-normal/arm64_32/cmark-gfm-extensions.LinkFileList -nostdlib -Xlinker -object_path_lto -Xlinker /Users/admin/builder/spi-builder-workspace/.derivedData/Build/Intermediates.noindex/cmark-gfm.build/Debug-watchos/cmark-gfm-extensions-t.build/Objects-normal/arm64_32/cmark-gfm-extensions_lto.o -Xlinker -no_deduplicate -Xlinker -debug_variant -Xlinker -dependency_info -Xlinker /Users/admin/builder/spi-builder-workspace/.derivedData/Build/Intermediates.noindex/cmark-gfm.build/Debug-watchos/cmark-gfm-extensions-t.build/Objects-normal/arm64_32/cmark-gfm-extensions_dependency_info.dat -o /Users/admin/builder/spi-builder-workspace/.derivedData/Build/Intermediates.noindex/cmark-gfm.build/Debug-watchos/cmark-gfm-extensions-t.build/Objects-normal/arm64_32/Binary/cmark-gfm-extensions.o
Ld /Users/admin/builder/spi-builder-workspace/.derivedData/Build/Intermediates.noindex/cmark-gfm.build/Debug-watchos/cmark-gfm-extensions-t.build/Objects-normal/arm64/Binary/cmark-gfm-extensions.o normal arm64 (in target 'cmark-gfm-extensions' from project 'cmark-gfm')
cd /Users/admin/builder/spi-builder-workspace/.dependencies/checkouts/swift-cmark
/Applications/Xcode-27.0.0-Release.Candidate.app/Contents/Developer/Toolchains/XcodeDefault.xctoolchain/usr/bin/clang -Xlinker -reproducible -target arm64-apple-watchos9.0 -r -isysroot /Applications/Xcode-27.0.0-Release.Candidate.app/Contents/Developer/Platforms/WatchOS.platform/Developer/SDKs/WatchOS27.0.sdk -O0 -w -Xlinker -no_warn_duplicate_libraries -F/Users/admin/builder/spi-builder-workspace/.derivedData/Build/Intermediates.noindex/EagerLinkingTBDs/Debug-watchos -F/Users/admin/builder/spi-builder-workspace/.derivedData/Build/Products/Debug-watchos/PackageFrameworks -F/Users/admin/builder/spi-builder-workspace/.derivedData/Build/Products/Debug-watchos -iframework /Applications/Xcode-27.0.0-Release.Candidate.app/Contents/Developer/Platforms/WatchOS.platform/Developer/Library/Frameworks -iframework /Applications/Xcode-27.0.0-Release.Candidate.app/Contents/Developer/Platforms/WatchOS.platform/Developer/SDKs/WatchOS27.0.sdk/Developer/Library/Frameworks -filelist /Users/admin/builder/spi-builder-workspace/.derivedData/Build/Intermediates.noindex/cmark-gfm.build/Debug-watchos/cmark-gfm-extensions-t.build/Objects-normal/arm64/cmark-gfm-extensions.LinkFileList -nostdlib -Xlinker -object_path_lto -Xlinker /Users/admin/builder/spi-builder-workspace/.derivedData/Build/Intermediates.noindex/cmark-gfm.build/Debug-watchos/cmark-gfm-extensions-t.build/Objects-normal/arm64/cmark-gfm-extensions_lto.o -Xlinker -no_deduplicate -Xlinker -debug_variant -Xlinker -dependency_info -Xlinker /Users/admin/builder/spi-builder-workspace/.derivedData/Build/Intermediates.noindex/cmark-gfm.build/Debug-watchos/cmark-gfm-extensions-t.build/Objects-normal/arm64/cmark-gfm-extensions_dependency_info.dat -o /Users/admin/builder/spi-builder-workspace/.derivedData/Build/Intermediates.noindex/cmark-gfm.build/Debug-watchos/cmark-gfm-extensions-t.build/Objects-normal/arm64/Binary/cmark-gfm-extensions.o
CompileC /Users/admin/builder/spi-builder-workspace/.derivedData/Build/Intermediates.noindex/swift-markdown.build/Debug-watchos/CAtomic-t.build/Objects-normal/arm64/CAtomic.o /Users/admin/builder/spi-builder-workspace/.dependencies/checkouts/swift-markdown/Sources/CAtomic/CAtomic.c normal arm64 c com.apple.compilers.llvm.clang.1_0.compiler (in target 'CAtomic' from project 'swift-markdown')
cd /Users/admin/builder/spi-builder-workspace/.swiftpm/xcode
Using response file: /Users/admin/builder/spi-builder-workspace/.derivedData/Build/Intermediates.noindex/swift-markdown.build/Debug-watchos/CAtomic-t.build/Objects-normal/arm64/7187679823f38a2a940e0043cdf9d637-common-args.resp
/Applications/Xcode-27.0.0-Release.Candidate.app/Contents/Developer/Toolchains/XcodeDefault.xctoolchain/usr/bin/clang -x c -ivfsstatcache /Users/admin/builder/spi-builder-workspace/.derivedData/SDKStatCaches.noindex/watchos27.0-24R360-e829b21a6f8c9b70876ba0858053c04477534ef55a1706bf4c1112bbb242f0a2.sdkstatcache -target arm64-apple-watchos9.0 -fmessage-length\=0 -fdiagnostics-show-note-include-stack -fmacro-backtrace-limit\=0 -fno-color-diagnostics -fmodules-prune-interval\=86400 -fmodules-prune-after\=345600 -fbuild-session-file\=/Users/admin/builder/spi-builder-workspace/.derivedData/ModuleCache.noindex/Session.modulevalidation -fmodules-validate-once-per-build-session -Wnon-modular-include-in-framework-module -Werror\=non-modular-include-in-framework-module -Wno-trigraphs -Wno-missing-field-initializers -Wno-missing-prototypes -Wno-return-type -Wno-missing-braces -Wparentheses -Wswitch -Wno-unused-function -Wno-unused-label -Wno-unused-parameter -Wno-unused-variable -Wunused-value -Wno-empty-body -Wno-uninitialized -Wno-unknown-pragmas -w -Wno-shadow -Wno-four-char-constants -Wno-conversion -Wno-constant-conversion -Wno-int-conversion -Wno-bool-conversion -Wno-enum-conversion -Wno-float-conversion -Wno-non-literal-null-conversion -Wno-objc-literal-conversion -Wshorten-64-to-32 -Wpointer-sign -Wno-newline-eof -Wno-implicit-fallthrough -isysroot /Applications/Xcode-27.0.0-Release.Candidate.app/Contents/Developer/Platforms/WatchOS.platform/Developer/SDKs/WatchOS27.0.sdk -fstrict-aliasing -Wdeprecated-declarations -Wno-sign-conversion -Wno-infinite-recursion -Wno-comma -Wno-block-capture-autoreleasing -Wno-strict-prototypes -Wno-semicolon-before-method-body -index-store-path /Users/admin/builder/spi-builder-workspace/.derivedData/Index.noindex/DataStore @/Users/admin/builder/spi-builder-workspace/.derivedData/Build/Intermediates.noindex/swift-markdown.build/Debug-watchos/CAtomic-t.build/Objects-normal/arm64/7187679823f38a2a940e0043cdf9d637-common-args.resp -MMD -MT dependencies -MF /Users/admin/builder/spi-builder-workspace/.derivedData/Build/Intermediates.noindex/swift-markdown.build/Debug-watchos/CAtomic-t.build/Objects-normal/arm64/CAtomic.d --serialize-diagnostics /Users/admin/builder/spi-builder-workspace/.derivedData/Build/Intermediates.noindex/swift-markdown.build/Debug-watchos/CAtomic-t.build/Objects-normal/arm64/CAtomic.dia -c /Users/admin/builder/spi-builder-workspace/.dependencies/checkouts/swift-markdown/Sources/CAtomic/CAtomic.c -o /Users/admin/builder/spi-builder-workspace/.derivedData/Build/Intermediates.noindex/swift-markdown.build/Debug-watchos/CAtomic-t.build/Objects-normal/arm64/CAtomic.o -index-unit-output-path /swift-markdown.build/Debug-watchos/CAtomic-t.build/Objects-normal/arm64/CAtomic.o
SwiftDriverJobDiscovery normal arm64_32 Compiling GeneralCategory.swift (in target 'DisplayWidth' from project 'swift-displaywidth')
Ld /Users/admin/builder/spi-builder-workspace/.derivedData/Build/Intermediates.noindex/swift-markdown.build/Debug-watchos/CAtomic-t.build/Objects-normal/arm64_32/Binary/CAtomic.o normal arm64_32 (in target 'CAtomic' from project 'swift-markdown')
cd /Users/admin/builder/spi-builder-workspace/.dependencies/checkouts/swift-markdown
/Applications/Xcode-27.0.0-Release.Candidate.app/Contents/Developer/Toolchains/XcodeDefault.xctoolchain/usr/bin/clang -Xlinker -reproducible -target arm64_32-apple-watchos9.0 -r -isysroot /Applications/Xcode-27.0.0-Release.Candidate.app/Contents/Developer/Platforms/WatchOS.platform/Developer/SDKs/WatchOS27.0.sdk -O0 -w -Xlinker -no_warn_duplicate_libraries -F/Users/admin/builder/spi-builder-workspace/.derivedData/Build/Intermediates.noindex/EagerLinkingTBDs/Debug-watchos -F/Users/admin/builder/spi-builder-workspace/.derivedData/Build/Products/Debug-watchos -iframework /Applications/Xcode-27.0.0-Release.Candidate.app/Contents/Developer/Platforms/WatchOS.platform/Developer/Library/Frameworks -iframework /Applications/Xcode-27.0.0-Release.Candidate.app/Contents/Developer/Platforms/WatchOS.platform/Developer/SDKs/WatchOS27.0.sdk/Developer/Library/Frameworks -filelist /Users/admin/builder/spi-builder-workspace/.derivedData/Build/Intermediates.noindex/swift-markdown.build/Debug-watchos/CAtomic-t.build/Objects-normal/arm64_32/CAtomic.LinkFileList -nostdlib -Xlinker -object_path_lto -Xlinker /Users/admin/builder/spi-builder-workspace/.derivedData/Build/Intermediates.noindex/swift-markdown.build/Debug-watchos/CAtomic-t.build/Objects-normal/arm64_32/CAtomic_lto.o -Xlinker -no_deduplicate -Xlinker -debug_variant -Xlinker -dependency_info -Xlinker /Users/admin/builder/spi-builder-workspace/.derivedData/Build/Intermediates.noindex/swift-markdown.build/Debug-watchos/CAtomic-t.build/Objects-normal/arm64_32/CAtomic_dependency_info.dat -o /Users/admin/builder/spi-builder-workspace/.derivedData/Build/Intermediates.noindex/swift-markdown.build/Debug-watchos/CAtomic-t.build/Objects-normal/arm64_32/Binary/CAtomic.o
Ld /Users/admin/builder/spi-builder-workspace/.derivedData/Build/Intermediates.noindex/swift-system.build/Debug-watchos/CSystem-t.build/Objects-normal/arm64/Binary/CSystem.o normal arm64 (in target 'CSystem' from project 'swift-system')
cd /Users/admin/builder/spi-builder-workspace/.dependencies/checkouts/swift-system
/Applications/Xcode-27.0.0-Release.Candidate.app/Contents/Developer/Toolchains/XcodeDefault.xctoolchain/usr/bin/clang -Xlinker -reproducible -target arm64-apple-watchos9.0 -r -isysroot /Applications/Xcode-27.0.0-Release.Candidate.app/Contents/Developer/Platforms/WatchOS.platform/Developer/SDKs/WatchOS27.0.sdk -O0 -w -Xlinker -no_warn_duplicate_libraries -F/Users/admin/builder/spi-builder-workspace/.derivedData/Build/Intermediates.noindex/EagerLinkingTBDs/Debug-watchos -F/Users/admin/builder/spi-builder-workspace/.derivedData/Build/Products/Debug-watchos -iframework /Applications/Xcode-27.0.0-Release.Candidate.app/Contents/Developer/Platforms/WatchOS.platform/Developer/Library/Frameworks -iframework /Applications/Xcode-27.0.0-Release.Candidate.app/Contents/Developer/Platforms/WatchOS.platform/Developer/SDKs/WatchOS27.0.sdk/Developer/Library/Frameworks -filelist /Users/admin/builder/spi-builder-workspace/.derivedData/Build/Intermediates.noindex/swift-system.build/Debug-watchos/CSystem-t.build/Objects-normal/arm64/CSystem.LinkFileList -nostdlib -Xlinker -object_path_lto -Xlinker /Users/admin/builder/spi-builder-workspace/.derivedData/Build/Intermediates.noindex/swift-system.build/Debug-watchos/CSystem-t.build/Objects-normal/arm64/CSystem_lto.o -Xlinker -no_deduplicate -Xlinker -debug_variant -Xlinker -dependency_info -Xlinker /Users/admin/builder/spi-builder-workspace/.derivedData/Build/Intermediates.noindex/swift-system.build/Debug-watchos/CSystem-t.build/Objects-normal/arm64/CSystem_dependency_info.dat -o /Users/admin/builder/spi-builder-workspace/.derivedData/Build/Intermediates.noindex/swift-system.build/Debug-watchos/CSystem-t.build/Objects-normal/arm64/Binary/CSystem.o
Ld /Users/admin/builder/spi-builder-workspace/.derivedData/Build/Intermediates.noindex/swift-markdown.build/Debug-watchos/CAtomic-t.build/Objects-normal/arm64/Binary/CAtomic.o normal arm64 (in target 'CAtomic' from project 'swift-markdown')
cd /Users/admin/builder/spi-builder-workspace/.dependencies/checkouts/swift-markdown
/Applications/Xcode-27.0.0-Release.Candidate.app/Contents/Developer/Toolchains/XcodeDefault.xctoolchain/usr/bin/clang -Xlinker -reproducible -target arm64-apple-watchos9.0 -r -isysroot /Applications/Xcode-27.0.0-Release.Candidate.app/Contents/Developer/Platforms/WatchOS.platform/Developer/SDKs/WatchOS27.0.sdk -O0 -w -Xlinker -no_warn_duplicate_libraries -F/Users/admin/builder/spi-builder-workspace/.derivedData/Build/Intermediates.noindex/EagerLinkingTBDs/Debug-watchos -F/Users/admin/builder/spi-builder-workspace/.derivedData/Build/Products/Debug-watchos -iframework /Applications/Xcode-27.0.0-Release.Candidate.app/Contents/Developer/Platforms/WatchOS.platform/Developer/Library/Frameworks -iframework /Applications/Xcode-27.0.0-Release.Candidate.app/Contents/Developer/Platforms/WatchOS.platform/Developer/SDKs/WatchOS27.0.sdk/Developer/Library/Frameworks -filelist /Users/admin/builder/spi-builder-workspace/.derivedData/Build/Intermediates.noindex/swift-markdown.build/Debug-watchos/CAtomic-t.build/Objects-normal/arm64/CAtomic.LinkFileList -nostdlib -Xlinker -object_path_lto -Xlinker /Users/admin/builder/spi-builder-workspace/.derivedData/Build/Intermediates.noindex/swift-markdown.build/Debug-watchos/CAtomic-t.build/Objects-normal/arm64/CAtomic_lto.o -Xlinker -no_deduplicate -Xlinker -debug_variant -Xlinker -dependency_info -Xlinker /Users/admin/builder/spi-builder-workspace/.derivedData/Build/Intermediates.noindex/swift-markdown.build/Debug-watchos/CAtomic-t.build/Objects-normal/arm64/CAtomic_dependency_info.dat -o /Users/admin/builder/spi-builder-workspace/.derivedData/Build/Intermediates.noindex/swift-markdown.build/Debug-watchos/CAtomic-t.build/Objects-normal/arm64/Binary/CAtomic.o
CreateUniversalBinary /Users/admin/builder/spi-builder-workspace/.derivedData/Build/Products/Debug-watchos/cmark-gfm-extensions.o normal arm64\ arm64_32 (in target 'cmark-gfm-extensions' from project 'cmark-gfm')
cd /Users/admin/builder/spi-builder-workspace/.dependencies/checkouts/swift-cmark
/Applications/Xcode-27.0.0-Release.Candidate.app/Contents/Developer/Toolchains/XcodeDefault.xctoolchain/usr/bin/lipo -create /Users/admin/builder/spi-builder-workspace/.derivedData/Build/Intermediates.noindex/cmark-gfm.build/Debug-watchos/cmark-gfm-extensions-t.build/Objects-normal/arm64/Binary/cmark-gfm-extensions.o /Users/admin/builder/spi-builder-workspace/.derivedData/Build/Intermediates.noindex/cmark-gfm.build/Debug-watchos/cmark-gfm-extensions-t.build/Objects-normal/arm64_32/Binary/cmark-gfm-extensions.o -output /Users/admin/builder/spi-builder-workspace/.derivedData/Build/Products/Debug-watchos/cmark-gfm-extensions.o
CreateUniversalBinary /Users/admin/builder/spi-builder-workspace/.derivedData/Build/Products/Debug-watchos/CSystem.o normal arm64\ arm64_32 (in target 'CSystem' from project 'swift-system')
cd /Users/admin/builder/spi-builder-workspace/.dependencies/checkouts/swift-system
/Applications/Xcode-27.0.0-Release.Candidate.app/Contents/Developer/Toolchains/XcodeDefault.xctoolchain/usr/bin/lipo -create /Users/admin/builder/spi-builder-workspace/.derivedData/Build/Intermediates.noindex/swift-system.build/Debug-watchos/CSystem-t.build/Objects-normal/arm64/Binary/CSystem.o /Users/admin/builder/spi-builder-workspace/.derivedData/Build/Intermediates.noindex/swift-system.build/Debug-watchos/CSystem-t.build/Objects-normal/arm64_32/Binary/CSystem.o -output /Users/admin/builder/spi-builder-workspace/.derivedData/Build/Products/Debug-watchos/CSystem.o
Ld /Users/admin/builder/spi-builder-workspace/.derivedData/Build/Intermediates.noindex/swift-system.build/Debug-watchos/SystemPackage-t.build/Objects-normal/arm64_32/Binary/SystemPackage.o normal arm64_32 (in target 'SystemPackage' from project 'swift-system')
cd /Users/admin/builder/spi-builder-workspace/.dependencies/checkouts/swift-system
/Applications/Xcode-27.0.0-Release.Candidate.app/Contents/Developer/Toolchains/XcodeDefault.xctoolchain/usr/bin/clang -Xlinker -reproducible -target arm64_32-apple-watchos9.0 -r -isysroot /Applications/Xcode-27.0.0-Release.Candidate.app/Contents/Developer/Platforms/WatchOS.platform/Developer/SDKs/WatchOS27.0.sdk -O0 -w -Xlinker -no_warn_duplicate_libraries -F/Users/admin/builder/spi-builder-workspace/.derivedData/Build/Intermediates.noindex/EagerLinkingTBDs/Debug-watchos -F/Users/admin/builder/spi-builder-workspace/.derivedData/Build/Products/Debug-watchos/PackageFrameworks -F/Users/admin/builder/spi-builder-workspace/.derivedData/Build/Products/Debug-watchos -iframework /Applications/Xcode-27.0.0-Release.Candidate.app/Contents/Developer/Platforms/WatchOS.platform/Developer/Library/Frameworks -iframework /Applications/Xcode-27.0.0-Release.Candidate.app/Contents/Developer/Platforms/WatchOS.platform/Developer/SDKs/WatchOS27.0.sdk/Developer/Library/Frameworks -filelist /Users/admin/builder/spi-builder-workspace/.derivedData/Build/Intermediates.noindex/swift-system.build/Debug-watchos/SystemPackage-t.build/Objects-normal/arm64_32/SystemPackage.LinkFileList -nostdlib -Xlinker -object_path_lto -Xlinker /Users/admin/builder/spi-builder-workspace/.derivedData/Build/Intermediates.noindex/swift-system.build/Debug-watchos/SystemPackage-t.build/Objects-normal/arm64_32/SystemPackage_lto.o -Xlinker -no_deduplicate -Xlinker -debug_variant -Xlinker -dependency_info -Xlinker /Users/admin/builder/spi-builder-workspace/.derivedData/Build/Intermediates.noindex/swift-system.build/Debug-watchos/SystemPackage-t.build/Objects-normal/arm64_32/SystemPackage_dependency_info.dat -fobjc-link-runtime -L/Applications/Xcode-27.0.0-Release.Candidate.app/Contents/Developer/Toolchains/XcodeDefault.xctoolchain/usr/lib/swift/watchos -L/usr/lib/swift -Xlinker -add_ast_path -Xlinker /Users/admin/builder/spi-builder-workspace/.derivedData/Build/Intermediates.noindex/swift-system.build/Debug-watchos/SystemPackage-t.build/Objects-normal/arm64_32/SystemPackage.swiftmodule -o /Users/admin/builder/spi-builder-workspace/.derivedData/Build/Intermediates.noindex/swift-system.build/Debug-watchos/SystemPackage-t.build/Objects-normal/arm64_32/Binary/SystemPackage.o
Ld /Users/admin/builder/spi-builder-workspace/.derivedData/Build/Intermediates.noindex/swift-system.build/Debug-watchos/SystemPackage-t.build/Objects-normal/arm64/Binary/SystemPackage.o normal arm64 (in target 'SystemPackage' from project 'swift-system')
cd /Users/admin/builder/spi-builder-workspace/.dependencies/checkouts/swift-system
/Applications/Xcode-27.0.0-Release.Candidate.app/Contents/Developer/Toolchains/XcodeDefault.xctoolchain/usr/bin/clang -Xlinker -reproducible -target arm64-apple-watchos9.0 -r -isysroot /Applications/Xcode-27.0.0-Release.Candidate.app/Contents/Developer/Platforms/WatchOS.platform/Developer/SDKs/WatchOS27.0.sdk -O0 -w -Xlinker -no_warn_duplicate_libraries -F/Users/admin/builder/spi-builder-workspace/.derivedData/Build/Intermediates.noindex/EagerLinkingTBDs/Debug-watchos -F/Users/admin/builder/spi-builder-workspace/.derivedData/Build/Products/Debug-watchos/PackageFrameworks -F/Users/admin/builder/spi-builder-workspace/.derivedData/Build/Products/Debug-watchos -iframework /Applications/Xcode-27.0.0-Release.Candidate.app/Contents/Developer/Platforms/WatchOS.platform/Developer/Library/Frameworks -iframework /Applications/Xcode-27.0.0-Release.Candidate.app/Contents/Developer/Platforms/WatchOS.platform/Developer/SDKs/WatchOS27.0.sdk/Developer/Library/Frameworks -filelist /Users/admin/builder/spi-builder-workspace/.derivedData/Build/Intermediates.noindex/swift-system.build/Debug-watchos/SystemPackage-t.build/Objects-normal/arm64/SystemPackage.LinkFileList -nostdlib -Xlinker -object_path_lto -Xlinker /Users/admin/builder/spi-builder-workspace/.derivedData/Build/Intermediates.noindex/swift-system.build/Debug-watchos/SystemPackage-t.build/Objects-normal/arm64/SystemPackage_lto.o -Xlinker -no_deduplicate -Xlinker -debug_variant -Xlinker -dependency_info -Xlinker /Users/admin/builder/spi-builder-workspace/.derivedData/Build/Intermediates.noindex/swift-system.build/Debug-watchos/SystemPackage-t.build/Objects-normal/arm64/SystemPackage_dependency_info.dat -fobjc-link-runtime -L/Applications/Xcode-27.0.0-Release.Candidate.app/Contents/Developer/Toolchains/XcodeDefault.xctoolchain/usr/lib/swift/watchos -L/usr/lib/swift -Xlinker -add_ast_path -Xlinker /Users/admin/builder/spi-builder-workspace/.derivedData/Build/Intermediates.noindex/swift-system.build/Debug-watchos/SystemPackage-t.build/Objects-normal/arm64/SystemPackage.swiftmodule -o /Users/admin/builder/spi-builder-workspace/.derivedData/Build/Intermediates.noindex/swift-system.build/Debug-watchos/SystemPackage-t.build/Objects-normal/arm64/Binary/SystemPackage.o
CreateUniversalBinary /Users/admin/builder/spi-builder-workspace/.derivedData/Build/Products/Debug-watchos/CAtomic.o normal arm64\ arm64_32 (in target 'CAtomic' from project 'swift-markdown')
cd /Users/admin/builder/spi-builder-workspace/.dependencies/checkouts/swift-markdown
/Applications/Xcode-27.0.0-Release.Candidate.app/Contents/Developer/Toolchains/XcodeDefault.xctoolchain/usr/bin/lipo -create /Users/admin/builder/spi-builder-workspace/.derivedData/Build/Intermediates.noindex/swift-markdown.build/Debug-watchos/CAtomic-t.build/Objects-normal/arm64/Binary/CAtomic.o /Users/admin/builder/spi-builder-workspace/.derivedData/Build/Intermediates.noindex/swift-markdown.build/Debug-watchos/CAtomic-t.build/Objects-normal/arm64_32/Binary/CAtomic.o -output /Users/admin/builder/spi-builder-workspace/.derivedData/Build/Products/Debug-watchos/CAtomic.o
Ld /Users/admin/builder/spi-builder-workspace/.derivedData/Build/Intermediates.noindex/swift-markdown.build/Debug-watchos/Markdown-t.build/Objects-normal/arm64/Binary/Markdown.o normal arm64 (in target 'Markdown' from project 'swift-markdown')
cd /Users/admin/builder/spi-builder-workspace/.dependencies/checkouts/swift-markdown
/Applications/Xcode-27.0.0-Release.Candidate.app/Contents/Developer/Toolchains/XcodeDefault.xctoolchain/usr/bin/clang -Xlinker -reproducible -target arm64-apple-watchos9.0 -r -isysroot /Applications/Xcode-27.0.0-Release.Candidate.app/Contents/Developer/Platforms/WatchOS.platform/Developer/SDKs/WatchOS27.0.sdk -O0 -w -Xlinker -no_warn_duplicate_libraries -F/Users/admin/builder/spi-builder-workspace/.derivedData/Build/Intermediates.noindex/EagerLinkingTBDs/Debug-watchos -F/Users/admin/builder/spi-builder-workspace/.derivedData/Build/Products/Debug-watchos/PackageFrameworks -F/Users/admin/builder/spi-builder-workspace/.derivedData/Build/Products/Debug-watchos -iframework /Applications/Xcode-27.0.0-Release.Candidate.app/Contents/Developer/Platforms/WatchOS.platform/Developer/Library/Frameworks -iframework /Applications/Xcode-27.0.0-Release.Candidate.app/Contents/Developer/Platforms/WatchOS.platform/Developer/SDKs/WatchOS27.0.sdk/Developer/Library/Frameworks -filelist /Users/admin/builder/spi-builder-workspace/.derivedData/Build/Intermediates.noindex/swift-markdown.build/Debug-watchos/Markdown-t.build/Objects-normal/arm64/Markdown.LinkFileList -nostdlib -Xlinker -object_path_lto -Xlinker /Users/admin/builder/spi-builder-workspace/.derivedData/Build/Intermediates.noindex/swift-markdown.build/Debug-watchos/Markdown-t.build/Objects-normal/arm64/Markdown_lto.o -Xlinker -no_deduplicate -Xlinker -debug_variant -Xlinker -dependency_info -Xlinker /Users/admin/builder/spi-builder-workspace/.derivedData/Build/Intermediates.noindex/swift-markdown.build/Debug-watchos/Markdown-t.build/Objects-normal/arm64/Markdown_dependency_info.dat -fobjc-link-runtime -L/Applications/Xcode-27.0.0-Release.Candidate.app/Contents/Developer/Toolchains/XcodeDefault.xctoolchain/usr/lib/swift/watchos -L/usr/lib/swift -Xlinker -add_ast_path -Xlinker /Users/admin/builder/spi-builder-workspace/.derivedData/Build/Intermediates.noindex/swift-markdown.build/Debug-watchos/Markdown-t.build/Objects-normal/arm64/Markdown.swiftmodule -o /Users/admin/builder/spi-builder-workspace/.derivedData/Build/Intermediates.noindex/swift-markdown.build/Debug-watchos/Markdown-t.build/Objects-normal/arm64/Binary/Markdown.o
CreateUniversalBinary /Users/admin/builder/spi-builder-workspace/.derivedData/Build/Products/Debug-watchos/SystemPackage.o normal arm64\ arm64_32 (in target 'SystemPackage' from project 'swift-system')
cd /Users/admin/builder/spi-builder-workspace/.dependencies/checkouts/swift-system
/Applications/Xcode-27.0.0-Release.Candidate.app/Contents/Developer/Toolchains/XcodeDefault.xctoolchain/usr/bin/lipo -create /Users/admin/builder/spi-builder-workspace/.derivedData/Build/Intermediates.noindex/swift-system.build/Debug-watchos/SystemPackage-t.build/Objects-normal/arm64/Binary/SystemPackage.o /Users/admin/builder/spi-builder-workspace/.derivedData/Build/Intermediates.noindex/swift-system.build/Debug-watchos/SystemPackage-t.build/Objects-normal/arm64_32/Binary/SystemPackage.o -output /Users/admin/builder/spi-builder-workspace/.derivedData/Build/Products/Debug-watchos/SystemPackage.o
ExtractAppIntentsMetadata (in target 'SystemPackage' from project 'swift-system')
cd /Users/admin/builder/spi-builder-workspace/.dependencies/checkouts/swift-system
/Applications/Xcode-27.0.0-Release.Candidate.app/Contents/Developer/Toolchains/XcodeDefault.xctoolchain/usr/bin/appintentsmetadataprocessor --toolchain-dir /var/run/com.apple.security.cryptexd/mnt/com.apple.MobileAsset.MetalToolchain-v27.1.266.1.1myyLL/Metal.xctoolchain --module-name SystemPackage --sdk-root /Applications/Xcode-27.0.0-Release.Candidate.app/Contents/Developer/Platforms/WatchOS.platform/Developer/SDKs/WatchOS27.0.sdk --xcode-version 27A266a --platform-family watchOS --deployment-target 9.0 --bundle-identifier swift-system.SystemPackage --output /Users/admin/builder/spi-builder-workspace/.derivedData/Build/Products/Debug-watchos/SystemPackage.appintents --target-triple arm64-apple-watchos9.0 --target-triple arm64_32-apple-watchos9.0 --binary-file /Users/admin/builder/spi-builder-workspace/.derivedData/Build/Products/Debug-watchos/SystemPackage.o --dependency-file /Users/admin/builder/spi-builder-workspace/.derivedData/Build/Intermediates.noindex/swift-system.build/Debug-watchos/SystemPackage-t.build/Objects-normal/arm64/SystemPackage_dependency_info.dat --dependency-file /Users/admin/builder/spi-builder-workspace/.derivedData/Build/Intermediates.noindex/swift-system.build/Debug-watchos/SystemPackage-t.build/Objects-normal/arm64_32/SystemPackage_dependency_info.dat --stringsdata-file /Users/admin/builder/spi-builder-workspace/.derivedData/Build/Intermediates.noindex/swift-system.build/Debug-watchos/SystemPackage-t.build/Objects-normal/arm64/ExtractedAppShortcutsMetadata.stringsdata --stringsdata-file /Users/admin/builder/spi-builder-workspace/.derivedData/Build/Intermediates.noindex/swift-system.build/Debug-watchos/SystemPackage-t.build/Objects-normal/arm64_32/ExtractedAppShortcutsMetadata.stringsdata --source-file-list /Users/admin/builder/spi-builder-workspace/.derivedData/Build/Intermediates.noindex/swift-system.build/Debug-watchos/SystemPackage-t.build/Objects-normal/arm64/SystemPackage.SwiftFileList --source-file-list /Users/admin/builder/spi-builder-workspace/.derivedData/Build/Intermediates.noindex/swift-system.build/Debug-watchos/SystemPackage-t.build/Objects-normal/arm64_32/SystemPackage.SwiftFileList --metadata-file-list /Users/admin/builder/spi-builder-workspace/.derivedData/Build/Intermediates.noindex/swift-system.build/Debug-watchos/SystemPackage-t.build/SystemPackage.DependencyMetadataFileList --static-metadata-file-list /Users/admin/builder/spi-builder-workspace/.derivedData/Build/Intermediates.noindex/swift-system.build/Debug-watchos/SystemPackage-t.build/SystemPackage.DependencyStaticMetadataFileList --swift-const-vals-list /Users/admin/builder/spi-builder-workspace/.derivedData/Build/Intermediates.noindex/swift-system.build/Debug-watchos/SystemPackage-t.build/Objects-normal/arm64/SystemPackage.SwiftConstValuesFileList --swift-const-vals-list /Users/admin/builder/spi-builder-workspace/.derivedData/Build/Intermediates.noindex/swift-system.build/Debug-watchos/SystemPackage-t.build/Objects-normal/arm64_32/SystemPackage.SwiftConstValuesFileList --force --compile-time-extraction --deployment-aware-processing --no-app-shortcuts-localization
2026-09-28 01:45:58.789 appintentsmetadataprocessor[1184:6267] Starting appintentsmetadataprocessor export
2026-09-28 01:45:58.915 appintentsmetadataprocessor[1184:6267] Extracted no relevant App Intents symbols, skipping writing output
SwiftDriverJobDiscovery normal arm64_32 Compiling CollectionExtensions.swift, StringExtensions.swift, MarkupVisitor.swift, MarkupWalker.swift, HTMLFormatter.swift, MarkupFormatter.swift, MarkupTreeDumper.swift (in target 'Markdown' from project 'swift-markdown')
SwiftDriver\ Compilation Markdown normal arm64_32 com.apple.xcode.tools.swift.compiler (in target 'Markdown' from project 'swift-markdown')
cd /Users/admin/builder/spi-builder-workspace/.swiftpm/xcode
builtin-Swift-Compilation -- /Applications/Xcode-27.0.0-Release.Candidate.app/Contents/Developer/Toolchains/XcodeDefault.xctoolchain/usr/bin/swiftc -parse-as-library -module-name Markdown -Onone @/Users/admin/builder/spi-builder-workspace/.derivedData/Build/Intermediates.noindex/swift-markdown.build/Debug-watchos/Markdown-t.build/Objects-normal/arm64_32/Markdown.SwiftFileList -DSWIFT_PACKAGE -DDEBUG -DSWIFT_MODULE_RESOURCE_BUNDLE_UNAVAILABLE -Xcc -fmodule-map-file\=/Users/admin/builder/spi-builder-workspace/.dependencies/checkouts/swift-cmark/src/include/module.modulemap -Xcc -fmodule-map-file\=/Users/admin/builder/spi-builder-workspace/.dependencies/checkouts/swift-cmark/extensions/include/module.modulemap -Xcc -fmodule-map-file\=/Users/admin/builder/spi-builder-workspace/.dependencies/checkouts/swift-markdown/Sources/CAtomic/include/module.modulemap -DXcode -plugin-path /Applications/Xcode-27.0.0-Release.Candidate.app/Contents/Developer/Toolchains/XcodeDefault.xctoolchain/usr/lib/swift/host/plugins/testing -enable-experimental-feature DebugDescriptionMacro -sdk /Applications/Xcode-27.0.0-Release.Candidate.app/Contents/Developer/Platforms/WatchOS.platform/Developer/SDKs/WatchOS27.0.sdk -target arm64_32-apple-watchos9.0 -g -module-cache-path /Users/admin/builder/spi-builder-workspace/.derivedData/ModuleCache.noindex -Xfrontend -serialize-debugging-options -profile-coverage-mapping -profile-generate -enable-testing -suppress-warnings -index-store-path /Users/admin/builder/spi-builder-workspace/.derivedData/Index.noindex/DataStore -Xcc -D_LIBCPP_HARDENING_MODE\=_LIBCPP_HARDENING_MODE_DEBUG -swift-version 5 -I /Users/admin/builder/spi-builder-workspace/.derivedData/Build/Products/Debug-watchos -Isystem /Applications/Xcode-27.0.0-Release.Candidate.app/Contents/Developer/Platforms/WatchOS.platform/Developer/usr/lib -F /Users/admin/builder/spi-builder-workspace/.derivedData/Build/Products/Debug-watchos/PackageFrameworks -F /Users/admin/builder/spi-builder-workspace/.derivedData/Build/Products/Debug-watchos -F /Applications/Xcode-27.0.0-Release.Candidate.app/Contents/Developer/Platforms/WatchOS.platform/Developer/Library/Frameworks -F /Applications/Xcode-27.0.0-Release.Candidate.app/Contents/Developer/Platforms/WatchOS.platform/Developer/SDKs/WatchOS27.0.sdk/Developer/Library/Frameworks -c -j10 -enable-batch-mode -incremental -Xcc -ivfsstatcache -Xcc /Users/admin/builder/spi-builder-workspace/.derivedData/SDKStatCaches.noindex/watchos27.0-24R360-e829b21a6f8c9b70876ba0858053c04477534ef55a1706bf4c1112bbb242f0a2.sdkstatcache -output-file-map /Users/admin/builder/spi-builder-workspace/.derivedData/Build/Intermediates.noindex/swift-markdown.build/Debug-watchos/Markdown-t.build/Objects-normal/arm64_32/Markdown-OutputFileMap.json -save-temps -no-color-diagnostics -explicit-module-build -module-cache-path /Users/admin/builder/spi-builder-workspace/.derivedData/Build/Intermediates.noindex/SwiftExplicitPrecompiledModules -clang-scanner-module-cache-path /Users/admin/builder/spi-builder-workspace/.derivedData/ModuleCache.noindex -sdk-module-cache-path /Users/admin/builder/spi-builder-workspace/.derivedData/SDKExplicitPrecompiledModules -emit-dependencies -emit-module -emit-module-path /Users/admin/builder/spi-builder-workspace/.derivedData/Build/Intermediates.noindex/swift-markdown.build/Debug-watchos/Markdown-t.build/Objects-normal/arm64_32/Markdown.swiftmodule -serialize-diagnostics -dependency-scan-serialize-diagnostics-path /Users/admin/builder/spi-builder-workspace/.derivedData/Build/Intermediates.noindex/swift-markdown.build/Debug-watchos/Markdown-t.build/Objects-normal/arm64_32/Markdown-dependency-scan.dia -user-module-version 0.9.0 -validate-clang-modules-once -clang-build-session-file /Users/admin/builder/spi-builder-workspace/.derivedData/ModuleCache.noindex/Session.modulevalidation -Xcc -fmodules-prune-interval\=86400 -Xcc -fmodules-prune-after\=345600 -package-name swift_markdown -emit-const-values -const-gather-protocols-list /Users/admin/builder/spi-builder-workspace/.derivedData/Build/Intermediates.noindex/swift-markdown.build/Debug-watchos/Markdown-t.build/Objects-normal/arm64_32/Markdown_const_extract_protocols.json -Xcc -I/Users/admin/builder/spi-builder-workspace/.dependencies/checkouts/swift-cmark/src/include -Xcc -I/Users/admin/builder/spi-builder-workspace/.dependencies/checkouts/swift-cmark/extensions/include -Xcc -I/Users/admin/builder/spi-builder-workspace/.dependencies/checkouts/swift-markdown/Sources/CAtomic/include -Xcc -I/Users/admin/builder/spi-builder-workspace/.derivedData/Build/Products/Debug-watchos/include -Xcc -I/Users/admin/builder/spi-builder-workspace/.derivedData/Build/Intermediates.noindex/swift-markdown.build/Debug-watchos/Markdown-t.build/DerivedSources-normal/arm64_32 -Xcc -I/Users/admin/builder/spi-builder-workspace/.derivedData/Build/Intermediates.noindex/swift-markdown.build/Debug-watchos/Markdown-t.build/DerivedSources/arm64_32 -Xcc -I/Users/admin/builder/spi-builder-workspace/.derivedData/Build/Intermediates.noindex/swift-markdown.build/Debug-watchos/Markdown-t.build/DerivedSources -Xcc -DSWIFT_PACKAGE -Xcc -DDEBUG\=1 -emit-objc-header -emit-objc-header-path /Users/admin/builder/spi-builder-workspace/.derivedData/Build/Intermediates.noindex/swift-markdown.build/Debug-watchos/Markdown-t.build/Objects-normal/arm64_32/Markdown-Swift.h -working-directory /Users/admin/builder/spi-builder-workspace/.swiftpm/xcode -experimental-emit-module-separately -disable-cmo
Ld /Users/admin/builder/spi-builder-workspace/.derivedData/Build/Intermediates.noindex/swift-markdown.build/Debug-watchos/Markdown-t.build/Objects-normal/arm64_32/Binary/Markdown.o normal arm64_32 (in target 'Markdown' from project 'swift-markdown')
cd /Users/admin/builder/spi-builder-workspace/.dependencies/checkouts/swift-markdown
/Applications/Xcode-27.0.0-Release.Candidate.app/Contents/Developer/Toolchains/XcodeDefault.xctoolchain/usr/bin/clang -Xlinker -reproducible -target arm64_32-apple-watchos9.0 -r -isysroot /Applications/Xcode-27.0.0-Release.Candidate.app/Contents/Developer/Platforms/WatchOS.platform/Developer/SDKs/WatchOS27.0.sdk -O0 -w -Xlinker -no_warn_duplicate_libraries -F/Users/admin/builder/spi-builder-workspace/.derivedData/Build/Intermediates.noindex/EagerLinkingTBDs/Debug-watchos -F/Users/admin/builder/spi-builder-workspace/.derivedData/Build/Products/Debug-watchos/PackageFrameworks -F/Users/admin/builder/spi-builder-workspace/.derivedData/Build/Products/Debug-watchos -iframework /Applications/Xcode-27.0.0-Release.Candidate.app/Contents/Developer/Platforms/WatchOS.platform/Developer/Library/Frameworks -iframework /Applications/Xcode-27.0.0-Release.Candidate.app/Contents/Developer/Platforms/WatchOS.platform/Developer/SDKs/WatchOS27.0.sdk/Developer/Library/Frameworks -filelist /Users/admin/builder/spi-builder-workspace/.derivedData/Build/Intermediates.noindex/swift-markdown.build/Debug-watchos/Markdown-t.build/Objects-normal/arm64_32/Markdown.LinkFileList -nostdlib -Xlinker -object_path_lto -Xlinker /Users/admin/builder/spi-builder-workspace/.derivedData/Build/Intermediates.noindex/swift-markdown.build/Debug-watchos/Markdown-t.build/Objects-normal/arm64_32/Markdown_lto.o -Xlinker -no_deduplicate -Xlinker -debug_variant -Xlinker -dependency_info -Xlinker /Users/admin/builder/spi-builder-workspace/.derivedData/Build/Intermediates.noindex/swift-markdown.build/Debug-watchos/Markdown-t.build/Objects-normal/arm64_32/Markdown_dependency_info.dat -fobjc-link-runtime -L/Applications/Xcode-27.0.0-Release.Candidate.app/Contents/Developer/Toolchains/XcodeDefault.xctoolchain/usr/lib/swift/watchos -L/usr/lib/swift -Xlinker -add_ast_path -Xlinker /Users/admin/builder/spi-builder-workspace/.derivedData/Build/Intermediates.noindex/swift-markdown.build/Debug-watchos/Markdown-t.build/Objects-normal/arm64_32/Markdown.swiftmodule -o /Users/admin/builder/spi-builder-workspace/.derivedData/Build/Intermediates.noindex/swift-markdown.build/Debug-watchos/Markdown-t.build/Objects-normal/arm64_32/Binary/Markdown.o
CreateUniversalBinary /Users/admin/builder/spi-builder-workspace/.derivedData/Build/Products/Debug-watchos/Markdown.o normal arm64\ arm64_32 (in target 'Markdown' from project 'swift-markdown')
cd /Users/admin/builder/spi-builder-workspace/.dependencies/checkouts/swift-markdown
/Applications/Xcode-27.0.0-Release.Candidate.app/Contents/Developer/Toolchains/XcodeDefault.xctoolchain/usr/bin/lipo -create /Users/admin/builder/spi-builder-workspace/.derivedData/Build/Intermediates.noindex/swift-markdown.build/Debug-watchos/Markdown-t.build/Objects-normal/arm64/Binary/Markdown.o /Users/admin/builder/spi-builder-workspace/.derivedData/Build/Intermediates.noindex/swift-markdown.build/Debug-watchos/Markdown-t.build/Objects-normal/arm64_32/Binary/Markdown.o -output /Users/admin/builder/spi-builder-workspace/.derivedData/Build/Products/Debug-watchos/Markdown.o
ExtractAppIntentsMetadata (in target 'Markdown' from project 'swift-markdown')
cd /Users/admin/builder/spi-builder-workspace/.dependencies/checkouts/swift-markdown
/Applications/Xcode-27.0.0-Release.Candidate.app/Contents/Developer/Toolchains/XcodeDefault.xctoolchain/usr/bin/appintentsmetadataprocessor --toolchain-dir /var/run/com.apple.security.cryptexd/mnt/com.apple.MobileAsset.MetalToolchain-v27.1.266.1.1myyLL/Metal.xctoolchain --module-name Markdown --sdk-root /Applications/Xcode-27.0.0-Release.Candidate.app/Contents/Developer/Platforms/WatchOS.platform/Developer/SDKs/WatchOS27.0.sdk --xcode-version 27A266a --platform-family watchOS --deployment-target 9.0 --bundle-identifier swift-markdown.Markdown --output /Users/admin/builder/spi-builder-workspace/.derivedData/Build/Products/Debug-watchos/Markdown.appintents --target-triple arm64-apple-watchos9.0 --target-triple arm64_32-apple-watchos9.0 --binary-file /Users/admin/builder/spi-builder-workspace/.derivedData/Build/Products/Debug-watchos/Markdown.o --dependency-file /Users/admin/builder/spi-builder-workspace/.derivedData/Build/Intermediates.noindex/swift-markdown.build/Debug-watchos/Markdown-t.build/Objects-normal/arm64/Markdown_dependency_info.dat --dependency-file /Users/admin/builder/spi-builder-workspace/.derivedData/Build/Intermediates.noindex/swift-markdown.build/Debug-watchos/Markdown-t.build/Objects-normal/arm64_32/Markdown_dependency_info.dat --stringsdata-file /Users/admin/builder/spi-builder-workspace/.derivedData/Build/Intermediates.noindex/swift-markdown.build/Debug-watchos/Markdown-t.build/Objects-normal/arm64/ExtractedAppShortcutsMetadata.stringsdata --stringsdata-file /Users/admin/builder/spi-builder-workspace/.derivedData/Build/Intermediates.noindex/swift-markdown.build/Debug-watchos/Markdown-t.build/Objects-normal/arm64_32/ExtractedAppShortcutsMetadata.stringsdata --source-file-list /Users/admin/builder/spi-builder-workspace/.derivedData/Build/Intermediates.noindex/swift-markdown.build/Debug-watchos/Markdown-t.build/Objects-normal/arm64/Markdown.SwiftFileList --source-file-list /Users/admin/builder/spi-builder-workspace/.derivedData/Build/Intermediates.noindex/swift-markdown.build/Debug-watchos/Markdown-t.build/Objects-normal/arm64_32/Markdown.SwiftFileList --metadata-file-list /Users/admin/builder/spi-builder-workspace/.derivedData/Build/Intermediates.noindex/swift-markdown.build/Debug-watchos/Markdown-t.build/Markdown.DependencyMetadataFileList --static-metadata-file-list /Users/admin/builder/spi-builder-workspace/.derivedData/Build/Intermediates.noindex/swift-markdown.build/Debug-watchos/Markdown-t.build/Markdown.DependencyStaticMetadataFileList --swift-const-vals-list /Users/admin/builder/spi-builder-workspace/.derivedData/Build/Intermediates.noindex/swift-markdown.build/Debug-watchos/Markdown-t.build/Objects-normal/arm64/Markdown.SwiftConstValuesFileList --swift-const-vals-list /Users/admin/builder/spi-builder-workspace/.derivedData/Build/Intermediates.noindex/swift-markdown.build/Debug-watchos/Markdown-t.build/Objects-normal/arm64_32/Markdown.SwiftConstValuesFileList --force --compile-time-extraction --deployment-aware-processing --no-app-shortcuts-localization
2026-09-28 01:45:59.238 appintentsmetadataprocessor[1188:6286] Starting appintentsmetadataprocessor export
2026-09-28 01:45:59.313 appintentsmetadataprocessor[1188:6286] Extracted no relevant App Intents symbols, skipping writing output
SwiftDriverJobDiscovery normal arm64 Emitting module for DisplayWidth (in target 'DisplayWidth' from project 'swift-displaywidth')
SwiftDriver\ Compilation\ Requirements DisplayWidth normal arm64 com.apple.xcode.tools.swift.compiler (in target 'DisplayWidth' from project 'swift-displaywidth')
cd /Users/admin/builder/spi-builder-workspace/.swiftpm/xcode
builtin-Swift-Compilation-Requirements -- /Applications/Xcode-27.0.0-Release.Candidate.app/Contents/Developer/Toolchains/XcodeDefault.xctoolchain/usr/bin/swiftc -parse-as-library -module-name DisplayWidth -Onone @/Users/admin/builder/spi-builder-workspace/.derivedData/Build/Intermediates.noindex/swift-displaywidth.build/Debug-watchos/DisplayWidth-t.build/Objects-normal/arm64/DisplayWidth.SwiftFileList -DSWIFT_PACKAGE -DDEBUG -DSWIFT_MODULE_RESOURCE_BUNDLE_UNAVAILABLE -DXcode -plugin-path /Applications/Xcode-27.0.0-Release.Candidate.app/Contents/Developer/Toolchains/XcodeDefault.xctoolchain/usr/lib/swift/host/plugins/testing -enable-experimental-feature DebugDescriptionMacro -sdk /Applications/Xcode-27.0.0-Release.Candidate.app/Contents/Developer/Platforms/WatchOS.platform/Developer/SDKs/WatchOS27.0.sdk -target arm64-apple-watchos9.0 -g -module-cache-path /Users/admin/builder/spi-builder-workspace/.derivedData/ModuleCache.noindex -Xfrontend -serialize-debugging-options -profile-coverage-mapping -profile-generate -enable-testing -suppress-warnings -index-store-path /Users/admin/builder/spi-builder-workspace/.derivedData/Index.noindex/DataStore -Xcc -D_LIBCPP_HARDENING_MODE\=_LIBCPP_HARDENING_MODE_DEBUG -swift-version 6 -I /Users/admin/builder/spi-builder-workspace/.derivedData/Build/Products/Debug-watchos -Isystem /Applications/Xcode-27.0.0-Release.Candidate.app/Contents/Developer/Platforms/WatchOS.platform/Developer/usr/lib -F /Users/admin/builder/spi-builder-workspace/.derivedData/Build/Products/Debug-watchos -F /Applications/Xcode-27.0.0-Release.Candidate.app/Contents/Developer/Platforms/WatchOS.platform/Developer/Library/Frameworks -F /Applications/Xcode-27.0.0-Release.Candidate.app/Contents/Developer/Platforms/WatchOS.platform/Developer/SDKs/WatchOS27.0.sdk/Developer/Library/Frameworks -c -j10 -enable-batch-mode -incremental -Xcc -ivfsstatcache -Xcc /Users/admin/builder/spi-builder-workspace/.derivedData/SDKStatCaches.noindex/watchos27.0-24R360-e829b21a6f8c9b70876ba0858053c04477534ef55a1706bf4c1112bbb242f0a2.sdkstatcache -output-file-map /Users/admin/builder/spi-builder-workspace/.derivedData/Build/Intermediates.noindex/swift-displaywidth.build/Debug-watchos/DisplayWidth-t.build/Objects-normal/arm64/DisplayWidth-OutputFileMap.json -save-temps -no-color-diagnostics -explicit-module-build -module-cache-path /Users/admin/builder/spi-builder-workspace/.derivedData/Build/Intermediates.noindex/SwiftExplicitPrecompiledModules -clang-scanner-module-cache-path /Users/admin/builder/spi-builder-workspace/.derivedData/ModuleCache.noindex -sdk-module-cache-path /Users/admin/builder/spi-builder-workspace/.derivedData/SDKExplicitPrecompiledModules -emit-dependencies -emit-module -emit-module-path /Users/admin/builder/spi-builder-workspace/.derivedData/Build/Intermediates.noindex/swift-displaywidth.build/Debug-watchos/DisplayWidth-t.build/Objects-normal/arm64/DisplayWidth.swiftmodule -serialize-diagnostics -dependency-scan-serialize-diagnostics-path /Users/admin/builder/spi-builder-workspace/.derivedData/Build/Intermediates.noindex/swift-displaywidth.build/Debug-watchos/DisplayWidth-t.build/Objects-normal/arm64/DisplayWidth-dependency-scan.dia -user-module-version 0.2.0 -validate-clang-modules-once -clang-build-session-file /Users/admin/builder/spi-builder-workspace/.derivedData/ModuleCache.noindex/Session.modulevalidation -Xcc -fmodules-prune-interval\=86400 -Xcc -fmodules-prune-after\=345600 -package-name swift_displaywidth -emit-const-values -const-gather-protocols-list /Users/admin/builder/spi-builder-workspace/.derivedData/Build/Intermediates.noindex/swift-displaywidth.build/Debug-watchos/DisplayWidth-t.build/Objects-normal/arm64/DisplayWidth_const_extract_protocols.json -Xcc -I/Users/admin/builder/spi-builder-workspace/.derivedData/Build/Products/Debug-watchos/include -Xcc -I/Users/admin/builder/spi-builder-workspace/.derivedData/Build/Intermediates.noindex/swift-displaywidth.build/Debug-watchos/DisplayWidth-t.build/DerivedSources-normal/arm64 -Xcc -I/Users/admin/builder/spi-builder-workspace/.derivedData/Build/Intermediates.noindex/swift-displaywidth.build/Debug-watchos/DisplayWidth-t.build/DerivedSources/arm64 -Xcc -I/Users/admin/builder/spi-builder-workspace/.derivedData/Build/Intermediates.noindex/swift-displaywidth.build/Debug-watchos/DisplayWidth-t.build/DerivedSources -Xcc -DSWIFT_PACKAGE -Xcc -DDEBUG\=1 -emit-objc-header -emit-objc-header-path /Users/admin/builder/spi-builder-workspace/.derivedData/Build/Intermediates.noindex/swift-displaywidth.build/Debug-watchos/DisplayWidth-t.build/Objects-normal/arm64/DisplayWidth-Swift.h -working-directory /Users/admin/builder/spi-builder-workspace/.swiftpm/xcode -experimental-emit-module-separately -disable-cmo
Copy /Users/admin/builder/spi-builder-workspace/.derivedData/Build/Products/Debug-watchos/DisplayWidth.swiftmodule/arm64-apple-watchos.swiftdoc /Users/admin/builder/spi-builder-workspace/.derivedData/Build/Intermediates.noindex/swift-displaywidth.build/Debug-watchos/DisplayWidth-t.build/Objects-normal/arm64/DisplayWidth.swiftdoc (in target 'DisplayWidth' from project 'swift-displaywidth')
cd /Users/admin/builder/spi-builder-workspace/.dependencies/checkouts/swift-displaywidth
builtin-copy -exclude .DS_Store -exclude CVS -exclude .svn -exclude .git -exclude .hg -resolve-src-symlinks -rename /Users/admin/builder/spi-builder-workspace/.derivedData/Build/Intermediates.noindex/swift-displaywidth.build/Debug-watchos/DisplayWidth-t.build/Objects-normal/arm64/DisplayWidth.swiftdoc /Users/admin/builder/spi-builder-workspace/.derivedData/Build/Products/Debug-watchos/DisplayWidth.swiftmodule/arm64-apple-watchos.swiftdoc
Copy /Users/admin/builder/spi-builder-workspace/.derivedData/Build/Products/Debug-watchos/DisplayWidth.swiftmodule/arm64-apple-watchos.abi.json /Users/admin/builder/spi-builder-workspace/.derivedData/Build/Intermediates.noindex/swift-displaywidth.build/Debug-watchos/DisplayWidth-t.build/Objects-normal/arm64/DisplayWidth.abi.json (in target 'DisplayWidth' from project 'swift-displaywidth')
cd /Users/admin/builder/spi-builder-workspace/.dependencies/checkouts/swift-displaywidth
builtin-copy -exclude .DS_Store -exclude CVS -exclude .svn -exclude .git -exclude .hg -resolve-src-symlinks -rename /Users/admin/builder/spi-builder-workspace/.derivedData/Build/Intermediates.noindex/swift-displaywidth.build/Debug-watchos/DisplayWidth-t.build/Objects-normal/arm64/DisplayWidth.abi.json /Users/admin/builder/spi-builder-workspace/.derivedData/Build/Products/Debug-watchos/DisplayWidth.swiftmodule/arm64-apple-watchos.abi.json
Copy /Users/admin/builder/spi-builder-workspace/.derivedData/Build/Products/Debug-watchos/DisplayWidth.swiftmodule/arm64-apple-watchos.swiftmodule /Users/admin/builder/spi-builder-workspace/.derivedData/Build/Intermediates.noindex/swift-displaywidth.build/Debug-watchos/DisplayWidth-t.build/Objects-normal/arm64/DisplayWidth.swiftmodule (in target 'DisplayWidth' from project 'swift-displaywidth')
cd /Users/admin/builder/spi-builder-workspace/.dependencies/checkouts/swift-displaywidth
builtin-copy -exclude .DS_Store -exclude CVS -exclude .svn -exclude .git -exclude .hg -resolve-src-symlinks -rename /Users/admin/builder/spi-builder-workspace/.derivedData/Build/Intermediates.noindex/swift-displaywidth.build/Debug-watchos/DisplayWidth-t.build/Objects-normal/arm64/DisplayWidth.swiftmodule /Users/admin/builder/spi-builder-workspace/.derivedData/Build/Products/Debug-watchos/DisplayWidth.swiftmodule/arm64-apple-watchos.swiftmodule
Copy /Users/admin/builder/spi-builder-workspace/.derivedData/Build/Products/Debug-watchos/DisplayWidth.swiftmodule/Project/arm64-apple-watchos.swiftsourceinfo /Users/admin/builder/spi-builder-workspace/.derivedData/Build/Intermediates.noindex/swift-displaywidth.build/Debug-watchos/DisplayWidth-t.build/Objects-normal/arm64/DisplayWidth.swiftsourceinfo (in target 'DisplayWidth' from project 'swift-displaywidth')
cd /Users/admin/builder/spi-builder-workspace/.dependencies/checkouts/swift-displaywidth
builtin-copy -exclude .DS_Store -exclude CVS -exclude .svn -exclude .git -exclude .hg -resolve-src-symlinks -rename /Users/admin/builder/spi-builder-workspace/.derivedData/Build/Intermediates.noindex/swift-displaywidth.build/Debug-watchos/DisplayWidth-t.build/Objects-normal/arm64/DisplayWidth.swiftsourceinfo /Users/admin/builder/spi-builder-workspace/.derivedData/Build/Products/Debug-watchos/DisplayWidth.swiftmodule/Project/arm64-apple-watchos.swiftsourceinfo
SwiftDriverJobDiscovery normal arm64_32 Emitting module for DisplayWidth (in target 'DisplayWidth' from project 'swift-displaywidth')
SwiftDriver\ Compilation\ Requirements DisplayWidth normal arm64_32 com.apple.xcode.tools.swift.compiler (in target 'DisplayWidth' from project 'swift-displaywidth')
cd /Users/admin/builder/spi-builder-workspace/.swiftpm/xcode
builtin-Swift-Compilation-Requirements -- /Applications/Xcode-27.0.0-Release.Candidate.app/Contents/Developer/Toolchains/XcodeDefault.xctoolchain/usr/bin/swiftc -parse-as-library -module-name DisplayWidth -Onone @/Users/admin/builder/spi-builder-workspace/.derivedData/Build/Intermediates.noindex/swift-displaywidth.build/Debug-watchos/DisplayWidth-t.build/Objects-normal/arm64_32/DisplayWidth.SwiftFileList -DSWIFT_PACKAGE -DDEBUG -DSWIFT_MODULE_RESOURCE_BUNDLE_UNAVAILABLE -DXcode -plugin-path /Applications/Xcode-27.0.0-Release.Candidate.app/Contents/Developer/Toolchains/XcodeDefault.xctoolchain/usr/lib/swift/host/plugins/testing -enable-experimental-feature DebugDescriptionMacro -sdk /Applications/Xcode-27.0.0-Release.Candidate.app/Contents/Developer/Platforms/WatchOS.platform/Developer/SDKs/WatchOS27.0.sdk -target arm64_32-apple-watchos9.0 -g -module-cache-path /Users/admin/builder/spi-builder-workspace/.derivedData/ModuleCache.noindex -Xfrontend -serialize-debugging-options -profile-coverage-mapping -profile-generate -enable-testing -suppress-warnings -index-store-path /Users/admin/builder/spi-builder-workspace/.derivedData/Index.noindex/DataStore -Xcc -D_LIBCPP_HARDENING_MODE\=_LIBCPP_HARDENING_MODE_DEBUG -swift-version 6 -I /Users/admin/builder/spi-builder-workspace/.derivedData/Build/Products/Debug-watchos -Isystem /Applications/Xcode-27.0.0-Release.Candidate.app/Contents/Developer/Platforms/WatchOS.platform/Developer/usr/lib -F /Users/admin/builder/spi-builder-workspace/.derivedData/Build/Products/Debug-watchos -F /Applications/Xcode-27.0.0-Release.Candidate.app/Contents/Developer/Platforms/WatchOS.platform/Developer/Library/Frameworks -F /Applications/Xcode-27.0.0-Release.Candidate.app/Contents/Developer/Platforms/WatchOS.platform/Developer/SDKs/WatchOS27.0.sdk/Developer/Library/Frameworks -c -j10 -enable-batch-mode -incremental -Xcc -ivfsstatcache -Xcc /Users/admin/builder/spi-builder-workspace/.derivedData/SDKStatCaches.noindex/watchos27.0-24R360-e829b21a6f8c9b70876ba0858053c04477534ef55a1706bf4c1112bbb242f0a2.sdkstatcache -output-file-map /Users/admin/builder/spi-builder-workspace/.derivedData/Build/Intermediates.noindex/swift-displaywidth.build/Debug-watchos/DisplayWidth-t.build/Objects-normal/arm64_32/DisplayWidth-OutputFileMap.json -save-temps -no-color-diagnostics -explicit-module-build -module-cache-path /Users/admin/builder/spi-builder-workspace/.derivedData/Build/Intermediates.noindex/SwiftExplicitPrecompiledModules -clang-scanner-module-cache-path /Users/admin/builder/spi-builder-workspace/.derivedData/ModuleCache.noindex -sdk-module-cache-path /Users/admin/builder/spi-builder-workspace/.derivedData/SDKExplicitPrecompiledModules -emit-dependencies -emit-module -emit-module-path /Users/admin/builder/spi-builder-workspace/.derivedData/Build/Intermediates.noindex/swift-displaywidth.build/Debug-watchos/DisplayWidth-t.build/Objects-normal/arm64_32/DisplayWidth.swiftmodule -serialize-diagnostics -dependency-scan-serialize-diagnostics-path /Users/admin/builder/spi-builder-workspace/.derivedData/Build/Intermediates.noindex/swift-displaywidth.build/Debug-watchos/DisplayWidth-t.build/Objects-normal/arm64_32/DisplayWidth-dependency-scan.dia -user-module-version 0.2.0 -validate-clang-modules-once -clang-build-session-file /Users/admin/builder/spi-builder-workspace/.derivedData/ModuleCache.noindex/Session.modulevalidation -Xcc -fmodules-prune-interval\=86400 -Xcc -fmodules-prune-after\=345600 -package-name swift_displaywidth -emit-const-values -const-gather-protocols-list /Users/admin/builder/spi-builder-workspace/.derivedData/Build/Intermediates.noindex/swift-displaywidth.build/Debug-watchos/DisplayWidth-t.build/Objects-normal/arm64_32/DisplayWidth_const_extract_protocols.json -Xcc -I/Users/admin/builder/spi-builder-workspace/.derivedData/Build/Products/Debug-watchos/include -Xcc -I/Users/admin/builder/spi-builder-workspace/.derivedData/Build/Intermediates.noindex/swift-displaywidth.build/Debug-watchos/DisplayWidth-t.build/DerivedSources-normal/arm64_32 -Xcc -I/Users/admin/builder/spi-builder-workspace/.derivedData/Build/Intermediates.noindex/swift-displaywidth.build/Debug-watchos/DisplayWidth-t.build/DerivedSources/arm64_32 -Xcc -I/Users/admin/builder/spi-builder-workspace/.derivedData/Build/Intermediates.noindex/swift-displaywidth.build/Debug-watchos/DisplayWidth-t.build/DerivedSources -Xcc -DSWIFT_PACKAGE -Xcc -DDEBUG\=1 -emit-objc-header -emit-objc-header-path /Users/admin/builder/spi-builder-workspace/.derivedData/Build/Intermediates.noindex/swift-displaywidth.build/Debug-watchos/DisplayWidth-t.build/Objects-normal/arm64_32/DisplayWidth-Swift.h -working-directory /Users/admin/builder/spi-builder-workspace/.swiftpm/xcode -experimental-emit-module-separately -disable-cmo
SwiftMergeGeneratedHeaders /Users/admin/builder/spi-builder-workspace/.derivedData/Build/Intermediates.noindex/GeneratedModuleMaps-watchos/DisplayWidth-Swift.h /Users/admin/builder/spi-builder-workspace/.derivedData/Build/Intermediates.noindex/swift-displaywidth.build/Debug-watchos/DisplayWidth-t.build/Objects-normal/arm64/DisplayWidth-Swift.h /Users/admin/builder/spi-builder-workspace/.derivedData/Build/Intermediates.noindex/swift-displaywidth.build/Debug-watchos/DisplayWidth-t.build/Objects-normal/arm64_32/DisplayWidth-Swift.h (in target 'DisplayWidth' from project 'swift-displaywidth')
cd /Users/admin/builder/spi-builder-workspace/.dependencies/checkouts/swift-displaywidth
builtin-swiftHeaderTool -arch arm64 /Users/admin/builder/spi-builder-workspace/.derivedData/Build/Intermediates.noindex/swift-displaywidth.build/Debug-watchos/DisplayWidth-t.build/Objects-normal/arm64/DisplayWidth-Swift.h -arch arm64_32 /Users/admin/builder/spi-builder-workspace/.derivedData/Build/Intermediates.noindex/swift-displaywidth.build/Debug-watchos/DisplayWidth-t.build/Objects-normal/arm64_32/DisplayWidth-Swift.h -o /Users/admin/builder/spi-builder-workspace/.derivedData/Build/Intermediates.noindex/GeneratedModuleMaps-watchos/DisplayWidth-Swift.h
Copy /Users/admin/builder/spi-builder-workspace/.derivedData/Build/Products/Debug-watchos/DisplayWidth.swiftmodule/arm64_32-apple-watchos.swiftdoc /Users/admin/builder/spi-builder-workspace/.derivedData/Build/Intermediates.noindex/swift-displaywidth.build/Debug-watchos/DisplayWidth-t.build/Objects-normal/arm64_32/DisplayWidth.swiftdoc (in target 'DisplayWidth' from project 'swift-displaywidth')
cd /Users/admin/builder/spi-builder-workspace/.dependencies/checkouts/swift-displaywidth
builtin-copy -exclude .DS_Store -exclude CVS -exclude .svn -exclude .git -exclude .hg -resolve-src-symlinks -rename /Users/admin/builder/spi-builder-workspace/.derivedData/Build/Intermediates.noindex/swift-displaywidth.build/Debug-watchos/DisplayWidth-t.build/Objects-normal/arm64_32/DisplayWidth.swiftdoc /Users/admin/builder/spi-builder-workspace/.derivedData/Build/Products/Debug-watchos/DisplayWidth.swiftmodule/arm64_32-apple-watchos.swiftdoc
Copy /Users/admin/builder/spi-builder-workspace/.derivedData/Build/Products/Debug-watchos/DisplayWidth.swiftmodule/arm64_32-apple-watchos.swiftmodule /Users/admin/builder/spi-builder-workspace/.derivedData/Build/Intermediates.noindex/swift-displaywidth.build/Debug-watchos/DisplayWidth-t.build/Objects-normal/arm64_32/DisplayWidth.swiftmodule (in target 'DisplayWidth' from project 'swift-displaywidth')
cd /Users/admin/builder/spi-builder-workspace/.dependencies/checkouts/swift-displaywidth
builtin-copy -exclude .DS_Store -exclude CVS -exclude .svn -exclude .git -exclude .hg -resolve-src-symlinks -rename /Users/admin/builder/spi-builder-workspace/.derivedData/Build/Intermediates.noindex/swift-displaywidth.build/Debug-watchos/DisplayWidth-t.build/Objects-normal/arm64_32/DisplayWidth.swiftmodule /Users/admin/builder/spi-builder-workspace/.derivedData/Build/Products/Debug-watchos/DisplayWidth.swiftmodule/arm64_32-apple-watchos.swiftmodule
Copy /Users/admin/builder/spi-builder-workspace/.derivedData/Build/Products/Debug-watchos/DisplayWidth.swiftmodule/Project/arm64_32-apple-watchos.swiftsourceinfo /Users/admin/builder/spi-builder-workspace/.derivedData/Build/Intermediates.noindex/swift-displaywidth.build/Debug-watchos/DisplayWidth-t.build/Objects-normal/arm64_32/DisplayWidth.swiftsourceinfo (in target 'DisplayWidth' from project 'swift-displaywidth')
cd /Users/admin/builder/spi-builder-workspace/.dependencies/checkouts/swift-displaywidth
builtin-copy -exclude .DS_Store -exclude CVS -exclude .svn -exclude .git -exclude .hg -resolve-src-symlinks -rename /Users/admin/builder/spi-builder-workspace/.derivedData/Build/Intermediates.noindex/swift-displaywidth.build/Debug-watchos/DisplayWidth-t.build/Objects-normal/arm64_32/DisplayWidth.swiftsourceinfo /Users/admin/builder/spi-builder-workspace/.derivedData/Build/Products/Debug-watchos/DisplayWidth.swiftmodule/Project/arm64_32-apple-watchos.swiftsourceinfo
Copy /Users/admin/builder/spi-builder-workspace/.derivedData/Build/Products/Debug-watchos/DisplayWidth.swiftmodule/arm64_32-apple-watchos.abi.json /Users/admin/builder/spi-builder-workspace/.derivedData/Build/Intermediates.noindex/swift-displaywidth.build/Debug-watchos/DisplayWidth-t.build/Objects-normal/arm64_32/DisplayWidth.abi.json (in target 'DisplayWidth' from project 'swift-displaywidth')
cd /Users/admin/builder/spi-builder-workspace/.dependencies/checkouts/swift-displaywidth
builtin-copy -exclude .DS_Store -exclude CVS -exclude .svn -exclude .git -exclude .hg -resolve-src-symlinks -rename /Users/admin/builder/spi-builder-workspace/.derivedData/Build/Intermediates.noindex/swift-displaywidth.build/Debug-watchos/DisplayWidth-t.build/Objects-normal/arm64_32/DisplayWidth.abi.json /Users/admin/builder/spi-builder-workspace/.derivedData/Build/Products/Debug-watchos/DisplayWidth.swiftmodule/arm64_32-apple-watchos.abi.json
SwiftDriver TauTUI normal arm64 com.apple.xcode.tools.swift.compiler (in target 'TauTUI' from project 'TauTUI')
cd /Users/admin/builder/spi-builder-workspace/.swiftpm/xcode
builtin-SwiftDriver -- /Applications/Xcode-27.0.0-Release.Candidate.app/Contents/Developer/Toolchains/XcodeDefault.xctoolchain/usr/bin/swiftc -parse-as-library -module-name TauTUI -Onone @/Users/admin/builder/spi-builder-workspace/.derivedData/Build/Intermediates.noindex/TauTUI.build/Debug-watchos/TauTUI-t.build/Objects-normal/arm64/TauTUI.SwiftFileList -DSWIFT_PACKAGE -DDEBUG -DSWIFT_MODULE_RESOURCE_BUNDLE_UNAVAILABLE -Xcc -fmodule-map-file\=/Users/admin/builder/spi-builder-workspace/.dependencies/checkouts/swift-cmark/src/include/module.modulemap -Xcc -fmodule-map-file\=/Users/admin/builder/spi-builder-workspace/.dependencies/checkouts/swift-cmark/extensions/include/module.modulemap -Xcc -fmodule-map-file\=/Users/admin/builder/spi-builder-workspace/.dependencies/checkouts/swift-markdown/Sources/CAtomic/include/module.modulemap -Xcc -fmodule-map-file\=/Users/admin/builder/spi-builder-workspace/.dependencies/checkouts/swift-system/Sources/CSystem/include/module.modulemap -DXcode -plugin-path /Applications/Xcode-27.0.0-Release.Candidate.app/Contents/Developer/Toolchains/XcodeDefault.xctoolchain/usr/lib/swift/host/plugins/testing -enable-experimental-feature DebugDescriptionMacro -sdk /Applications/Xcode-27.0.0-Release.Candidate.app/Contents/Developer/Platforms/WatchOS.platform/Developer/SDKs/WatchOS27.0.sdk -target arm64-apple-watchos9.0 -g -module-cache-path /Users/admin/builder/spi-builder-workspace/.derivedData/ModuleCache.noindex -Xfrontend -serialize-debugging-options -profile-coverage-mapping -profile-generate -enable-testing -index-store-path /Users/admin/builder/spi-builder-workspace/.derivedData/Index.noindex/DataStore -Xcc -D_LIBCPP_HARDENING_MODE\=_LIBCPP_HARDENING_MODE_DEBUG -swift-version 6 -I /Users/admin/builder/spi-builder-workspace/.derivedData/Build/Products/Debug-watchos -Isystem /Applications/Xcode-27.0.0-Release.Candidate.app/Contents/Developer/Platforms/WatchOS.platform/Developer/usr/lib -F /Users/admin/builder/spi-builder-workspace/.derivedData/Build/Products/Debug-watchos/PackageFrameworks -F /Users/admin/builder/spi-builder-workspace/.derivedData/Build/Products/Debug-watchos -F /Applications/Xcode-27.0.0-Release.Candidate.app/Contents/Developer/Platforms/WatchOS.platform/Developer/Library/Frameworks -F /Applications/Xcode-27.0.0-Release.Candidate.app/Contents/Developer/Platforms/WatchOS.platform/Developer/SDKs/WatchOS27.0.sdk/Developer/Library/Frameworks -c -j10 -enable-batch-mode -incremental -Xcc -ivfsstatcache -Xcc /Users/admin/builder/spi-builder-workspace/.derivedData/SDKStatCaches.noindex/watchos27.0-24R360-e829b21a6f8c9b70876ba0858053c04477534ef55a1706bf4c1112bbb242f0a2.sdkstatcache -output-file-map /Users/admin/builder/spi-builder-workspace/.derivedData/Build/Intermediates.noindex/TauTUI.build/Debug-watchos/TauTUI-t.build/Objects-normal/arm64/TauTUI-OutputFileMap.json -save-temps -no-color-diagnostics -explicit-module-build -module-cache-path /Users/admin/builder/spi-builder-workspace/.derivedData/Build/Intermediates.noindex/SwiftExplicitPrecompiledModules -clang-scanner-module-cache-path /Users/admin/builder/spi-builder-workspace/.derivedData/ModuleCache.noindex -sdk-module-cache-path /Users/admin/builder/spi-builder-workspace/.derivedData/SDKExplicitPrecompiledModules -emit-dependencies -emit-module -emit-module-path /Users/admin/builder/spi-builder-workspace/.derivedData/Build/Intermediates.noindex/TauTUI.build/Debug-watchos/TauTUI-t.build/Objects-normal/arm64/TauTUI.swiftmodule -serialize-diagnostics -dependency-scan-serialize-diagnostics-path /Users/admin/builder/spi-builder-workspace/.derivedData/Build/Intermediates.noindex/TauTUI.build/Debug-watchos/TauTUI-t.build/Objects-normal/arm64/TauTUI-dependency-scan.dia -validate-clang-modules-once -clang-build-session-file /Users/admin/builder/spi-builder-workspace/.derivedData/ModuleCache.noindex/Session.modulevalidation -Xcc -fmodules-prune-interval\=86400 -Xcc -fmodules-prune-after\=345600 -package-name spi_builder_workspace -emit-const-values -const-gather-protocols-list /Users/admin/builder/spi-builder-workspace/.derivedData/Build/Intermediates.noindex/TauTUI.build/Debug-watchos/TauTUI-t.build/Objects-normal/arm64/TauTUI_const_extract_protocols.json -Xcc -I/Users/admin/builder/spi-builder-workspace/.dependencies/checkouts/swift-cmark/src/include -Xcc -I/Users/admin/builder/spi-builder-workspace/.dependencies/checkouts/swift-cmark/extensions/include -Xcc -I/Users/admin/builder/spi-builder-workspace/.dependencies/checkouts/swift-markdown/Sources/CAtomic/include -Xcc -I/Users/admin/builder/spi-builder-workspace/.dependencies/checkouts/swift-system/Sources/CSystem/include -Xcc -I/Users/admin/builder/spi-builder-workspace/.derivedData/Build/Products/Debug-watchos/include -Xcc -I/Users/admin/builder/spi-builder-workspace/.derivedData/Build/Intermediates.noindex/TauTUI.build/Debug-watchos/TauTUI-t.build/DerivedSources-normal/arm64 -Xcc -I/Users/admin/builder/spi-builder-workspace/.derivedData/Build/Intermediates.noindex/TauTUI.build/Debug-watchos/TauTUI-t.build/DerivedSources/arm64 -Xcc -I/Users/admin/builder/spi-builder-workspace/.derivedData/Build/Intermediates.noindex/TauTUI.build/Debug-watchos/TauTUI-t.build/DerivedSources -Xcc -DSWIFT_PACKAGE -Xcc -DDEBUG\=1 -emit-objc-header -emit-objc-header-path /Users/admin/builder/spi-builder-workspace/.derivedData/Build/Intermediates.noindex/TauTUI.build/Debug-watchos/TauTUI-t.build/Objects-normal/arm64/TauTUI-Swift.h -working-directory /Users/admin/builder/spi-builder-workspace/.swiftpm/xcode -experimental-emit-module-separately -disable-cmo
SwiftDriver TauTUI normal arm64_32 com.apple.xcode.tools.swift.compiler (in target 'TauTUI' from project 'TauTUI')
cd /Users/admin/builder/spi-builder-workspace/.swiftpm/xcode
builtin-SwiftDriver -- /Applications/Xcode-27.0.0-Release.Candidate.app/Contents/Developer/Toolchains/XcodeDefault.xctoolchain/usr/bin/swiftc -parse-as-library -module-name TauTUI -Onone @/Users/admin/builder/spi-builder-workspace/.derivedData/Build/Intermediates.noindex/TauTUI.build/Debug-watchos/TauTUI-t.build/Objects-normal/arm64_32/TauTUI.SwiftFileList -DSWIFT_PACKAGE -DDEBUG -DSWIFT_MODULE_RESOURCE_BUNDLE_UNAVAILABLE -Xcc -fmodule-map-file\=/Users/admin/builder/spi-builder-workspace/.dependencies/checkouts/swift-cmark/src/include/module.modulemap -Xcc -fmodule-map-file\=/Users/admin/builder/spi-builder-workspace/.dependencies/checkouts/swift-cmark/extensions/include/module.modulemap -Xcc -fmodule-map-file\=/Users/admin/builder/spi-builder-workspace/.dependencies/checkouts/swift-markdown/Sources/CAtomic/include/module.modulemap -Xcc -fmodule-map-file\=/Users/admin/builder/spi-builder-workspace/.dependencies/checkouts/swift-system/Sources/CSystem/include/module.modulemap -DXcode -plugin-path /Applications/Xcode-27.0.0-Release.Candidate.app/Contents/Developer/Toolchains/XcodeDefault.xctoolchain/usr/lib/swift/host/plugins/testing -enable-experimental-feature DebugDescriptionMacro -sdk /Applications/Xcode-27.0.0-Release.Candidate.app/Contents/Developer/Platforms/WatchOS.platform/Developer/SDKs/WatchOS27.0.sdk -target arm64_32-apple-watchos9.0 -g -module-cache-path /Users/admin/builder/spi-builder-workspace/.derivedData/ModuleCache.noindex -Xfrontend -serialize-debugging-options -profile-coverage-mapping -profile-generate -enable-testing -index-store-path /Users/admin/builder/spi-builder-workspace/.derivedData/Index.noindex/DataStore -Xcc -D_LIBCPP_HARDENING_MODE\=_LIBCPP_HARDENING_MODE_DEBUG -swift-version 6 -I /Users/admin/builder/spi-builder-workspace/.derivedData/Build/Products/Debug-watchos -Isystem /Applications/Xcode-27.0.0-Release.Candidate.app/Contents/Developer/Platforms/WatchOS.platform/Developer/usr/lib -F /Users/admin/builder/spi-builder-workspace/.derivedData/Build/Products/Debug-watchos/PackageFrameworks -F /Users/admin/builder/spi-builder-workspace/.derivedData/Build/Products/Debug-watchos -F /Applications/Xcode-27.0.0-Release.Candidate.app/Contents/Developer/Platforms/WatchOS.platform/Developer/Library/Frameworks -F /Applications/Xcode-27.0.0-Release.Candidate.app/Contents/Developer/Platforms/WatchOS.platform/Developer/SDKs/WatchOS27.0.sdk/Developer/Library/Frameworks -c -j10 -enable-batch-mode -incremental -Xcc -ivfsstatcache -Xcc /Users/admin/builder/spi-builder-workspace/.derivedData/SDKStatCaches.noindex/watchos27.0-24R360-e829b21a6f8c9b70876ba0858053c04477534ef55a1706bf4c1112bbb242f0a2.sdkstatcache -output-file-map /Users/admin/builder/spi-builder-workspace/.derivedData/Build/Intermediates.noindex/TauTUI.build/Debug-watchos/TauTUI-t.build/Objects-normal/arm64_32/TauTUI-OutputFileMap.json -save-temps -no-color-diagnostics -explicit-module-build -module-cache-path /Users/admin/builder/spi-builder-workspace/.derivedData/Build/Intermediates.noindex/SwiftExplicitPrecompiledModules -clang-scanner-module-cache-path /Users/admin/builder/spi-builder-workspace/.derivedData/ModuleCache.noindex -sdk-module-cache-path /Users/admin/builder/spi-builder-workspace/.derivedData/SDKExplicitPrecompiledModules -emit-dependencies -emit-module -emit-module-path /Users/admin/builder/spi-builder-workspace/.derivedData/Build/Intermediates.noindex/TauTUI.build/Debug-watchos/TauTUI-t.build/Objects-normal/arm64_32/TauTUI.swiftmodule -serialize-diagnostics -dependency-scan-serialize-diagnostics-path /Users/admin/builder/spi-builder-workspace/.derivedData/Build/Intermediates.noindex/TauTUI.build/Debug-watchos/TauTUI-t.build/Objects-normal/arm64_32/TauTUI-dependency-scan.dia -validate-clang-modules-once -clang-build-session-file /Users/admin/builder/spi-builder-workspace/.derivedData/ModuleCache.noindex/Session.modulevalidation -Xcc -fmodules-prune-interval\=86400 -Xcc -fmodules-prune-after\=345600 -package-name spi_builder_workspace -emit-const-values -const-gather-protocols-list /Users/admin/builder/spi-builder-workspace/.derivedData/Build/Intermediates.noindex/TauTUI.build/Debug-watchos/TauTUI-t.build/Objects-normal/arm64_32/TauTUI_const_extract_protocols.json -Xcc -I/Users/admin/builder/spi-builder-workspace/.dependencies/checkouts/swift-cmark/src/include -Xcc -I/Users/admin/builder/spi-builder-workspace/.dependencies/checkouts/swift-cmark/extensions/include -Xcc -I/Users/admin/builder/spi-builder-workspace/.dependencies/checkouts/swift-markdown/Sources/CAtomic/include -Xcc -I/Users/admin/builder/spi-builder-workspace/.dependencies/checkouts/swift-system/Sources/CSystem/include -Xcc -I/Users/admin/builder/spi-builder-workspace/.derivedData/Build/Products/Debug-watchos/include -Xcc -I/Users/admin/builder/spi-builder-workspace/.derivedData/Build/Intermediates.noindex/TauTUI.build/Debug-watchos/TauTUI-t.build/DerivedSources-normal/arm64_32 -Xcc -I/Users/admin/builder/spi-builder-workspace/.derivedData/Build/Intermediates.noindex/TauTUI.build/Debug-watchos/TauTUI-t.build/DerivedSources/arm64_32 -Xcc -I/Users/admin/builder/spi-builder-workspace/.derivedData/Build/Intermediates.noindex/TauTUI.build/Debug-watchos/TauTUI-t.build/DerivedSources -Xcc -DSWIFT_PACKAGE -Xcc -DDEBUG\=1 -emit-objc-header -emit-objc-header-path /Users/admin/builder/spi-builder-workspace/.derivedData/Build/Intermediates.noindex/TauTUI.build/Debug-watchos/TauTUI-t.build/Objects-normal/arm64_32/TauTUI-Swift.h -working-directory /Users/admin/builder/spi-builder-workspace/.swiftpm/xcode -experimental-emit-module-separately -disable-cmo
SwiftExplicitDependencyGeneratePcm arm64_32 /Users/admin/builder/spi-builder-workspace/.derivedData/SDKExplicitPrecompiledModules/UniformTypeIdentifiers-EH256724QTCKT0XATY095QHVP.pcm
SwiftExplicitDependencyGeneratePcm arm64_32 /Users/admin/builder/spi-builder-workspace/.derivedData/Build/Intermediates.noindex/SwiftExplicitPrecompiledModules/CAtomic-6JSEAAIH0BDH0LE6D80IOA83.pcm
SwiftExplicitDependencyGeneratePcm arm64_32 /Users/admin/builder/spi-builder-workspace/.derivedData/Build/Intermediates.noindex/SwiftExplicitPrecompiledModules/cmark_gfm-D0NB4AF5SKJR5DDP9NZHBBGRJ.pcm
SwiftExplicitDependencyGeneratePcm arm64 /Users/admin/builder/spi-builder-workspace/.derivedData/Build/Intermediates.noindex/SwiftExplicitPrecompiledModules/CAtomic-7NIKQLOGENA4NS82D0EQJ93JS.pcm
SwiftExplicitDependencyGeneratePcm arm64 /Users/admin/builder/spi-builder-workspace/.derivedData/SDKExplicitPrecompiledModules/UniformTypeIdentifiers-47SS6PHE8KOUZX5UOQUNKH397.pcm
SwiftExplicitDependencyGeneratePcm arm64 /Users/admin/builder/spi-builder-workspace/.derivedData/Build/Intermediates.noindex/SwiftExplicitPrecompiledModules/cmark_gfm-F4ZIY0BNPSS6P1SV04GV7JHAA.pcm
SwiftExplicitDependencyGeneratePcm arm64_32 /Users/admin/builder/spi-builder-workspace/.derivedData/Build/Intermediates.noindex/SwiftExplicitPrecompiledModules/cmark_gfm_extensions-B2D0KX0W47SJ0VM6HYGP9J7CZ.pcm
SwiftExplicitDependencyGeneratePcm arm64 /Users/admin/builder/spi-builder-workspace/.derivedData/Build/Intermediates.noindex/SwiftExplicitPrecompiledModules/cmark_gfm_extensions-5DXBY5UK82CCBUJZU0T4C826J.pcm
SwiftCompile normal arm64 Compiling\ Terminal.swift,\ TerminalImage.swift,\ VirtualTerminal.swift /Users/admin/builder/spi-builder-workspace/Sources/TauTUI/Terminal/Terminal.swift /Users/admin/builder/spi-builder-workspace/Sources/TauTUI/Terminal/TerminalImage.swift /Users/admin/builder/spi-builder-workspace/Sources/TauTUI/Terminal/VirtualTerminal.swift (in target 'TauTUI' from project 'TauTUI')
SwiftCompile normal arm64 /Users/admin/builder/spi-builder-workspace/Sources/TauTUI/Terminal/Terminal.swift (in target 'TauTUI' from project 'TauTUI')
cd /Users/admin/builder/spi-builder-workspace/.swiftpm/xcode
builtin-SwiftPerFileCompile Terminal.swift
SwiftCompile normal arm64 /Users/admin/builder/spi-builder-workspace/Sources/TauTUI/Terminal/TerminalImage.swift (in target 'TauTUI' from project 'TauTUI')
cd /Users/admin/builder/spi-builder-workspace/.swiftpm/xcode
builtin-SwiftPerFileCompile TerminalImage.swift
SwiftCompile normal arm64 /Users/admin/builder/spi-builder-workspace/Sources/TauTUI/Terminal/VirtualTerminal.swift (in target 'TauTUI' from project 'TauTUI')
cd /Users/admin/builder/spi-builder-workspace/.swiftpm/xcode
builtin-SwiftPerFileCompile VirtualTerminal.swift
SwiftEmitModule normal arm64 Emitting\ module\ for\ TauTUI (in target 'TauTUI' from project 'TauTUI')
SwiftCompile normal arm64 (in target 'TauTUI' from project 'TauTUI')
cd /Users/admin/builder/spi-builder-workspace/.swiftpm/xcode
SwiftCompile normal arm64 Compiling\ TTYReplayer.swift,\ VisibleWidth.swift,\ WordNavigation.swift /Users/admin/builder/spi-builder-workspace/Sources/TauTUI/Utilities/TTYReplayer.swift /Users/admin/builder/spi-builder-workspace/Sources/TauTUI/Utilities/VisibleWidth.swift /Users/admin/builder/spi-builder-workspace/Sources/TauTUI/Utilities/WordNavigation.swift (in target 'TauTUI' from project 'TauTUI')
SwiftCompile normal arm64 /Users/admin/builder/spi-builder-workspace/Sources/TauTUI/Utilities/TTYReplayer.swift (in target 'TauTUI' from project 'TauTUI')
cd /Users/admin/builder/spi-builder-workspace/.swiftpm/xcode
builtin-SwiftPerFileCompile TTYReplayer.swift
SwiftCompile normal arm64 /Users/admin/builder/spi-builder-workspace/Sources/TauTUI/Utilities/VisibleWidth.swift (in target 'TauTUI' from project 'TauTUI')
cd /Users/admin/builder/spi-builder-workspace/.swiftpm/xcode
builtin-SwiftPerFileCompile VisibleWidth.swift
SwiftCompile normal arm64 /Users/admin/builder/spi-builder-workspace/Sources/TauTUI/Utilities/WordNavigation.swift (in target 'TauTUI' from project 'TauTUI')
cd /Users/admin/builder/spi-builder-workspace/.swiftpm/xcode
builtin-SwiftPerFileCompile WordNavigation.swift
SwiftCompile normal arm64 Compiling\ AnsiWrapping.swift,\ FileAttachmentFilter.swift,\ PasteSanitizer.swift /Users/admin/builder/spi-builder-workspace/Sources/TauTUI/Utilities/AnsiWrapping.swift /Users/admin/builder/spi-builder-workspace/Sources/TauTUI/Utilities/FileAttachmentFilter.swift /Users/admin/builder/spi-builder-workspace/Sources/TauTUI/Utilities/PasteSanitizer.swift (in target 'TauTUI' from project 'TauTUI')
SwiftCompile normal arm64 /Users/admin/builder/spi-builder-workspace/Sources/TauTUI/Utilities/AnsiWrapping.swift (in target 'TauTUI' from project 'TauTUI')
cd /Users/admin/builder/spi-builder-workspace/.swiftpm/xcode
builtin-SwiftPerFileCompile AnsiWrapping.swift
SwiftCompile normal arm64 /Users/admin/builder/spi-builder-workspace/Sources/TauTUI/Utilities/FileAttachmentFilter.swift (in target 'TauTUI' from project 'TauTUI')
cd /Users/admin/builder/spi-builder-workspace/.swiftpm/xcode
builtin-SwiftPerFileCompile FileAttachmentFilter.swift
SwiftCompile normal arm64 /Users/admin/builder/spi-builder-workspace/Sources/TauTUI/Utilities/PasteSanitizer.swift (in target 'TauTUI' from project 'TauTUI')
cd /Users/admin/builder/spi-builder-workspace/.swiftpm/xcode
builtin-SwiftPerFileCompile PasteSanitizer.swift
SwiftCompile normal arm64 Compiling\ Input.swift,\ Loader.swift,\ MarkdownComponent.swift /Users/admin/builder/spi-builder-workspace/Sources/TauTUI/Components/Input.swift /Users/admin/builder/spi-builder-workspace/Sources/TauTUI/Components/Loader.swift /Users/admin/builder/spi-builder-workspace/Sources/TauTUI/Components/MarkdownComponent.swift (in target 'TauTUI' from project 'TauTUI')
SwiftCompile normal arm64 /Users/admin/builder/spi-builder-workspace/Sources/TauTUI/Components/Input.swift (in target 'TauTUI' from project 'TauTUI')
cd /Users/admin/builder/spi-builder-workspace/.swiftpm/xcode
builtin-SwiftPerFileCompile Input.swift
SwiftCompile normal arm64 /Users/admin/builder/spi-builder-workspace/Sources/TauTUI/Components/Loader.swift (in target 'TauTUI' from project 'TauTUI')
cd /Users/admin/builder/spi-builder-workspace/.swiftpm/xcode
builtin-SwiftPerFileCompile Loader.swift
SwiftCompile normal arm64 /Users/admin/builder/spi-builder-workspace/Sources/TauTUI/Components/MarkdownComponent.swift (in target 'TauTUI' from project 'TauTUI')
cd /Users/admin/builder/spi-builder-workspace/.swiftpm/xcode
builtin-SwiftPerFileCompile MarkdownComponent.swift
SwiftCompile normal arm64 Compiling\ Autocomplete.swift,\ Box.swift,\ Editor+Autocomplete.swift,\ Editor.swift /Users/admin/builder/spi-builder-workspace/Sources/TauTUI/Autocomplete/Autocomplete.swift /Users/admin/builder/spi-builder-workspace/Sources/TauTUI/Components/Box.swift /Users/admin/builder/spi-builder-workspace/Sources/TauTUI/Components/Editor+Autocomplete.swift /Users/admin/builder/spi-builder-workspace/Sources/TauTUI/Components/Editor.swift (in target 'TauTUI' from project 'TauTUI')
/Users/admin/builder/spi-builder-workspace/Sources/TauTUI/Autocomplete/Autocomplete.swift:291:44: error: 'homeDirectoryForCurrentUser' is unavailable in watchOS
289 | }
290 | if typed.hasPrefix("~") {
291 | let home = FileManager.default.homeDirectoryForCurrentUser
| `- error: 'homeDirectoryForCurrentUser' is unavailable in watchOS
292 | let suffix = String(typed.dropFirst())
293 | return home.appendingPathComponent(suffix)
/Applications/Xcode-27.0.0-Release.Candidate.app/Contents/Developer/Platforms/WatchOS.platform/Developer/SDKs/WatchOS27.0.sdk/System/Library/Frameworks/Foundation.framework/Headers/NSFileManager.h:1004:35: note: 'homeDirectoryForCurrentUser' has been explicitly marked unavailable here
1002 |
1003 | /// The home directory for the current user.
1004 | @property (readonly, copy) NSURL *homeDirectoryForCurrentUser API_AVAILABLE(macosx(10.12)) API_UNAVAILABLE(ios, watchos, tvos);
| `- note: 'homeDirectoryForCurrentUser' has been explicitly marked unavailable here
1005 | /// The temporary directory for the current user.
1006 | @property (readonly, copy) NSURL *temporaryDirectory API_AVAILABLE(macosx(10.12), ios(10.0), watchos(3.0), tvos(10.0));
Failed frontend command:
/Applications/Xcode-27.0.0-Release.Candidate.app/Contents/Developer/Toolchains/XcodeDefault.xctoolchain/usr/bin/swift-frontend -frontend -c -primary-file /Users/admin/builder/spi-builder-workspace/Sources/TauTUI/Autocomplete/Autocomplete.swift -primary-file /Users/admin/builder/spi-builder-workspace/Sources/TauTUI/Components/Box.swift -primary-file /Users/admin/builder/spi-builder-workspace/Sources/TauTUI/Components/Editor+Autocomplete.swift -primary-file /Users/admin/builder/spi-builder-workspace/Sources/TauTUI/Components/Editor.swift /Users/admin/builder/spi-builder-workspace/Sources/TauTUI/Components/EditorBuffer.swift /Users/admin/builder/spi-builder-workspace/Sources/TauTUI/Components/EditorLayoutEngine.swift /Users/admin/builder/spi-builder-workspace/Sources/TauTUI/Components/Image.swift /Users/admin/builder/spi-builder-workspace/Sources/TauTUI/Components/Input.swift /Users/admin/builder/spi-builder-workspace/Sources/TauTUI/Components/Loader.swift /Users/admin/builder/spi-builder-workspace/Sources/TauTUI/Components/MarkdownComponent.swift /Users/admin/builder/spi-builder-workspace/Sources/TauTUI/Components/SelectList.swift /Users/admin/builder/spi-builder-workspace/Sources/TauTUI/Components/SettingsList.swift /Users/admin/builder/spi-builder-workspace/Sources/TauTUI/Components/Spacer.swift /Users/admin/builder/spi-builder-workspace/Sources/TauTUI/Components/Text.swift /Users/admin/builder/spi-builder-workspace/Sources/TauTUI/Components/TruncatedText.swift /Users/admin/builder/spi-builder-workspace/Sources/TauTUI/Core/Component.swift /Users/admin/builder/spi-builder-workspace/Sources/TauTUI/Core/TUI.swift /Users/admin/builder/spi-builder-workspace/Sources/TauTUI/Core/Theme.swift /Users/admin/builder/spi-builder-workspace/Sources/TauTUI/TauTUI.swift /Users/admin/builder/spi-builder-workspace/Sources/TauTUI/Terminal/Terminal.swift /Users/admin/builder/spi-builder-workspace/Sources/TauTUI/Terminal/TerminalImage.swift /Users/admin/builder/spi-builder-workspace/Sources/TauTUI/Terminal/VirtualTerminal.swift /Users/admin/builder/spi-builder-workspace/Sources/TauTUI/Utilities/ANSISequences.swift /Users/admin/builder/spi-builder-workspace/Sources/TauTUI/Utilities/Ansi.swift /Users/admin/builder/spi-builder-workspace/Sources/TauTUI/Utilities/AnsiStyling.swift /Users/admin/builder/spi-builder-workspace/Sources/TauTUI/Utilities/AnsiWrapping.swift /Users/admin/builder/spi-builder-workspace/Sources/TauTUI/Utilities/FileAttachmentFilter.swift /Users/admin/builder/spi-builder-workspace/Sources/TauTUI/Utilities/PasteSanitizer.swift /Users/admin/builder/spi-builder-workspace/Sources/TauTUI/Utilities/TTYReplayer.swift /Users/admin/builder/spi-builder-workspace/Sources/TauTUI/Utilities/VisibleWidth.swift /Users/admin/builder/spi-builder-workspace/Sources/TauTUI/Utilities/WordNavigation.swift -supplementary-output-file-map /Users/admin/builder/spi-builder-workspace/.derivedData/Build/Intermediates.noindex/TauTUI.build/Debug-watchos/TauTUI-t.build/Objects-normal/arm64/supplementaryOutputs-43 -target arm64-apple-watchos9.0 -module-can-import-version UniformTypeIdentifiers 919.0.1.101 709.0.0 -disable-cross-import-overlay-search -swift-module-cross-import Darwin /Applications/Xcode-27.0.0-Release.Candidate.app/Contents/Developer/Platforms/WatchOS.platform/Developer/SDKs/WatchOS.sdk/usr/include/Darwin.swiftcrossimport/xlocale.swiftoverlay -load-resolved-plugin /Applications/Xcode-27.0.0-Release.Candidate.app/Contents/Developer/Platforms/WatchOS.platform/Developer/usr/lib/swift/host/plugins/libFoundationMacros.dylib\#/Applications/Xcode-27.0.0-Release.Candidate.app/Contents/Developer/Platforms/WatchOS.platform/Developer/usr/bin/swift-plugin-server\#FoundationMacros -load-resolved-plugin /Applications/Xcode-27.0.0-Release.Candidate.app/Contents/Developer/Platforms/WatchOS.platform/Developer/usr/lib/swift/host/plugins/libObservationMacros.dylib\#/Applications/Xcode-27.0.0-Release.Candidate.app/Contents/Developer/Platforms/WatchOS.platform/Developer/usr/bin/swift-plugin-server\#ObservationMacros -load-resolved-plugin /Applications/Xcode-27.0.0-Release.Candidate.app/Contents/Developer/Platforms/WatchOS.platform/Developer/usr/lib/swift/host/plugins/libSwiftMacros.dylib\#/Applications/Xcode-27.0.0-Release.Candidate.app/Contents/Developer/Platforms/WatchOS.platform/Developer/usr/bin/swift-plugin-server\#SwiftMacros -disable-implicit-swift-modules -Xcc -fno-implicit-modules -Xcc -fno-implicit-module-maps -explicit-swift-module-map-file /Users/admin/builder/spi-builder-workspace/.derivedData/Build/Intermediates.noindex/TauTUI.build/Debug-watchos/TauTUI-t.build/Objects-normal/arm64/TauTUI-dependencies-2.json -Xllvm -aarch64-use-tbi -enable-objc-interop -stack-check -sdk /Applications/Xcode-27.0.0-Release.Candidate.app/Contents/Developer/Platforms/WatchOS.platform/Developer/SDKs/WatchOS27.0.sdk -I /Users/admin/builder/spi-builder-workspace/.derivedData/Build/Products/Debug-watchos -Isystem /Applications/Xcode-27.0.0-Release.Candidate.app/Contents/Developer/Platforms/WatchOS.platform/Developer/usr/lib -F /Users/admin/builder/spi-builder-workspace/.derivedData/Build/Products/Debug-watchos/PackageFrameworks -F /Users/admin/builder/spi-builder-workspace/.derivedData/Build/Products/Debug-watchos -F /Applications/Xcode-27.0.0-Release.Candidate.app/Contents/Developer/Platforms/WatchOS.platform/Developer/Library/Frameworks -F /Applications/Xcode-27.0.0-Release.Candidate.app/Contents/Developer/Platforms/WatchOS.platform/Developer/SDKs/WatchOS27.0.sdk/Developer/Library/Frameworks -module-cache-path /Users/admin/builder/spi-builder-workspace/.derivedData/Build/Intermediates.noindex/SwiftExplicitPrecompiledModules -no-color-diagnostics -Xcc -fno-color-diagnostics -enable-testing -g -debug-info-format\=dwarf -dwarf-version\=4 -profile-generate -profile-coverage-mapping -swift-version 6 -Onone -D SWIFT_PACKAGE -D DEBUG -D SWIFT_MODULE_RESOURCE_BUNDLE_UNAVAILABLE -D Xcode -serialize-debugging-options -enable-experimental-feature DebugDescriptionMacro -empty-abi-descriptor -validate-clang-modules-once -clang-build-session-file /Users/admin/builder/spi-builder-workspace/.derivedData/ModuleCache.noindex/Session.modulevalidation -Xcc -working-directory -Xcc /Users/admin/builder/spi-builder-workspace/.swiftpm/xcode -enable-anonymous-context-mangled-names -file-compilation-dir /Users/admin/builder/spi-builder-workspace/.swiftpm/xcode -Xcc -fmodule-map-file\=/Users/admin/builder/spi-builder-workspace/.dependencies/checkouts/swift-cmark/src/include/module.modulemap -Xcc -fmodule-map-file\=/Users/admin/builder/spi-builder-workspace/.dependencies/checkouts/swift-cmark/extensions/include/module.modulemap -Xcc -fmodule-map-file\=/Users/admin/builder/spi-builder-workspace/.dependencies/checkouts/swift-markdown/Sources/CAtomic/include/module.modulemap -Xcc -fmodule-map-file\=/Users/admin/builder/spi-builder-workspace/.dependencies/checkouts/swift-system/Sources/CSystem/include/module.modulemap -Xcc -D_LIBCPP_HARDENING_MODE\=_LIBCPP_HARDENING_MODE_DEBUG -Xcc -ivfsstatcache -Xcc /Users/admin/builder/spi-builder-workspace/.derivedData/SDKStatCaches.noindex/watchos27.0-24R360-e829b21a6f8c9b70876ba0858053c04477534ef55a1706bf4c1112bbb242f0a2.sdkstatcache -Xcc -fmodules-prune-interval\=86400 -Xcc -fmodules-prune-after\=345600 -Xcc -I/Users/admin/builder/spi-builder-workspace/.dependencies/checkouts/swift-cmark/src/include -Xcc -I/Users/admin/builder/spi-builder-workspace/.dependencies/checkouts/swift-cmark/extensions/include -Xcc -I/Users/admin/builder/spi-builder-workspace/.dependencies/checkouts/swift-markdown/Sources/CAtomic/include -Xcc -I/Users/admin/builder/spi-builder-workspace/.dependencies/checkouts/swift-system/Sources/CSystem/include -Xcc -I/Users/admin/builder/spi-builder-workspace/.derivedData/Build/Products/Debug-watchos/include -Xcc -I/Users/admin/builder/spi-builder-workspace/.derivedData/Build/Intermediates.noindex/TauTUI.build/Debug-watchos/TauTUI-t.build/DerivedSources-normal/arm64 -Xcc -I/Users/admin/builder/spi-builder-workspace/.derivedData/Build/Intermediates.noindex/TauTUI.build/Debug-watchos/TauTUI-t.build/DerivedSources/arm64 -Xcc -I/Users/admin/builder/spi-builder-workspace/.derivedData/Build/Intermediates.noindex/TauTUI.build/Debug-watchos/TauTUI-t.build/DerivedSources -Xcc -DSWIFT_PACKAGE -Xcc -DDEBUG\=1 -no-auto-bridging-header-chaining -module-name TauTUI -package-name spi_builder_workspace -const-gather-protocols-file /Users/admin/builder/spi-builder-workspace/.derivedData/Build/Intermediates.noindex/TauTUI.build/Debug-watchos/TauTUI-t.build/Objects-normal/arm64/TauTUI_const_extract_protocols.json -disable-clang-spi -clang-target arm64-apple-watchos27.0 -target-sdk-version 27.0 -target-sdk-name watchos27.0 -in-process-plugin-server-path /Applications/Xcode-27.0.0-Release.Candidate.app/Contents/Developer/Toolchains/XcodeDefault.xctoolchain/usr/lib/swift/host/libSwiftInProcPluginServer.dylib -parse-as-library -o /Users/admin/builder/spi-builder-workspace/.derivedData/Build/Intermediates.noindex/TauTUI.build/Debug-watchos/TauTUI-t.build/Objects-normal/arm64/Autocomplete.o -o /Users/admin/builder/spi-builder-workspace/.derivedData/Build/Intermediates.noindex/TauTUI.build/Debug-watchos/TauTUI-t.build/Objects-normal/arm64/Box.o -o /Users/admin/builder/spi-builder-workspace/.derivedData/Build/Intermediates.noindex/TauTUI.build/Debug-watchos/TauTUI-t.build/Objects-normal/arm64/Editor+Autocomplete.o -o /Users/admin/builder/spi-builder-workspace/.derivedData/Build/Intermediates.noindex/TauTUI.build/Debug-watchos/TauTUI-t.build/Objects-normal/arm64/Editor.o -debug-module-path /Users/admin/builder/spi-builder-workspace/.derivedData/Build/Intermediates.noindex/TauTUI.build/Debug-watchos/TauTUI-t.build/Objects-normal/arm64/TauTUI.swiftmodule -index-unit-output-path /TauTUI.build/Debug-watchos/TauTUI-t.build/Objects-normal/arm64/Autocomplete.o -index-unit-output-path /TauTUI.build/Debug-watchos/TauTUI-t.build/Objects-normal/arm64/Box.o -index-unit-output-path /TauTUI.build/Debug-watchos/TauTUI-t.build/Objects-normal/arm64/Editor+Autocomplete.o -index-unit-output-path /TauTUI.build/Debug-watchos/TauTUI-t.build/Objects-normal/arm64/Editor.o -index-store-path /Users/admin/builder/spi-builder-workspace/.derivedData/Index.noindex/DataStore -index-system-modules
SwiftCompile normal arm64 /Users/admin/builder/spi-builder-workspace/Sources/TauTUI/Autocomplete/Autocomplete.swift (in target 'TauTUI' from project 'TauTUI')
cd /Users/admin/builder/spi-builder-workspace/.swiftpm/xcode
builtin-SwiftPerFileCompile Autocomplete.swift
SwiftCompile normal arm64 /Users/admin/builder/spi-builder-workspace/Sources/TauTUI/Components/Box.swift (in target 'TauTUI' from project 'TauTUI')
cd /Users/admin/builder/spi-builder-workspace/.swiftpm/xcode
builtin-SwiftPerFileCompile Box.swift
SwiftCompile normal arm64 /Users/admin/builder/spi-builder-workspace/Sources/TauTUI/Components/Editor+Autocomplete.swift (in target 'TauTUI' from project 'TauTUI')
cd /Users/admin/builder/spi-builder-workspace/.swiftpm/xcode
builtin-SwiftPerFileCompile Editor+Autocomplete.swift
SwiftCompile normal arm64 /Users/admin/builder/spi-builder-workspace/Sources/TauTUI/Components/Editor.swift (in target 'TauTUI' from project 'TauTUI')
cd /Users/admin/builder/spi-builder-workspace/.swiftpm/xcode
builtin-SwiftPerFileCompile Editor.swift
SwiftCompile normal arm64 Compiling\ ANSISequences.swift,\ Ansi.swift,\ AnsiStyling.swift /Users/admin/builder/spi-builder-workspace/Sources/TauTUI/Utilities/ANSISequences.swift /Users/admin/builder/spi-builder-workspace/Sources/TauTUI/Utilities/Ansi.swift /Users/admin/builder/spi-builder-workspace/Sources/TauTUI/Utilities/AnsiStyling.swift (in target 'TauTUI' from project 'TauTUI')
SwiftCompile normal arm64 /Users/admin/builder/spi-builder-workspace/Sources/TauTUI/Utilities/ANSISequences.swift (in target 'TauTUI' from project 'TauTUI')
cd /Users/admin/builder/spi-builder-workspace/.swiftpm/xcode
builtin-SwiftPerFileCompile ANSISequences.swift
SwiftCompile normal arm64 /Users/admin/builder/spi-builder-workspace/Sources/TauTUI/Utilities/Ansi.swift (in target 'TauTUI' from project 'TauTUI')
cd /Users/admin/builder/spi-builder-workspace/.swiftpm/xcode
builtin-SwiftPerFileCompile Ansi.swift
SwiftCompile normal arm64 /Users/admin/builder/spi-builder-workspace/Sources/TauTUI/Utilities/AnsiStyling.swift (in target 'TauTUI' from project 'TauTUI')
cd /Users/admin/builder/spi-builder-workspace/.swiftpm/xcode
builtin-SwiftPerFileCompile AnsiStyling.swift
SwiftCompile normal arm64 Compiling\ EditorBuffer.swift,\ EditorLayoutEngine.swift,\ Image.swift /Users/admin/builder/spi-builder-workspace/Sources/TauTUI/Components/EditorBuffer.swift /Users/admin/builder/spi-builder-workspace/Sources/TauTUI/Components/EditorLayoutEngine.swift /Users/admin/builder/spi-builder-workspace/Sources/TauTUI/Components/Image.swift (in target 'TauTUI' from project 'TauTUI')
SwiftCompile normal arm64 /Users/admin/builder/spi-builder-workspace/Sources/TauTUI/Components/EditorBuffer.swift (in target 'TauTUI' from project 'TauTUI')
cd /Users/admin/builder/spi-builder-workspace/.swiftpm/xcode
builtin-SwiftPerFileCompile EditorBuffer.swift
SwiftCompile normal arm64 /Users/admin/builder/spi-builder-workspace/Sources/TauTUI/Components/EditorLayoutEngine.swift (in target 'TauTUI' from project 'TauTUI')
cd /Users/admin/builder/spi-builder-workspace/.swiftpm/xcode
builtin-SwiftPerFileCompile EditorLayoutEngine.swift
SwiftCompile normal arm64 /Users/admin/builder/spi-builder-workspace/Sources/TauTUI/Components/Image.swift (in target 'TauTUI' from project 'TauTUI')
cd /Users/admin/builder/spi-builder-workspace/.swiftpm/xcode
builtin-SwiftPerFileCompile Image.swift
SwiftEmitModule normal arm64_32 Emitting\ module\ for\ TauTUI (in target 'TauTUI' from project 'TauTUI')
SwiftCompile normal arm64_32 (in target 'TauTUI' from project 'TauTUI')
cd /Users/admin/builder/spi-builder-workspace/.swiftpm/xcode
SwiftDriverJobDiscovery normal arm64 Compiling ANSISequences.swift, Ansi.swift, AnsiStyling.swift (in target 'TauTUI' from project 'TauTUI')
SwiftCompile normal arm64_32 Compiling\ Autocomplete.swift,\ Box.swift,\ Editor+Autocomplete.swift,\ Editor.swift /Users/admin/builder/spi-builder-workspace/Sources/TauTUI/Autocomplete/Autocomplete.swift /Users/admin/builder/spi-builder-workspace/Sources/TauTUI/Components/Box.swift /Users/admin/builder/spi-builder-workspace/Sources/TauTUI/Components/Editor+Autocomplete.swift /Users/admin/builder/spi-builder-workspace/Sources/TauTUI/Components/Editor.swift (in target 'TauTUI' from project 'TauTUI')
SwiftCompile normal arm64_32 /Users/admin/builder/spi-builder-workspace/Sources/TauTUI/Autocomplete/Autocomplete.swift (in target 'TauTUI' from project 'TauTUI')
cd /Users/admin/builder/spi-builder-workspace/.swiftpm/xcode
builtin-SwiftPerFileCompile Autocomplete.swift
SwiftCompile normal arm64_32 /Users/admin/builder/spi-builder-workspace/Sources/TauTUI/Components/Box.swift (in target 'TauTUI' from project 'TauTUI')
cd /Users/admin/builder/spi-builder-workspace/.swiftpm/xcode
builtin-SwiftPerFileCompile Box.swift
SwiftCompile normal arm64_32 /Users/admin/builder/spi-builder-workspace/Sources/TauTUI/Components/Editor+Autocomplete.swift (in target 'TauTUI' from project 'TauTUI')
cd /Users/admin/builder/spi-builder-workspace/.swiftpm/xcode
builtin-SwiftPerFileCompile Editor+Autocomplete.swift
SwiftCompile normal arm64_32 /Users/admin/builder/spi-builder-workspace/Sources/TauTUI/Components/Editor.swift (in target 'TauTUI' from project 'TauTUI')
cd /Users/admin/builder/spi-builder-workspace/.swiftpm/xcode
builtin-SwiftPerFileCompile Editor.swift
SwiftDriverJobDiscovery normal arm64 Compiling TTYReplayer.swift, VisibleWidth.swift, WordNavigation.swift (in target 'TauTUI' from project 'TauTUI')
SwiftCompile normal arm64_32 Compiling\ SelectList.swift,\ SettingsList.swift,\ Spacer.swift /Users/admin/builder/spi-builder-workspace/Sources/TauTUI/Components/SelectList.swift /Users/admin/builder/spi-builder-workspace/Sources/TauTUI/Components/SettingsList.swift /Users/admin/builder/spi-builder-workspace/Sources/TauTUI/Components/Spacer.swift (in target 'TauTUI' from project 'TauTUI')
SwiftCompile normal arm64_32 /Users/admin/builder/spi-builder-workspace/Sources/TauTUI/Components/SelectList.swift (in target 'TauTUI' from project 'TauTUI')
cd /Users/admin/builder/spi-builder-workspace/.swiftpm/xcode
builtin-SwiftPerFileCompile SelectList.swift
SwiftCompile normal arm64_32 /Users/admin/builder/spi-builder-workspace/Sources/TauTUI/Components/SettingsList.swift (in target 'TauTUI' from project 'TauTUI')
cd /Users/admin/builder/spi-builder-workspace/.swiftpm/xcode
builtin-SwiftPerFileCompile SettingsList.swift
SwiftCompile normal arm64_32 /Users/admin/builder/spi-builder-workspace/Sources/TauTUI/Components/Spacer.swift (in target 'TauTUI' from project 'TauTUI')
cd /Users/admin/builder/spi-builder-workspace/.swiftpm/xcode
builtin-SwiftPerFileCompile Spacer.swift
PruneExplicitPrecompiledModules /Users/admin/builder/spi-builder-workspace/.derivedData/SDKExplicitPrecompiledModules
PruneExplicitPrecompiledModules /Users/admin/builder/spi-builder-workspace/.derivedData/Build/Intermediates.noindex/SwiftExplicitPrecompiledModules
PruneExplicitPrecompiledModules /Users/admin/builder/spi-builder-workspace/.derivedData/Build/Intermediates.noindex/ExplicitPrecompiledModules
2026-09-28 01:45:49.461 xcodebuild[833:4779] [MT] IDERunDestination: Supported platforms for the buildables in the current scheme is empty.
** BUILD FAILED **
The following build commands failed:
SwiftCompile normal arm64 Compiling\ Autocomplete.swift,\ Box.swift,\ Editor+Autocomplete.swift,\ Editor.swift /Users/admin/builder/spi-builder-workspace/Sources/TauTUI/Autocomplete/Autocomplete.swift /Users/admin/builder/spi-builder-workspace/Sources/TauTUI/Components/Box.swift /Users/admin/builder/spi-builder-workspace/Sources/TauTUI/Components/Editor+Autocomplete.swift /Users/admin/builder/spi-builder-workspace/Sources/TauTUI/Components/Editor.swift (in target 'TauTUI' from project 'TauTUI')
SwiftCompile normal arm64 /Users/admin/builder/spi-builder-workspace/Sources/TauTUI/Autocomplete/Autocomplete.swift (in target 'TauTUI' from project 'TauTUI')
Building workspace TauTUI with scheme TauTUI-Package
(3 failures)
Command line invocation:
/Applications/Xcode-27.0.0-Release.Candidate.app/Contents/Developer/usr/bin/xcodebuild -IDEClonedSourcePackagesDirPathOverride=/Users/admin/builder/spi-builder-workspace/.dependencies -resolvePackageDependencies
Resolve Package Graph
Resolved source packages:
swift-system: https://github.com/apple/swift-system.git @ 1.8.1
TauTUI: /Users/admin/builder/spi-builder-workspace
swift-markdown: https://github.com/apple/swift-markdown.git @ 0.9.0
swift-displaywidth: https://github.com/ainame/swift-displaywidth.git @ 0.2.0
cmark-gfm: https://github.com/swiftlang/swift-cmark.git @ 0.9.0
resolved source packages: swift-system, TauTUI, swift-markdown, swift-displaywidth, cmark-gfm
2026-09-28 01:46:05.903 xcodebuild[1207:6471] [MT] IDERunDestination: Supported platforms for the buildables in the current scheme is empty.
{
"dependencies" : [
{
"identity" : "swift-markdown",
"requirement" : {
"range" : [
{
"lower_bound" : "0.7.3",
"upper_bound" : "1.0.0"
}
]
},
"type" : "sourceControl",
"url" : "https://github.com/apple/swift-markdown.git"
},
{
"identity" : "swift-system",
"requirement" : {
"range" : [
{
"lower_bound" : "1.6.3",
"upper_bound" : "2.0.0"
}
]
},
"type" : "sourceControl",
"url" : "https://github.com/apple/swift-system.git"
},
{
"identity" : "swift-displaywidth",
"requirement" : {
"range" : [
{
"lower_bound" : "0.0.3",
"upper_bound" : "1.0.0"
}
]
},
"type" : "sourceControl",
"url" : "https://github.com/ainame/swift-displaywidth.git"
}
],
"manifest_display_name" : "TauTUI",
"name" : "TauTUI",
"path" : "/Users/admin/builder/spi-builder-workspace",
"platforms" : [
{
"name" : "macos",
"version" : "13.0"
}
],
"products" : [
{
"name" : "TauTUI",
"targets" : [
"TauTUI"
],
"type" : {
"library" : [
"automatic"
]
}
},
{
"name" : "ChatDemo",
"targets" : [
"ChatDemo"
],
"type" : {
"executable" : null
}
},
{
"name" : "KeyTester",
"targets" : [
"KeyTester"
],
"type" : {
"executable" : null
}
},
{
"name" : "TTYSampler",
"targets" : [
"TTYSampler"
],
"type" : {
"executable" : null
}
}
],
"targets" : [
{
"c99name" : "TauTUITests",
"module_type" : "SwiftTarget",
"name" : "TauTUITests",
"path" : "Tests/TauTUITests",
"sources" : [
"AnsiImageStrippingTests.swift",
"AnsiWrappingTests.swift",
"AutocompleteFileTests.swift",
"AutocompleteSlashTests.swift",
"AutocompleteTests.swift",
"BoxTests.swift",
"EditorHistoryTests.swift",
"EditorPasteTests.swift",
"EditorTests.swift",
"EditorUnicodeTests.swift",
"EditorWrappingTests.swift",
"InputTests.swift",
"LoaderTests.swift",
"MarkdownCodeTests.swift",
"MarkdownSpacingTests.swift",
"MarkdownTests.swift",
"RendererSnapshotTests.swift",
"SelectListTests.swift",
"SettingsListTests.swift",
"TTYReplayerTests.swift",
"TUITests.swift",
"TauTUITests.swift",
"TerminalCellSizeTests.swift",
"TerminalImageTests.swift",
"TerminalInputBufferTests.swift",
"ThemePropagationTests.swift",
"TruncatedTextTests.swift",
"VirtualTerminalTests.swift",
"WordNavigationParityTests.swift"
],
"target_dependencies" : [
"TauTUI",
"TauTUIInternal"
],
"type" : "test"
},
{
"c99name" : "TauTUIInternal",
"module_type" : "SwiftTarget",
"name" : "TauTUIInternal",
"path" : "Sources/TauTUIInternal",
"sources" : [
"VirtualTerminalInternal.swift"
],
"target_dependencies" : [
"TauTUI"
],
"type" : "library"
},
{
"c99name" : "TauTUIExternalClientTests",
"module_type" : "SwiftTarget",
"name" : "TauTUIExternalClientTests",
"path" : "Tests/TauTUIExternalClientTests",
"sources" : [
"AutocompleteSuggestionAPITests.swift"
],
"target_dependencies" : [
"TauTUI"
],
"type" : "test"
},
{
"c99name" : "TauTUI",
"module_type" : "SwiftTarget",
"name" : "TauTUI",
"path" : "Sources/TauTUI",
"product_dependencies" : [
"Markdown",
"SystemPackage",
"DisplayWidth"
],
"product_memberships" : [
"TauTUI",
"ChatDemo",
"KeyTester",
"TTYSampler"
],
"sources" : [
"Autocomplete/Autocomplete.swift",
"Components/Box.swift",
"Components/Editor+Autocomplete.swift",
"Components/Editor.swift",
"Components/EditorBuffer.swift",
"Components/EditorLayoutEngine.swift",
"Components/Image.swift",
"Components/Input.swift",
"Components/Loader.swift",
"Components/MarkdownComponent.swift",
"Components/SelectList.swift",
"Components/SettingsList.swift",
"Components/Spacer.swift",
"Components/Text.swift",
"Components/TruncatedText.swift",
"Core/Component.swift",
"Core/TUI.swift",
"Core/Theme.swift",
"TauTUI.swift",
"Terminal/Terminal.swift",
"Terminal/TerminalImage.swift",
"Terminal/VirtualTerminal.swift",
"Utilities/ANSISequences.swift",
"Utilities/Ansi.swift",
"Utilities/AnsiStyling.swift",
"Utilities/AnsiWrapping.swift",
"Utilities/FileAttachmentFilter.swift",
"Utilities/PasteSanitizer.swift",
"Utilities/TTYReplayer.swift",
"Utilities/VisibleWidth.swift",
"Utilities/WordNavigation.swift"
],
"type" : "library"
},
{
"c99name" : "TTYSampler",
"module_type" : "SwiftTarget",
"name" : "TTYSampler",
"path" : "Examples/TTYSampler",
"product_memberships" : [
"TTYSampler"
],
"resources" : [
{
"path" : "/Users/admin/builder/spi-builder-workspace/Examples/TTYSampler/markdown-table.json",
"rule" : {
"copy" : {
}
}
},
{
"path" : "/Users/admin/builder/spi-builder-workspace/Examples/TTYSampler/markdown.json",
"rule" : {
"copy" : {
}
}
},
{
"path" : "/Users/admin/builder/spi-builder-workspace/Examples/TTYSampler/sample.json",
"rule" : {
"copy" : {
}
}
},
{
"path" : "/Users/admin/builder/spi-builder-workspace/Examples/TTYSampler/select.json",
"rule" : {
"copy" : {
}
}
}
],
"sources" : [
"main.swift"
],
"target_dependencies" : [
"TauTUI"
],
"type" : "executable"
},
{
"c99name" : "KeyTester",
"module_type" : "SwiftTarget",
"name" : "KeyTester",
"path" : "Examples/KeyTester",
"product_memberships" : [
"KeyTester"
],
"sources" : [
"main.swift"
],
"target_dependencies" : [
"TauTUI"
],
"type" : "executable"
},
{
"c99name" : "ChatDemo",
"module_type" : "SwiftTarget",
"name" : "ChatDemo",
"path" : "Examples/ChatDemo",
"product_memberships" : [
"ChatDemo"
],
"sources" : [
"main.swift"
],
"target_dependencies" : [
"TauTUI"
],
"type" : "executable"
}
],
"tools_version" : "6.2"
}
{
"workspace" : {
"name" : "TauTUI",
"schemes" : [
"ChatDemo",
"KeyTester",
"TauTUI",
"TauTUI-Package",
"TTYSampler"
]
}
}
2026-09-28 01:46:07.359 xcodebuild[1215:6538] [MT] IDERunDestination: Supported platforms for the buildables in the current scheme is empty.
Running build ...
env DEVELOPER_DIR=/Applications/Xcode-27.0.0-Release.Candidate.app xcrun xcodebuild -IDEClonedSourcePackagesDirPathOverride=$PWD/.dependencies -skipMacroValidation -skipPackagePluginValidation -derivedDataPath $PWD/.derivedData build -scheme TauTUI-Package -destination generic/platform=watchOS
Command line invocation:
/Applications/Xcode-27.0.0-Release.Candidate.app/Contents/Developer/usr/bin/xcodebuild -IDEClonedSourcePackagesDirPathOverride=/Users/admin/builder/spi-builder-workspace/.dependencies -skipMacroValidation -skipPackagePluginValidation -derivedDataPath /Users/admin/builder/spi-builder-workspace/.derivedData build -scheme TauTUI-Package -destination generic/platform=watchOS
Resolve Package Graph
Resolved source packages:
swift-system: https://github.com/apple/swift-system.git @ 1.8.1
cmark-gfm: https://github.com/swiftlang/swift-cmark.git @ 0.9.0
TauTUI: /Users/admin/builder/spi-builder-workspace
swift-markdown: https://github.com/apple/swift-markdown.git @ 0.9.0
swift-displaywidth: https://github.com/ainame/swift-displaywidth.git @ 0.2.0
ComputePackagePrebuildTargetDependencyGraph
Prepare packages
CreateBuildRequest
SendProjectDescription
CreateBuildOperation
ComputeTargetDependencyGraph
note: Building targets in dependency order
note: Target dependency graph (18 targets)
Target 'TTYSampler-product' in project 'TauTUI'
➜ Explicit dependency on target 'TauTUI_TTYSampler' in project 'TauTUI'
➜ Explicit dependency on target 'TauTUI' in project 'TauTUI'
➜ Explicit dependency on target 'Markdown-product' in project 'swift-markdown'
➜ Explicit dependency on target 'SystemPackage-product' in project 'swift-system'
➜ Explicit dependency on target 'DisplayWidth-product' in project 'swift-displaywidth'
Target 'TauTUI_TTYSampler' in project 'TauTUI' (no dependencies)
Target 'KeyTester-product' in project 'TauTUI'
➜ Explicit dependency on target 'TauTUI' in project 'TauTUI'
➜ Explicit dependency on target 'Markdown-product' in project 'swift-markdown'
➜ Explicit dependency on target 'SystemPackage-product' in project 'swift-system'
➜ Explicit dependency on target 'DisplayWidth-product' in project 'swift-displaywidth'
Target 'ChatDemo-product' in project 'TauTUI'
➜ Explicit dependency on target 'TauTUI' in project 'TauTUI'
➜ Explicit dependency on target 'Markdown-product' in project 'swift-markdown'
➜ Explicit dependency on target 'SystemPackage-product' in project 'swift-system'
➜ Explicit dependency on target 'DisplayWidth-product' in project 'swift-displaywidth'
Target 'TauTUI-product' in project 'TauTUI'
➜ Explicit dependency on target 'TauTUI' in project 'TauTUI'
➜ Explicit dependency on target 'Markdown-product' in project 'swift-markdown'
➜ Explicit dependency on target 'SystemPackage-product' in project 'swift-system'
➜ Explicit dependency on target 'DisplayWidth-product' in project 'swift-displaywidth'
Target 'TauTUI' in project 'TauTUI'
➜ Explicit dependency on target 'Markdown-product' in project 'swift-markdown'
➜ Explicit dependency on target 'SystemPackage-product' in project 'swift-system'
➜ Explicit dependency on target 'DisplayWidth-product' in project 'swift-displaywidth'
Target 'DisplayWidth-product' in project 'swift-displaywidth'
➜ Explicit dependency on target 'DisplayWidth' in project 'swift-displaywidth'
Target 'DisplayWidth' in project 'swift-displaywidth' (no dependencies)
Target 'SystemPackage-product' in project 'swift-system'
➜ Explicit dependency on target 'SystemPackage' in project 'swift-system'
➜ Explicit dependency on target 'CSystem' in project 'swift-system'
Target 'SystemPackage' in project 'swift-system'
➜ Explicit dependency on target 'CSystem' in project 'swift-system'
Target 'CSystem' in project 'swift-system' (no dependencies)
Target 'Markdown-product' in project 'swift-markdown'
➜ Explicit dependency on target 'Markdown' in project 'swift-markdown'
➜ Explicit dependency on target 'CAtomic' in project 'swift-markdown'
➜ Explicit dependency on target 'cmark-gfm-product' in project 'cmark-gfm'
➜ Explicit dependency on target 'cmark-gfm-extensions-product' in project 'cmark-gfm'
Target 'Markdown' in project 'swift-markdown'
➜ Explicit dependency on target 'CAtomic' in project 'swift-markdown'
➜ Explicit dependency on target 'cmark-gfm-product' in project 'cmark-gfm'
➜ Explicit dependency on target 'cmark-gfm-extensions-product' in project 'cmark-gfm'
Target 'cmark-gfm-extensions-product' in project 'cmark-gfm'
➜ Explicit dependency on target 'cmark-gfm-extensions' in project 'cmark-gfm'
➜ Explicit dependency on target 'cmark-gfm' in project 'cmark-gfm'
Target 'cmark-gfm-extensions' in project 'cmark-gfm'
➜ Explicit dependency on target 'cmark-gfm' in project 'cmark-gfm'
Target 'cmark-gfm-product' in project 'cmark-gfm'
➜ Explicit dependency on target 'cmark-gfm' in project 'cmark-gfm'
Target 'cmark-gfm' in project 'cmark-gfm' (no dependencies)
Target 'CAtomic' in project 'swift-markdown' (no dependencies)
GatherProvisioningInputs
CreateBuildDescription
ClangStatCache /Applications/Xcode-27.0.0-Release.Candidate.app/Contents/Developer/Toolchains/XcodeDefault.xctoolchain/usr/bin/clang-stat-cache /Applications/Xcode-27.0.0-Release.Candidate.app/Contents/Developer/Platforms/WatchOS.platform/Developer/SDKs/WatchOS27.0.sdk /Users/admin/builder/spi-builder-workspace/.derivedData/SDKStatCaches.noindex/watchos27.0-24R360-e829b21a6f8c9b70876ba0858053c04477534ef55a1706bf4c1112bbb242f0a2.sdkstatcache
cd /Users/admin/builder/spi-builder-workspace/.swiftpm/xcode
/Applications/Xcode-27.0.0-Release.Candidate.app/Contents/Developer/Toolchains/XcodeDefault.xctoolchain/usr/bin/clang-stat-cache /Applications/Xcode-27.0.0-Release.Candidate.app/Contents/Developer/Platforms/WatchOS.platform/Developer/SDKs/WatchOS27.0.sdk -o /Users/admin/builder/spi-builder-workspace/.derivedData/SDKStatCaches.noindex/watchos27.0-24R360-e829b21a6f8c9b70876ba0858053c04477534ef55a1706bf4c1112bbb242f0a2.sdkstatcache
SwiftDriver TauTUI normal arm64 com.apple.xcode.tools.swift.compiler (in target 'TauTUI' from project 'TauTUI')
cd /Users/admin/builder/spi-builder-workspace/.swiftpm/xcode
builtin-SwiftDriver -- /Applications/Xcode-27.0.0-Release.Candidate.app/Contents/Developer/Toolchains/XcodeDefault.xctoolchain/usr/bin/swiftc -parse-as-library -module-name TauTUI -Onone @/Users/admin/builder/spi-builder-workspace/.derivedData/Build/Intermediates.noindex/TauTUI.build/Debug-watchos/TauTUI-t.build/Objects-normal/arm64/TauTUI.SwiftFileList -DSWIFT_PACKAGE -DDEBUG -DSWIFT_MODULE_RESOURCE_BUNDLE_UNAVAILABLE -Xcc -fmodule-map-file\=/Users/admin/builder/spi-builder-workspace/.dependencies/checkouts/swift-cmark/src/include/module.modulemap -Xcc -fmodule-map-file\=/Users/admin/builder/spi-builder-workspace/.dependencies/checkouts/swift-cmark/extensions/include/module.modulemap -Xcc -fmodule-map-file\=/Users/admin/builder/spi-builder-workspace/.dependencies/checkouts/swift-markdown/Sources/CAtomic/include/module.modulemap -Xcc -fmodule-map-file\=/Users/admin/builder/spi-builder-workspace/.dependencies/checkouts/swift-system/Sources/CSystem/include/module.modulemap -DXcode -plugin-path /Applications/Xcode-27.0.0-Release.Candidate.app/Contents/Developer/Toolchains/XcodeDefault.xctoolchain/usr/lib/swift/host/plugins/testing -enable-experimental-feature DebugDescriptionMacro -sdk /Applications/Xcode-27.0.0-Release.Candidate.app/Contents/Developer/Platforms/WatchOS.platform/Developer/SDKs/WatchOS27.0.sdk -target arm64-apple-watchos9.0 -g -module-cache-path /Users/admin/builder/spi-builder-workspace/.derivedData/ModuleCache.noindex -Xfrontend -serialize-debugging-options -profile-coverage-mapping -profile-generate -enable-testing -index-store-path /Users/admin/builder/spi-builder-workspace/.derivedData/Index.noindex/DataStore -Xcc -D_LIBCPP_HARDENING_MODE\=_LIBCPP_HARDENING_MODE_DEBUG -swift-version 6 -I /Users/admin/builder/spi-builder-workspace/.derivedData/Build/Products/Debug-watchos -Isystem /Applications/Xcode-27.0.0-Release.Candidate.app/Contents/Developer/Platforms/WatchOS.platform/Developer/usr/lib -F /Users/admin/builder/spi-builder-workspace/.derivedData/Build/Products/Debug-watchos/PackageFrameworks -F /Users/admin/builder/spi-builder-workspace/.derivedData/Build/Products/Debug-watchos -F /Applications/Xcode-27.0.0-Release.Candidate.app/Contents/Developer/Platforms/WatchOS.platform/Developer/Library/Frameworks -F /Applications/Xcode-27.0.0-Release.Candidate.app/Contents/Developer/Platforms/WatchOS.platform/Developer/SDKs/WatchOS27.0.sdk/Developer/Library/Frameworks -c -j10 -enable-batch-mode -incremental -Xcc -ivfsstatcache -Xcc /Users/admin/builder/spi-builder-workspace/.derivedData/SDKStatCaches.noindex/watchos27.0-24R360-e829b21a6f8c9b70876ba0858053c04477534ef55a1706bf4c1112bbb242f0a2.sdkstatcache -output-file-map /Users/admin/builder/spi-builder-workspace/.derivedData/Build/Intermediates.noindex/TauTUI.build/Debug-watchos/TauTUI-t.build/Objects-normal/arm64/TauTUI-OutputFileMap.json -save-temps -no-color-diagnostics -explicit-module-build -module-cache-path /Users/admin/builder/spi-builder-workspace/.derivedData/Build/Intermediates.noindex/SwiftExplicitPrecompiledModules -clang-scanner-module-cache-path /Users/admin/builder/spi-builder-workspace/.derivedData/ModuleCache.noindex -sdk-module-cache-path /Users/admin/builder/spi-builder-workspace/.derivedData/SDKExplicitPrecompiledModules -emit-dependencies -emit-module -emit-module-path /Users/admin/builder/spi-builder-workspace/.derivedData/Build/Intermediates.noindex/TauTUI.build/Debug-watchos/TauTUI-t.build/Objects-normal/arm64/TauTUI.swiftmodule -serialize-diagnostics -dependency-scan-serialize-diagnostics-path /Users/admin/builder/spi-builder-workspace/.derivedData/Build/Intermediates.noindex/TauTUI.build/Debug-watchos/TauTUI-t.build/Objects-normal/arm64/TauTUI-dependency-scan.dia -validate-clang-modules-once -clang-build-session-file /Users/admin/builder/spi-builder-workspace/.derivedData/ModuleCache.noindex/Session.modulevalidation -Xcc -fmodules-prune-interval\=86400 -Xcc -fmodules-prune-after\=345600 -package-name spi_builder_workspace -emit-const-values -const-gather-protocols-list /Users/admin/builder/spi-builder-workspace/.derivedData/Build/Intermediates.noindex/TauTUI.build/Debug-watchos/TauTUI-t.build/Objects-normal/arm64/TauTUI_const_extract_protocols.json -Xcc -I/Users/admin/builder/spi-builder-workspace/.dependencies/checkouts/swift-cmark/src/include -Xcc -I/Users/admin/builder/spi-builder-workspace/.dependencies/checkouts/swift-cmark/extensions/include -Xcc -I/Users/admin/builder/spi-builder-workspace/.dependencies/checkouts/swift-markdown/Sources/CAtomic/include -Xcc -I/Users/admin/builder/spi-builder-workspace/.dependencies/checkouts/swift-system/Sources/CSystem/include -Xcc -I/Users/admin/builder/spi-builder-workspace/.derivedData/Build/Products/Debug-watchos/include -Xcc -I/Users/admin/builder/spi-builder-workspace/.derivedData/Build/Intermediates.noindex/TauTUI.build/Debug-watchos/TauTUI-t.build/DerivedSources-normal/arm64 -Xcc -I/Users/admin/builder/spi-builder-workspace/.derivedData/Build/Intermediates.noindex/TauTUI.build/Debug-watchos/TauTUI-t.build/DerivedSources/arm64 -Xcc -I/Users/admin/builder/spi-builder-workspace/.derivedData/Build/Intermediates.noindex/TauTUI.build/Debug-watchos/TauTUI-t.build/DerivedSources -Xcc -DSWIFT_PACKAGE -Xcc -DDEBUG\=1 -emit-objc-header -emit-objc-header-path /Users/admin/builder/spi-builder-workspace/.derivedData/Build/Intermediates.noindex/TauTUI.build/Debug-watchos/TauTUI-t.build/Objects-normal/arm64/TauTUI-Swift.h -working-directory /Users/admin/builder/spi-builder-workspace/.swiftpm/xcode -experimental-emit-module-separately -disable-cmo
SwiftDriver DisplayWidth normal arm64 com.apple.xcode.tools.swift.compiler (in target 'DisplayWidth' from project 'swift-displaywidth')
cd /Users/admin/builder/spi-builder-workspace/.swiftpm/xcode
builtin-SwiftDriver -- /Applications/Xcode-27.0.0-Release.Candidate.app/Contents/Developer/Toolchains/XcodeDefault.xctoolchain/usr/bin/swiftc -parse-as-library -module-name DisplayWidth -Onone @/Users/admin/builder/spi-builder-workspace/.derivedData/Build/Intermediates.noindex/swift-displaywidth.build/Debug-watchos/DisplayWidth-t.build/Objects-normal/arm64/DisplayWidth.SwiftFileList -DSWIFT_PACKAGE -DDEBUG -DSWIFT_MODULE_RESOURCE_BUNDLE_UNAVAILABLE -DXcode -plugin-path /Applications/Xcode-27.0.0-Release.Candidate.app/Contents/Developer/Toolchains/XcodeDefault.xctoolchain/usr/lib/swift/host/plugins/testing -enable-experimental-feature DebugDescriptionMacro -sdk /Applications/Xcode-27.0.0-Release.Candidate.app/Contents/Developer/Platforms/WatchOS.platform/Developer/SDKs/WatchOS27.0.sdk -target arm64-apple-watchos9.0 -g -module-cache-path /Users/admin/builder/spi-builder-workspace/.derivedData/ModuleCache.noindex -Xfrontend -serialize-debugging-options -profile-coverage-mapping -profile-generate -enable-testing -suppress-warnings -index-store-path /Users/admin/builder/spi-builder-workspace/.derivedData/Index.noindex/DataStore -Xcc -D_LIBCPP_HARDENING_MODE\=_LIBCPP_HARDENING_MODE_DEBUG -swift-version 6 -I /Users/admin/builder/spi-builder-workspace/.derivedData/Build/Products/Debug-watchos -Isystem /Applications/Xcode-27.0.0-Release.Candidate.app/Contents/Developer/Platforms/WatchOS.platform/Developer/usr/lib -F /Users/admin/builder/spi-builder-workspace/.derivedData/Build/Products/Debug-watchos -F /Applications/Xcode-27.0.0-Release.Candidate.app/Contents/Developer/Platforms/WatchOS.platform/Developer/Library/Frameworks -F /Applications/Xcode-27.0.0-Release.Candidate.app/Contents/Developer/Platforms/WatchOS.platform/Developer/SDKs/WatchOS27.0.sdk/Developer/Library/Frameworks -c -j10 -enable-batch-mode -incremental -Xcc -ivfsstatcache -Xcc /Users/admin/builder/spi-builder-workspace/.derivedData/SDKStatCaches.noindex/watchos27.0-24R360-e829b21a6f8c9b70876ba0858053c04477534ef55a1706bf4c1112bbb242f0a2.sdkstatcache -output-file-map /Users/admin/builder/spi-builder-workspace/.derivedData/Build/Intermediates.noindex/swift-displaywidth.build/Debug-watchos/DisplayWidth-t.build/Objects-normal/arm64/DisplayWidth-OutputFileMap.json -save-temps -no-color-diagnostics -explicit-module-build -module-cache-path /Users/admin/builder/spi-builder-workspace/.derivedData/Build/Intermediates.noindex/SwiftExplicitPrecompiledModules -clang-scanner-module-cache-path /Users/admin/builder/spi-builder-workspace/.derivedData/ModuleCache.noindex -sdk-module-cache-path /Users/admin/builder/spi-builder-workspace/.derivedData/SDKExplicitPrecompiledModules -emit-dependencies -emit-module -emit-module-path /Users/admin/builder/spi-builder-workspace/.derivedData/Build/Intermediates.noindex/swift-displaywidth.build/Debug-watchos/DisplayWidth-t.build/Objects-normal/arm64/DisplayWidth.swiftmodule -serialize-diagnostics -dependency-scan-serialize-diagnostics-path /Users/admin/builder/spi-builder-workspace/.derivedData/Build/Intermediates.noindex/swift-displaywidth.build/Debug-watchos/DisplayWidth-t.build/Objects-normal/arm64/DisplayWidth-dependency-scan.dia -user-module-version 0.2.0 -validate-clang-modules-once -clang-build-session-file /Users/admin/builder/spi-builder-workspace/.derivedData/ModuleCache.noindex/Session.modulevalidation -Xcc -fmodules-prune-interval\=86400 -Xcc -fmodules-prune-after\=345600 -package-name swift_displaywidth -emit-const-values -const-gather-protocols-list /Users/admin/builder/spi-builder-workspace/.derivedData/Build/Intermediates.noindex/swift-displaywidth.build/Debug-watchos/DisplayWidth-t.build/Objects-normal/arm64/DisplayWidth_const_extract_protocols.json -Xcc -I/Users/admin/builder/spi-builder-workspace/.derivedData/Build/Products/Debug-watchos/include -Xcc -I/Users/admin/builder/spi-builder-workspace/.derivedData/Build/Intermediates.noindex/swift-displaywidth.build/Debug-watchos/DisplayWidth-t.build/DerivedSources-normal/arm64 -Xcc -I/Users/admin/builder/spi-builder-workspace/.derivedData/Build/Intermediates.noindex/swift-displaywidth.build/Debug-watchos/DisplayWidth-t.build/DerivedSources/arm64 -Xcc -I/Users/admin/builder/spi-builder-workspace/.derivedData/Build/Intermediates.noindex/swift-displaywidth.build/Debug-watchos/DisplayWidth-t.build/DerivedSources -Xcc -DSWIFT_PACKAGE -Xcc -DDEBUG\=1 -emit-objc-header -emit-objc-header-path /Users/admin/builder/spi-builder-workspace/.derivedData/Build/Intermediates.noindex/swift-displaywidth.build/Debug-watchos/DisplayWidth-t.build/Objects-normal/arm64/DisplayWidth-Swift.h -working-directory /Users/admin/builder/spi-builder-workspace/.swiftpm/xcode -experimental-emit-module-separately -disable-cmo
SwiftDriver TauTUI normal arm64_32 com.apple.xcode.tools.swift.compiler (in target 'TauTUI' from project 'TauTUI')
cd /Users/admin/builder/spi-builder-workspace/.swiftpm/xcode
builtin-SwiftDriver -- /Applications/Xcode-27.0.0-Release.Candidate.app/Contents/Developer/Toolchains/XcodeDefault.xctoolchain/usr/bin/swiftc -parse-as-library -module-name TauTUI -Onone @/Users/admin/builder/spi-builder-workspace/.derivedData/Build/Intermediates.noindex/TauTUI.build/Debug-watchos/TauTUI-t.build/Objects-normal/arm64_32/TauTUI.SwiftFileList -DSWIFT_PACKAGE -DDEBUG -DSWIFT_MODULE_RESOURCE_BUNDLE_UNAVAILABLE -Xcc -fmodule-map-file\=/Users/admin/builder/spi-builder-workspace/.dependencies/checkouts/swift-cmark/src/include/module.modulemap -Xcc -fmodule-map-file\=/Users/admin/builder/spi-builder-workspace/.dependencies/checkouts/swift-cmark/extensions/include/module.modulemap -Xcc -fmodule-map-file\=/Users/admin/builder/spi-builder-workspace/.dependencies/checkouts/swift-markdown/Sources/CAtomic/include/module.modulemap -Xcc -fmodule-map-file\=/Users/admin/builder/spi-builder-workspace/.dependencies/checkouts/swift-system/Sources/CSystem/include/module.modulemap -DXcode -plugin-path /Applications/Xcode-27.0.0-Release.Candidate.app/Contents/Developer/Toolchains/XcodeDefault.xctoolchain/usr/lib/swift/host/plugins/testing -enable-experimental-feature DebugDescriptionMacro -sdk /Applications/Xcode-27.0.0-Release.Candidate.app/Contents/Developer/Platforms/WatchOS.platform/Developer/SDKs/WatchOS27.0.sdk -target arm64_32-apple-watchos9.0 -g -module-cache-path /Users/admin/builder/spi-builder-workspace/.derivedData/ModuleCache.noindex -Xfrontend -serialize-debugging-options -profile-coverage-mapping -profile-generate -enable-testing -index-store-path /Users/admin/builder/spi-builder-workspace/.derivedData/Index.noindex/DataStore -Xcc -D_LIBCPP_HARDENING_MODE\=_LIBCPP_HARDENING_MODE_DEBUG -swift-version 6 -I /Users/admin/builder/spi-builder-workspace/.derivedData/Build/Products/Debug-watchos -Isystem /Applications/Xcode-27.0.0-Release.Candidate.app/Contents/Developer/Platforms/WatchOS.platform/Developer/usr/lib -F /Users/admin/builder/spi-builder-workspace/.derivedData/Build/Products/Debug-watchos/PackageFrameworks -F /Users/admin/builder/spi-builder-workspace/.derivedData/Build/Products/Debug-watchos -F /Applications/Xcode-27.0.0-Release.Candidate.app/Contents/Developer/Platforms/WatchOS.platform/Developer/Library/Frameworks -F /Applications/Xcode-27.0.0-Release.Candidate.app/Contents/Developer/Platforms/WatchOS.platform/Developer/SDKs/WatchOS27.0.sdk/Developer/Library/Frameworks -c -j10 -enable-batch-mode -incremental -Xcc -ivfsstatcache -Xcc /Users/admin/builder/spi-builder-workspace/.derivedData/SDKStatCaches.noindex/watchos27.0-24R360-e829b21a6f8c9b70876ba0858053c04477534ef55a1706bf4c1112bbb242f0a2.sdkstatcache -output-file-map /Users/admin/builder/spi-builder-workspace/.derivedData/Build/Intermediates.noindex/TauTUI.build/Debug-watchos/TauTUI-t.build/Objects-normal/arm64_32/TauTUI-OutputFileMap.json -save-temps -no-color-diagnostics -explicit-module-build -module-cache-path /Users/admin/builder/spi-builder-workspace/.derivedData/Build/Intermediates.noindex/SwiftExplicitPrecompiledModules -clang-scanner-module-cache-path /Users/admin/builder/spi-builder-workspace/.derivedData/ModuleCache.noindex -sdk-module-cache-path /Users/admin/builder/spi-builder-workspace/.derivedData/SDKExplicitPrecompiledModules -emit-dependencies -emit-module -emit-module-path /Users/admin/builder/spi-builder-workspace/.derivedData/Build/Intermediates.noindex/TauTUI.build/Debug-watchos/TauTUI-t.build/Objects-normal/arm64_32/TauTUI.swiftmodule -serialize-diagnostics -dependency-scan-serialize-diagnostics-path /Users/admin/builder/spi-builder-workspace/.derivedData/Build/Intermediates.noindex/TauTUI.build/Debug-watchos/TauTUI-t.build/Objects-normal/arm64_32/TauTUI-dependency-scan.dia -validate-clang-modules-once -clang-build-session-file /Users/admin/builder/spi-builder-workspace/.derivedData/ModuleCache.noindex/Session.modulevalidation -Xcc -fmodules-prune-interval\=86400 -Xcc -fmodules-prune-after\=345600 -package-name spi_builder_workspace -emit-const-values -const-gather-protocols-list /Users/admin/builder/spi-builder-workspace/.derivedData/Build/Intermediates.noindex/TauTUI.build/Debug-watchos/TauTUI-t.build/Objects-normal/arm64_32/TauTUI_const_extract_protocols.json -Xcc -I/Users/admin/builder/spi-builder-workspace/.dependencies/checkouts/swift-cmark/src/include -Xcc -I/Users/admin/builder/spi-builder-workspace/.dependencies/checkouts/swift-cmark/extensions/include -Xcc -I/Users/admin/builder/spi-builder-workspace/.dependencies/checkouts/swift-markdown/Sources/CAtomic/include -Xcc -I/Users/admin/builder/spi-builder-workspace/.dependencies/checkouts/swift-system/Sources/CSystem/include -Xcc -I/Users/admin/builder/spi-builder-workspace/.derivedData/Build/Products/Debug-watchos/include -Xcc -I/Users/admin/builder/spi-builder-workspace/.derivedData/Build/Intermediates.noindex/TauTUI.build/Debug-watchos/TauTUI-t.build/DerivedSources-normal/arm64_32 -Xcc -I/Users/admin/builder/spi-builder-workspace/.derivedData/Build/Intermediates.noindex/TauTUI.build/Debug-watchos/TauTUI-t.build/DerivedSources/arm64_32 -Xcc -I/Users/admin/builder/spi-builder-workspace/.derivedData/Build/Intermediates.noindex/TauTUI.build/Debug-watchos/TauTUI-t.build/DerivedSources -Xcc -DSWIFT_PACKAGE -Xcc -DDEBUG\=1 -emit-objc-header -emit-objc-header-path /Users/admin/builder/spi-builder-workspace/.derivedData/Build/Intermediates.noindex/TauTUI.build/Debug-watchos/TauTUI-t.build/Objects-normal/arm64_32/TauTUI-Swift.h -working-directory /Users/admin/builder/spi-builder-workspace/.swiftpm/xcode -experimental-emit-module-separately -disable-cmo
SwiftDriver DisplayWidth normal arm64_32 com.apple.xcode.tools.swift.compiler (in target 'DisplayWidth' from project 'swift-displaywidth')
cd /Users/admin/builder/spi-builder-workspace/.swiftpm/xcode
builtin-SwiftDriver -- /Applications/Xcode-27.0.0-Release.Candidate.app/Contents/Developer/Toolchains/XcodeDefault.xctoolchain/usr/bin/swiftc -parse-as-library -module-name DisplayWidth -Onone @/Users/admin/builder/spi-builder-workspace/.derivedData/Build/Intermediates.noindex/swift-displaywidth.build/Debug-watchos/DisplayWidth-t.build/Objects-normal/arm64_32/DisplayWidth.SwiftFileList -DSWIFT_PACKAGE -DDEBUG -DSWIFT_MODULE_RESOURCE_BUNDLE_UNAVAILABLE -DXcode -plugin-path /Applications/Xcode-27.0.0-Release.Candidate.app/Contents/Developer/Toolchains/XcodeDefault.xctoolchain/usr/lib/swift/host/plugins/testing -enable-experimental-feature DebugDescriptionMacro -sdk /Applications/Xcode-27.0.0-Release.Candidate.app/Contents/Developer/Platforms/WatchOS.platform/Developer/SDKs/WatchOS27.0.sdk -target arm64_32-apple-watchos9.0 -g -module-cache-path /Users/admin/builder/spi-builder-workspace/.derivedData/ModuleCache.noindex -Xfrontend -serialize-debugging-options -profile-coverage-mapping -profile-generate -enable-testing -suppress-warnings -index-store-path /Users/admin/builder/spi-builder-workspace/.derivedData/Index.noindex/DataStore -Xcc -D_LIBCPP_HARDENING_MODE\=_LIBCPP_HARDENING_MODE_DEBUG -swift-version 6 -I /Users/admin/builder/spi-builder-workspace/.derivedData/Build/Products/Debug-watchos -Isystem /Applications/Xcode-27.0.0-Release.Candidate.app/Contents/Developer/Platforms/WatchOS.platform/Developer/usr/lib -F /Users/admin/builder/spi-builder-workspace/.derivedData/Build/Products/Debug-watchos -F /Applications/Xcode-27.0.0-Release.Candidate.app/Contents/Developer/Platforms/WatchOS.platform/Developer/Library/Frameworks -F /Applications/Xcode-27.0.0-Release.Candidate.app/Contents/Developer/Platforms/WatchOS.platform/Developer/SDKs/WatchOS27.0.sdk/Developer/Library/Frameworks -c -j10 -enable-batch-mode -incremental -Xcc -ivfsstatcache -Xcc /Users/admin/builder/spi-builder-workspace/.derivedData/SDKStatCaches.noindex/watchos27.0-24R360-e829b21a6f8c9b70876ba0858053c04477534ef55a1706bf4c1112bbb242f0a2.sdkstatcache -output-file-map /Users/admin/builder/spi-builder-workspace/.derivedData/Build/Intermediates.noindex/swift-displaywidth.build/Debug-watchos/DisplayWidth-t.build/Objects-normal/arm64_32/DisplayWidth-OutputFileMap.json -save-temps -no-color-diagnostics -explicit-module-build -module-cache-path /Users/admin/builder/spi-builder-workspace/.derivedData/Build/Intermediates.noindex/SwiftExplicitPrecompiledModules -clang-scanner-module-cache-path /Users/admin/builder/spi-builder-workspace/.derivedData/ModuleCache.noindex -sdk-module-cache-path /Users/admin/builder/spi-builder-workspace/.derivedData/SDKExplicitPrecompiledModules -emit-dependencies -emit-module -emit-module-path /Users/admin/builder/spi-builder-workspace/.derivedData/Build/Intermediates.noindex/swift-displaywidth.build/Debug-watchos/DisplayWidth-t.build/Objects-normal/arm64_32/DisplayWidth.swiftmodule -serialize-diagnostics -dependency-scan-serialize-diagnostics-path /Users/admin/builder/spi-builder-workspace/.derivedData/Build/Intermediates.noindex/swift-displaywidth.build/Debug-watchos/DisplayWidth-t.build/Objects-normal/arm64_32/DisplayWidth-dependency-scan.dia -user-module-version 0.2.0 -validate-clang-modules-once -clang-build-session-file /Users/admin/builder/spi-builder-workspace/.derivedData/ModuleCache.noindex/Session.modulevalidation -Xcc -fmodules-prune-interval\=86400 -Xcc -fmodules-prune-after\=345600 -package-name swift_displaywidth -emit-const-values -const-gather-protocols-list /Users/admin/builder/spi-builder-workspace/.derivedData/Build/Intermediates.noindex/swift-displaywidth.build/Debug-watchos/DisplayWidth-t.build/Objects-normal/arm64_32/DisplayWidth_const_extract_protocols.json -Xcc -I/Users/admin/builder/spi-builder-workspace/.derivedData/Build/Products/Debug-watchos/include -Xcc -I/Users/admin/builder/spi-builder-workspace/.derivedData/Build/Intermediates.noindex/swift-displaywidth.build/Debug-watchos/DisplayWidth-t.build/DerivedSources-normal/arm64_32 -Xcc -I/Users/admin/builder/spi-builder-workspace/.derivedData/Build/Intermediates.noindex/swift-displaywidth.build/Debug-watchos/DisplayWidth-t.build/DerivedSources/arm64_32 -Xcc -I/Users/admin/builder/spi-builder-workspace/.derivedData/Build/Intermediates.noindex/swift-displaywidth.build/Debug-watchos/DisplayWidth-t.build/DerivedSources -Xcc -DSWIFT_PACKAGE -Xcc -DDEBUG\=1 -emit-objc-header -emit-objc-header-path /Users/admin/builder/spi-builder-workspace/.derivedData/Build/Intermediates.noindex/swift-displaywidth.build/Debug-watchos/DisplayWidth-t.build/Objects-normal/arm64_32/DisplayWidth-Swift.h -working-directory /Users/admin/builder/spi-builder-workspace/.swiftpm/xcode -experimental-emit-module-separately -disable-cmo
SwiftEmitModule normal arm64 Emitting\ module\ for\ DisplayWidth (in target 'DisplayWidth' from project 'swift-displaywidth')
SwiftCompile normal arm64 (in target 'DisplayWidth' from project 'swift-displaywidth')
cd /Users/admin/builder/spi-builder-workspace/.swiftpm/xcode
SwiftEmitModule normal arm64_32 Emitting\ module\ for\ DisplayWidth (in target 'DisplayWidth' from project 'swift-displaywidth')
SwiftCompile normal arm64_32 (in target 'DisplayWidth' from project 'swift-displaywidth')
cd /Users/admin/builder/spi-builder-workspace/.swiftpm/xcode
SwiftCompile normal arm64 Compiling\ UnicodeData.generated.swift /Users/admin/builder/spi-builder-workspace/.dependencies/checkouts/swift-displaywidth/Sources/DisplayWidth/UnicodeData.generated.swift (in target 'DisplayWidth' from project 'swift-displaywidth')
SwiftCompile normal arm64 /Users/admin/builder/spi-builder-workspace/.dependencies/checkouts/swift-displaywidth/Sources/DisplayWidth/UnicodeData.generated.swift (in target 'DisplayWidth' from project 'swift-displaywidth')
cd /Users/admin/builder/spi-builder-workspace/.swiftpm/xcode
builtin-SwiftPerFileCompile UnicodeData.generated.swift
SwiftCompile normal arm64_32 Compiling\ UnicodeData.generated.swift /Users/admin/builder/spi-builder-workspace/.dependencies/checkouts/swift-displaywidth/Sources/DisplayWidth/UnicodeData.generated.swift (in target 'DisplayWidth' from project 'swift-displaywidth')
SwiftCompile normal arm64_32 /Users/admin/builder/spi-builder-workspace/.dependencies/checkouts/swift-displaywidth/Sources/DisplayWidth/UnicodeData.generated.swift (in target 'DisplayWidth' from project 'swift-displaywidth')
cd /Users/admin/builder/spi-builder-workspace/.swiftpm/xcode
builtin-SwiftPerFileCompile UnicodeData.generated.swift
SwiftEmitModule normal arm64_32 Emitting\ module\ for\ TauTUI (in target 'TauTUI' from project 'TauTUI')
SwiftCompile normal arm64_32 (in target 'TauTUI' from project 'TauTUI')
cd /Users/admin/builder/spi-builder-workspace/.swiftpm/xcode
SwiftCompile normal arm64_32 Compiling\ ANSISequences.swift,\ Ansi.swift,\ AnsiStyling.swift /Users/admin/builder/spi-builder-workspace/Sources/TauTUI/Utilities/ANSISequences.swift /Users/admin/builder/spi-builder-workspace/Sources/TauTUI/Utilities/Ansi.swift /Users/admin/builder/spi-builder-workspace/Sources/TauTUI/Utilities/AnsiStyling.swift (in target 'TauTUI' from project 'TauTUI')
SwiftCompile normal arm64_32 /Users/admin/builder/spi-builder-workspace/Sources/TauTUI/Utilities/ANSISequences.swift (in target 'TauTUI' from project 'TauTUI')
cd /Users/admin/builder/spi-builder-workspace/.swiftpm/xcode
builtin-SwiftPerFileCompile ANSISequences.swift
SwiftCompile normal arm64_32 /Users/admin/builder/spi-builder-workspace/Sources/TauTUI/Utilities/Ansi.swift (in target 'TauTUI' from project 'TauTUI')
cd /Users/admin/builder/spi-builder-workspace/.swiftpm/xcode
builtin-SwiftPerFileCompile Ansi.swift
SwiftCompile normal arm64_32 /Users/admin/builder/spi-builder-workspace/Sources/TauTUI/Utilities/AnsiStyling.swift (in target 'TauTUI' from project 'TauTUI')
cd /Users/admin/builder/spi-builder-workspace/.swiftpm/xcode
builtin-SwiftPerFileCompile AnsiStyling.swift
SwiftCompile normal arm64_32 Compiling\ Text.swift,\ TruncatedText.swift,\ Component.swift /Users/admin/builder/spi-builder-workspace/Sources/TauTUI/Components/Text.swift /Users/admin/builder/spi-builder-workspace/Sources/TauTUI/Components/TruncatedText.swift /Users/admin/builder/spi-builder-workspace/Sources/TauTUI/Core/Component.swift (in target 'TauTUI' from project 'TauTUI')
SwiftCompile normal arm64_32 /Users/admin/builder/spi-builder-workspace/Sources/TauTUI/Components/Text.swift (in target 'TauTUI' from project 'TauTUI')
cd /Users/admin/builder/spi-builder-workspace/.swiftpm/xcode
builtin-SwiftPerFileCompile Text.swift
SwiftCompile normal arm64_32 /Users/admin/builder/spi-builder-workspace/Sources/TauTUI/Components/TruncatedText.swift (in target 'TauTUI' from project 'TauTUI')
cd /Users/admin/builder/spi-builder-workspace/.swiftpm/xcode
builtin-SwiftPerFileCompile TruncatedText.swift
SwiftCompile normal arm64_32 /Users/admin/builder/spi-builder-workspace/Sources/TauTUI/Core/Component.swift (in target 'TauTUI' from project 'TauTUI')
cd /Users/admin/builder/spi-builder-workspace/.swiftpm/xcode
builtin-SwiftPerFileCompile Component.swift
SwiftCompile normal arm64_32 Compiling\ EditorBuffer.swift,\ EditorLayoutEngine.swift,\ Image.swift /Users/admin/builder/spi-builder-workspace/Sources/TauTUI/Components/EditorBuffer.swift /Users/admin/builder/spi-builder-workspace/Sources/TauTUI/Components/EditorLayoutEngine.swift /Users/admin/builder/spi-builder-workspace/Sources/TauTUI/Components/Image.swift (in target 'TauTUI' from project 'TauTUI')
SwiftCompile normal arm64_32 /Users/admin/builder/spi-builder-workspace/Sources/TauTUI/Components/EditorBuffer.swift (in target 'TauTUI' from project 'TauTUI')
cd /Users/admin/builder/spi-builder-workspace/.swiftpm/xcode
builtin-SwiftPerFileCompile EditorBuffer.swift
SwiftCompile normal arm64_32 /Users/admin/builder/spi-builder-workspace/Sources/TauTUI/Components/EditorLayoutEngine.swift (in target 'TauTUI' from project 'TauTUI')
cd /Users/admin/builder/spi-builder-workspace/.swiftpm/xcode
builtin-SwiftPerFileCompile EditorLayoutEngine.swift
SwiftCompile normal arm64_32 /Users/admin/builder/spi-builder-workspace/Sources/TauTUI/Components/Image.swift (in target 'TauTUI' from project 'TauTUI')
cd /Users/admin/builder/spi-builder-workspace/.swiftpm/xcode
builtin-SwiftPerFileCompile Image.swift
SwiftCompile normal arm64_32 Compiling\ Autocomplete.swift,\ Box.swift,\ Editor+Autocomplete.swift,\ Editor.swift /Users/admin/builder/spi-builder-workspace/Sources/TauTUI/Autocomplete/Autocomplete.swift /Users/admin/builder/spi-builder-workspace/Sources/TauTUI/Components/Box.swift /Users/admin/builder/spi-builder-workspace/Sources/TauTUI/Components/Editor+Autocomplete.swift /Users/admin/builder/spi-builder-workspace/Sources/TauTUI/Components/Editor.swift (in target 'TauTUI' from project 'TauTUI')
/Users/admin/builder/spi-builder-workspace/Sources/TauTUI/Autocomplete/Autocomplete.swift:291:44: error: 'homeDirectoryForCurrentUser' is unavailable in watchOS
289 | }
290 | if typed.hasPrefix("~") {
291 | let home = FileManager.default.homeDirectoryForCurrentUser
| `- error: 'homeDirectoryForCurrentUser' is unavailable in watchOS
292 | let suffix = String(typed.dropFirst())
293 | return home.appendingPathComponent(suffix)
/Applications/Xcode-27.0.0-Release.Candidate.app/Contents/Developer/Platforms/WatchOS.platform/Developer/SDKs/WatchOS27.0.sdk/System/Library/Frameworks/Foundation.framework/Headers/NSFileManager.h:1004:35: note: 'homeDirectoryForCurrentUser' has been explicitly marked unavailable here
1002 |
1003 | /// The home directory for the current user.
1004 | @property (readonly, copy) NSURL *homeDirectoryForCurrentUser API_AVAILABLE(macosx(10.12)) API_UNAVAILABLE(ios, watchos, tvos);
| `- note: 'homeDirectoryForCurrentUser' has been explicitly marked unavailable here
1005 | /// The temporary directory for the current user.
1006 | @property (readonly, copy) NSURL *temporaryDirectory API_AVAILABLE(macosx(10.12), ios(10.0), watchos(3.0), tvos(10.0));
Failed frontend command:
/Applications/Xcode-27.0.0-Release.Candidate.app/Contents/Developer/Toolchains/XcodeDefault.xctoolchain/usr/bin/swift-frontend -frontend -c -primary-file /Users/admin/builder/spi-builder-workspace/Sources/TauTUI/Autocomplete/Autocomplete.swift -primary-file /Users/admin/builder/spi-builder-workspace/Sources/TauTUI/Components/Box.swift -primary-file /Users/admin/builder/spi-builder-workspace/Sources/TauTUI/Components/Editor+Autocomplete.swift -primary-file /Users/admin/builder/spi-builder-workspace/Sources/TauTUI/Components/Editor.swift /Users/admin/builder/spi-builder-workspace/Sources/TauTUI/Components/EditorBuffer.swift /Users/admin/builder/spi-builder-workspace/Sources/TauTUI/Components/EditorLayoutEngine.swift /Users/admin/builder/spi-builder-workspace/Sources/TauTUI/Components/Image.swift /Users/admin/builder/spi-builder-workspace/Sources/TauTUI/Components/Input.swift /Users/admin/builder/spi-builder-workspace/Sources/TauTUI/Components/Loader.swift /Users/admin/builder/spi-builder-workspace/Sources/TauTUI/Components/MarkdownComponent.swift /Users/admin/builder/spi-builder-workspace/Sources/TauTUI/Components/SelectList.swift /Users/admin/builder/spi-builder-workspace/Sources/TauTUI/Components/SettingsList.swift /Users/admin/builder/spi-builder-workspace/Sources/TauTUI/Components/Spacer.swift /Users/admin/builder/spi-builder-workspace/Sources/TauTUI/Components/Text.swift /Users/admin/builder/spi-builder-workspace/Sources/TauTUI/Components/TruncatedText.swift /Users/admin/builder/spi-builder-workspace/Sources/TauTUI/Core/Component.swift /Users/admin/builder/spi-builder-workspace/Sources/TauTUI/Core/TUI.swift /Users/admin/builder/spi-builder-workspace/Sources/TauTUI/Core/Theme.swift /Users/admin/builder/spi-builder-workspace/Sources/TauTUI/TauTUI.swift /Users/admin/builder/spi-builder-workspace/Sources/TauTUI/Terminal/Terminal.swift /Users/admin/builder/spi-builder-workspace/Sources/TauTUI/Terminal/TerminalImage.swift /Users/admin/builder/spi-builder-workspace/Sources/TauTUI/Terminal/VirtualTerminal.swift /Users/admin/builder/spi-builder-workspace/Sources/TauTUI/Utilities/ANSISequences.swift /Users/admin/builder/spi-builder-workspace/Sources/TauTUI/Utilities/Ansi.swift /Users/admin/builder/spi-builder-workspace/Sources/TauTUI/Utilities/AnsiStyling.swift /Users/admin/builder/spi-builder-workspace/Sources/TauTUI/Utilities/AnsiWrapping.swift /Users/admin/builder/spi-builder-workspace/Sources/TauTUI/Utilities/FileAttachmentFilter.swift /Users/admin/builder/spi-builder-workspace/Sources/TauTUI/Utilities/PasteSanitizer.swift /Users/admin/builder/spi-builder-workspace/Sources/TauTUI/Utilities/TTYReplayer.swift /Users/admin/builder/spi-builder-workspace/Sources/TauTUI/Utilities/VisibleWidth.swift /Users/admin/builder/spi-builder-workspace/Sources/TauTUI/Utilities/WordNavigation.swift -supplementary-output-file-map /Users/admin/builder/spi-builder-workspace/.derivedData/Build/Intermediates.noindex/TauTUI.build/Debug-watchos/TauTUI-t.build/Objects-normal/arm64_32/supplementaryOutputs-1 -target arm64_32-apple-watchos9.0 -module-can-import-version UniformTypeIdentifiers 919.0.1.101 709.0.0 -disable-cross-import-overlay-search -swift-module-cross-import Darwin /Applications/Xcode-27.0.0-Release.Candidate.app/Contents/Developer/Platforms/WatchOS.platform/Developer/SDKs/WatchOS.sdk/usr/include/Darwin.swiftcrossimport/xlocale.swiftoverlay -load-resolved-plugin /Applications/Xcode-27.0.0-Release.Candidate.app/Contents/Developer/Platforms/WatchOS.platform/Developer/usr/lib/swift/host/plugins/libFoundationMacros.dylib\#/Applications/Xcode-27.0.0-Release.Candidate.app/Contents/Developer/Platforms/WatchOS.platform/Developer/usr/bin/swift-plugin-server\#FoundationMacros -load-resolved-plugin /Applications/Xcode-27.0.0-Release.Candidate.app/Contents/Developer/Platforms/WatchOS.platform/Developer/usr/lib/swift/host/plugins/libObservationMacros.dylib\#/Applications/Xcode-27.0.0-Release.Candidate.app/Contents/Developer/Platforms/WatchOS.platform/Developer/usr/bin/swift-plugin-server\#ObservationMacros -load-resolved-plugin /Applications/Xcode-27.0.0-Release.Candidate.app/Contents/Developer/Platforms/WatchOS.platform/Developer/usr/lib/swift/host/plugins/libSwiftMacros.dylib\#/Applications/Xcode-27.0.0-Release.Candidate.app/Contents/Developer/Platforms/WatchOS.platform/Developer/usr/bin/swift-plugin-server\#SwiftMacros -disable-implicit-swift-modules -Xcc -fno-implicit-modules -Xcc -fno-implicit-module-maps -explicit-swift-module-map-file /Users/admin/builder/spi-builder-workspace/.derivedData/Build/Intermediates.noindex/TauTUI.build/Debug-watchos/TauTUI-t.build/Objects-normal/arm64_32/TauTUI-dependencies-1.json -enable-objc-interop -sdk /Applications/Xcode-27.0.0-Release.Candidate.app/Contents/Developer/Platforms/WatchOS.platform/Developer/SDKs/WatchOS27.0.sdk -I /Users/admin/builder/spi-builder-workspace/.derivedData/Build/Products/Debug-watchos -Isystem /Applications/Xcode-27.0.0-Release.Candidate.app/Contents/Developer/Platforms/WatchOS.platform/Developer/usr/lib -F /Users/admin/builder/spi-builder-workspace/.derivedData/Build/Products/Debug-watchos/PackageFrameworks -F /Users/admin/builder/spi-builder-workspace/.derivedData/Build/Products/Debug-watchos -F /Applications/Xcode-27.0.0-Release.Candidate.app/Contents/Developer/Platforms/WatchOS.platform/Developer/Library/Frameworks -F /Applications/Xcode-27.0.0-Release.Candidate.app/Contents/Developer/Platforms/WatchOS.platform/Developer/SDKs/WatchOS27.0.sdk/Developer/Library/Frameworks -module-cache-path /Users/admin/builder/spi-builder-workspace/.derivedData/Build/Intermediates.noindex/SwiftExplicitPrecompiledModules -no-color-diagnostics -Xcc -fno-color-diagnostics -enable-testing -g -debug-info-format\=dwarf -dwarf-version\=4 -profile-generate -profile-coverage-mapping -swift-version 6 -Onone -D SWIFT_PACKAGE -D DEBUG -D SWIFT_MODULE_RESOURCE_BUNDLE_UNAVAILABLE -D Xcode -serialize-debugging-options -enable-experimental-feature DebugDescriptionMacro -empty-abi-descriptor -validate-clang-modules-once -clang-build-session-file /Users/admin/builder/spi-builder-workspace/.derivedData/ModuleCache.noindex/Session.modulevalidation -Xcc -working-directory -Xcc /Users/admin/builder/spi-builder-workspace/.swiftpm/xcode -enable-anonymous-context-mangled-names -file-compilation-dir /Users/admin/builder/spi-builder-workspace/.swiftpm/xcode -Xcc -fmodule-map-file\=/Users/admin/builder/spi-builder-workspace/.dependencies/checkouts/swift-cmark/src/include/module.modulemap -Xcc -fmodule-map-file\=/Users/admin/builder/spi-builder-workspace/.dependencies/checkouts/swift-cmark/extensions/include/module.modulemap -Xcc -fmodule-map-file\=/Users/admin/builder/spi-builder-workspace/.dependencies/checkouts/swift-markdown/Sources/CAtomic/include/module.modulemap -Xcc -fmodule-map-file\=/Users/admin/builder/spi-builder-workspace/.dependencies/checkouts/swift-system/Sources/CSystem/include/module.modulemap -Xcc -D_LIBCPP_HARDENING_MODE\=_LIBCPP_HARDENING_MODE_DEBUG -Xcc -ivfsstatcache -Xcc /Users/admin/builder/spi-builder-workspace/.derivedData/SDKStatCaches.noindex/watchos27.0-24R360-e829b21a6f8c9b70876ba0858053c04477534ef55a1706bf4c1112bbb242f0a2.sdkstatcache -Xcc -fmodules-prune-interval\=86400 -Xcc -fmodules-prune-after\=345600 -Xcc -I/Users/admin/builder/spi-builder-workspace/.dependencies/checkouts/swift-cmark/src/include -Xcc -I/Users/admin/builder/spi-builder-workspace/.dependencies/checkouts/swift-cmark/extensions/include -Xcc -I/Users/admin/builder/spi-builder-workspace/.dependencies/checkouts/swift-markdown/Sources/CAtomic/include -Xcc -I/Users/admin/builder/spi-builder-workspace/.dependencies/checkouts/swift-system/Sources/CSystem/include -Xcc -I/Users/admin/builder/spi-builder-workspace/.derivedData/Build/Products/Debug-watchos/include -Xcc -I/Users/admin/builder/spi-builder-workspace/.derivedData/Build/Intermediates.noindex/TauTUI.build/Debug-watchos/TauTUI-t.build/DerivedSources-normal/arm64_32 -Xcc -I/Users/admin/builder/spi-builder-workspace/.derivedData/Build/Intermediates.noindex/TauTUI.build/Debug-watchos/TauTUI-t.build/DerivedSources/arm64_32 -Xcc -I/Users/admin/builder/spi-builder-workspace/.derivedData/Build/Intermediates.noindex/TauTUI.build/Debug-watchos/TauTUI-t.build/DerivedSources -Xcc -DSWIFT_PACKAGE -Xcc -DDEBUG\=1 -no-auto-bridging-header-chaining -module-name TauTUI -package-name spi_builder_workspace -const-gather-protocols-file /Users/admin/builder/spi-builder-workspace/.derivedData/Build/Intermediates.noindex/TauTUI.build/Debug-watchos/TauTUI-t.build/Objects-normal/arm64_32/TauTUI_const_extract_protocols.json -disable-clang-spi -clang-target arm64_32-apple-watchos27.0 -target-sdk-version 27.0 -target-sdk-name watchos27.0 -in-process-plugin-server-path /Applications/Xcode-27.0.0-Release.Candidate.app/Contents/Developer/Toolchains/XcodeDefault.xctoolchain/usr/lib/swift/host/libSwiftInProcPluginServer.dylib -parse-as-library -o /Users/admin/builder/spi-builder-workspace/.derivedData/Build/Intermediates.noindex/TauTUI.build/Debug-watchos/TauTUI-t.build/Objects-normal/arm64_32/Autocomplete.o -o /Users/admin/builder/spi-builder-workspace/.derivedData/Build/Intermediates.noindex/TauTUI.build/Debug-watchos/TauTUI-t.build/Objects-normal/arm64_32/Box.o -o /Users/admin/builder/spi-builder-workspace/.derivedData/Build/Intermediates.noindex/TauTUI.build/Debug-watchos/TauTUI-t.build/Objects-normal/arm64_32/Editor+Autocomplete.o -o /Users/admin/builder/spi-builder-workspace/.derivedData/Build/Intermediates.noindex/TauTUI.build/Debug-watchos/TauTUI-t.build/Objects-normal/arm64_32/Editor.o -debug-module-path /Users/admin/builder/spi-builder-workspace/.derivedData/Build/Intermediates.noindex/TauTUI.build/Debug-watchos/TauTUI-t.build/Objects-normal/arm64_32/TauTUI.swiftmodule -index-unit-output-path /TauTUI.build/Debug-watchos/TauTUI-t.build/Objects-normal/arm64_32/Autocomplete.o -index-unit-output-path /TauTUI.build/Debug-watchos/TauTUI-t.build/Objects-normal/arm64_32/Box.o -index-unit-output-path /TauTUI.build/Debug-watchos/TauTUI-t.build/Objects-normal/arm64_32/Editor+Autocomplete.o -index-unit-output-path /TauTUI.build/Debug-watchos/TauTUI-t.build/Objects-normal/arm64_32/Editor.o -index-store-path /Users/admin/builder/spi-builder-workspace/.derivedData/Index.noindex/DataStore -index-system-modules
SwiftCompile normal arm64_32 /Users/admin/builder/spi-builder-workspace/Sources/TauTUI/Autocomplete/Autocomplete.swift (in target 'TauTUI' from project 'TauTUI')
cd /Users/admin/builder/spi-builder-workspace/.swiftpm/xcode
builtin-SwiftPerFileCompile Autocomplete.swift
SwiftCompile normal arm64_32 /Users/admin/builder/spi-builder-workspace/Sources/TauTUI/Components/Box.swift (in target 'TauTUI' from project 'TauTUI')
cd /Users/admin/builder/spi-builder-workspace/.swiftpm/xcode
builtin-SwiftPerFileCompile Box.swift
SwiftCompile normal arm64_32 /Users/admin/builder/spi-builder-workspace/Sources/TauTUI/Components/Editor+Autocomplete.swift (in target 'TauTUI' from project 'TauTUI')
cd /Users/admin/builder/spi-builder-workspace/.swiftpm/xcode
builtin-SwiftPerFileCompile Editor+Autocomplete.swift
SwiftCompile normal arm64_32 /Users/admin/builder/spi-builder-workspace/Sources/TauTUI/Components/Editor.swift (in target 'TauTUI' from project 'TauTUI')
cd /Users/admin/builder/spi-builder-workspace/.swiftpm/xcode
builtin-SwiftPerFileCompile Editor.swift
SwiftCompile normal arm64_32 Compiling\ Terminal.swift,\ TerminalImage.swift,\ VirtualTerminal.swift /Users/admin/builder/spi-builder-workspace/Sources/TauTUI/Terminal/Terminal.swift /Users/admin/builder/spi-builder-workspace/Sources/TauTUI/Terminal/TerminalImage.swift /Users/admin/builder/spi-builder-workspace/Sources/TauTUI/Terminal/VirtualTerminal.swift (in target 'TauTUI' from project 'TauTUI')
SwiftCompile normal arm64_32 /Users/admin/builder/spi-builder-workspace/Sources/TauTUI/Terminal/Terminal.swift (in target 'TauTUI' from project 'TauTUI')
cd /Users/admin/builder/spi-builder-workspace/.swiftpm/xcode
builtin-SwiftPerFileCompile Terminal.swift
SwiftCompile normal arm64_32 /Users/admin/builder/spi-builder-workspace/Sources/TauTUI/Terminal/TerminalImage.swift (in target 'TauTUI' from project 'TauTUI')
cd /Users/admin/builder/spi-builder-workspace/.swiftpm/xcode
builtin-SwiftPerFileCompile TerminalImage.swift
SwiftCompile normal arm64_32 /Users/admin/builder/spi-builder-workspace/Sources/TauTUI/Terminal/VirtualTerminal.swift (in target 'TauTUI' from project 'TauTUI')
cd /Users/admin/builder/spi-builder-workspace/.swiftpm/xcode
builtin-SwiftPerFileCompile VirtualTerminal.swift
SwiftEmitModule normal arm64 Emitting\ module\ for\ TauTUI (in target 'TauTUI' from project 'TauTUI')
SwiftCompile normal arm64 (in target 'TauTUI' from project 'TauTUI')
cd /Users/admin/builder/spi-builder-workspace/.swiftpm/xcode
SwiftDriverJobDiscovery normal arm64_32 Compiling ANSISequences.swift, Ansi.swift, AnsiStyling.swift (in target 'TauTUI' from project 'TauTUI')
SwiftCompile normal arm64 Compiling\ VirtualTerminal.swift,\ AnsiWrapping.swift /Users/admin/builder/spi-builder-workspace/Sources/TauTUI/Terminal/VirtualTerminal.swift /Users/admin/builder/spi-builder-workspace/Sources/TauTUI/Utilities/AnsiWrapping.swift (in target 'TauTUI' from project 'TauTUI')
SwiftCompile normal arm64 /Users/admin/builder/spi-builder-workspace/Sources/TauTUI/Terminal/VirtualTerminal.swift (in target 'TauTUI' from project 'TauTUI')
cd /Users/admin/builder/spi-builder-workspace/.swiftpm/xcode
builtin-SwiftPerFileCompile VirtualTerminal.swift
SwiftCompile normal arm64 /Users/admin/builder/spi-builder-workspace/Sources/TauTUI/Utilities/AnsiWrapping.swift (in target 'TauTUI' from project 'TauTUI')
cd /Users/admin/builder/spi-builder-workspace/.swiftpm/xcode
builtin-SwiftPerFileCompile AnsiWrapping.swift
SwiftDriverJobDiscovery normal arm64_32 Compiling Text.swift, TruncatedText.swift, Component.swift (in target 'TauTUI' from project 'TauTUI')
PruneExplicitPrecompiledModules /Users/admin/builder/spi-builder-workspace/.derivedData/Build/Intermediates.noindex/ExplicitPrecompiledModules
PruneExplicitPrecompiledModules /Users/admin/builder/spi-builder-workspace/.derivedData/Build/Intermediates.noindex/SwiftExplicitPrecompiledModules
PruneExplicitPrecompiledModules /Users/admin/builder/spi-builder-workspace/.derivedData/SDKExplicitPrecompiledModules
2026-09-28 01:46:08.539 xcodebuild[1216:6562] [MT] IDERunDestination: Supported platforms for the buildables in the current scheme is empty.
** BUILD FAILED **
The following build commands failed:
SwiftCompile normal arm64_32 Compiling\ Autocomplete.swift,\ Box.swift,\ Editor+Autocomplete.swift,\ Editor.swift /Users/admin/builder/spi-builder-workspace/Sources/TauTUI/Autocomplete/Autocomplete.swift /Users/admin/builder/spi-builder-workspace/Sources/TauTUI/Components/Box.swift /Users/admin/builder/spi-builder-workspace/Sources/TauTUI/Components/Editor+Autocomplete.swift /Users/admin/builder/spi-builder-workspace/Sources/TauTUI/Components/Editor.swift (in target 'TauTUI' from project 'TauTUI')
SwiftCompile normal arm64_32 /Users/admin/builder/spi-builder-workspace/Sources/TauTUI/Autocomplete/Autocomplete.swift (in target 'TauTUI' from project 'TauTUI')
Building workspace TauTUI with scheme TauTUI-Package
(3 failures)
BUILD FAILURE 6.4 watchOS