The Swift Package Index logo.Swift Package Index

Build Information

Failed to build BeautifulMermaidSwift, reference main (6a23a2), with Swift 6.4 for tvOS using Xcode 27.0 on 25 Sep 2026 02:09:35 UTC.

Build Command

env DEVELOPER_DIR=/Applications/Xcode-27.0.0-Release.Candidate.app xcrun xcodebuild -IDEClonedSourcePackagesDirPathOverride=$PWD/.dependencies -skipMacroValidation -skipPackagePluginValidation -derivedDataPath $PWD/.derivedData build -scheme BeautifulMermaidSwift-Package -destination generic/platform=tvOS

Build Log

SwiftExplicitDependencyGeneratePcm arm64 /Users/admin/builder/spi-builder-workspace/.derivedData/SDKExplicitPrecompiledModules/UIUtilities-6ZFJ1AK4H8IBGEBMYQBWGBYLK.pcm
SwiftExplicitDependencyGeneratePcm arm64 /Users/admin/builder/spi-builder-workspace/.derivedData/SDKExplicitPrecompiledModules/DeveloperToolsSupport-B1X8RI63V48AJRTH2RK6JAARV.pcm
SwiftDriverJobDiscovery normal arm64 Compiling ELK.swift, ElkGraphImpl.swift, ElkGraphUtil.swift, JavaCompat.swift, JavaNumbers.swift, JsonExporter.swift, JsonImporter.swift, TypeAliases.swift, ArrayDeque.swift, org_eclipse_elk_alg_common_compaction_oned_CGraph.swift, org_eclipse_elk_alg_common_compaction_oned_CGroup.swift, org_eclipse_elk_alg_common_compaction_oned_CNode.swift, org_eclipse_elk_alg_common_compaction_oned_CompareFuzzy.swift, org_eclipse_elk_alg_common_compaction_oned_ICompactionAlgorithm.swift, org_eclipse_elk_alg_common_compaction_oned_IConstraintCalculationAlgorithm.swift, org_eclipse_elk_alg_common_compaction_oned_ILockFunction.swift, org_eclipse_elk_alg_common_compaction_oned_ISpacingsHandler.swift, org_eclipse_elk_alg_common_compaction_oned_LongestPathCompaction.swift, org_eclipse_elk_alg_common_compaction_oned_OneDimensionalCompactor.swift, org_eclipse_elk_alg_common_compaction_oned_QuadraticConstraintCalculation.swift, org_eclipse_elk_alg_common_compaction_oned_Quadruplet.swift, org_eclipse_elk_alg_common_compaction_oned_ScanlineConstraintCalculator.swift, org_eclipse_elk_alg_common_compaction_options_HighLevelSortingCriterion.swift, org_eclipse_elk_alg_common_compaction_options_LowLevelSortingCriterion.swift, org_eclipse_elk_alg_common_compaction_options_TraversalStrategy.swift (in target 'ElkSwift' from project 'ElkSwift')
SwiftExplicitDependencyGeneratePcm arm64 /Users/admin/builder/spi-builder-workspace/.derivedData/SDKExplicitPrecompiledModules/_Builtin_tgmath-7ULT1EUHDHW4OZPSTT33H6QGE.pcm
SwiftExplicitDependencyGeneratePcm arm64 /Users/admin/builder/spi-builder-workspace/.derivedData/SDKExplicitPrecompiledModules/ImageIO-88D4CLEBD4CLWQKT78PZ6H1O8.pcm
SwiftExplicitDependencyGeneratePcm arm64 /Users/admin/builder/spi-builder-workspace/.derivedData/SDKExplicitPrecompiledModules/Accessibility-B6BODGZ4MQQTY0PBC4SHRP009.pcm
SwiftExplicitDependencyGeneratePcm arm64 /Users/admin/builder/spi-builder-workspace/.derivedData/SDKExplicitPrecompiledModules/CoreText-59NY7PABM0I4V978161FOC04A.pcm
SwiftExplicitDependencyGeneratePcm arm64 /Users/admin/builder/spi-builder-workspace/.derivedData/SDKExplicitPrecompiledModules/CoreData-DYMPHH3PH8AX9I1FHA4VFJ675.pcm
SwiftExplicitDependencyGeneratePcm arm64 /Users/admin/builder/spi-builder-workspace/.derivedData/SDKExplicitPrecompiledModules/_LocationEssentials-ETSJ65FELPWR8WH8G49R1DF2E.pcm
SwiftExplicitDependencyGeneratePcm arm64 /Users/admin/builder/spi-builder-workspace/.derivedData/SDKExplicitPrecompiledModules/IOSurface-38FJ1CKX9FV2RD97O64Z7QB17.pcm
SwiftExplicitDependencyGeneratePcm arm64 /Users/admin/builder/spi-builder-workspace/.derivedData/SDKExplicitPrecompiledModules/CoreAudioTypes-E7EH96HAL3G83QSWLT7VWYIP4.pcm
SwiftExplicitDependencyGeneratePcm arm64 /Users/admin/builder/spi-builder-workspace/.derivedData/SDKExplicitPrecompiledModules/UserNotifications-E9ZW5TH066WIJWH9080RC5NG4.pcm
SwiftExplicitDependencyGeneratePcm arm64 /Users/admin/builder/spi-builder-workspace/.derivedData/SDKExplicitPrecompiledModules/CoreTransferable-7V4O8DATEQ9F7SDNTCW8YWLG3.pcm
SwiftExplicitDependencyGeneratePcm arm64 /Users/admin/builder/spi-builder-workspace/.derivedData/SDKExplicitPrecompiledModules/CoreLocation-YVXXAOMVX0JH2KO1XTTKTY51.pcm
SwiftExplicitDependencyGeneratePcm arm64 /Users/admin/builder/spi-builder-workspace/.derivedData/SDKExplicitPrecompiledModules/simd-117QUXEUT3Z7UQCUYWV2UA228.pcm
SwiftExplicitDependencyGeneratePcm arm64 /Users/admin/builder/spi-builder-workspace/.derivedData/SDKExplicitPrecompiledModules/OpenGLES-4NY99CNDU9WUNUYEIXSS1QFGE.pcm
SwiftExplicitDependencyGeneratePcm arm64 /Users/admin/builder/spi-builder-workspace/.derivedData/SDKExplicitPrecompiledModules/Metal-2KYBS7IML1SD788M91YV7Q0CC.pcm
SwiftExplicitDependencyGeneratePcm arm64 /Users/admin/builder/spi-builder-workspace/.derivedData/SDKExplicitPrecompiledModules/CoreAudio-6IR1XRM0Q9YQZMFW89F3H4V3X.pcm
SwiftDriverJobDiscovery normal arm64 Compiling org_eclipse_elk_alg_layered_p1cycles_DFSNodeOrderCycleBreaker.swift, org_eclipse_elk_alg_layered_p1cycles_DepthFirstCycleBreaker.swift, org_eclipse_elk_alg_layered_p1cycles_GreedyCycleBreaker.swift, org_eclipse_elk_alg_layered_p1cycles_GreedyModelOrderCycleBreaker.swift, org_eclipse_elk_alg_layered_p1cycles_GroupModelOrderCalculator.swift, org_eclipse_elk_alg_layered_p1cycles_InteractiveCycleBreaker.swift, org_eclipse_elk_alg_layered_p1cycles_ModelOrderCycleBreaker.swift, org_eclipse_elk_alg_layered_p1cycles_SCCModelOrderCycleBreaker.swift, org_eclipse_elk_alg_layered_p1cycles_SCCNodeTypeCycleBreaker.swift, org_eclipse_elk_alg_layered_p1cycles_SCConnectivity.swift, org_eclipse_elk_alg_layered_p2layers_BreadthFirstModelOrderLayerer.swift, org_eclipse_elk_alg_layered_p2layers_CoffmanGrahamLayerer.swift, org_eclipse_elk_alg_layered_p2layers_DepthFirstModelOrderLayerer.swift, org_eclipse_elk_alg_layered_p2layers_InteractiveLayerer.swift, org_eclipse_elk_alg_layered_p2layers_LongestPathLayerer.swift, org_eclipse_elk_alg_layered_p2layers_LongestPathSourceLayerer.swift, org_eclipse_elk_alg_layered_p2layers_MinWidthLayerer.swift, org_eclipse_elk_alg_layered_p2layers_NetworkSimplexLayerer.swift, org_eclipse_elk_alg_layered_p2layers_StretchWidthLayerer.swift, SharedIntArray.swift, org_eclipse_elk_alg_layered_p3order_counting_AllCrossingsCounter.swift, org_eclipse_elk_alg_layered_p3order_counting_BinaryIndexedTree.swift, org_eclipse_elk_alg_layered_p3order_counting_CrossMinUtil.swift, org_eclipse_elk_alg_layered_p3order_counting_CrossingsCounter.swift (in target 'ElkSwift' from project 'ElkSwift')
SwiftExplicitDependencyGeneratePcm arm64 /Users/admin/builder/spi-builder-workspace/.derivedData/SDKExplicitPrecompiledModules/CoreVideo-DPU0PB5X0XLSVA2ETRGI6FJBM.pcm
SwiftExplicitDependencyGeneratePcm arm64 /Users/admin/builder/spi-builder-workspace/.derivedData/SDKExplicitPrecompiledModules/CoreMedia-4OUKVT03LV547KZJDPPJRJ4F8.pcm
SwiftExplicitDependencyGeneratePcm arm64 /Users/admin/builder/spi-builder-workspace/.derivedData/SDKExplicitPrecompiledModules/CoreImage-7S2AFJ8EIY3DUFYLEAX1JR1QV.pcm
SwiftExplicitDependencyGeneratePcm arm64 /Users/admin/builder/spi-builder-workspace/.derivedData/SDKExplicitPrecompiledModules/QuartzCore-DJSYAWKXFGVSAK5CQMOB3JSR.pcm
SwiftExplicitDependencyGeneratePcm arm64 /Users/admin/builder/spi-builder-workspace/.derivedData/SDKExplicitPrecompiledModules/Spatial-7U8NLEFXSB8BR7PJQGVMF5A4Q.pcm
SwiftDriverJobDiscovery normal arm64 Compiling org_eclipse_elk_alg_layered_compaction_oned_CGraph.swift, org_eclipse_elk_alg_layered_compaction_oned_CGroup.swift, org_eclipse_elk_alg_layered_compaction_oned_CNode.swift, org_eclipse_elk_alg_layered_compaction_oned_CompareFuzzy.swift, org_eclipse_elk_alg_layered_compaction_oned_ICGraphTransformer.swift, org_eclipse_elk_alg_layered_compaction_oned_ISpacingsHandler.swift, org_eclipse_elk_alg_layered_compaction_oned_OneDimensionalCompactor.swift, org_eclipse_elk_alg_layered_compaction_oned_Quadruplet.swift, org_eclipse_elk_alg_layered_components_AbstractGraphPlacer.swift, org_eclipse_elk_alg_layered_components_ComponentGroup.swift, org_eclipse_elk_alg_layered_components_ComponentGroupGraphPlacer.swift, org_eclipse_elk_alg_layered_components_ComponentGroupModelOrderGraphPlacer.swift, org_eclipse_elk_alg_layered_components_ComponentOrderingStrategy.swift, org_eclipse_elk_alg_layered_components_ComponentsCompactor.swift, org_eclipse_elk_alg_layered_components_ComponentsProcessor.swift, org_eclipse_elk_alg_layered_components_ModelOrderComponentGroup.swift, org_eclipse_elk_alg_layered_components_ModelOrderRowGraphPlacer.swift, org_eclipse_elk_alg_layered_components_SimpleRowGraphPlacer.swift, org_eclipse_elk_alg_layered_compound_CompoundGraphPostprocessor.swift, org_eclipse_elk_alg_layered_compound_CompoundGraphPreprocessor.swift, org_eclipse_elk_alg_layered_compound_CrossHierarchyEdge.swift, org_eclipse_elk_alg_layered_compound_CrossHierarchyEdgeComparator.swift, org_eclipse_elk_alg_layered_graph_LEdge.swift, org_eclipse_elk_alg_layered_graph_LGraph.swift (in target 'ElkSwift' from project 'ElkSwift')
SwiftExplicitDependencyGeneratePcm arm64 /Users/admin/builder/spi-builder-workspace/.derivedData/SDKExplicitPrecompiledModules/SwiftUICore-543QU5V2NHKUFCYFJDKUJ7NYG.pcm
SwiftExplicitDependencyGeneratePcm arm64 /Users/admin/builder/spi-builder-workspace/.derivedData/SDKExplicitPrecompiledModules/UIKit-1TKWN7VC2X6N3ITMRVA2G0EB2.pcm
SwiftDriverJobDiscovery normal arm64 Compiling org_eclipse_elk_alg_common_compaction_Scanline.swift, org_eclipse_elk_alg_common_networksimplex_NEdge.swift, org_eclipse_elk_alg_common_networksimplex_NGraph.swift, org_eclipse_elk_alg_common_networksimplex_NNode.swift, org_eclipse_elk_alg_common_networksimplex_NetworkSimplex.swift, org_eclipse_elk_alg_common_nodespacing_cellsystem_AtomicCell.swift, org_eclipse_elk_alg_common_nodespacing_cellsystem_Cell.swift, org_eclipse_elk_alg_common_nodespacing_cellsystem_ContainerArea.swift, org_eclipse_elk_alg_common_nodespacing_cellsystem_ContainerCell.swift, org_eclipse_elk_alg_common_nodespacing_cellsystem_GridContainerCell.swift, org_eclipse_elk_alg_common_nodespacing_cellsystem_HorizontalLabelAlignment.swift, org_eclipse_elk_alg_common_nodespacing_cellsystem_LabelCell.swift, org_eclipse_elk_alg_common_nodespacing_cellsystem_StripContainerCell.swift, org_eclipse_elk_alg_common_nodespacing_cellsystem_VerticalLabelAlignment.swift, org_eclipse_elk_alg_common_nodespacing_internal_algorithm_CellSystemConfigurator.swift, org_eclipse_elk_alg_common_nodespacing_internal_algorithm_HorizontalPortPlacementSizeCalculator.swift, org_eclipse_elk_alg_common_nodespacing_internal_algorithm_InsidePortLabelCellCreator.swift, org_eclipse_elk_alg_common_nodespacing_internal_algorithm_LabelPlacer.swift, org_eclipse_elk_alg_common_nodespacing_internal_algorithm_NodeLabelAndSizeUtilities.swift, org_eclipse_elk_alg_common_nodespacing_internal_algorithm_NodeLabelCellCreator.swift, org_eclipse_elk_alg_common_nodespacing_internal_algorithm_NodeSizeCalculator.swift, org_eclipse_elk_alg_common_nodespacing_internal_algorithm_PortContextCreator.swift, org_eclipse_elk_alg_common_nodespacing_internal_algorithm_PortLabelPlacementCalculator.swift, org_eclipse_elk_alg_common_nodespacing_internal_algorithm_PortPlacementCalculator.swift, org_eclipse_elk_alg_common_nodespacing_internal_algorithm_VerticalPortPlacementSizeCalculator.swift (in target 'ElkSwift' from project 'ElkSwift')
SwiftDriverJobDiscovery normal arm64 Compiling org_eclipse_elk_core_alg_LayoutProcessorConfiguration.swift, org_eclipse_elk_core_data_DeprecatedLayoutOptionReplacer.swift, org_eclipse_elk_core_data_ILayoutMetaData.swift, org_eclipse_elk_core_data_ILayoutMetaDataProvider.swift, org_eclipse_elk_core_data_LayoutAlgorithmData.swift, org_eclipse_elk_core_data_LayoutAlgorithmResolver.swift, org_eclipse_elk_core_data_LayoutCategoryData.swift, org_eclipse_elk_core_data_LayoutMetaDataService.swift, org_eclipse_elk_core_data_LayoutOptionData.swift, org_eclipse_elk_core_labels_ILabelManager.swift, org_eclipse_elk_core_math_BezierSpline.swift, org_eclipse_elk_core_math_CubicSplineInterpolator.swift, org_eclipse_elk_core_math_ElkMargin.swift, org_eclipse_elk_core_math_ElkMath.swift, org_eclipse_elk_core_math_ElkPadding.swift, org_eclipse_elk_core_math_ElkRectangle.swift, org_eclipse_elk_core_math_ISplineInterpolator.swift, org_eclipse_elk_core_math_KVector.swift, org_eclipse_elk_core_math_KVectorChain.swift, org_eclipse_elk_core_math_Spacing.swift, org_eclipse_elk_core_options_Alignment.swift, org_eclipse_elk_core_options_ContentAlignment.swift, org_eclipse_elk_core_options_CoreOptions.swift, org_eclipse_elk_core_options_Direction.swift (in target 'ElkSwift' from project 'ElkSwift')
SwiftDriverJobDiscovery normal arm64 Compiling org_eclipse_elk_alg_layered_graph_LGraphAdapters.swift, org_eclipse_elk_alg_layered_graph_LGraphElement.swift, org_eclipse_elk_alg_layered_graph_LGraphUtil.swift, org_eclipse_elk_alg_layered_graph_LLabel.swift, org_eclipse_elk_alg_layered_graph_LMargin.swift, org_eclipse_elk_alg_layered_graph_LNode.swift, org_eclipse_elk_alg_layered_graph_LPadding.swift, org_eclipse_elk_alg_layered_graph_LPort.swift, org_eclipse_elk_alg_layered_graph_LShape.swift, org_eclipse_elk_alg_layered_graph_Layer.swift, org_eclipse_elk_alg_layered_graph_Tarjan.swift, org_eclipse_elk_alg_layered_graph_transform_ElkGraphImporter.swift, org_eclipse_elk_alg_layered_graph_transform_ElkGraphLayoutTransferrer.swift, org_eclipse_elk_alg_layered_graph_transform_ElkGraphTransformer.swift, org_eclipse_elk_alg_layered_graph_transform_IGraphTransformer.swift, org_eclipse_elk_alg_layered_intermediate_compaction_EdgeAwareScanlineConstraintCalculation.swift, org_eclipse_elk_alg_layered_intermediate_compaction_HorizontalGraphCompactor.swift, org_eclipse_elk_alg_layered_intermediate_compaction_LGraphToCGraphTransformer.swift, org_eclipse_elk_alg_layered_intermediate_compaction_NetworkSimplexCompaction.swift, org_eclipse_elk_alg_layered_intermediate_compaction_VerticalSegment.swift, org_eclipse_elk_alg_layered_intermediate_greedyswitch_BetweenLayerEdgeTwoNodeCrossingsCounter.swift, org_eclipse_elk_alg_layered_intermediate_greedyswitch_CrossingMatrixFiller.swift, org_eclipse_elk_alg_layered_intermediate_greedyswitch_GreedySwitchHeuristic.swift, org_eclipse_elk_alg_layered_intermediate_greedyswitch_NorthSouthEdgeNeighbouringNodeCrossingsCounter.swift (in target 'ElkSwift' from project 'ElkSwift')
SwiftDriver\ Compilation ElkSwift normal arm64 com.apple.xcode.tools.swift.compiler (in target 'ElkSwift' from project 'ElkSwift')
    cd /Users/admin/builder/spi-builder-workspace/.swiftpm/xcode
    builtin-Swift-Compilation -- /Applications/Xcode-27.0.0-Release.Candidate.app/Contents/Developer/Toolchains/XcodeDefault.xctoolchain/usr/bin/swiftc -parse-as-library -module-name ElkSwift -Onone @/Users/admin/builder/spi-builder-workspace/.derivedData/Build/Intermediates.noindex/ElkSwift.build/Debug-appletvos/ElkSwift-t.build/Objects-normal/arm64/ElkSwift.SwiftFileList -DSWIFT_PACKAGE -DDEBUG -DSWIFT_MODULE_RESOURCE_BUNDLE_UNAVAILABLE -DXcode -plugin-path /Applications/Xcode-27.0.0-Release.Candidate.app/Contents/Developer/Toolchains/XcodeDefault.xctoolchain/usr/lib/swift/host/plugins/testing -enable-experimental-feature DebugDescriptionMacro -sdk /Applications/Xcode-27.0.0-Release.Candidate.app/Contents/Developer/Platforms/AppleTVOS.platform/Developer/SDKs/AppleTVOS27.0.sdk -target arm64-apple-tvos15.0 -g -module-cache-path /Users/admin/builder/spi-builder-workspace/.derivedData/ModuleCache.noindex -Xfrontend -serialize-debugging-options -profile-coverage-mapping -profile-generate -enable-testing -suppress-warnings -index-store-path /Users/admin/builder/spi-builder-workspace/.derivedData/Index.noindex/DataStore -Xcc -D_LIBCPP_HARDENING_MODE\=_LIBCPP_HARDENING_MODE_DEBUG -swift-version 5 -I /Users/admin/builder/spi-builder-workspace/.derivedData/Build/Products/Debug-appletvos -Isystem /Applications/Xcode-27.0.0-Release.Candidate.app/Contents/Developer/Platforms/AppleTVOS.platform/Developer/usr/lib -F /Users/admin/builder/spi-builder-workspace/.derivedData/Build/Products/Debug-appletvos -F /Applications/Xcode-27.0.0-Release.Candidate.app/Contents/Developer/Platforms/AppleTVOS.platform/Developer/Library/Frameworks -F /Applications/Xcode-27.0.0-Release.Candidate.app/Contents/Developer/Platforms/AppleTVOS.platform/Developer/SDKs/AppleTVOS27.0.sdk/Developer/Library/Frameworks -c -j10 -enable-batch-mode -incremental -Xcc -ivfsstatcache -Xcc /Users/admin/builder/spi-builder-workspace/.derivedData/SDKStatCaches.noindex/appletvos27.0-24J360-e829b21a6f8c9b70876ba0858053c044b32bfd8d43560033f8d89884cdb90028.sdkstatcache -output-file-map /Users/admin/builder/spi-builder-workspace/.derivedData/Build/Intermediates.noindex/ElkSwift.build/Debug-appletvos/ElkSwift-t.build/Objects-normal/arm64/ElkSwift-OutputFileMap.json -save-temps -no-color-diagnostics -explicit-module-build -module-cache-path /Users/admin/builder/spi-builder-workspace/.derivedData/Build/Intermediates.noindex/SwiftExplicitPrecompiledModules -clang-scanner-module-cache-path /Users/admin/builder/spi-builder-workspace/.derivedData/ModuleCache.noindex -sdk-module-cache-path /Users/admin/builder/spi-builder-workspace/.derivedData/SDKExplicitPrecompiledModules -emit-dependencies -emit-module -emit-module-path /Users/admin/builder/spi-builder-workspace/.derivedData/Build/Intermediates.noindex/ElkSwift.build/Debug-appletvos/ElkSwift-t.build/Objects-normal/arm64/ElkSwift.swiftmodule -serialize-diagnostics -dependency-scan-serialize-diagnostics-path /Users/admin/builder/spi-builder-workspace/.derivedData/Build/Intermediates.noindex/ElkSwift.build/Debug-appletvos/ElkSwift-t.build/Objects-normal/arm64/ElkSwift-dependency-scan.dia -validate-clang-modules-once -clang-build-session-file /Users/admin/builder/spi-builder-workspace/.derivedData/ModuleCache.noindex/Session.modulevalidation -Xcc -fmodules-prune-interval\=86400 -Xcc -fmodules-prune-after\=345600 -package-name elk_swift -emit-const-values -const-gather-protocols-list /Users/admin/builder/spi-builder-workspace/.derivedData/Build/Intermediates.noindex/ElkSwift.build/Debug-appletvos/ElkSwift-t.build/Objects-normal/arm64/ElkSwift_const_extract_protocols.json -Xcc -I/Users/admin/builder/spi-builder-workspace/.derivedData/Build/Products/Debug-appletvos/include -Xcc -I/Users/admin/builder/spi-builder-workspace/.derivedData/Build/Intermediates.noindex/ElkSwift.build/Debug-appletvos/ElkSwift-t.build/DerivedSources-normal/arm64 -Xcc -I/Users/admin/builder/spi-builder-workspace/.derivedData/Build/Intermediates.noindex/ElkSwift.build/Debug-appletvos/ElkSwift-t.build/DerivedSources/arm64 -Xcc -I/Users/admin/builder/spi-builder-workspace/.derivedData/Build/Intermediates.noindex/ElkSwift.build/Debug-appletvos/ElkSwift-t.build/DerivedSources -Xcc -DSWIFT_PACKAGE -Xcc -DDEBUG\=1 -emit-objc-header -emit-objc-header-path /Users/admin/builder/spi-builder-workspace/.derivedData/Build/Intermediates.noindex/ElkSwift.build/Debug-appletvos/ElkSwift-t.build/Objects-normal/arm64/ElkSwift-Swift.h -working-directory /Users/admin/builder/spi-builder-workspace/.swiftpm/xcode -experimental-emit-module-separately -disable-cmo
Ld /Users/admin/builder/spi-builder-workspace/.derivedData/Build/Products/Debug-appletvos/ElkSwift.o normal (in target 'ElkSwift' from project 'ElkSwift')
    cd /Users/admin/builder/spi-builder-workspace/.dependencies/checkouts/elk-swift
    /Applications/Xcode-27.0.0-Release.Candidate.app/Contents/Developer/Toolchains/XcodeDefault.xctoolchain/usr/bin/clang -Xlinker -reproducible -target arm64-apple-tvos15.0 -r -isysroot /Applications/Xcode-27.0.0-Release.Candidate.app/Contents/Developer/Platforms/AppleTVOS.platform/Developer/SDKs/AppleTVOS27.0.sdk -O0 -w -Xlinker -no_warn_duplicate_libraries -F/Users/admin/builder/spi-builder-workspace/.derivedData/Build/Intermediates.noindex/EagerLinkingTBDs/Debug-appletvos -F/Users/admin/builder/spi-builder-workspace/.derivedData/Build/Products/Debug-appletvos -iframework /Applications/Xcode-27.0.0-Release.Candidate.app/Contents/Developer/Platforms/AppleTVOS.platform/Developer/Library/Frameworks -iframework /Applications/Xcode-27.0.0-Release.Candidate.app/Contents/Developer/Platforms/AppleTVOS.platform/Developer/SDKs/AppleTVOS27.0.sdk/Developer/Library/Frameworks -filelist /Users/admin/builder/spi-builder-workspace/.derivedData/Build/Intermediates.noindex/ElkSwift.build/Debug-appletvos/ElkSwift-t.build/Objects-normal/arm64/ElkSwift.LinkFileList -nostdlib -Xlinker -object_path_lto -Xlinker /Users/admin/builder/spi-builder-workspace/.derivedData/Build/Intermediates.noindex/ElkSwift.build/Debug-appletvos/ElkSwift-t.build/Objects-normal/arm64/ElkSwift_lto.o -Xlinker -no_deduplicate -Xlinker -debug_variant -Xlinker -dependency_info -Xlinker /Users/admin/builder/spi-builder-workspace/.derivedData/Build/Intermediates.noindex/ElkSwift.build/Debug-appletvos/ElkSwift-t.build/Objects-normal/arm64/ElkSwift_dependency_info.dat -fobjc-link-runtime -L/Applications/Xcode-27.0.0-Release.Candidate.app/Contents/Developer/Toolchains/XcodeDefault.xctoolchain/usr/lib/swift/appletvos -L/usr/lib/swift -Xlinker -add_ast_path -Xlinker /Users/admin/builder/spi-builder-workspace/.derivedData/Build/Intermediates.noindex/ElkSwift.build/Debug-appletvos/ElkSwift-t.build/Objects-normal/arm64/ElkSwift.swiftmodule -o /Users/admin/builder/spi-builder-workspace/.derivedData/Build/Products/Debug-appletvos/ElkSwift.o
ExtractAppIntentsMetadata (in target 'ElkSwift' from project 'ElkSwift')
    cd /Users/admin/builder/spi-builder-workspace/.dependencies/checkouts/elk-swift
    /Applications/Xcode-27.0.0-Release.Candidate.app/Contents/Developer/Toolchains/XcodeDefault.xctoolchain/usr/bin/appintentsmetadataprocessor --toolchain-dir /var/run/com.apple.security.cryptexd/mnt/com.apple.MobileAsset.MetalToolchain-v27.1.266.1.cEOHH3/Metal.xctoolchain --module-name ElkSwift --sdk-root /Applications/Xcode-27.0.0-Release.Candidate.app/Contents/Developer/Platforms/AppleTVOS.platform/Developer/SDKs/AppleTVOS27.0.sdk --xcode-version 27A266a --platform-family tvOS --deployment-target 15.0 --bundle-identifier elk-swift.ElkSwift --output /Users/admin/builder/spi-builder-workspace/.derivedData/Build/Products/Debug-appletvos/ElkSwift.appintents --target-triple arm64-apple-tvos15.0 --binary-file /Users/admin/builder/spi-builder-workspace/.derivedData/Build/Products/Debug-appletvos/ElkSwift.o --dependency-file /Users/admin/builder/spi-builder-workspace/.derivedData/Build/Intermediates.noindex/ElkSwift.build/Debug-appletvos/ElkSwift-t.build/Objects-normal/arm64/ElkSwift_dependency_info.dat --stringsdata-file /Users/admin/builder/spi-builder-workspace/.derivedData/Build/Intermediates.noindex/ElkSwift.build/Debug-appletvos/ElkSwift-t.build/Objects-normal/arm64/ExtractedAppShortcutsMetadata.stringsdata --source-file-list /Users/admin/builder/spi-builder-workspace/.derivedData/Build/Intermediates.noindex/ElkSwift.build/Debug-appletvos/ElkSwift-t.build/Objects-normal/arm64/ElkSwift.SwiftFileList --metadata-file-list /Users/admin/builder/spi-builder-workspace/.derivedData/Build/Intermediates.noindex/ElkSwift.build/Debug-appletvos/ElkSwift-t.build/ElkSwift.DependencyMetadataFileList --static-metadata-file-list /Users/admin/builder/spi-builder-workspace/.derivedData/Build/Intermediates.noindex/ElkSwift.build/Debug-appletvos/ElkSwift-t.build/ElkSwift.DependencyStaticMetadataFileList --swift-const-vals-list /Users/admin/builder/spi-builder-workspace/.derivedData/Build/Intermediates.noindex/ElkSwift.build/Debug-appletvos/ElkSwift-t.build/Objects-normal/arm64/ElkSwift.SwiftConstValuesFileList --force --compile-time-extraction --deployment-aware-processing --no-app-shortcuts-localization
2026-09-24 22:09:27.798 appintentsmetadataprocessor[814:5240] Starting appintentsmetadataprocessor export
2026-09-24 22:09:27.909 appintentsmetadataprocessor[814:5240] Extracted no relevant App Intents symbols, skipping writing output
SwiftExplicitDependencyGeneratePcm arm64 /Users/admin/builder/spi-builder-workspace/.derivedData/SDKExplicitPrecompiledModules/SwiftUI-7BV1YDT6IZWW6B8OC6ENV0Y0F.pcm
SwiftCompile normal arm64 Compiling\ src_xychart_parser.swift,\ src_xychart_renderer.swift,\ src_xychart_types.swift,\ Parser.swift,\ ArrowRenderer.swift,\ DiagramRenderer+Class.swift,\ DiagramRenderer+ER.swift,\ DiagramRenderer+Flow.swift /Users/admin/builder/spi-builder-workspace/Sources/BeautifulMermaidSwift/Mermaid/src_xychart_parser.swift /Users/admin/builder/spi-builder-workspace/Sources/BeautifulMermaidSwift/Mermaid/src_xychart_renderer.swift /Users/admin/builder/spi-builder-workspace/Sources/BeautifulMermaidSwift/Mermaid/src_xychart_types.swift /Users/admin/builder/spi-builder-workspace/Sources/BeautifulMermaidSwift/Parser.swift /Users/admin/builder/spi-builder-workspace/Sources/BeautifulMermaidSwift/Render/ArrowRenderer.swift /Users/admin/builder/spi-builder-workspace/Sources/BeautifulMermaidSwift/Render/DiagramRenderer+Class.swift /Users/admin/builder/spi-builder-workspace/Sources/BeautifulMermaidSwift/Render/DiagramRenderer+ER.swift /Users/admin/builder/spi-builder-workspace/Sources/BeautifulMermaidSwift/Render/DiagramRenderer+Flow.swift (in target 'BeautifulMermaid' from project 'BeautifulMermaidSwift')
SwiftCompile normal arm64 /Users/admin/builder/spi-builder-workspace/Sources/BeautifulMermaidSwift/Mermaid/src_xychart_parser.swift (in target 'BeautifulMermaid' from project 'BeautifulMermaidSwift')
    cd /Users/admin/builder/spi-builder-workspace/.swiftpm/xcode
    builtin-SwiftPerFileCompile src_xychart_parser.swift
SwiftCompile normal arm64 /Users/admin/builder/spi-builder-workspace/Sources/BeautifulMermaidSwift/Mermaid/src_xychart_renderer.swift (in target 'BeautifulMermaid' from project 'BeautifulMermaidSwift')
    cd /Users/admin/builder/spi-builder-workspace/.swiftpm/xcode
    builtin-SwiftPerFileCompile src_xychart_renderer.swift
SwiftCompile normal arm64 /Users/admin/builder/spi-builder-workspace/Sources/BeautifulMermaidSwift/Mermaid/src_xychart_types.swift (in target 'BeautifulMermaid' from project 'BeautifulMermaidSwift')
    cd /Users/admin/builder/spi-builder-workspace/.swiftpm/xcode
    builtin-SwiftPerFileCompile src_xychart_types.swift
SwiftCompile normal arm64 /Users/admin/builder/spi-builder-workspace/Sources/BeautifulMermaidSwift/Parser.swift (in target 'BeautifulMermaid' from project 'BeautifulMermaidSwift')
    cd /Users/admin/builder/spi-builder-workspace/.swiftpm/xcode
    builtin-SwiftPerFileCompile Parser.swift
SwiftCompile normal arm64 /Users/admin/builder/spi-builder-workspace/Sources/BeautifulMermaidSwift/Render/ArrowRenderer.swift (in target 'BeautifulMermaid' from project 'BeautifulMermaidSwift')
    cd /Users/admin/builder/spi-builder-workspace/.swiftpm/xcode
    builtin-SwiftPerFileCompile ArrowRenderer.swift
SwiftCompile normal arm64 /Users/admin/builder/spi-builder-workspace/Sources/BeautifulMermaidSwift/Render/DiagramRenderer+Class.swift (in target 'BeautifulMermaid' from project 'BeautifulMermaidSwift')
    cd /Users/admin/builder/spi-builder-workspace/.swiftpm/xcode
    builtin-SwiftPerFileCompile DiagramRenderer+Class.swift
SwiftCompile normal arm64 /Users/admin/builder/spi-builder-workspace/Sources/BeautifulMermaidSwift/Render/DiagramRenderer+ER.swift (in target 'BeautifulMermaid' from project 'BeautifulMermaidSwift')
    cd /Users/admin/builder/spi-builder-workspace/.swiftpm/xcode
    builtin-SwiftPerFileCompile DiagramRenderer+ER.swift
SwiftCompile normal arm64 /Users/admin/builder/spi-builder-workspace/Sources/BeautifulMermaidSwift/Render/DiagramRenderer+Flow.swift (in target 'BeautifulMermaid' from project 'BeautifulMermaidSwift')
    cd /Users/admin/builder/spi-builder-workspace/.swiftpm/xcode
    builtin-SwiftPerFileCompile DiagramRenderer+Flow.swift
SwiftCompile normal arm64 Compiling\ DiagramRenderer+Sequence.swift,\ DiagramRenderer+XYChart.swift,\ DiagramRenderer.swift,\ EdgeRenderer.swift,\ LabelRenderer.swift,\ RenderAdapters.swift,\ RenderConfig.swift,\ SVGHelpers.swift /Users/admin/builder/spi-builder-workspace/Sources/BeautifulMermaidSwift/Render/DiagramRenderer+Sequence.swift /Users/admin/builder/spi-builder-workspace/Sources/BeautifulMermaidSwift/Render/DiagramRenderer+XYChart.swift /Users/admin/builder/spi-builder-workspace/Sources/BeautifulMermaidSwift/Render/DiagramRenderer.swift /Users/admin/builder/spi-builder-workspace/Sources/BeautifulMermaidSwift/Render/EdgeRenderer.swift /Users/admin/builder/spi-builder-workspace/Sources/BeautifulMermaidSwift/Render/LabelRenderer.swift /Users/admin/builder/spi-builder-workspace/Sources/BeautifulMermaidSwift/Render/RenderAdapters.swift /Users/admin/builder/spi-builder-workspace/Sources/BeautifulMermaidSwift/Render/RenderConfig.swift /Users/admin/builder/spi-builder-workspace/Sources/BeautifulMermaidSwift/Render/SVGHelpers.swift (in target 'BeautifulMermaid' from project 'BeautifulMermaidSwift')
SwiftCompile normal arm64 /Users/admin/builder/spi-builder-workspace/Sources/BeautifulMermaidSwift/Render/DiagramRenderer+Sequence.swift (in target 'BeautifulMermaid' from project 'BeautifulMermaidSwift')
    cd /Users/admin/builder/spi-builder-workspace/.swiftpm/xcode
    builtin-SwiftPerFileCompile DiagramRenderer+Sequence.swift
SwiftCompile normal arm64 /Users/admin/builder/spi-builder-workspace/Sources/BeautifulMermaidSwift/Render/DiagramRenderer+XYChart.swift (in target 'BeautifulMermaid' from project 'BeautifulMermaidSwift')
    cd /Users/admin/builder/spi-builder-workspace/.swiftpm/xcode
    builtin-SwiftPerFileCompile DiagramRenderer+XYChart.swift
SwiftCompile normal arm64 /Users/admin/builder/spi-builder-workspace/Sources/BeautifulMermaidSwift/Render/DiagramRenderer.swift (in target 'BeautifulMermaid' from project 'BeautifulMermaidSwift')
    cd /Users/admin/builder/spi-builder-workspace/.swiftpm/xcode
    builtin-SwiftPerFileCompile DiagramRenderer.swift
SwiftCompile normal arm64 /Users/admin/builder/spi-builder-workspace/Sources/BeautifulMermaidSwift/Render/EdgeRenderer.swift (in target 'BeautifulMermaid' from project 'BeautifulMermaidSwift')
    cd /Users/admin/builder/spi-builder-workspace/.swiftpm/xcode
    builtin-SwiftPerFileCompile EdgeRenderer.swift
SwiftCompile normal arm64 /Users/admin/builder/spi-builder-workspace/Sources/BeautifulMermaidSwift/Render/LabelRenderer.swift (in target 'BeautifulMermaid' from project 'BeautifulMermaidSwift')
    cd /Users/admin/builder/spi-builder-workspace/.swiftpm/xcode
    builtin-SwiftPerFileCompile LabelRenderer.swift
SwiftCompile normal arm64 /Users/admin/builder/spi-builder-workspace/Sources/BeautifulMermaidSwift/Render/RenderAdapters.swift (in target 'BeautifulMermaid' from project 'BeautifulMermaidSwift')
    cd /Users/admin/builder/spi-builder-workspace/.swiftpm/xcode
    builtin-SwiftPerFileCompile RenderAdapters.swift
SwiftCompile normal arm64 /Users/admin/builder/spi-builder-workspace/Sources/BeautifulMermaidSwift/Render/RenderConfig.swift (in target 'BeautifulMermaid' from project 'BeautifulMermaidSwift')
    cd /Users/admin/builder/spi-builder-workspace/.swiftpm/xcode
    builtin-SwiftPerFileCompile RenderConfig.swift
SwiftCompile normal arm64 /Users/admin/builder/spi-builder-workspace/Sources/BeautifulMermaidSwift/Render/SVGHelpers.swift (in target 'BeautifulMermaid' from project 'BeautifulMermaidSwift')
    cd /Users/admin/builder/spi-builder-workspace/.swiftpm/xcode
    builtin-SwiftPerFileCompile SVGHelpers.swift
/Users/admin/builder/spi-builder-workspace/Sources/BeautifulMermaidSwift/Render/DiagramRenderer+XYChart.swift:263:55: warning: left side of nil coalescing operator '??' has non-optional type 'BMColor' (aka 'UIColor'), so the right side is never used
261 |         let attrString = NSAttributedString(string: text, attributes: [
262 |             .font: font,
263 |             .foregroundColor: BMColor(cgColor: color) ?? BMColor.black,
    |                                                       `- warning: left side of nil coalescing operator '??' has non-optional type 'BMColor' (aka 'UIColor'), so the right side is never used
264 |         ])
265 |         let line = CTLineCreateWithAttributedString(attrString)
/Users/admin/builder/spi-builder-workspace/Sources/BeautifulMermaidSwift/Render/RenderAdapters.swift:9:13: warning: variable 'sourceArrow' was never mutated; consider changing to 'let' constant [#VariableNeverMutated]
 7 |     static func parse(from styleString: String, hasArrowStart: Bool, hasArrowEnd: Bool) -> EdgeStyle {
 8 |         var lineStyle: LineStyle = .solid
 9 |         var sourceArrow: ArrowHead = hasArrowStart ? .arrow : .none
   |             `- warning: variable 'sourceArrow' was never mutated; consider changing to 'let' constant [#VariableNeverMutated]
10 |         var targetArrow: ArrowHead = hasArrowEnd ? .arrow : .none
11 |
/Users/admin/builder/spi-builder-workspace/Sources/BeautifulMermaidSwift/Render/RenderAdapters.swift:10:13: warning: variable 'targetArrow' was never mutated; consider changing to 'let' constant [#VariableNeverMutated]
 8 |         var lineStyle: LineStyle = .solid
 9 |         var sourceArrow: ArrowHead = hasArrowStart ? .arrow : .none
10 |         var targetArrow: ArrowHead = hasArrowEnd ? .arrow : .none
   |             `- warning: variable 'targetArrow' was never mutated; consider changing to 'let' constant [#VariableNeverMutated]
11 |
12 |         switch styleString.lowercased() {
/Users/admin/builder/spi-builder-workspace/Sources/BeautifulMermaidSwift/Render/RenderConfig.swift:108:56: warning: cannot use struct 'Weight' here; 'UIKit' was not imported by this file
106 |     // MARK: - Font Helpers
107 |
108 |     public func fontWeight(from weight: Int) -> BMFont.Weight {
    |                                                        `- warning: cannot use struct 'Weight' here; 'UIKit' was not imported by this file
109 |         switch weight {
110 |         case 100: return .ultraLight
/Applications/Xcode-27.0.0-Release.Candidate.app/Contents/Developer/Platforms/AppleTVOS.platform/Developer/SDKs/AppleTVOS27.0.sdk/System/Library/Frameworks/UIKit.framework/Headers/UIFontDescriptor.h:55:17: note: struct declared here
 53 | typedef NSString * UIFontDescriptorTraitKey NS_TYPED_ENUM API_AVAILABLE(watchos(4.0));
 54 | typedef NSString * UIFontDescriptorFeatureKey NS_TYPED_EXTENSIBLE_ENUM API_AVAILABLE(watchos(4.0));
 55 | typedef CGFloat UIFontWeight NS_TYPED_EXTENSIBLE_ENUM API_AVAILABLE(watchos(4.0));
    |                 `- note: struct declared here
 56 | typedef CGFloat UIFontWidth NS_TYPED_EXTENSIBLE_ENUM API_AVAILABLE(watchos(9.0));
 57 |
[#VariableNeverMutated]: <https://docs.swift.org/compiler/documentation/diagnostics/variable-never-mutated>
SwiftEmitModule normal arm64 Emitting\ module\ for\ BeautifulMermaid (in target 'BeautifulMermaid' from project 'BeautifulMermaidSwift')
/Users/admin/builder/spi-builder-workspace/Sources/BeautifulMermaidSwift/Render/RenderConfig.swift:108:56: warning: cannot use struct 'Weight' here; 'UIKit' was not imported by this file
106 |     // MARK: - Font Helpers
107 |
108 |     public func fontWeight(from weight: Int) -> BMFont.Weight {
    |                                                        `- warning: cannot use struct 'Weight' here; 'UIKit' was not imported by this file
109 |         switch weight {
110 |         case 100: return .ultraLight
/Applications/Xcode-27.0.0-Release.Candidate.app/Contents/Developer/Platforms/AppleTVOS.platform/Developer/SDKs/AppleTVOS27.0.sdk/System/Library/Frameworks/UIKit.framework/Headers/UIFontDescriptor.h:55:17: note: struct declared here
 53 | typedef NSString * UIFontDescriptorTraitKey NS_TYPED_ENUM API_AVAILABLE(watchos(4.0));
 54 | typedef NSString * UIFontDescriptorFeatureKey NS_TYPED_EXTENSIBLE_ENUM API_AVAILABLE(watchos(4.0));
 55 | typedef CGFloat UIFontWeight NS_TYPED_EXTENSIBLE_ENUM API_AVAILABLE(watchos(4.0));
    |                 `- note: struct declared here
 56 | typedef CGFloat UIFontWidth NS_TYPED_EXTENSIBLE_ENUM API_AVAILABLE(watchos(9.0));
 57 |
SwiftCompile normal arm64 (in target 'BeautifulMermaid' from project 'BeautifulMermaidSwift')
    cd /Users/admin/builder/spi-builder-workspace/.swiftpm/xcode

SwiftCompile normal arm64 Compiling\ src_sequence_types.swift,\ src_shape_clipping.swift,\ src_styles.swift,\ src_text_metrics.swift,\ src_theme.swift,\ src_types.swift,\ src_xychart_colors.swift,\ src_xychart_layout.swift /Users/admin/builder/spi-builder-workspace/Sources/BeautifulMermaidSwift/Mermaid/src_sequence_types.swift /Users/admin/builder/spi-builder-workspace/Sources/BeautifulMermaidSwift/Mermaid/src_shape_clipping.swift /Users/admin/builder/spi-builder-workspace/Sources/BeautifulMermaidSwift/Mermaid/src_styles.swift /Users/admin/builder/spi-builder-workspace/Sources/BeautifulMermaidSwift/Mermaid/src_text_metrics.swift /Users/admin/builder/spi-builder-workspace/Sources/BeautifulMermaidSwift/Mermaid/src_theme.swift /Users/admin/builder/spi-builder-workspace/Sources/BeautifulMermaidSwift/Mermaid/src_types.swift /Users/admin/builder/spi-builder-workspace/Sources/BeautifulMermaidSwift/Mermaid/src_xychart_colors.swift /Users/admin/builder/spi-builder-workspace/Sources/BeautifulMermaidSwift/Mermaid/src_xychart_layout.swift (in target 'BeautifulMermaid' from project 'BeautifulMermaidSwift')
SwiftCompile normal arm64 /Users/admin/builder/spi-builder-workspace/Sources/BeautifulMermaidSwift/Mermaid/src_sequence_types.swift (in target 'BeautifulMermaid' from project 'BeautifulMermaidSwift')
    cd /Users/admin/builder/spi-builder-workspace/.swiftpm/xcode
    builtin-SwiftPerFileCompile src_sequence_types.swift
SwiftCompile normal arm64 /Users/admin/builder/spi-builder-workspace/Sources/BeautifulMermaidSwift/Mermaid/src_shape_clipping.swift (in target 'BeautifulMermaid' from project 'BeautifulMermaidSwift')
    cd /Users/admin/builder/spi-builder-workspace/.swiftpm/xcode
    builtin-SwiftPerFileCompile src_shape_clipping.swift
SwiftCompile normal arm64 /Users/admin/builder/spi-builder-workspace/Sources/BeautifulMermaidSwift/Mermaid/src_styles.swift (in target 'BeautifulMermaid' from project 'BeautifulMermaidSwift')
    cd /Users/admin/builder/spi-builder-workspace/.swiftpm/xcode
    builtin-SwiftPerFileCompile src_styles.swift
SwiftCompile normal arm64 /Users/admin/builder/spi-builder-workspace/Sources/BeautifulMermaidSwift/Mermaid/src_text_metrics.swift (in target 'BeautifulMermaid' from project 'BeautifulMermaidSwift')
    cd /Users/admin/builder/spi-builder-workspace/.swiftpm/xcode
    builtin-SwiftPerFileCompile src_text_metrics.swift
SwiftCompile normal arm64 /Users/admin/builder/spi-builder-workspace/Sources/BeautifulMermaidSwift/Mermaid/src_theme.swift (in target 'BeautifulMermaid' from project 'BeautifulMermaidSwift')
    cd /Users/admin/builder/spi-builder-workspace/.swiftpm/xcode
    builtin-SwiftPerFileCompile src_theme.swift
SwiftCompile normal arm64 /Users/admin/builder/spi-builder-workspace/Sources/BeautifulMermaidSwift/Mermaid/src_types.swift (in target 'BeautifulMermaid' from project 'BeautifulMermaidSwift')
    cd /Users/admin/builder/spi-builder-workspace/.swiftpm/xcode
    builtin-SwiftPerFileCompile src_types.swift
SwiftCompile normal arm64 /Users/admin/builder/spi-builder-workspace/Sources/BeautifulMermaidSwift/Mermaid/src_xychart_colors.swift (in target 'BeautifulMermaid' from project 'BeautifulMermaidSwift')
    cd /Users/admin/builder/spi-builder-workspace/.swiftpm/xcode
    builtin-SwiftPerFileCompile src_xychart_colors.swift
SwiftCompile normal arm64 /Users/admin/builder/spi-builder-workspace/Sources/BeautifulMermaidSwift/Mermaid/src_xychart_layout.swift (in target 'BeautifulMermaid' from project 'BeautifulMermaidSwift')
    cd /Users/admin/builder/spi-builder-workspace/.swiftpm/xcode
    builtin-SwiftPerFileCompile src_xychart_layout.swift
SwiftCompile normal arm64 Compiling\ ShapeRenderer.swift,\ Theme.swift,\ Types.swift,\ MermaidDiagram.swift,\ MermaidDiagramView.swift,\ MermaidLayer.swift,\ MermaidView.swift /Users/admin/builder/spi-builder-workspace/Sources/BeautifulMermaidSwift/Render/ShapeRenderer.swift /Users/admin/builder/spi-builder-workspace/Sources/BeautifulMermaidSwift/Theme.swift /Users/admin/builder/spi-builder-workspace/Sources/BeautifulMermaidSwift/Types.swift /Users/admin/builder/spi-builder-workspace/Sources/BeautifulMermaidSwift/Views/MermaidDiagram.swift /Users/admin/builder/spi-builder-workspace/Sources/BeautifulMermaidSwift/Views/MermaidDiagramView.swift /Users/admin/builder/spi-builder-workspace/Sources/BeautifulMermaidSwift/Views/MermaidLayer.swift /Users/admin/builder/spi-builder-workspace/Sources/BeautifulMermaidSwift/Views/MermaidView.swift (in target 'BeautifulMermaid' from project 'BeautifulMermaidSwift')
SwiftCompile normal arm64 /Users/admin/builder/spi-builder-workspace/Sources/BeautifulMermaidSwift/Render/ShapeRenderer.swift (in target 'BeautifulMermaid' from project 'BeautifulMermaidSwift')
    cd /Users/admin/builder/spi-builder-workspace/.swiftpm/xcode
    builtin-SwiftPerFileCompile ShapeRenderer.swift
SwiftCompile normal arm64 /Users/admin/builder/spi-builder-workspace/Sources/BeautifulMermaidSwift/Theme.swift (in target 'BeautifulMermaid' from project 'BeautifulMermaidSwift')
    cd /Users/admin/builder/spi-builder-workspace/.swiftpm/xcode
    builtin-SwiftPerFileCompile Theme.swift
SwiftCompile normal arm64 /Users/admin/builder/spi-builder-workspace/Sources/BeautifulMermaidSwift/Types.swift (in target 'BeautifulMermaid' from project 'BeautifulMermaidSwift')
    cd /Users/admin/builder/spi-builder-workspace/.swiftpm/xcode
    builtin-SwiftPerFileCompile Types.swift
SwiftCompile normal arm64 /Users/admin/builder/spi-builder-workspace/Sources/BeautifulMermaidSwift/Views/MermaidDiagram.swift (in target 'BeautifulMermaid' from project 'BeautifulMermaidSwift')
    cd /Users/admin/builder/spi-builder-workspace/.swiftpm/xcode
    builtin-SwiftPerFileCompile MermaidDiagram.swift
SwiftCompile normal arm64 /Users/admin/builder/spi-builder-workspace/Sources/BeautifulMermaidSwift/Views/MermaidDiagramView.swift (in target 'BeautifulMermaid' from project 'BeautifulMermaidSwift')
    cd /Users/admin/builder/spi-builder-workspace/.swiftpm/xcode
    builtin-SwiftPerFileCompile MermaidDiagramView.swift
SwiftCompile normal arm64 /Users/admin/builder/spi-builder-workspace/Sources/BeautifulMermaidSwift/Views/MermaidLayer.swift (in target 'BeautifulMermaid' from project 'BeautifulMermaidSwift')
    cd /Users/admin/builder/spi-builder-workspace/.swiftpm/xcode
    builtin-SwiftPerFileCompile MermaidLayer.swift
SwiftCompile normal arm64 /Users/admin/builder/spi-builder-workspace/Sources/BeautifulMermaidSwift/Views/MermaidView.swift (in target 'BeautifulMermaid' from project 'BeautifulMermaidSwift')
    cd /Users/admin/builder/spi-builder-workspace/.swiftpm/xcode
    builtin-SwiftPerFileCompile MermaidView.swift
SwiftCompile normal arm64 Compiling\ src_index.swift,\ src_layout.swift,\ src_multiline_utils.swift,\ src_parser.swift,\ src_renderer.swift,\ src_sequence_layout.swift,\ src_sequence_parser.swift,\ src_sequence_renderer.swift /Users/admin/builder/spi-builder-workspace/Sources/BeautifulMermaidSwift/Mermaid/src_index.swift /Users/admin/builder/spi-builder-workspace/Sources/BeautifulMermaidSwift/Mermaid/src_layout.swift /Users/admin/builder/spi-builder-workspace/Sources/BeautifulMermaidSwift/Mermaid/src_multiline_utils.swift /Users/admin/builder/spi-builder-workspace/Sources/BeautifulMermaidSwift/Mermaid/src_parser.swift /Users/admin/builder/spi-builder-workspace/Sources/BeautifulMermaidSwift/Mermaid/src_renderer.swift /Users/admin/builder/spi-builder-workspace/Sources/BeautifulMermaidSwift/Mermaid/src_sequence_layout.swift /Users/admin/builder/spi-builder-workspace/Sources/BeautifulMermaidSwift/Mermaid/src_sequence_parser.swift /Users/admin/builder/spi-builder-workspace/Sources/BeautifulMermaidSwift/Mermaid/src_sequence_renderer.swift (in target 'BeautifulMermaid' from project 'BeautifulMermaidSwift')
/Users/admin/builder/spi-builder-workspace/Sources/BeautifulMermaidSwift/Mermaid/src_layout.swift:336:34: warning: left side of nil coalescing operator '??' has non-optional type 'String', so the right side is never used
 334 |         }
 335 |
 336 |         let subLabel = sub.label ?? sub.id
     |                                  `- warning: left side of nil coalescing operator '??' has non-optional type 'String', so the right side is never used
 337 |         var result: [String: Any] = [
 338 |             "id": sub.id,
/Users/admin/builder/spi-builder-workspace/Sources/BeautifulMermaidSwift/Mermaid/src_layout.swift:1378:34: warning: left side of nil coalescing operator '??' has non-optional type 'String', so the right side is never used
1376 |         }
1377 |
1378 |         let subLabel = sub.label ?? sub.id
     |                                  `- warning: left side of nil coalescing operator '??' has non-optional type 'String', so the right side is never used
1379 |         var result: [String: Any] = [
1380 |             "id": sub.id,
SwiftCompile normal arm64 /Users/admin/builder/spi-builder-workspace/Sources/BeautifulMermaidSwift/Mermaid/src_index.swift (in target 'BeautifulMermaid' from project 'BeautifulMermaidSwift')
    cd /Users/admin/builder/spi-builder-workspace/.swiftpm/xcode
    builtin-SwiftPerFileCompile src_index.swift
SwiftCompile normal arm64 /Users/admin/builder/spi-builder-workspace/Sources/BeautifulMermaidSwift/Mermaid/src_layout.swift (in target 'BeautifulMermaid' from project 'BeautifulMermaidSwift')
    cd /Users/admin/builder/spi-builder-workspace/.swiftpm/xcode
    builtin-SwiftPerFileCompile src_layout.swift
SwiftCompile normal arm64 /Users/admin/builder/spi-builder-workspace/Sources/BeautifulMermaidSwift/Mermaid/src_multiline_utils.swift (in target 'BeautifulMermaid' from project 'BeautifulMermaidSwift')
    cd /Users/admin/builder/spi-builder-workspace/.swiftpm/xcode
    builtin-SwiftPerFileCompile src_multiline_utils.swift
SwiftCompile normal arm64 /Users/admin/builder/spi-builder-workspace/Sources/BeautifulMermaidSwift/Mermaid/src_parser.swift (in target 'BeautifulMermaid' from project 'BeautifulMermaidSwift')
    cd /Users/admin/builder/spi-builder-workspace/.swiftpm/xcode
    builtin-SwiftPerFileCompile src_parser.swift
SwiftCompile normal arm64 /Users/admin/builder/spi-builder-workspace/Sources/BeautifulMermaidSwift/Mermaid/src_renderer.swift (in target 'BeautifulMermaid' from project 'BeautifulMermaidSwift')
    cd /Users/admin/builder/spi-builder-workspace/.swiftpm/xcode
    builtin-SwiftPerFileCompile src_renderer.swift
SwiftCompile normal arm64 /Users/admin/builder/spi-builder-workspace/Sources/BeautifulMermaidSwift/Mermaid/src_sequence_layout.swift (in target 'BeautifulMermaid' from project 'BeautifulMermaidSwift')
    cd /Users/admin/builder/spi-builder-workspace/.swiftpm/xcode
    builtin-SwiftPerFileCompile src_sequence_layout.swift
SwiftCompile normal arm64 /Users/admin/builder/spi-builder-workspace/Sources/BeautifulMermaidSwift/Mermaid/src_sequence_parser.swift (in target 'BeautifulMermaid' from project 'BeautifulMermaidSwift')
    cd /Users/admin/builder/spi-builder-workspace/.swiftpm/xcode
    builtin-SwiftPerFileCompile src_sequence_parser.swift
SwiftCompile normal arm64 /Users/admin/builder/spi-builder-workspace/Sources/BeautifulMermaidSwift/Mermaid/src_sequence_renderer.swift (in target 'BeautifulMermaid' from project 'BeautifulMermaidSwift')
    cd /Users/admin/builder/spi-builder-workspace/.swiftpm/xcode
    builtin-SwiftPerFileCompile src_sequence_renderer.swift
SwiftCompile normal arm64 Compiling\ BeautifulMermaid.swift,\ CrossPlatform.swift,\ ImageRenderer.swift,\ Layout.swift,\ src_ascii_ansi.swift,\ src_ascii_canvas.swift,\ src_ascii_class_diagram.swift,\ src_ascii_converter.swift /Users/admin/builder/spi-builder-workspace/Sources/BeautifulMermaidSwift/BeautifulMermaid.swift /Users/admin/builder/spi-builder-workspace/Sources/BeautifulMermaidSwift/CrossPlatform.swift /Users/admin/builder/spi-builder-workspace/Sources/BeautifulMermaidSwift/ImageRenderer.swift /Users/admin/builder/spi-builder-workspace/Sources/BeautifulMermaidSwift/Layout.swift /Users/admin/builder/spi-builder-workspace/Sources/BeautifulMermaidSwift/Mermaid/src_ascii_ansi.swift /Users/admin/builder/spi-builder-workspace/Sources/BeautifulMermaidSwift/Mermaid/src_ascii_canvas.swift /Users/admin/builder/spi-builder-workspace/Sources/BeautifulMermaidSwift/Mermaid/src_ascii_class_diagram.swift /Users/admin/builder/spi-builder-workspace/Sources/BeautifulMermaidSwift/Mermaid/src_ascii_converter.swift (in target 'BeautifulMermaid' from project 'BeautifulMermaidSwift')
SwiftCompile normal arm64 /Users/admin/builder/spi-builder-workspace/Sources/BeautifulMermaidSwift/BeautifulMermaid.swift (in target 'BeautifulMermaid' from project 'BeautifulMermaidSwift')
    cd /Users/admin/builder/spi-builder-workspace/.swiftpm/xcode
    builtin-SwiftPerFileCompile BeautifulMermaid.swift
SwiftCompile normal arm64 /Users/admin/builder/spi-builder-workspace/Sources/BeautifulMermaidSwift/CrossPlatform.swift (in target 'BeautifulMermaid' from project 'BeautifulMermaidSwift')
    cd /Users/admin/builder/spi-builder-workspace/.swiftpm/xcode
    builtin-SwiftPerFileCompile CrossPlatform.swift
SwiftCompile normal arm64 /Users/admin/builder/spi-builder-workspace/Sources/BeautifulMermaidSwift/ImageRenderer.swift (in target 'BeautifulMermaid' from project 'BeautifulMermaidSwift')
    cd /Users/admin/builder/spi-builder-workspace/.swiftpm/xcode
    builtin-SwiftPerFileCompile ImageRenderer.swift
SwiftCompile normal arm64 /Users/admin/builder/spi-builder-workspace/Sources/BeautifulMermaidSwift/Layout.swift (in target 'BeautifulMermaid' from project 'BeautifulMermaidSwift')
    cd /Users/admin/builder/spi-builder-workspace/.swiftpm/xcode
    builtin-SwiftPerFileCompile Layout.swift
SwiftCompile normal arm64 /Users/admin/builder/spi-builder-workspace/Sources/BeautifulMermaidSwift/Mermaid/src_ascii_ansi.swift (in target 'BeautifulMermaid' from project 'BeautifulMermaidSwift')
    cd /Users/admin/builder/spi-builder-workspace/.swiftpm/xcode
    builtin-SwiftPerFileCompile src_ascii_ansi.swift
SwiftCompile normal arm64 /Users/admin/builder/spi-builder-workspace/Sources/BeautifulMermaidSwift/Mermaid/src_ascii_canvas.swift (in target 'BeautifulMermaid' from project 'BeautifulMermaidSwift')
    cd /Users/admin/builder/spi-builder-workspace/.swiftpm/xcode
    builtin-SwiftPerFileCompile src_ascii_canvas.swift
SwiftCompile normal arm64 /Users/admin/builder/spi-builder-workspace/Sources/BeautifulMermaidSwift/Mermaid/src_ascii_class_diagram.swift (in target 'BeautifulMermaid' from project 'BeautifulMermaidSwift')
    cd /Users/admin/builder/spi-builder-workspace/.swiftpm/xcode
    builtin-SwiftPerFileCompile src_ascii_class_diagram.swift
SwiftCompile normal arm64 /Users/admin/builder/spi-builder-workspace/Sources/BeautifulMermaidSwift/Mermaid/src_ascii_converter.swift (in target 'BeautifulMermaid' from project 'BeautifulMermaidSwift')
    cd /Users/admin/builder/spi-builder-workspace/.swiftpm/xcode
    builtin-SwiftPerFileCompile src_ascii_converter.swift
SwiftCompile normal arm64 Compiling\ src_ascii_draw.swift,\ src_ascii_edge_bundling.swift,\ src_ascii_edge_routing.swift,\ src_ascii_er_diagram.swift,\ src_ascii_grid.swift,\ src_ascii_index.swift,\ src_ascii_multiline_utils.swift,\ src_ascii_pathfinder.swift /Users/admin/builder/spi-builder-workspace/Sources/BeautifulMermaidSwift/Mermaid/src_ascii_draw.swift /Users/admin/builder/spi-builder-workspace/Sources/BeautifulMermaidSwift/Mermaid/src_ascii_edge_bundling.swift /Users/admin/builder/spi-builder-workspace/Sources/BeautifulMermaidSwift/Mermaid/src_ascii_edge_routing.swift /Users/admin/builder/spi-builder-workspace/Sources/BeautifulMermaidSwift/Mermaid/src_ascii_er_diagram.swift /Users/admin/builder/spi-builder-workspace/Sources/BeautifulMermaidSwift/Mermaid/src_ascii_grid.swift /Users/admin/builder/spi-builder-workspace/Sources/BeautifulMermaidSwift/Mermaid/src_ascii_index.swift /Users/admin/builder/spi-builder-workspace/Sources/BeautifulMermaidSwift/Mermaid/src_ascii_multiline_utils.swift /Users/admin/builder/spi-builder-workspace/Sources/BeautifulMermaidSwift/Mermaid/src_ascii_pathfinder.swift (in target 'BeautifulMermaid' from project 'BeautifulMermaidSwift')
SwiftCompile normal arm64 /Users/admin/builder/spi-builder-workspace/Sources/BeautifulMermaidSwift/Mermaid/src_ascii_draw.swift (in target 'BeautifulMermaid' from project 'BeautifulMermaidSwift')
    cd /Users/admin/builder/spi-builder-workspace/.swiftpm/xcode
    builtin-SwiftPerFileCompile src_ascii_draw.swift
SwiftCompile normal arm64 /Users/admin/builder/spi-builder-workspace/Sources/BeautifulMermaidSwift/Mermaid/src_ascii_edge_bundling.swift (in target 'BeautifulMermaid' from project 'BeautifulMermaidSwift')
    cd /Users/admin/builder/spi-builder-workspace/.swiftpm/xcode
    builtin-SwiftPerFileCompile src_ascii_edge_bundling.swift
SwiftCompile normal arm64 /Users/admin/builder/spi-builder-workspace/Sources/BeautifulMermaidSwift/Mermaid/src_ascii_edge_routing.swift (in target 'BeautifulMermaid' from project 'BeautifulMermaidSwift')
    cd /Users/admin/builder/spi-builder-workspace/.swiftpm/xcode
    builtin-SwiftPerFileCompile src_ascii_edge_routing.swift
SwiftCompile normal arm64 /Users/admin/builder/spi-builder-workspace/Sources/BeautifulMermaidSwift/Mermaid/src_ascii_er_diagram.swift (in target 'BeautifulMermaid' from project 'BeautifulMermaidSwift')
    cd /Users/admin/builder/spi-builder-workspace/.swiftpm/xcode
    builtin-SwiftPerFileCompile src_ascii_er_diagram.swift
SwiftCompile normal arm64 /Users/admin/builder/spi-builder-workspace/Sources/BeautifulMermaidSwift/Mermaid/src_ascii_grid.swift (in target 'BeautifulMermaid' from project 'BeautifulMermaidSwift')
    cd /Users/admin/builder/spi-builder-workspace/.swiftpm/xcode
    builtin-SwiftPerFileCompile src_ascii_grid.swift
SwiftCompile normal arm64 /Users/admin/builder/spi-builder-workspace/Sources/BeautifulMermaidSwift/Mermaid/src_ascii_index.swift (in target 'BeautifulMermaid' from project 'BeautifulMermaidSwift')
    cd /Users/admin/builder/spi-builder-workspace/.swiftpm/xcode
    builtin-SwiftPerFileCompile src_ascii_index.swift
SwiftCompile normal arm64 /Users/admin/builder/spi-builder-workspace/Sources/BeautifulMermaidSwift/Mermaid/src_ascii_multiline_utils.swift (in target 'BeautifulMermaid' from project 'BeautifulMermaidSwift')
    cd /Users/admin/builder/spi-builder-workspace/.swiftpm/xcode
    builtin-SwiftPerFileCompile src_ascii_multiline_utils.swift
SwiftCompile normal arm64 /Users/admin/builder/spi-builder-workspace/Sources/BeautifulMermaidSwift/Mermaid/src_ascii_pathfinder.swift (in target 'BeautifulMermaid' from project 'BeautifulMermaidSwift')
    cd /Users/admin/builder/spi-builder-workspace/.swiftpm/xcode
    builtin-SwiftPerFileCompile src_ascii_pathfinder.swift
SwiftCompile normal arm64 Compiling\ src_ascii_shapes_special.swift,\ src_ascii_shapes_stadium.swift,\ src_ascii_shapes_state.swift,\ src_ascii_shapes_types.swift,\ src_ascii_types.swift,\ src_ascii_validate.swift,\ src_ascii_xychart.swift,\ src_class_layout.swift /Users/admin/builder/spi-builder-workspace/Sources/BeautifulMermaidSwift/Mermaid/src_ascii_shapes_special.swift /Users/admin/builder/spi-builder-workspace/Sources/BeautifulMermaidSwift/Mermaid/src_ascii_shapes_stadium.swift /Users/admin/builder/spi-builder-workspace/Sources/BeautifulMermaidSwift/Mermaid/src_ascii_shapes_state.swift /Users/admin/builder/spi-builder-workspace/Sources/BeautifulMermaidSwift/Mermaid/src_ascii_shapes_types.swift /Users/admin/builder/spi-builder-workspace/Sources/BeautifulMermaidSwift/Mermaid/src_ascii_types.swift /Users/admin/builder/spi-builder-workspace/Sources/BeautifulMermaidSwift/Mermaid/src_ascii_validate.swift /Users/admin/builder/spi-builder-workspace/Sources/BeautifulMermaidSwift/Mermaid/src_ascii_xychart.swift /Users/admin/builder/spi-builder-workspace/Sources/BeautifulMermaidSwift/Mermaid/src_class_layout.swift (in target 'BeautifulMermaid' from project 'BeautifulMermaidSwift')
SwiftCompile normal arm64 /Users/admin/builder/spi-builder-workspace/Sources/BeautifulMermaidSwift/Mermaid/src_ascii_shapes_special.swift (in target 'BeautifulMermaid' from project 'BeautifulMermaidSwift')
    cd /Users/admin/builder/spi-builder-workspace/.swiftpm/xcode
    builtin-SwiftPerFileCompile src_ascii_shapes_special.swift
SwiftCompile normal arm64 /Users/admin/builder/spi-builder-workspace/Sources/BeautifulMermaidSwift/Mermaid/src_ascii_shapes_stadium.swift (in target 'BeautifulMermaid' from project 'BeautifulMermaidSwift')
    cd /Users/admin/builder/spi-builder-workspace/.swiftpm/xcode
    builtin-SwiftPerFileCompile src_ascii_shapes_stadium.swift
SwiftCompile normal arm64 /Users/admin/builder/spi-builder-workspace/Sources/BeautifulMermaidSwift/Mermaid/src_ascii_shapes_state.swift (in target 'BeautifulMermaid' from project 'BeautifulMermaidSwift')
    cd /Users/admin/builder/spi-builder-workspace/.swiftpm/xcode
    builtin-SwiftPerFileCompile src_ascii_shapes_state.swift
SwiftCompile normal arm64 /Users/admin/builder/spi-builder-workspace/Sources/BeautifulMermaidSwift/Mermaid/src_ascii_shapes_types.swift (in target 'BeautifulMermaid' from project 'BeautifulMermaidSwift')
    cd /Users/admin/builder/spi-builder-workspace/.swiftpm/xcode
    builtin-SwiftPerFileCompile src_ascii_shapes_types.swift
SwiftCompile normal arm64 /Users/admin/builder/spi-builder-workspace/Sources/BeautifulMermaidSwift/Mermaid/src_ascii_types.swift (in target 'BeautifulMermaid' from project 'BeautifulMermaidSwift')
    cd /Users/admin/builder/spi-builder-workspace/.swiftpm/xcode
    builtin-SwiftPerFileCompile src_ascii_types.swift
SwiftCompile normal arm64 /Users/admin/builder/spi-builder-workspace/Sources/BeautifulMermaidSwift/Mermaid/src_ascii_validate.swift (in target 'BeautifulMermaid' from project 'BeautifulMermaidSwift')
    cd /Users/admin/builder/spi-builder-workspace/.swiftpm/xcode
    builtin-SwiftPerFileCompile src_ascii_validate.swift
SwiftCompile normal arm64 /Users/admin/builder/spi-builder-workspace/Sources/BeautifulMermaidSwift/Mermaid/src_ascii_xychart.swift (in target 'BeautifulMermaid' from project 'BeautifulMermaidSwift')
    cd /Users/admin/builder/spi-builder-workspace/.swiftpm/xcode
    builtin-SwiftPerFileCompile src_ascii_xychart.swift
SwiftCompile normal arm64 /Users/admin/builder/spi-builder-workspace/Sources/BeautifulMermaidSwift/Mermaid/src_class_layout.swift (in target 'BeautifulMermaid' from project 'BeautifulMermaidSwift')
    cd /Users/admin/builder/spi-builder-workspace/.swiftpm/xcode
    builtin-SwiftPerFileCompile src_class_layout.swift
SwiftCompile normal arm64 Compiling\ src_ascii_sequence.swift,\ src_ascii_shapes_circle.swift,\ src_ascii_shapes_corners.swift,\ src_ascii_shapes_diamond.swift,\ src_ascii_shapes_hexagon.swift,\ src_ascii_shapes_index.swift,\ src_ascii_shapes_rectangle.swift,\ src_ascii_shapes_rounded.swift /Users/admin/builder/spi-builder-workspace/Sources/BeautifulMermaidSwift/Mermaid/src_ascii_sequence.swift /Users/admin/builder/spi-builder-workspace/Sources/BeautifulMermaidSwift/Mermaid/src_ascii_shapes_circle.swift /Users/admin/builder/spi-builder-workspace/Sources/BeautifulMermaidSwift/Mermaid/src_ascii_shapes_corners.swift /Users/admin/builder/spi-builder-workspace/Sources/BeautifulMermaidSwift/Mermaid/src_ascii_shapes_diamond.swift /Users/admin/builder/spi-builder-workspace/Sources/BeautifulMermaidSwift/Mermaid/src_ascii_shapes_hexagon.swift /Users/admin/builder/spi-builder-workspace/Sources/BeautifulMermaidSwift/Mermaid/src_ascii_shapes_index.swift /Users/admin/builder/spi-builder-workspace/Sources/BeautifulMermaidSwift/Mermaid/src_ascii_shapes_rectangle.swift /Users/admin/builder/spi-builder-workspace/Sources/BeautifulMermaidSwift/Mermaid/src_ascii_shapes_rounded.swift (in target 'BeautifulMermaid' from project 'BeautifulMermaidSwift')
SwiftCompile normal arm64 /Users/admin/builder/spi-builder-workspace/Sources/BeautifulMermaidSwift/Mermaid/src_ascii_sequence.swift (in target 'BeautifulMermaid' from project 'BeautifulMermaidSwift')
    cd /Users/admin/builder/spi-builder-workspace/.swiftpm/xcode
    builtin-SwiftPerFileCompile src_ascii_sequence.swift
SwiftCompile normal arm64 /Users/admin/builder/spi-builder-workspace/Sources/BeautifulMermaidSwift/Mermaid/src_ascii_shapes_circle.swift (in target 'BeautifulMermaid' from project 'BeautifulMermaidSwift')
    cd /Users/admin/builder/spi-builder-workspace/.swiftpm/xcode
    builtin-SwiftPerFileCompile src_ascii_shapes_circle.swift
SwiftCompile normal arm64 /Users/admin/builder/spi-builder-workspace/Sources/BeautifulMermaidSwift/Mermaid/src_ascii_shapes_corners.swift (in target 'BeautifulMermaid' from project 'BeautifulMermaidSwift')
    cd /Users/admin/builder/spi-builder-workspace/.swiftpm/xcode
    builtin-SwiftPerFileCompile src_ascii_shapes_corners.swift
SwiftCompile normal arm64 /Users/admin/builder/spi-builder-workspace/Sources/BeautifulMermaidSwift/Mermaid/src_ascii_shapes_diamond.swift (in target 'BeautifulMermaid' from project 'BeautifulMermaidSwift')
    cd /Users/admin/builder/spi-builder-workspace/.swiftpm/xcode
    builtin-SwiftPerFileCompile src_ascii_shapes_diamond.swift
SwiftCompile normal arm64 /Users/admin/builder/spi-builder-workspace/Sources/BeautifulMermaidSwift/Mermaid/src_ascii_shapes_hexagon.swift (in target 'BeautifulMermaid' from project 'BeautifulMermaidSwift')
    cd /Users/admin/builder/spi-builder-workspace/.swiftpm/xcode
    builtin-SwiftPerFileCompile src_ascii_shapes_hexagon.swift
SwiftCompile normal arm64 /Users/admin/builder/spi-builder-workspace/Sources/BeautifulMermaidSwift/Mermaid/src_ascii_shapes_index.swift (in target 'BeautifulMermaid' from project 'BeautifulMermaidSwift')
    cd /Users/admin/builder/spi-builder-workspace/.swiftpm/xcode
    builtin-SwiftPerFileCompile src_ascii_shapes_index.swift
SwiftCompile normal arm64 /Users/admin/builder/spi-builder-workspace/Sources/BeautifulMermaidSwift/Mermaid/src_ascii_shapes_rectangle.swift (in target 'BeautifulMermaid' from project 'BeautifulMermaidSwift')
    cd /Users/admin/builder/spi-builder-workspace/.swiftpm/xcode
    builtin-SwiftPerFileCompile src_ascii_shapes_rectangle.swift
SwiftCompile normal arm64 /Users/admin/builder/spi-builder-workspace/Sources/BeautifulMermaidSwift/Mermaid/src_ascii_shapes_rounded.swift (in target 'BeautifulMermaid' from project 'BeautifulMermaidSwift')
    cd /Users/admin/builder/spi-builder-workspace/.swiftpm/xcode
    builtin-SwiftPerFileCompile src_ascii_shapes_rounded.swift
SwiftCompile normal arm64 Compiling\ src_class_parser.swift,\ src_class_renderer.swift,\ src_class_types.swift,\ src_elk_instance.swift,\ src_er_layout.swift,\ src_er_parser.swift,\ src_er_renderer.swift,\ src_er_types.swift /Users/admin/builder/spi-builder-workspace/Sources/BeautifulMermaidSwift/Mermaid/src_class_parser.swift /Users/admin/builder/spi-builder-workspace/Sources/BeautifulMermaidSwift/Mermaid/src_class_renderer.swift /Users/admin/builder/spi-builder-workspace/Sources/BeautifulMermaidSwift/Mermaid/src_class_types.swift /Users/admin/builder/spi-builder-workspace/Sources/BeautifulMermaidSwift/Mermaid/src_elk_instance.swift /Users/admin/builder/spi-builder-workspace/Sources/BeautifulMermaidSwift/Mermaid/src_er_layout.swift /Users/admin/builder/spi-builder-workspace/Sources/BeautifulMermaidSwift/Mermaid/src_er_parser.swift /Users/admin/builder/spi-builder-workspace/Sources/BeautifulMermaidSwift/Mermaid/src_er_renderer.swift /Users/admin/builder/spi-builder-workspace/Sources/BeautifulMermaidSwift/Mermaid/src_er_types.swift (in target 'BeautifulMermaid' from project 'BeautifulMermaidSwift')
/Users/admin/builder/spi-builder-workspace/Sources/BeautifulMermaidSwift/Mermaid/src_elk_instance.swift:32:27: warning: no calls to throwing functions occur within 'try' expression [#UnnecessaryEffectMarker]
 30 |         }
 31 |         do {
 32 |             let created = try ELK()
    |                           `- warning: no calls to throwing functions occur within 'try' expression [#UnnecessaryEffectMarker]
 33 |             sharedInstance = created
 34 |             return created
/Users/admin/builder/spi-builder-workspace/Sources/BeautifulMermaidSwift/Mermaid/src_elk_instance.swift:35:11: warning: 'catch' block is unreachable because no errors are thrown in 'do' block
 33 |             sharedInstance = created
 34 |             return created
 35 |         } catch {
    |           `- warning: 'catch' block is unreachable because no errors are thrown in 'do' block
 36 |             throw _ElkInstanceAdapterError.elkUnavailable(error.localizedDescription)
 37 |         }
[#UnnecessaryEffectMarker]: <https://docs.swift.org/compiler/documentation/diagnostics/unnecessary-effect-marker>
SwiftCompile normal arm64 /Users/admin/builder/spi-builder-workspace/Sources/BeautifulMermaidSwift/Mermaid/src_class_parser.swift (in target 'BeautifulMermaid' from project 'BeautifulMermaidSwift')
    cd /Users/admin/builder/spi-builder-workspace/.swiftpm/xcode
    builtin-SwiftPerFileCompile src_class_parser.swift
SwiftCompile normal arm64 /Users/admin/builder/spi-builder-workspace/Sources/BeautifulMermaidSwift/Mermaid/src_class_renderer.swift (in target 'BeautifulMermaid' from project 'BeautifulMermaidSwift')
    cd /Users/admin/builder/spi-builder-workspace/.swiftpm/xcode
    builtin-SwiftPerFileCompile src_class_renderer.swift
SwiftCompile normal arm64 /Users/admin/builder/spi-builder-workspace/Sources/BeautifulMermaidSwift/Mermaid/src_class_types.swift (in target 'BeautifulMermaid' from project 'BeautifulMermaidSwift')
    cd /Users/admin/builder/spi-builder-workspace/.swiftpm/xcode
    builtin-SwiftPerFileCompile src_class_types.swift
SwiftCompile normal arm64 /Users/admin/builder/spi-builder-workspace/Sources/BeautifulMermaidSwift/Mermaid/src_elk_instance.swift (in target 'BeautifulMermaid' from project 'BeautifulMermaidSwift')
    cd /Users/admin/builder/spi-builder-workspace/.swiftpm/xcode
    builtin-SwiftPerFileCompile src_elk_instance.swift
SwiftCompile normal arm64 /Users/admin/builder/spi-builder-workspace/Sources/BeautifulMermaidSwift/Mermaid/src_er_layout.swift (in target 'BeautifulMermaid' from project 'BeautifulMermaidSwift')
    cd /Users/admin/builder/spi-builder-workspace/.swiftpm/xcode
    builtin-SwiftPerFileCompile src_er_layout.swift
SwiftCompile normal arm64 /Users/admin/builder/spi-builder-workspace/Sources/BeautifulMermaidSwift/Mermaid/src_er_parser.swift (in target 'BeautifulMermaid' from project 'BeautifulMermaidSwift')
    cd /Users/admin/builder/spi-builder-workspace/.swiftpm/xcode
    builtin-SwiftPerFileCompile src_er_parser.swift
SwiftCompile normal arm64 /Users/admin/builder/spi-builder-workspace/Sources/BeautifulMermaidSwift/Mermaid/src_er_renderer.swift (in target 'BeautifulMermaid' from project 'BeautifulMermaidSwift')
    cd /Users/admin/builder/spi-builder-workspace/.swiftpm/xcode
    builtin-SwiftPerFileCompile src_er_renderer.swift
SwiftCompile normal arm64 /Users/admin/builder/spi-builder-workspace/Sources/BeautifulMermaidSwift/Mermaid/src_er_types.swift (in target 'BeautifulMermaid' from project 'BeautifulMermaidSwift')
    cd /Users/admin/builder/spi-builder-workspace/.swiftpm/xcode
    builtin-SwiftPerFileCompile src_er_types.swift
SwiftDriverJobDiscovery normal arm64 Compiling src_ascii_sequence.swift, src_ascii_shapes_circle.swift, src_ascii_shapes_corners.swift, src_ascii_shapes_diamond.swift, src_ascii_shapes_hexagon.swift, src_ascii_shapes_index.swift, src_ascii_shapes_rectangle.swift, src_ascii_shapes_rounded.swift (in target 'BeautifulMermaid' from project 'BeautifulMermaidSwift')
SwiftDriverJobDiscovery normal arm64 Compiling src_ascii_shapes_special.swift, src_ascii_shapes_stadium.swift, src_ascii_shapes_state.swift, src_ascii_shapes_types.swift, src_ascii_types.swift, src_ascii_validate.swift, src_ascii_xychart.swift, src_class_layout.swift (in target 'BeautifulMermaid' from project 'BeautifulMermaidSwift')
SwiftDriverJobDiscovery normal arm64 Compiling src_xychart_parser.swift, src_xychart_renderer.swift, src_xychart_types.swift, Parser.swift, ArrowRenderer.swift, DiagramRenderer+Class.swift, DiagramRenderer+ER.swift, DiagramRenderer+Flow.swift (in target 'BeautifulMermaid' from project 'BeautifulMermaidSwift')
SwiftDriverJobDiscovery normal arm64 Emitting module for BeautifulMermaid (in target 'BeautifulMermaid' from project 'BeautifulMermaidSwift')
SwiftDriver\ Compilation\ Requirements BeautifulMermaid normal arm64 com.apple.xcode.tools.swift.compiler (in target 'BeautifulMermaid' from project 'BeautifulMermaidSwift')
    cd /Users/admin/builder/spi-builder-workspace/.swiftpm/xcode
    builtin-Swift-Compilation-Requirements -- /Applications/Xcode-27.0.0-Release.Candidate.app/Contents/Developer/Toolchains/XcodeDefault.xctoolchain/usr/bin/swiftc -parse-as-library -module-name BeautifulMermaid -Onone @/Users/admin/builder/spi-builder-workspace/.derivedData/Build/Intermediates.noindex/BeautifulMermaidSwift.build/Debug-appletvos/BeautifulMermaid-t.build/Objects-normal/arm64/BeautifulMermaid.SwiftFileList -DSWIFT_PACKAGE -DDEBUG -DSWIFT_MODULE_RESOURCE_BUNDLE_UNAVAILABLE -DXcode -plugin-path /Applications/Xcode-27.0.0-Release.Candidate.app/Contents/Developer/Toolchains/XcodeDefault.xctoolchain/usr/lib/swift/host/plugins/testing -enable-experimental-feature DebugDescriptionMacro -sdk /Applications/Xcode-27.0.0-Release.Candidate.app/Contents/Developer/Platforms/AppleTVOS.platform/Developer/SDKs/AppleTVOS27.0.sdk -target arm64-apple-tvos15.0 -g -module-cache-path /Users/admin/builder/spi-builder-workspace/.derivedData/ModuleCache.noindex -Xfrontend -serialize-debugging-options -profile-coverage-mapping -profile-generate -enable-testing -index-store-path /Users/admin/builder/spi-builder-workspace/.derivedData/Index.noindex/DataStore -Xcc -D_LIBCPP_HARDENING_MODE\=_LIBCPP_HARDENING_MODE_DEBUG -swift-version 5 -I /Users/admin/builder/spi-builder-workspace/.derivedData/Build/Products/Debug-appletvos -Isystem /Applications/Xcode-27.0.0-Release.Candidate.app/Contents/Developer/Platforms/AppleTVOS.platform/Developer/usr/lib -F /Users/admin/builder/spi-builder-workspace/.derivedData/Build/Products/Debug-appletvos/PackageFrameworks -F /Users/admin/builder/spi-builder-workspace/.derivedData/Build/Products/Debug-appletvos -F /Applications/Xcode-27.0.0-Release.Candidate.app/Contents/Developer/Platforms/AppleTVOS.platform/Developer/Library/Frameworks -F /Applications/Xcode-27.0.0-Release.Candidate.app/Contents/Developer/Platforms/AppleTVOS.platform/Developer/SDKs/AppleTVOS27.0.sdk/Developer/Library/Frameworks -c -j10 -enable-batch-mode -incremental -Xcc -ivfsstatcache -Xcc /Users/admin/builder/spi-builder-workspace/.derivedData/SDKStatCaches.noindex/appletvos27.0-24J360-e829b21a6f8c9b70876ba0858053c044b32bfd8d43560033f8d89884cdb90028.sdkstatcache -output-file-map /Users/admin/builder/spi-builder-workspace/.derivedData/Build/Intermediates.noindex/BeautifulMermaidSwift.build/Debug-appletvos/BeautifulMermaid-t.build/Objects-normal/arm64/BeautifulMermaid-OutputFileMap.json -save-temps -no-color-diagnostics -explicit-module-build -module-cache-path /Users/admin/builder/spi-builder-workspace/.derivedData/Build/Intermediates.noindex/SwiftExplicitPrecompiledModules -clang-scanner-module-cache-path /Users/admin/builder/spi-builder-workspace/.derivedData/ModuleCache.noindex -sdk-module-cache-path /Users/admin/builder/spi-builder-workspace/.derivedData/SDKExplicitPrecompiledModules -emit-dependencies -emit-module -emit-module-path /Users/admin/builder/spi-builder-workspace/.derivedData/Build/Intermediates.noindex/BeautifulMermaidSwift.build/Debug-appletvos/BeautifulMermaid-t.build/Objects-normal/arm64/BeautifulMermaid.swiftmodule -serialize-diagnostics -dependency-scan-serialize-diagnostics-path /Users/admin/builder/spi-builder-workspace/.derivedData/Build/Intermediates.noindex/BeautifulMermaidSwift.build/Debug-appletvos/BeautifulMermaid-t.build/Objects-normal/arm64/BeautifulMermaid-dependency-scan.dia -validate-clang-modules-once -clang-build-session-file /Users/admin/builder/spi-builder-workspace/.derivedData/ModuleCache.noindex/Session.modulevalidation -Xcc -fmodules-prune-interval\=86400 -Xcc -fmodules-prune-after\=345600 -package-name spi_builder_workspace -emit-const-values -const-gather-protocols-list /Users/admin/builder/spi-builder-workspace/.derivedData/Build/Intermediates.noindex/BeautifulMermaidSwift.build/Debug-appletvos/BeautifulMermaid-t.build/Objects-normal/arm64/BeautifulMermaid_const_extract_protocols.json -Xcc -I/Users/admin/builder/spi-builder-workspace/.derivedData/Build/Products/Debug-appletvos/include -Xcc -I/Users/admin/builder/spi-builder-workspace/.derivedData/Build/Intermediates.noindex/BeautifulMermaidSwift.build/Debug-appletvos/BeautifulMermaid-t.build/DerivedSources-normal/arm64 -Xcc -I/Users/admin/builder/spi-builder-workspace/.derivedData/Build/Intermediates.noindex/BeautifulMermaidSwift.build/Debug-appletvos/BeautifulMermaid-t.build/DerivedSources/arm64 -Xcc -I/Users/admin/builder/spi-builder-workspace/.derivedData/Build/Intermediates.noindex/BeautifulMermaidSwift.build/Debug-appletvos/BeautifulMermaid-t.build/DerivedSources -Xcc -DSWIFT_PACKAGE -Xcc -DDEBUG\=1 -emit-objc-header -emit-objc-header-path /Users/admin/builder/spi-builder-workspace/.derivedData/Build/Intermediates.noindex/BeautifulMermaidSwift.build/Debug-appletvos/BeautifulMermaid-t.build/Objects-normal/arm64/BeautifulMermaid-Swift.h -working-directory /Users/admin/builder/spi-builder-workspace/.swiftpm/xcode -experimental-emit-module-separately -disable-cmo
SwiftMergeGeneratedHeaders /Users/admin/builder/spi-builder-workspace/.derivedData/Build/Intermediates.noindex/GeneratedModuleMaps-appletvos/BeautifulMermaid-Swift.h /Users/admin/builder/spi-builder-workspace/.derivedData/Build/Intermediates.noindex/BeautifulMermaidSwift.build/Debug-appletvos/BeautifulMermaid-t.build/Objects-normal/arm64/BeautifulMermaid-Swift.h (in target 'BeautifulMermaid' from project 'BeautifulMermaidSwift')
    cd /Users/admin/builder/spi-builder-workspace
    builtin-swiftHeaderTool -arch arm64 /Users/admin/builder/spi-builder-workspace/.derivedData/Build/Intermediates.noindex/BeautifulMermaidSwift.build/Debug-appletvos/BeautifulMermaid-t.build/Objects-normal/arm64/BeautifulMermaid-Swift.h -o /Users/admin/builder/spi-builder-workspace/.derivedData/Build/Intermediates.noindex/GeneratedModuleMaps-appletvos/BeautifulMermaid-Swift.h
Copy /Users/admin/builder/spi-builder-workspace/.derivedData/Build/Products/Debug-appletvos/BeautifulMermaid.swiftmodule/arm64-apple-tvos.swiftmodule /Users/admin/builder/spi-builder-workspace/.derivedData/Build/Intermediates.noindex/BeautifulMermaidSwift.build/Debug-appletvos/BeautifulMermaid-t.build/Objects-normal/arm64/BeautifulMermaid.swiftmodule (in target 'BeautifulMermaid' from project 'BeautifulMermaidSwift')
    cd /Users/admin/builder/spi-builder-workspace
    builtin-copy -exclude .DS_Store -exclude CVS -exclude .svn -exclude .git -exclude .hg -resolve-src-symlinks -rename /Users/admin/builder/spi-builder-workspace/.derivedData/Build/Intermediates.noindex/BeautifulMermaidSwift.build/Debug-appletvos/BeautifulMermaid-t.build/Objects-normal/arm64/BeautifulMermaid.swiftmodule /Users/admin/builder/spi-builder-workspace/.derivedData/Build/Products/Debug-appletvos/BeautifulMermaid.swiftmodule/arm64-apple-tvos.swiftmodule
Copy /Users/admin/builder/spi-builder-workspace/.derivedData/Build/Products/Debug-appletvos/BeautifulMermaid.swiftmodule/arm64-apple-tvos.swiftdoc /Users/admin/builder/spi-builder-workspace/.derivedData/Build/Intermediates.noindex/BeautifulMermaidSwift.build/Debug-appletvos/BeautifulMermaid-t.build/Objects-normal/arm64/BeautifulMermaid.swiftdoc (in target 'BeautifulMermaid' from project 'BeautifulMermaidSwift')
    cd /Users/admin/builder/spi-builder-workspace
    builtin-copy -exclude .DS_Store -exclude CVS -exclude .svn -exclude .git -exclude .hg -resolve-src-symlinks -rename /Users/admin/builder/spi-builder-workspace/.derivedData/Build/Intermediates.noindex/BeautifulMermaidSwift.build/Debug-appletvos/BeautifulMermaid-t.build/Objects-normal/arm64/BeautifulMermaid.swiftdoc /Users/admin/builder/spi-builder-workspace/.derivedData/Build/Products/Debug-appletvos/BeautifulMermaid.swiftmodule/arm64-apple-tvos.swiftdoc
Copy /Users/admin/builder/spi-builder-workspace/.derivedData/Build/Products/Debug-appletvos/BeautifulMermaid.swiftmodule/arm64-apple-tvos.abi.json /Users/admin/builder/spi-builder-workspace/.derivedData/Build/Intermediates.noindex/BeautifulMermaidSwift.build/Debug-appletvos/BeautifulMermaid-t.build/Objects-normal/arm64/BeautifulMermaid.abi.json (in target 'BeautifulMermaid' from project 'BeautifulMermaidSwift')
    cd /Users/admin/builder/spi-builder-workspace
    builtin-copy -exclude .DS_Store -exclude CVS -exclude .svn -exclude .git -exclude .hg -resolve-src-symlinks -rename /Users/admin/builder/spi-builder-workspace/.derivedData/Build/Intermediates.noindex/BeautifulMermaidSwift.build/Debug-appletvos/BeautifulMermaid-t.build/Objects-normal/arm64/BeautifulMermaid.abi.json /Users/admin/builder/spi-builder-workspace/.derivedData/Build/Products/Debug-appletvos/BeautifulMermaid.swiftmodule/arm64-apple-tvos.abi.json
Copy /Users/admin/builder/spi-builder-workspace/.derivedData/Build/Products/Debug-appletvos/BeautifulMermaid.swiftmodule/Project/arm64-apple-tvos.swiftsourceinfo /Users/admin/builder/spi-builder-workspace/.derivedData/Build/Intermediates.noindex/BeautifulMermaidSwift.build/Debug-appletvos/BeautifulMermaid-t.build/Objects-normal/arm64/BeautifulMermaid.swiftsourceinfo (in target 'BeautifulMermaid' from project 'BeautifulMermaidSwift')
    cd /Users/admin/builder/spi-builder-workspace
    builtin-copy -exclude .DS_Store -exclude CVS -exclude .svn -exclude .git -exclude .hg -resolve-src-symlinks -rename /Users/admin/builder/spi-builder-workspace/.derivedData/Build/Intermediates.noindex/BeautifulMermaidSwift.build/Debug-appletvos/BeautifulMermaid-t.build/Objects-normal/arm64/BeautifulMermaid.swiftsourceinfo /Users/admin/builder/spi-builder-workspace/.derivedData/Build/Products/Debug-appletvos/BeautifulMermaid.swiftmodule/Project/arm64-apple-tvos.swiftsourceinfo
GenerateAssetSymbols /Users/admin/builder/spi-builder-workspace/Examples/MermaidPlayground/Resources/Assets.xcassets (in target 'MermaidPlayground-product' from project 'BeautifulMermaidSwift')
    cd /Users/admin/builder/spi-builder-workspace
    /Applications/Xcode-27.0.0-Release.Candidate.app/Contents/Developer/usr/bin/actool /Users/admin/builder/spi-builder-workspace/Examples/MermaidPlayground/Resources/Assets.xcassets --compile /Users/admin/builder/spi-builder-workspace/.derivedData/Build/Products/Debug-appletvos --output-format human-readable-text --notices --warnings --export-dependency-info /Users/admin/builder/spi-builder-workspace/.derivedData/Build/Intermediates.noindex/BeautifulMermaidSwift.build/Debug-appletvos/MermaidPlayground-p.build/assetcatalog_dependencies --output-partial-info-plist /Users/admin/builder/spi-builder-workspace/.derivedData/Build/Intermediates.noindex/BeautifulMermaidSwift.build/Debug-appletvos/MermaidPlayground-p.build/assetcatalog_generated_info.plist --compress-pngs --enable-on-demand-resources NO --development-region en --leaderboard-identifier-prefix MermaidPlayground.game-center.leaderboard. --leaderboard-set-identifier-prefix MermaidPlayground.game-center.leaderboard-set. --target-device tv --minimum-deployment-target 15.0 --platform appletvos --bundle-identifier spi-builder-workspace.MermaidPlayground --generate-swift-asset-symbol-extensions NO --generate-swift-asset-symbols /Users/admin/builder/spi-builder-workspace/.derivedData/Build/Intermediates.noindex/BeautifulMermaidSwift.build/Debug-appletvos/MermaidPlayground-p.build/DerivedSources/GeneratedAssetSymbols.swift --generate-objc-asset-symbols /Users/admin/builder/spi-builder-workspace/.derivedData/Build/Intermediates.noindex/BeautifulMermaidSwift.build/Debug-appletvos/MermaidPlayground-p.build/DerivedSources/GeneratedAssetSymbols.h --generate-asset-symbol-index /Users/admin/builder/spi-builder-workspace/.derivedData/Build/Intermediates.noindex/BeautifulMermaidSwift.build/Debug-appletvos/MermaidPlayground-p.build/DerivedSources/GeneratedAssetSymbols-Index.plist
/* com.apple.actool.compilation-results */
/Users/admin/builder/spi-builder-workspace/.derivedData/Build/Intermediates.noindex/BeautifulMermaidSwift.build/Debug-appletvos/MermaidPlayground-p.build/DerivedSources/GeneratedAssetSymbols-Index.plist
/Users/admin/builder/spi-builder-workspace/.derivedData/Build/Intermediates.noindex/BeautifulMermaidSwift.build/Debug-appletvos/MermaidPlayground-p.build/DerivedSources/GeneratedAssetSymbols.h
/Users/admin/builder/spi-builder-workspace/.derivedData/Build/Intermediates.noindex/BeautifulMermaidSwift.build/Debug-appletvos/MermaidPlayground-p.build/DerivedSources/GeneratedAssetSymbols.swift
SwiftDriver MermaidPlayground normal arm64 com.apple.xcode.tools.swift.compiler (in target 'MermaidPlayground-product' from project 'BeautifulMermaidSwift')
    cd /Users/admin/builder/spi-builder-workspace/.swiftpm/xcode
    builtin-SwiftDriver -- /Applications/Xcode-27.0.0-Release.Candidate.app/Contents/Developer/Toolchains/XcodeDefault.xctoolchain/usr/bin/swiftc -parse-as-library -module-name MermaidPlayground -Onone @/Users/admin/builder/spi-builder-workspace/.derivedData/Build/Intermediates.noindex/BeautifulMermaidSwift.build/Debug-appletvos/MermaidPlayground-p.build/Objects-normal/arm64/MermaidPlayground.SwiftFileList -DSWIFT_PACKAGE -DDEBUG -DSWIFT_MODULE_RESOURCE_BUNDLE_AVAILABLE -DXcode -plugin-path /Applications/Xcode-27.0.0-Release.Candidate.app/Contents/Developer/Toolchains/XcodeDefault.xctoolchain/usr/lib/swift/host/plugins/testing -enable-experimental-feature DebugDescriptionMacro -sdk /Applications/Xcode-27.0.0-Release.Candidate.app/Contents/Developer/Platforms/AppleTVOS.platform/Developer/SDKs/AppleTVOS27.0.sdk -target arm64-apple-tvos15.0 -g -module-cache-path /Users/admin/builder/spi-builder-workspace/.derivedData/ModuleCache.noindex -Xfrontend -serialize-debugging-options -profile-coverage-mapping -profile-generate -enable-testing -index-store-path /Users/admin/builder/spi-builder-workspace/.derivedData/Index.noindex/DataStore -Xcc -D_LIBCPP_HARDENING_MODE\=_LIBCPP_HARDENING_MODE_DEBUG -swift-version 5 -I /Users/admin/builder/spi-builder-workspace/.derivedData/Build/Products/Debug-appletvos -Isystem /Applications/Xcode-27.0.0-Release.Candidate.app/Contents/Developer/Platforms/AppleTVOS.platform/Developer/usr/lib -F /Users/admin/builder/spi-builder-workspace/.derivedData/Build/Products/Debug-appletvos/PackageFrameworks -F /Users/admin/builder/spi-builder-workspace/.derivedData/Build/Products/Debug-appletvos -F /Applications/Xcode-27.0.0-Release.Candidate.app/Contents/Developer/Platforms/AppleTVOS.platform/Developer/Library/Frameworks -F /Applications/Xcode-27.0.0-Release.Candidate.app/Contents/Developer/Platforms/AppleTVOS.platform/Developer/SDKs/AppleTVOS27.0.sdk/Developer/Library/Frameworks -c -j10 -enable-batch-mode -incremental -Xcc -ivfsstatcache -Xcc /Users/admin/builder/spi-builder-workspace/.derivedData/SDKStatCaches.noindex/appletvos27.0-24J360-e829b21a6f8c9b70876ba0858053c044b32bfd8d43560033f8d89884cdb90028.sdkstatcache -output-file-map /Users/admin/builder/spi-builder-workspace/.derivedData/Build/Intermediates.noindex/BeautifulMermaidSwift.build/Debug-appletvos/MermaidPlayground-p.build/Objects-normal/arm64/MermaidPlayground-OutputFileMap.json -save-temps -no-color-diagnostics -explicit-module-build -module-cache-path /Users/admin/builder/spi-builder-workspace/.derivedData/Build/Intermediates.noindex/SwiftExplicitPrecompiledModules -clang-scanner-module-cache-path /Users/admin/builder/spi-builder-workspace/.derivedData/ModuleCache.noindex -sdk-module-cache-path /Users/admin/builder/spi-builder-workspace/.derivedData/SDKExplicitPrecompiledModules -emit-dependencies -emit-module -emit-module-path /Users/admin/builder/spi-builder-workspace/.derivedData/Build/Intermediates.noindex/BeautifulMermaidSwift.build/Debug-appletvos/MermaidPlayground-p.build/Objects-normal/arm64/MermaidPlayground.swiftmodule -serialize-diagnostics -dependency-scan-serialize-diagnostics-path /Users/admin/builder/spi-builder-workspace/.derivedData/Build/Intermediates.noindex/BeautifulMermaidSwift.build/Debug-appletvos/MermaidPlayground-p.build/Objects-normal/arm64/MermaidPlayground-dependency-scan.dia -validate-clang-modules-once -clang-build-session-file /Users/admin/builder/spi-builder-workspace/.derivedData/ModuleCache.noindex/Session.modulevalidation -Xcc -fmodules-prune-interval\=86400 -Xcc -fmodules-prune-after\=345600 -package-name spi_builder_workspace -emit-const-values -const-gather-protocols-list /Users/admin/builder/spi-builder-workspace/.derivedData/Build/Intermediates.noindex/BeautifulMermaidSwift.build/Debug-appletvos/MermaidPlayground-p.build/Objects-normal/arm64/MermaidPlayground_const_extract_protocols.json -Xcc -I/Users/admin/builder/spi-builder-workspace/.derivedData/Build/Products/Debug-appletvos/include -Xcc -I/Users/admin/builder/spi-builder-workspace/.derivedData/Build/Intermediates.noindex/BeautifulMermaidSwift.build/Debug-appletvos/MermaidPlayground-p.build/DerivedSources-normal/arm64 -Xcc -I/Users/admin/builder/spi-builder-workspace/.derivedData/Build/Intermediates.noindex/BeautifulMermaidSwift.build/Debug-appletvos/MermaidPlayground-p.build/DerivedSources/arm64 -Xcc -I/Users/admin/builder/spi-builder-workspace/.derivedData/Build/Intermediates.noindex/BeautifulMermaidSwift.build/Debug-appletvos/MermaidPlayground-p.build/DerivedSources -Xcc -DSWIFT_PACKAGE -Xcc -DDEBUG\=1 -working-directory /Users/admin/builder/spi-builder-workspace/.swiftpm/xcode -experimental-emit-module-separately -disable-cmo
SwiftDriverJobDiscovery normal arm64 Compiling src_ascii_draw.swift, src_ascii_edge_bundling.swift, src_ascii_edge_routing.swift, src_ascii_er_diagram.swift, src_ascii_grid.swift, src_ascii_index.swift, src_ascii_multiline_utils.swift, src_ascii_pathfinder.swift (in target 'BeautifulMermaid' from project 'BeautifulMermaidSwift')
SwiftCompile normal arm64 Compiling\ PlaygroundConfiguration.swift /Users/admin/builder/spi-builder-workspace/Examples/MermaidPlayground/Models/PlaygroundConfiguration.swift (in target 'MermaidPlayground-product' from project 'BeautifulMermaidSwift')
SwiftCompile normal arm64 /Users/admin/builder/spi-builder-workspace/Examples/MermaidPlayground/Models/PlaygroundConfiguration.swift (in target 'MermaidPlayground-product' from project 'BeautifulMermaidSwift')
    cd /Users/admin/builder/spi-builder-workspace/.swiftpm/xcode
    builtin-SwiftPerFileCompile PlaygroundConfiguration.swift
/Users/admin/builder/spi-builder-workspace/Examples/MermaidPlayground/Models/PlaygroundConfiguration.swift:12:2: error: 'Observable()' is only available in tvOS 17.0 or newer
10 |
11 | /// Singleton configuration for the playground
12 | @Observable
   |  `- error: 'Observable()' is only available in tvOS 17.0 or newer
13 | @available(iOS 17.0, macOS 14.0, macCatalyst 17.0, *)
14 | public class PlaygroundConfiguration {
macro expansion @Observable:1:2: error: 'ObservationTracked()' is only available in tvOS 17.0 or newer
`- /Users/admin/builder/spi-builder-workspace/Examples/MermaidPlayground/Models/PlaygroundConfiguration.swift:26:5: note: expanded code originates here
10 |
11 | /// Singleton configuration for the playground
12 | @Observable
   | `- note: in expansion of macro 'Observable' on property 'source' here
13 | @available(iOS 17.0, macOS 14.0, macCatalyst 17.0, *)
14 | public class PlaygroundConfiguration {
   |              `- note: add '@available' attribute to enclosing class
15 |     public static let shared = PlaygroundConfiguration()
16 |
   :
24 |     // MARK: - Diagram Source
25 |
26 |     public var source: String = PlaygroundConfiguration.defaultDiagram
   +--- macro expansion @Observable ------------------------------------
   |1 | @ObservationTracked
   |  |  `- error: 'ObservationTracked()' is only available in tvOS 17.0 or newer
   +--------------------------------------------------------------------
27 |
28 |     // MARK: - Theme
macro expansion @Observable:1:2: error: 'ObservationTracked()' is only available in tvOS 17.0 or newer
`- /Users/admin/builder/spi-builder-workspace/Examples/MermaidPlayground/Models/PlaygroundConfiguration.swift:30:5: note: expanded code originates here
10 |
11 | /// Singleton configuration for the playground
12 | @Observable
   | `- note: in expansion of macro 'Observable' on property 'theme' here
13 | @available(iOS 17.0, macOS 14.0, macCatalyst 17.0, *)
14 | public class PlaygroundConfiguration {
   |              `- note: add '@available' attribute to enclosing class
15 |     public static let shared = PlaygroundConfiguration()
16 |
   :
28 |     // MARK: - Theme
29 |
30 |     public var theme: DiagramTheme = .default
   +--- macro expansion @Observable ------------------------------------
   |1 | @ObservationTracked
   |  |  `- error: 'ObservationTracked()' is only available in tvOS 17.0 or newer
   +--------------------------------------------------------------------
31 |
32 |     private init() {}
macro expansion @Observable:1:2: error: 'ObservationIgnored()' is only available in tvOS 17.0 or newer
`- /Users/admin/builder/spi-builder-workspace/Examples/MermaidPlayground/Models/PlaygroundConfiguration.swift:33:1: note: expanded code originates here
10 |
11 | /// Singleton configuration for the playground
12 | @Observable
   | `- note: in expansion of macro 'Observable' on class 'PlaygroundConfiguration' here
13 | @available(iOS 17.0, macOS 14.0, macCatalyst 17.0, *)
14 | public class PlaygroundConfiguration {
   |              `- note: add '@available' attribute to enclosing class
15 |     public static let shared = PlaygroundConfiguration()
16 |
   :
31 |
32 |     private init() {}
33 | }
   +--- macro expansion @Observable ------------------------------------
   | 1 | @ObservationIgnored private let _$observationRegistrar = Observation.ObservationRegistrar()
   |   |  `- error: 'ObservationIgnored()' is only available in tvOS 17.0 or newer
   | 2 |
   | 3 | internal nonisolated func access<$s17MermaidPlayground0B13Configuration10ObservablefMm_6MemberfMu_>(
   +--------------------------------------------------------------------
34 |
macro expansion @ObservationTracked:4:6: error: 'ObservationIgnored()' is only available in tvOS 17.0 or newer
`- /Users/admin/builder/spi-builder-workspace/Examples/MermaidPlayground/Models/PlaygroundConfiguration.swift:26:71: note: expanded code originates here
12 | @Observable
13 | @available(iOS 17.0, macOS 14.0, macCatalyst 17.0, *)
14 | public class PlaygroundConfiguration {
   |              `- note: add '@available' attribute to enclosing class
15 |     public static let shared = PlaygroundConfiguration()
16 |
   :
24 |     // MARK: - Diagram Source
25 |
26 |     public var source: String = PlaygroundConfiguration.defaultDiagram
   +--- macro expansion @ObservationTracked ----------------------------
   |2 |
   |3 |
   |4 |     @ObservationIgnored
   |  |      `- error: 'ObservationIgnored()' is only available in tvOS 17.0 or newer
   |5 | private  var _source: String = PlaygroundConfiguration.defaultDiagram
   +--------------------------------------------------------------------
27 |
28 |     // MARK: - Theme
macro expansion @ObservationTracked:4:6: error: 'ObservationIgnored()' is only available in tvOS 17.0 or newer
`- /Users/admin/builder/spi-builder-workspace/Examples/MermaidPlayground/Models/PlaygroundConfiguration.swift:30:46: note: expanded code originates here
12 | @Observable
13 | @available(iOS 17.0, macOS 14.0, macCatalyst 17.0, *)
14 | public class PlaygroundConfiguration {
   |              `- note: add '@available' attribute to enclosing class
15 |     public static let shared = PlaygroundConfiguration()
16 |
   :
28 |     // MARK: - Theme
29 |
30 |     public var theme: DiagramTheme = .default
   +--- macro expansion @ObservationTracked ----------------------------
   |2 |
   |3 |
   |4 |     @ObservationIgnored
   |  |      `- error: 'ObservationIgnored()' is only available in tvOS 17.0 or newer
   |5 | private  var _theme: DiagramTheme = .default
   +--------------------------------------------------------------------
31 |
32 |     private init() {}
macro expansion @Observable:1:70: error: 'ObservationRegistrar' is only available in tvOS 17.0 or newer
`- /Users/admin/builder/spi-builder-workspace/Examples/MermaidPlayground/Models/PlaygroundConfiguration.swift:33:1: note: expanded code originates here
10 |
11 | /// Singleton configuration for the playground
12 | @Observable
   | `- note: in expansion of macro 'Observable' on class 'PlaygroundConfiguration' here
13 | @available(iOS 17.0, macOS 14.0, macCatalyst 17.0, *)
14 | public class PlaygroundConfiguration {
   |              `- note: add '@available' attribute to enclosing class
15 |     public static let shared = PlaygroundConfiguration()
16 |
   :
31 |
32 |     private init() {}
33 | }
   +--- macro expansion @Observable ------------------------------------
   | 1 | @ObservationIgnored private let _$observationRegistrar = Observation.ObservationRegistrar()
   |   |                                                                      `- error: 'ObservationRegistrar' is only available in tvOS 17.0 or newer
   | 2 |
   | 3 | internal nonisolated func access<$s17MermaidPlayground0B13Configuration10ObservablefMm_6MemberfMu_>(
   +--------------------------------------------------------------------
34 |
SwiftEmitModule normal arm64 Emitting\ module\ for\ MermaidPlayground (in target 'MermaidPlayground-product' from project 'BeautifulMermaidSwift')
/Users/admin/builder/spi-builder-workspace/Examples/MermaidPlayground/Models/PlaygroundConfiguration.swift:12:2: error: 'Observable()' is only available in tvOS 17.0 or newer
10 |
11 | /// Singleton configuration for the playground
12 | @Observable
   |  `- error: 'Observable()' is only available in tvOS 17.0 or newer
13 | @available(iOS 17.0, macOS 14.0, macCatalyst 17.0, *)
14 | public class PlaygroundConfiguration {
macro expansion @Observable:1:2: error: 'ObservationTracked()' is only available in tvOS 17.0 or newer
`- /Users/admin/builder/spi-builder-workspace/Examples/MermaidPlayground/Models/PlaygroundConfiguration.swift:26:5: note: expanded code originates here
10 |
11 | /// Singleton configuration for the playground
12 | @Observable
   | `- note: in expansion of macro 'Observable' on property 'source' here
13 | @available(iOS 17.0, macOS 14.0, macCatalyst 17.0, *)
14 | public class PlaygroundConfiguration {
   |              `- note: add '@available' attribute to enclosing class
15 |     public static let shared = PlaygroundConfiguration()
16 |
   :
24 |     // MARK: - Diagram Source
25 |
26 |     public var source: String = PlaygroundConfiguration.defaultDiagram
   +--- macro expansion @Observable ------------------------------------
   |1 | @ObservationTracked
   |  |  `- error: 'ObservationTracked()' is only available in tvOS 17.0 or newer
   +--------------------------------------------------------------------
27 |
28 |     // MARK: - Theme
macro expansion @Observable:1:2: error: 'ObservationTracked()' is only available in tvOS 17.0 or newer
`- /Users/admin/builder/spi-builder-workspace/Examples/MermaidPlayground/Models/PlaygroundConfiguration.swift:30:5: note: expanded code originates here
10 |
11 | /// Singleton configuration for the playground
12 | @Observable
   | `- note: in expansion of macro 'Observable' on property 'theme' here
13 | @available(iOS 17.0, macOS 14.0, macCatalyst 17.0, *)
14 | public class PlaygroundConfiguration {
   |              `- note: add '@available' attribute to enclosing class
15 |     public static let shared = PlaygroundConfiguration()
16 |
   :
28 |     // MARK: - Theme
29 |
30 |     public var theme: DiagramTheme = .default
   +--- macro expansion @Observable ------------------------------------
   |1 | @ObservationTracked
   |  |  `- error: 'ObservationTracked()' is only available in tvOS 17.0 or newer
   +--------------------------------------------------------------------
31 |
32 |     private init() {}
macro expansion @Observable:1:2: error: 'ObservationIgnored()' is only available in tvOS 17.0 or newer
`- /Users/admin/builder/spi-builder-workspace/Examples/MermaidPlayground/Models/PlaygroundConfiguration.swift:33:1: note: expanded code originates here
10 |
11 | /// Singleton configuration for the playground
12 | @Observable
   | `- note: in expansion of macro 'Observable' on class 'PlaygroundConfiguration' here
13 | @available(iOS 17.0, macOS 14.0, macCatalyst 17.0, *)
14 | public class PlaygroundConfiguration {
   |              `- note: add '@available' attribute to enclosing class
15 |     public static let shared = PlaygroundConfiguration()
16 |
   :
31 |
32 |     private init() {}
33 | }
   +--- macro expansion @Observable ------------------------------------
   | 1 | @ObservationIgnored private let _$observationRegistrar = Observation.ObservationRegistrar()
   |   |  `- error: 'ObservationIgnored()' is only available in tvOS 17.0 or newer
   | 2 |
   | 3 | internal nonisolated func access<$s17MermaidPlayground0B13Configuration10ObservablefMm_6MemberfMu_>(
   +--------------------------------------------------------------------
34 |
macro expansion @ObservationTracked:4:6: error: 'ObservationIgnored()' is only available in tvOS 17.0 or newer
`- /Users/admin/builder/spi-builder-workspace/Examples/MermaidPlayground/Models/PlaygroundConfiguration.swift:26:71: note: expanded code originates here
12 | @Observable
13 | @available(iOS 17.0, macOS 14.0, macCatalyst 17.0, *)
14 | public class PlaygroundConfiguration {
   |              `- note: add '@available' attribute to enclosing class
15 |     public static let shared = PlaygroundConfiguration()
16 |
   :
24 |     // MARK: - Diagram Source
25 |
26 |     public var source: String = PlaygroundConfiguration.defaultDiagram
   +--- macro expansion @ObservationTracked ----------------------------
   |2 |
   |3 |
   |4 |     @ObservationIgnored
   |  |      `- error: 'ObservationIgnored()' is only available in tvOS 17.0 or newer
   |5 | private  var _source: String = PlaygroundConfiguration.defaultDiagram
   +--------------------------------------------------------------------
27 |
28 |     // MARK: - Theme
macro expansion @ObservationTracked:4:6: error: 'ObservationIgnored()' is only available in tvOS 17.0 or newer
`- /Users/admin/builder/spi-builder-workspace/Examples/MermaidPlayground/Models/PlaygroundConfiguration.swift:30:46: note: expanded code originates here
12 | @Observable
13 | @available(iOS 17.0, macOS 14.0, macCatalyst 17.0, *)
14 | public class PlaygroundConfiguration {
   |              `- note: add '@available' attribute to enclosing class
15 |     public static let shared = PlaygroundConfiguration()
16 |
   :
28 |     // MARK: - Theme
29 |
30 |     public var theme: DiagramTheme = .default
   +--- macro expansion @ObservationTracked ----------------------------
   |2 |
   |3 |
   |4 |     @ObservationIgnored
   |  |      `- error: 'ObservationIgnored()' is only available in tvOS 17.0 or newer
   |5 | private  var _theme: DiagramTheme = .default
   +--------------------------------------------------------------------
31 |
32 |     private init() {}
macro expansion @Observable:1:70: error: 'ObservationRegistrar' is only available in tvOS 17.0 or newer
`- /Users/admin/builder/spi-builder-workspace/Examples/MermaidPlayground/Models/PlaygroundConfiguration.swift:33:1: note: expanded code originates here
10 |
11 | /// Singleton configuration for the playground
12 | @Observable
   | `- note: in expansion of macro 'Observable' on class 'PlaygroundConfiguration' here
13 | @available(iOS 17.0, macOS 14.0, macCatalyst 17.0, *)
14 | public class PlaygroundConfiguration {
   |              `- note: add '@available' attribute to enclosing class
15 |     public static let shared = PlaygroundConfiguration()
16 |
   :
31 |
32 |     private init() {}
33 | }
   +--- macro expansion @Observable ------------------------------------
   | 1 | @ObservationIgnored private let _$observationRegistrar = Observation.ObservationRegistrar()
   |   |                                                                      `- error: 'ObservationRegistrar' is only available in tvOS 17.0 or newer
   | 2 |
   | 3 | internal nonisolated func access<$s17MermaidPlayground0B13Configuration10ObservablefMm_6MemberfMu_>(
   +--------------------------------------------------------------------
34 |
/Users/admin/builder/spi-builder-workspace/Examples/MermaidPlayground/Models/PlaygroundConfiguration.swift:12:2: error: 'Observable()' is only available in tvOS 17.0 or newer
10 |
11 | /// Singleton configuration for the playground
12 | @Observable
   |  `- error: 'Observable()' is only available in tvOS 17.0 or newer
13 | @available(iOS 17.0, macOS 14.0, macCatalyst 17.0, *)
14 | public class PlaygroundConfiguration {
   |              `- note: add '@available' attribute to enclosing class
15 |     public static let shared = PlaygroundConfiguration()
16 |
macro expansion @State:8:27: error: 'NavigationSplitViewVisibility' is only available in tvOS 16.0 or newer
`- /Users/admin/builder/spi-builder-workspace/Examples/MermaidPlayground/Views/ContentView.swift:14:86: note: expanded code originates here
 10 |
 11 | @available(iOS 17.0, macOS 14.0, macCatalyst 17.0, *)
 12 | struct ContentView: View {
    |        `- note: add '@available' attribute to enclosing struct
 13 |     @SwiftUI.State private var config = PlaygroundConfiguration.shared
 14 |     @SwiftUI.State private var columnVisibility: NavigationSplitViewVisibility = .all
    |     `- note: in expansion of macro 'State' on property 'columnVisibility' here
    +--- macro expansion @State ----------------------------------------
    | 6 | @SwiftUICore._StatePropertyWrapperStorage(initialValue: "JHMxN01lcm1haWRQbGF5Z3JvdW5kMTFDb250ZW50Vmlld1YxNmNvbHVtblZpc2liaWxpdHkzM18zQjIxQkVFNjBBOTFFREFEMzNCRjcwMEY4MDAxMjg0RUxMNVN0YXRlZk1wXzIwX2luaXRpYWxTdG9yZWRWYWx1ZV9mTXVf")
    | 7 | private var _columnVisibility: SwiftUICore.State<_>! = SwiftUICore._stateNil(of: {
    | 8 |         SwiftUICore.State<NavigationSplitViewVisibility>(initialValue: .all)
    |   |                           `- error: 'NavigationSplitViewVisibility' is only available in tvOS 16.0 or newer
    | 9 |     })
    |10 |
    +-------------------------------------------------------------------
 15 |     @SwiftUI.State private var showingControls = false
 16 |
/Users/admin/builder/spi-builder-workspace/Examples/MermaidPlayground/Views/ContentView.swift:14:50: error: 'NavigationSplitViewVisibility' is only available in tvOS 16.0 or newer
 10 |
 11 | @available(iOS 17.0, macOS 14.0, macCatalyst 17.0, *)
 12 | struct ContentView: View {
    |        `- note: add '@available' attribute to enclosing struct
 13 |     @SwiftUI.State private var config = PlaygroundConfiguration.shared
 14 |     @SwiftUI.State private var columnVisibility: NavigationSplitViewVisibility = .all
    |                                |                 `- error: 'NavigationSplitViewVisibility' is only available in tvOS 16.0 or newer
    |                                `- note: add '@available' attribute to enclosing property
 15 |     @SwiftUI.State private var showingControls = false
 16 |
macro expansion @State:2:24: error: 'NavigationSplitViewVisibility' is only available in tvOS 16.0 or newer
`- /Users/admin/builder/spi-builder-workspace/Examples/MermaidPlayground/Views/ContentView.swift:14:86: note: expanded code originates here
 10 |
 11 | @available(iOS 17.0, macOS 14.0, macCatalyst 17.0, *)
 12 | struct ContentView: View {
    |        `- note: add '@available' attribute to enclosing struct
 13 |     @SwiftUI.State private var config = PlaygroundConfiguration.shared
 14 |     @SwiftUI.State private var columnVisibility: NavigationSplitViewVisibility = .all
    |     `- note: in expansion of macro 'State' on property 'columnVisibility' here
    +--- macro expansion @State ----------------------------------------
    | 1 | private var __columnVisibility = SwiftUICore.State._makeStorage(({
    | 2 |             let value: NavigationSplitViewVisibility = .all
    |   |                        `- error: 'NavigationSplitViewVisibility' is only available in tvOS 16.0 or newer
    | 3 |             return value
    | 4 |         }))
    +-------------------------------------------------------------------
 15 |     @SwiftUI.State private var showingControls = false
 16 |
macro expansion @State:12:51: error: 'NavigationSplitViewVisibility' is only available in tvOS 16.0 or newer
`- /Users/admin/builder/spi-builder-workspace/Examples/MermaidPlayground/Views/ContentView.swift:14:86: note: expanded code originates here
 10 |
 11 | @available(iOS 17.0, macOS 14.0, macCatalyst 17.0, *)
 12 | struct ContentView: View {
    |        `- note: add '@available' attribute to enclosing struct
 13 |     @SwiftUI.State private var config = PlaygroundConfiguration.shared
 14 |     @SwiftUI.State private var columnVisibility: NavigationSplitViewVisibility = .all
    |     `- note: in expansion of macro 'State' on property 'columnVisibility' here
    +--- macro expansion @State ----------------------------------------
    |10 |
    |11 | @SwiftUICore._StateProjectedValue
    |12 | private var $columnVisibility = SwiftUICore.State<NavigationSplitViewVisibility>(initialValue: .all).projectedValue
    |   |                                                   `- error: 'NavigationSplitViewVisibility' is only available in tvOS 16.0 or newer
    |13 |
    |14 | @SwiftUICore._StateInitialStoredValue("U3dpZnRVSUNvcmUuU3RhdGUuX21ha2VTdG9yYWdlKCh7IGxldCB2YWx1ZTogTmF2aWdhdGlvblNwbGl0Vmlld1Zpc2liaWxpdHkgPSAuYWxsCnJldHVybiB2YWx1ZSB9KSk=")
    +-------------------------------------------------------------------
 15 |     @SwiftUI.State private var showingControls = false
 16 |
macro expansion @State:16:20: error: 'NavigationSplitViewVisibility' is only available in tvOS 16.0 or newer
`- /Users/admin/builder/spi-builder-workspace/Examples/MermaidPlayground/Views/ContentView.swift:14:86: note: expanded code originates here
 10 |
 11 | @available(iOS 17.0, macOS 14.0, macCatalyst 17.0, *)
 12 | struct ContentView: View {
    |        `- note: add '@available' attribute to enclosing struct
 13 |     @SwiftUI.State private var config = PlaygroundConfiguration.shared
 14 |     @SwiftUI.State private var columnVisibility: NavigationSplitViewVisibility = .all
    |     `- note: in expansion of macro 'State' on property 'columnVisibility' here
    +--- macro expansion @State ----------------------------------------
    |14 | @SwiftUICore._StateInitialStoredValue("U3dpZnRVSUNvcmUuU3RhdGUuX21ha2VTdG9yYWdlKCh7IGxldCB2YWx1ZTogTmF2aWdhdGlvblNwbGl0Vmlld1Zpc2liaWxpdHkgPSAuYWxsCnJldHVybiB2YWx1ZSB9KSk=")
    |15 | private static var $s17MermaidPlayground11ContentViewV16columnVisibility33_3B21BEE60A91EDAD33BF700F8001284ELL5StatefMp_20_initialStoredValue_fMu_ = (SwiftUICore.State._makeStorage(initialValue: {
    |16 |             let x: NavigationSplitViewVisibility = .all
    |   |                    `- error: 'NavigationSplitViewVisibility' is only available in tvOS 16.0 or newer
    |17 |             return x
    |18 |         }()))
    +-------------------------------------------------------------------
 15 |     @SwiftUI.State private var showingControls = false
 16 |
/Users/admin/builder/spi-builder-workspace/Examples/MermaidPlayground/Views/PreviewView.swift:13:6: error: 'init(wrappedValue:)' is only available in tvOS 17.0 or newer
 10 |
 11 | @available(iOS 17.0, macOS 14.0, macCatalyst 17.0, *)
 12 | struct PreviewView: View {
    |        `- note: add '@available' attribute to enclosing struct
 13 |     @Bindable var config: PlaygroundConfiguration
    |      `- error: 'init(wrappedValue:)' is only available in tvOS 17.0 or newer
 14 |
 15 |     @SwiftUI.State private var parseError: Error?
/Users/admin/builder/spi-builder-workspace/Examples/MermaidPlayground/Views/PreviewView.swift:13:6: error: 'Bindable' is only available in tvOS 17.0 or newer
 10 |
 11 | @available(iOS 17.0, macOS 14.0, macCatalyst 17.0, *)
 12 | struct PreviewView: View {
    |        `- note: add '@available' attribute to enclosing struct
 13 |     @Bindable var config: PlaygroundConfiguration
    |      `- error: 'Bindable' is only available in tvOS 17.0 or newer
 14 |
 15 |     @SwiftUI.State private var parseError: Error?
/Users/admin/builder/spi-builder-workspace/Examples/MermaidPlayground/Views/SidebarView.swift:15:6: error: 'init(wrappedValue:)' is only available in tvOS 17.0 or newer
 12 |
 13 | @available(iOS 17.0, macOS 14.0, macCatalyst 17.0, *)
 14 | struct SidebarView: View {
    |        `- note: add '@available' attribute to enclosing struct
 15 |     @Bindable var config: PlaygroundConfiguration
    |      `- error: 'init(wrappedValue:)' is only available in tvOS 17.0 or newer
 16 |
 17 |     @SwiftUI.State private var selectedDiagramName: String = "Select Test Diagram..."
/Users/admin/builder/spi-builder-workspace/Examples/MermaidPlayground/Views/SidebarView.swift:15:6: error: 'Bindable' is only available in tvOS 17.0 or newer
 12 |
 13 | @available(iOS 17.0, macOS 14.0, macCatalyst 17.0, *)
 14 | struct SidebarView: View {
    |        `- note: add '@available' attribute to enclosing struct
 15 |     @Bindable var config: PlaygroundConfiguration
    |      `- error: 'Bindable' is only available in tvOS 17.0 or newer
 16 |
 17 |     @SwiftUI.State private var selectedDiagramName: String = "Select Test Diagram..."
/Users/admin/builder/spi-builder-workspace/Examples/MermaidPlayground/Views/SidebarView.swift:199:21: error: 'FileDocument' is unavailable in tvOS
197 | // MARK: - PNG Document for FileExporter
198 |
199 | struct PNGDocument: FileDocument {
    |                     `- error: 'FileDocument' is unavailable in tvOS
200 |     static var readableContentTypes: [UTType] { [.png] }
201 |
SwiftUI.FileDocument:6:33: note: 'FileDocument' has been explicitly marked unavailable here
 4 | @available(watchOS, unavailable)
 5 | @available(visionOS, introduced: 1.0, deprecated: 100000.0, message: "Conform your type to Document instead.")
 6 | @preconcurrency public protocol FileDocument : Sendable {
   |                                 `- note: 'FileDocument' has been explicitly marked unavailable here
 7 |     static var readableContentTypes: [UTType] { get }
 8 |     static var writableContentTypes: [UTType] { get }
/Users/admin/builder/spi-builder-workspace/Examples/MermaidPlayground/Views/SourceEditor.swift:13:6: error: 'init(wrappedValue:)' is only available in tvOS 17.0 or newer
10 |
11 | @available(iOS 17.0, macOS 14.0, macCatalyst 17.0, *)
12 | struct SourceEditor: View {
   |        `- note: add '@available' attribute to enclosing struct
13 |     @Bindable var config: PlaygroundConfiguration
   |      `- error: 'init(wrappedValue:)' is only available in tvOS 17.0 or newer
14 |
15 |     @SwiftUI.State private var localSource: String = ""
/Users/admin/builder/spi-builder-workspace/Examples/MermaidPlayground/Views/SourceEditor.swift:13:6: error: 'Bindable' is only available in tvOS 17.0 or newer
10 |
11 | @available(iOS 17.0, macOS 14.0, macCatalyst 17.0, *)
12 | struct SourceEditor: View {
   |        `- note: add '@available' attribute to enclosing struct
13 |     @Bindable var config: PlaygroundConfiguration
   |      `- error: 'Bindable' is only available in tvOS 17.0 or newer
14 |
15 |     @SwiftUI.State private var localSource: String = ""
/Users/admin/builder/spi-builder-workspace/Examples/MermaidPlayground/Views/ThemePicker.swift:13:6: error: 'init(wrappedValue:)' is only available in tvOS 17.0 or newer
 10 |
 11 | @available(iOS 17.0, macOS 14.0, macCatalyst 17.0, *)
 12 | struct ThemePicker: View {
    |        `- note: add '@available' attribute to enclosing struct
 13 |     @Bindable var config: PlaygroundConfiguration
    |      `- error: 'init(wrappedValue:)' is only available in tvOS 17.0 or newer
 14 |
 15 |     /// Quick-access theme names (shown as separate buttons)
/Users/admin/builder/spi-builder-workspace/Examples/MermaidPlayground/Views/ThemePicker.swift:13:6: error: 'Bindable' is only available in tvOS 17.0 or newer
 10 |
 11 | @available(iOS 17.0, macOS 14.0, macCatalyst 17.0, *)
 12 | struct ThemePicker: View {
    |        `- note: add '@available' attribute to enclosing struct
 13 |     @Bindable var config: PlaygroundConfiguration
    |      `- error: 'Bindable' is only available in tvOS 17.0 or newer
 14 |
 15 |     /// Quick-access theme names (shown as separate buttons)
Failed frontend command:
/Applications/Xcode-27.0.0-Release.Candidate.app/Contents/Developer/Toolchains/XcodeDefault.xctoolchain/usr/bin/swift-frontend -frontend -emit-module -experimental-skip-non-inlinable-function-bodies-without-types /Users/admin/builder/spi-builder-workspace/.derivedData/Build/Intermediates.noindex/BeautifulMermaidSwift.build/Debug-appletvos/MermaidPlayground-p.build/DerivedSources/resource_bundle_accessor.swift /Users/admin/builder/spi-builder-workspace/Examples/MermaidPlayground/MermaidPlaygroundApp.swift /Users/admin/builder/spi-builder-workspace/Examples/MermaidPlayground/Models/PlaygroundConfiguration.swift /Users/admin/builder/spi-builder-workspace/Examples/MermaidPlayground/Models/SampleDiagrams.swift /Users/admin/builder/spi-builder-workspace/Examples/MermaidPlayground/Views/ContentView.swift /Users/admin/builder/spi-builder-workspace/Examples/MermaidPlayground/Views/MermaidViewRepresentable.swift /Users/admin/builder/spi-builder-workspace/Examples/MermaidPlayground/Views/PreviewView.swift /Users/admin/builder/spi-builder-workspace/Examples/MermaidPlayground/Views/SidebarView.swift /Users/admin/builder/spi-builder-workspace/Examples/MermaidPlayground/Views/SourceEditor.swift /Users/admin/builder/spi-builder-workspace/Examples/MermaidPlayground/Views/ThemePicker.swift /Users/admin/builder/spi-builder-workspace/.derivedData/Build/Intermediates.noindex/BeautifulMermaidSwift.build/Debug-appletvos/MermaidPlayground-p.build/DerivedSources/GeneratedAssetSymbols.swift -target arm64-apple-tvos15.0 -module-can-import-version DeveloperToolsSupport 24.0.24 24.0.24 -module-can-import-version SwiftUI 8.0.84 8.0.84 -module-can-import-version UIKit 9127.0.84.1 9127.0.84 -disable-cross-import-overlay-search -load-resolved-plugin /Applications/Xcode-27.0.0-Release.Candidate.app/Contents/Developer/Platforms/AppleTVOS.platform/Developer/usr/lib/swift/host/plugins/libFoundationMacros.dylib\#/Applications/Xcode-27.0.0-Release.Candidate.app/Contents/Developer/Platforms/AppleTVOS.platform/Developer/usr/bin/swift-plugin-server\#FoundationMacros -load-resolved-plugin /Applications/Xcode-27.0.0-Release.Candidate.app/Contents/Developer/Platforms/AppleTVOS.platform/Developer/usr/lib/swift/host/plugins/libObservationMacros.dylib\#/Applications/Xcode-27.0.0-Release.Candidate.app/Contents/Developer/Platforms/AppleTVOS.platform/Developer/usr/bin/swift-plugin-server\#ObservationMacros -load-resolved-plugin /Applications/Xcode-27.0.0-Release.Candidate.app/Contents/Developer/Platforms/AppleTVOS.platform/Developer/usr/lib/swift/host/plugins/libPreviewsMacros.dylib\#/Applications/Xcode-27.0.0-Release.Candidate.app/Contents/Developer/Platforms/AppleTVOS.platform/Developer/usr/bin/swift-plugin-server\#PreviewsMacros -load-resolved-plugin /Applications/Xcode-27.0.0-Release.Candidate.app/Contents/Developer/Platforms/AppleTVOS.platform/Developer/usr/lib/swift/host/plugins/libSwiftMacros.dylib\#/Applications/Xcode-27.0.0-Release.Candidate.app/Contents/Developer/Platforms/AppleTVOS.platform/Developer/usr/bin/swift-plugin-server\#SwiftMacros -load-resolved-plugin /Applications/Xcode-27.0.0-Release.Candidate.app/Contents/Developer/Platforms/AppleTVOS.platform/Developer/usr/lib/swift/host/plugins/libSwiftUIMacros.dylib\#/Applications/Xcode-27.0.0-Release.Candidate.app/Contents/Developer/Platforms/AppleTVOS.platform/Developer/usr/bin/swift-plugin-server\#SwiftUIMacros -disable-implicit-swift-modules -Xcc -fno-implicit-modules -Xcc -fno-implicit-module-maps -explicit-swift-module-map-file /Users/admin/builder/spi-builder-workspace/.derivedData/Build/Intermediates.noindex/BeautifulMermaidSwift.build/Debug-appletvos/MermaidPlayground-p.build/Objects-normal/arm64/MermaidPlayground-dependencies-1.json -Xllvm -aarch64-use-tbi -enable-objc-interop -stack-check -sdk /Applications/Xcode-27.0.0-Release.Candidate.app/Contents/Developer/Platforms/AppleTVOS.platform/Developer/SDKs/AppleTVOS27.0.sdk -I /Users/admin/builder/spi-builder-workspace/.derivedData/Build/Products/Debug-appletvos -Isystem /Applications/Xcode-27.0.0-Release.Candidate.app/Contents/Developer/Platforms/AppleTVOS.platform/Developer/usr/lib -F /Users/admin/builder/spi-builder-workspace/.derivedData/Build/Products/Debug-appletvos/PackageFrameworks -F /Users/admin/builder/spi-builder-workspace/.derivedData/Build/Products/Debug-appletvos -F /Applications/Xcode-27.0.0-Release.Candidate.app/Contents/Developer/Platforms/AppleTVOS.platform/Developer/Library/Frameworks -F /Applications/Xcode-27.0.0-Release.Candidate.app/Contents/Developer/Platforms/AppleTVOS.platform/Developer/SDKs/AppleTVOS27.0.sdk/Developer/Library/Frameworks -module-cache-path /Users/admin/builder/spi-builder-workspace/.derivedData/Build/Intermediates.noindex/SwiftExplicitPrecompiledModules -no-color-diagnostics -Xcc -fno-color-diagnostics -enable-testing -g -debug-info-format\=dwarf -dwarf-version\=4 -profile-generate -profile-coverage-mapping -swift-version 5 -Onone -D SWIFT_PACKAGE -D DEBUG -D SWIFT_MODULE_RESOURCE_BUNDLE_AVAILABLE -D Xcode -serialize-debugging-options -enable-experimental-feature DebugDescriptionMacro -empty-abi-descriptor -validate-clang-modules-once -clang-build-session-file /Users/admin/builder/spi-builder-workspace/.derivedData/ModuleCache.noindex/Session.modulevalidation -Xcc -working-directory -Xcc /Users/admin/builder/spi-builder-workspace/.swiftpm/xcode -enable-anonymous-context-mangled-names -file-compilation-dir /Users/admin/builder/spi-builder-workspace/.swiftpm/xcode -Xcc -D_LIBCPP_HARDENING_MODE\=_LIBCPP_HARDENING_MODE_DEBUG -Xcc -ivfsstatcache -Xcc /Users/admin/builder/spi-builder-workspace/.derivedData/SDKStatCaches.noindex/appletvos27.0-24J360-e829b21a6f8c9b70876ba0858053c044b32bfd8d43560033f8d89884cdb90028.sdkstatcache -Xcc -fmodules-prune-interval\=86400 -Xcc -fmodules-prune-after\=345600 -Xcc -I/Users/admin/builder/spi-builder-workspace/.derivedData/Build/Products/Debug-appletvos/include -Xcc -I/Users/admin/builder/spi-builder-workspace/.derivedData/Build/Intermediates.noindex/BeautifulMermaidSwift.build/Debug-appletvos/MermaidPlayground-p.build/DerivedSources-normal/arm64 -Xcc -I/Users/admin/builder/spi-builder-workspace/.derivedData/Build/Intermediates.noindex/BeautifulMermaidSwift.build/Debug-appletvos/MermaidPlayground-p.build/DerivedSources/arm64 -Xcc -I/Users/admin/builder/spi-builder-workspace/.derivedData/Build/Intermediates.noindex/BeautifulMermaidSwift.build/Debug-appletvos/MermaidPlayground-p.build/DerivedSources -Xcc -DSWIFT_PACKAGE -Xcc -DDEBUG\=1 -no-auto-bridging-header-chaining -module-name MermaidPlayground -package-name spi_builder_workspace -const-gather-protocols-file /Users/admin/builder/spi-builder-workspace/.derivedData/Build/Intermediates.noindex/BeautifulMermaidSwift.build/Debug-appletvos/MermaidPlayground-p.build/Objects-normal/arm64/MermaidPlayground_const_extract_protocols.json -disable-clang-spi -clang-target arm64-apple-tvos27.0 -target-sdk-version 27.0 -target-sdk-name appletvos27.0 -in-process-plugin-server-path /Applications/Xcode-27.0.0-Release.Candidate.app/Contents/Developer/Toolchains/XcodeDefault.xctoolchain/usr/lib/swift/host/libSwiftInProcPluginServer.dylib -emit-module-doc-path /Users/admin/builder/spi-builder-workspace/.derivedData/Build/Intermediates.noindex/BeautifulMermaidSwift.build/Debug-appletvos/MermaidPlayground-p.build/Objects-normal/arm64/MermaidPlayground.swiftdoc -emit-module-source-info-path /Users/admin/builder/spi-builder-workspace/.derivedData/Build/Intermediates.noindex/BeautifulMermaidSwift.build/Debug-appletvos/MermaidPlayground-p.build/Objects-normal/arm64/MermaidPlayground.swiftsourceinfo -serialize-diagnostics-path /Users/admin/builder/spi-builder-workspace/.derivedData/Build/Intermediates.noindex/BeautifulMermaidSwift.build/Debug-appletvos/MermaidPlayground-p.build/Objects-normal/arm64/MermaidPlayground-primary-emit-module.dia -emit-dependencies-path /Users/admin/builder/spi-builder-workspace/.derivedData/Build/Intermediates.noindex/BeautifulMermaidSwift.build/Debug-appletvos/MermaidPlayground-p.build/Objects-normal/arm64/MermaidPlayground-primary-emit-module.d -parse-as-library -o /Users/admin/builder/spi-builder-workspace/.derivedData/Build/Intermediates.noindex/BeautifulMermaidSwift.build/Debug-appletvos/MermaidPlayground-p.build/Objects-normal/arm64/MermaidPlayground.swiftmodule -emit-abi-descriptor-path /Users/admin/builder/spi-builder-workspace/.derivedData/Build/Intermediates.noindex/BeautifulMermaidSwift.build/Debug-appletvos/MermaidPlayground-p.build/Objects-normal/arm64/MermaidPlayground.abi.json
SwiftCompile normal arm64 (in target 'MermaidPlayground-product' from project 'BeautifulMermaidSwift')
    cd /Users/admin/builder/spi-builder-workspace/.swiftpm/xcode

SwiftCompile normal arm64 Compiling\ resource_bundle_accessor.swift,\ MermaidPlaygroundApp.swift /Users/admin/builder/spi-builder-workspace/.derivedData/Build/Intermediates.noindex/BeautifulMermaidSwift.build/Debug-appletvos/MermaidPlayground-p.build/DerivedSources/resource_bundle_accessor.swift /Users/admin/builder/spi-builder-workspace/Examples/MermaidPlayground/MermaidPlaygroundApp.swift (in target 'MermaidPlayground-product' from project 'BeautifulMermaidSwift')
/Users/admin/builder/spi-builder-workspace/Examples/MermaidPlayground/Models/PlaygroundConfiguration.swift:12:2: error: 'Observable()' is only available in tvOS 17.0 or newer
10 |
11 | /// Singleton configuration for the playground
12 | @Observable
   |  `- error: 'Observable()' is only available in tvOS 17.0 or newer
13 | @available(iOS 17.0, macOS 14.0, macCatalyst 17.0, *)
14 | public class PlaygroundConfiguration {
SwiftCompile normal arm64 /Users/admin/builder/spi-builder-workspace/.derivedData/Build/Intermediates.noindex/BeautifulMermaidSwift.build/Debug-appletvos/MermaidPlayground-p.build/DerivedSources/resource_bundle_accessor.swift (in target 'MermaidPlayground-product' from project 'BeautifulMermaidSwift')
    cd /Users/admin/builder/spi-builder-workspace/.swiftpm/xcode
    builtin-SwiftPerFileCompile resource_bundle_accessor.swift
SwiftCompile normal arm64 /Users/admin/builder/spi-builder-workspace/Examples/MermaidPlayground/MermaidPlaygroundApp.swift (in target 'MermaidPlayground-product' from project 'BeautifulMermaidSwift')
    cd /Users/admin/builder/spi-builder-workspace/.swiftpm/xcode
    builtin-SwiftPerFileCompile MermaidPlaygroundApp.swift
SwiftCompile normal arm64 Compiling\ SourceEditor.swift /Users/admin/builder/spi-builder-workspace/Examples/MermaidPlayground/Views/SourceEditor.swift (in target 'MermaidPlayground-product' from project 'BeautifulMermaidSwift')
/Users/admin/builder/spi-builder-workspace/Examples/MermaidPlayground/Models/PlaygroundConfiguration.swift:12:2: error: 'Observable()' is only available in tvOS 17.0 or newer
10 |
11 | /// Singleton configuration for the playground
12 | @Observable
   |  `- error: 'Observable()' is only available in tvOS 17.0 or newer
13 | @available(iOS 17.0, macOS 14.0, macCatalyst 17.0, *)
14 | public class PlaygroundConfiguration {
/Users/admin/builder/spi-builder-workspace/Examples/MermaidPlayground/Views/SourceEditor.swift:13:6: error: 'init(wrappedValue:)' is only available in tvOS 17.0 or newer
10 |
11 | @available(iOS 17.0, macOS 14.0, macCatalyst 17.0, *)
12 | struct SourceEditor: View {
   |        `- note: add '@available' attribute to enclosing struct
13 |     @Bindable var config: PlaygroundConfiguration
   |      `- error: 'init(wrappedValue:)' is only available in tvOS 17.0 or newer
14 |
15 |     @SwiftUI.State private var localSource: String = ""
/Users/admin/builder/spi-builder-workspace/Examples/MermaidPlayground/Views/SourceEditor.swift:13:6: error: 'Bindable' is only available in tvOS 17.0 or newer
10 |
11 | @available(iOS 17.0, macOS 14.0, macCatalyst 17.0, *)
12 | struct SourceEditor: View {
   |        `- note: add '@available' attribute to enclosing struct
13 |     @Bindable var config: PlaygroundConfiguration
   |      `- error: 'Bindable' is only available in tvOS 17.0 or newer
14 |
15 |     @SwiftUI.State private var localSource: String = ""
macro expansion @Observable:1:2: error: 'ObservationTracked()' is only available in tvOS 17.0 or newer
`- /Users/admin/builder/spi-builder-workspace/Examples/MermaidPlayground/Models/PlaygroundConfiguration.swift:30:5: note: expanded code originates here
10 |
11 | /// Singleton configuration for the playground
12 | @Observable
   | `- note: in expansion of macro 'Observable' on property 'theme' here
13 | @available(iOS 17.0, macOS 14.0, macCatalyst 17.0, *)
14 | public class PlaygroundConfiguration {
   |              `- note: add '@available' attribute to enclosing class
15 |     public static let shared = PlaygroundConfiguration()
16 |
   :
28 |     // MARK: - Theme
29 |
30 |     public var theme: DiagramTheme = .default
   +--- macro expansion @Observable ------------------------------------
   |1 | @ObservationTracked
   |  |  `- error: 'ObservationTracked()' is only available in tvOS 17.0 or newer
   +--------------------------------------------------------------------
31 |
32 |     private init() {}
macro expansion @Observable:1:2: error: 'ObservationTracked()' is only available in tvOS 17.0 or newer
`- /Users/admin/builder/spi-builder-workspace/Examples/MermaidPlayground/Models/PlaygroundConfiguration.swift:26:5: note: expanded code originates here
10 |
11 | /// Singleton configuration for the playground
12 | @Observable
   | `- note: in expansion of macro 'Observable' on property 'source' here
13 | @available(iOS 17.0, macOS 14.0, macCatalyst 17.0, *)
14 | public class PlaygroundConfiguration {
   |              `- note: add '@available' attribute to enclosing class
15 |     public static let shared = PlaygroundConfiguration()
16 |
   :
24 |     // MARK: - Diagram Source
25 |
26 |     public var source: String = PlaygroundConfiguration.defaultDiagram
   +--- macro expansion @Observable ------------------------------------
   |1 | @ObservationTracked
   |  |  `- error: 'ObservationTracked()' is only available in tvOS 17.0 or newer
   +--------------------------------------------------------------------
27 |
28 |     // MARK: - Theme
/Users/admin/builder/spi-builder-workspace/Examples/MermaidPlayground/Views/SourceEditor.swift:19:9: error: 'TextEditor' is unavailable in tvOS
17 |
18 |     var body: some View {
19 |         TextEditor(text: $localSource)
   |         `- error: 'TextEditor' is unavailable in tvOS
20 |             .font(.system(.body, design: .monospaced))
21 |             .scrollContentBackground(.hidden)
SwiftUI.TextEditor:4:27: note: 'TextEditor' has been explicitly marked unavailable here
 2 | @available(tvOS, unavailable)
 3 | @available(watchOS, unavailable)
 4 | nonisolated public struct TextEditor : View, ~Sendable {
   |                           `- note: 'TextEditor' has been explicitly marked unavailable here
 5 |     nonisolated public init(text: Binding<String>)
 6 |     @available(iOS 18.0, macOS 15.0, visionOS 2.0, *)
/Users/admin/builder/spi-builder-workspace/Examples/MermaidPlayground/Views/SourceEditor.swift:21:14: error: 'scrollContentBackground' is unavailable in tvOS
19 |         TextEditor(text: $localSource)
20 |             .font(.system(.body, design: .monospaced))
21 |             .scrollContentBackground(.hidden)
   |              `- error: 'scrollContentBackground' is unavailable in tvOS
22 |             .background(Color(config.theme.background))
23 |             .foregroundColor(Color(config.theme.foreground))
SwiftUI.View.scrollContentBackground:2:25: note: 'scrollContentBackground' has been explicitly marked unavailable here
1 | protocol View {
2 | nonisolated public func scrollContentBackground(_ visibility: Visibility) -> some View
  |                         `- note: 'scrollContentBackground' has been explicitly marked unavailable here
3 |   }
4 |
/Users/admin/builder/spi-builder-workspace/Examples/MermaidPlayground/Views/SourceEditor.swift:33:14: error: 'onChange(of:initial:_:)' is only available in tvOS 17.0 or newer
10 |
11 | @available(iOS 17.0, macOS 14.0, macCatalyst 17.0, *)
12 | struct SourceEditor: View {
   |        `- note: add '@available' attribute to enclosing struct
13 |     @Bindable var config: PlaygroundConfiguration
14 |
   :
16 |     @SwiftUI.State private var debounceTask: Task<Void, Never>?
17 |
18 |     var body: some View {
   |         `- note: add '@available' attribute to enclosing property
19 |         TextEditor(text: $localSource)
20 |             .font(.system(.body, design: .monospaced))
   :
31 |                 localSource = config.source
32 |             }
33 |             .onChange(of: localSource) { _, newValue in
   |              |- error: 'onChange(of:initial:_:)' is only available in tvOS 17.0 or newer
   |              `- note: add 'if #available' version check
34 |                 debounceSourceUpdate(newValue)
35 |             }
/Users/admin/builder/spi-builder-workspace/Examples/MermaidPlayground/Views/SourceEditor.swift:36:14: error: 'onChange(of:initial:_:)' is only available in tvOS 17.0 or newer
10 |
11 | @available(iOS 17.0, macOS 14.0, macCatalyst 17.0, *)
12 | struct SourceEditor: View {
   |        `- note: add '@available' attribute to enclosing struct
13 |     @Bindable var config: PlaygroundConfiguration
14 |
   :
16 |     @SwiftUI.State private var debounceTask: Task<Void, Never>?
17 |
18 |     var body: some View {
   |         `- note: add '@available' attribute to enclosing property
19 |         TextEditor(text: $localSource)
20 |             .font(.system(.body, design: .monospaced))
   :
34 |                 debounceSourceUpdate(newValue)
35 |             }
36 |             .onChange(of: config.source) { _, newValue in
   |              |- error: 'onChange(of:initial:_:)' is only available in tvOS 17.0 or newer
   |              `- note: add 'if #available' version check
37 |                 // External update (e.g., diagram selection)
38 |                 if localSource != newValue {
/Users/admin/builder/spi-builder-workspace/Examples/MermaidPlayground/Views/SourceEditor.swift:47:29: error: 'sleep(for:tolerance:clock:)' is only available in tvOS 16.0 or newer
10 |
11 | @available(iOS 17.0, macOS 14.0, macCatalyst 17.0, *)
12 | struct SourceEditor: View {
   |        `- note: add '@available' attribute to enclosing struct
13 |     @Bindable var config: PlaygroundConfiguration
14 |
   :
42 |     }
43 |
44 |     private func debounceSourceUpdate(_ newValue: String) {
   |                  `- note: add '@available' attribute to enclosing instance method
45 |         debounceTask?.cancel()
46 |         debounceTask = Task {
47 |             try? await Task.sleep(for: .milliseconds(300))
   |                             |- error: 'sleep(for:tolerance:clock:)' is only available in tvOS 16.0 or newer
   |                             `- note: add 'if #available' version check
48 |             if !Task.isCancelled {
49 |                 await MainActor.run {
/Users/admin/builder/spi-builder-workspace/Examples/MermaidPlayground/Views/SourceEditor.swift:47:41: error: 'milliseconds' is only available in tvOS 16.0 or newer
10 |
11 | @available(iOS 17.0, macOS 14.0, macCatalyst 17.0, *)
12 | struct SourceEditor: View {
   |        `- note: add '@available' attribute to enclosing struct
13 |     @Bindable var config: PlaygroundConfiguration
14 |
   :
42 |     }
43 |
44 |     private func debounceSourceUpdate(_ newValue: String) {
   |                  `- note: add '@available' attribute to enclosing instance method
45 |         debounceTask?.cancel()
46 |         debounceTask = Task {
47 |             try? await Task.sleep(for: .milliseconds(300))
   |                                         |- error: 'milliseconds' is only available in tvOS 16.0 or newer
   |                                         `- note: add 'if #available' version check
48 |             if !Task.isCancelled {
49 |                 await MainActor.run {
SwiftCompile normal arm64 /Users/admin/builder/spi-builder-workspace/Examples/MermaidPlayground/Views/SourceEditor.swift (in target 'MermaidPlayground-product' from project 'BeautifulMermaidSwift')
    cd /Users/admin/builder/spi-builder-workspace/.swiftpm/xcode
    builtin-SwiftPerFileCompile SourceEditor.swift
SwiftCompile normal arm64 Compiling\ GeneratedAssetSymbols.swift /Users/admin/builder/spi-builder-workspace/.derivedData/Build/Intermediates.noindex/BeautifulMermaidSwift.build/Debug-appletvos/MermaidPlayground-p.build/DerivedSources/GeneratedAssetSymbols.swift (in target 'MermaidPlayground-product' from project 'BeautifulMermaidSwift')
SwiftCompile normal arm64 /Users/admin/builder/spi-builder-workspace/.derivedData/Build/Intermediates.noindex/BeautifulMermaidSwift.build/Debug-appletvos/MermaidPlayground-p.build/DerivedSources/GeneratedAssetSymbols.swift (in target 'MermaidPlayground-product' from project 'BeautifulMermaidSwift')
    cd /Users/admin/builder/spi-builder-workspace/.swiftpm/xcode
    builtin-SwiftPerFileCompile GeneratedAssetSymbols.swift
SwiftDriverJobDiscovery normal arm64 Compiling DiagramRenderer+Sequence.swift, DiagramRenderer+XYChart.swift, DiagramRenderer.swift, EdgeRenderer.swift, LabelRenderer.swift, RenderAdapters.swift, RenderConfig.swift, SVGHelpers.swift (in target 'BeautifulMermaid' from project 'BeautifulMermaidSwift')
SwiftCompile normal arm64 Compiling\ ThemePicker.swift /Users/admin/builder/spi-builder-workspace/Examples/MermaidPlayground/Views/ThemePicker.swift (in target 'MermaidPlayground-product' from project 'BeautifulMermaidSwift')
/Users/admin/builder/spi-builder-workspace/Examples/MermaidPlayground/Models/PlaygroundConfiguration.swift:12:2: error: 'Observable()' is only available in tvOS 17.0 or newer
10 |
11 | /// Singleton configuration for the playground
12 | @Observable
   |  `- error: 'Observable()' is only available in tvOS 17.0 or newer
13 | @available(iOS 17.0, macOS 14.0, macCatalyst 17.0, *)
14 | public class PlaygroundConfiguration {
/Users/admin/builder/spi-builder-workspace/Examples/MermaidPlayground/Views/ThemePicker.swift:13:6: error: 'init(wrappedValue:)' is only available in tvOS 17.0 or newer
 10 |
 11 | @available(iOS 17.0, macOS 14.0, macCatalyst 17.0, *)
 12 | struct ThemePicker: View {
    |        `- note: add '@available' attribute to enclosing struct
 13 |     @Bindable var config: PlaygroundConfiguration
    |      `- error: 'init(wrappedValue:)' is only available in tvOS 17.0 or newer
 14 |
 15 |     /// Quick-access theme names (shown as separate buttons)
/Users/admin/builder/spi-builder-workspace/Examples/MermaidPlayground/Views/ThemePicker.swift:13:6: error: 'Bindable' is only available in tvOS 17.0 or newer
 10 |
 11 | @available(iOS 17.0, macOS 14.0, macCatalyst 17.0, *)
 12 | struct ThemePicker: View {
    |        `- note: add '@available' attribute to enclosing struct
 13 |     @Bindable var config: PlaygroundConfiguration
    |      `- error: 'Bindable' is only available in tvOS 17.0 or newer
 14 |
 15 |     /// Quick-access theme names (shown as separate buttons)
macro expansion @Observable:1:2: error: 'ObservationTracked()' is only available in tvOS 17.0 or newer
`- /Users/admin/builder/spi-builder-workspace/Examples/MermaidPlayground/Models/PlaygroundConfiguration.swift:30:5: note: expanded code originates here
10 |
11 | /// Singleton configuration for the playground
12 | @Observable
   | `- note: in expansion of macro 'Observable' on property 'theme' here
13 | @available(iOS 17.0, macOS 14.0, macCatalyst 17.0, *)
14 | public class PlaygroundConfiguration {
   |              `- note: add '@available' attribute to enclosing class
15 |     public static let shared = PlaygroundConfiguration()
16 |
   :
28 |     // MARK: - Theme
29 |
30 |     public var theme: DiagramTheme = .default
   +--- macro expansion @Observable ------------------------------------
   |1 | @ObservationTracked
   |  |  `- error: 'ObservationTracked()' is only available in tvOS 17.0 or newer
   +--------------------------------------------------------------------
31 |
32 |     private init() {}
/Users/admin/builder/spi-builder-workspace/Examples/MermaidPlayground/Views/ThemePicker.swift:30:29: error: setter for 'config' is only available in tvOS 17.0 or newer
 10 |
 11 | @available(iOS 17.0, macOS 14.0, macCatalyst 17.0, *)
 12 | struct ThemePicker: View {
    |        `- note: add '@available' attribute to enclosing struct
 13 |     @Bindable var config: PlaygroundConfiguration
 14 |
    :
 16 |     private let quickAccessThemes = ["Zinc Light", "Dracula", "Solarized Light"]
 17 |
 18 |     var body: some View {
    |         `- note: add '@available' attribute to enclosing property
 19 |         VStack(spacing: 8) {
 20 |             // Quick-access theme buttons
    :
 28 |                             currentTheme: config.theme
 29 |                         ) {
 30 |                             config.theme = theme
    |                             |- error: setter for 'config' is only available in tvOS 17.0 or newer
    |                             `- note: add 'if #available' version check
 31 |                         }
 32 |                     }
/Users/admin/builder/spi-builder-workspace/Examples/MermaidPlayground/Views/ThemePicker.swift:37:13: error: 'Menu' is only available in tvOS 17.0 or newer
 10 |
 11 | @available(iOS 17.0, macOS 14.0, macCatalyst 17.0, *)
 12 | struct ThemePicker: View {
    |        `- note: add '@available' attribute to enclosing struct
 13 |     @Bindable var config: PlaygroundConfiguration
 14 |
    :
 16 |     private let quickAccessThemes = ["Zinc Light", "Dracula", "Solarized Light"]
 17 |
 18 |     var body: some View {
    |         `- note: add '@available' attribute to enclosing property
 19 |         VStack(spacing: 8) {
 20 |             // Quick-access theme buttons
    :
 35 |
 36 |             // More themes menu button
 37 |             Menu {
    |             |- error: 'Menu' is only available in tvOS 17.0 or newer
    |             `- note: add 'if #available' version check
 38 |                 ForEach(DiagramTheme.allThemes, id: \.name) { name, theme in
 39 |                     Button {
/Users/admin/builder/spi-builder-workspace/Examples/MermaidPlayground/Views/ThemePicker.swift:37:13: error: 'init(content:label:)' is only available in tvOS 17.0 or newer
 10 |
 11 | @available(iOS 17.0, macOS 14.0, macCatalyst 17.0, *)
 12 | struct ThemePicker: View {
    |        `- note: add '@available' attribute to enclosing struct
 13 |     @Bindable var config: PlaygroundConfiguration
 14 |
    :
 16 |     private let quickAccessThemes = ["Zinc Light", "Dracula", "Solarized Light"]
 17 |
 18 |     var body: some View {
    |         `- note: add '@available' attribute to enclosing property
 19 |         VStack(spacing: 8) {
 20 |             // Quick-access theme buttons
    :
 35 |
 36 |             // More themes menu button
 37 |             Menu {
    |             |- error: 'init(content:label:)' is only available in tvOS 17.0 or newer
    |             `- note: add 'if #available' version check
 38 |                 ForEach(DiagramTheme.allThemes, id: \.name) { name, theme in
 39 |                     Button {
SwiftCompile normal arm64 /Users/admin/builder/spi-builder-workspace/Examples/MermaidPlayground/Views/ThemePicker.swift (in target 'MermaidPlayground-product' from project 'BeautifulMermaidSwift')
    cd /Users/admin/builder/spi-builder-workspace/.swiftpm/xcode
    builtin-SwiftPerFileCompile ThemePicker.swift
SwiftDriverJobDiscovery normal arm64 Compiling BeautifulMermaid.swift, CrossPlatform.swift, ImageRenderer.swift, Layout.swift, src_ascii_ansi.swift, src_ascii_canvas.swift, src_ascii_class_diagram.swift, src_ascii_converter.swift (in target 'BeautifulMermaid' from project 'BeautifulMermaidSwift')
SwiftCompile normal arm64 Compiling\ MermaidViewRepresentable.swift /Users/admin/builder/spi-builder-workspace/Examples/MermaidPlayground/Views/MermaidViewRepresentable.swift (in target 'MermaidPlayground-product' from project 'BeautifulMermaidSwift')
SwiftCompile normal arm64 /Users/admin/builder/spi-builder-workspace/Examples/MermaidPlayground/Views/MermaidViewRepresentable.swift (in target 'MermaidPlayground-product' from project 'BeautifulMermaidSwift')
    cd /Users/admin/builder/spi-builder-workspace/.swiftpm/xcode
    builtin-SwiftPerFileCompile MermaidViewRepresentable.swift
SwiftDriverJobDiscovery normal arm64 Compiling src_class_parser.swift, src_class_renderer.swift, src_class_types.swift, src_elk_instance.swift, src_er_layout.swift, src_er_parser.swift, src_er_renderer.swift, src_er_types.swift (in target 'BeautifulMermaid' from project 'BeautifulMermaidSwift')
SwiftCompile normal arm64 Compiling\ PreviewView.swift /Users/admin/builder/spi-builder-workspace/Examples/MermaidPlayground/Views/PreviewView.swift (in target 'MermaidPlayground-product' from project 'BeautifulMermaidSwift')
SwiftCompile normal arm64 /Users/admin/builder/spi-builder-workspace/Examples/MermaidPlayground/Views/PreviewView.swift (in target 'MermaidPlayground-product' from project 'BeautifulMermaidSwift')
    cd /Users/admin/builder/spi-builder-workspace/.swiftpm/xcode
    builtin-SwiftPerFileCompile PreviewView.swift
SwiftDriverJobDiscovery normal arm64 Compiling MermaidViewRepresentable.swift (in target 'MermaidPlayground-product' from project 'BeautifulMermaidSwift')
SwiftCompile normal arm64 Compiling\ SidebarView.swift /Users/admin/builder/spi-builder-workspace/Examples/MermaidPlayground/Views/SidebarView.swift (in target 'MermaidPlayground-product' from project 'BeautifulMermaidSwift')
SwiftCompile normal arm64 /Users/admin/builder/spi-builder-workspace/Examples/MermaidPlayground/Views/SidebarView.swift (in target 'MermaidPlayground-product' from project 'BeautifulMermaidSwift')
    cd /Users/admin/builder/spi-builder-workspace/.swiftpm/xcode
    builtin-SwiftPerFileCompile SidebarView.swift
SwiftDriverJobDiscovery normal arm64 Compiling ShapeRenderer.swift, Theme.swift, Types.swift, MermaidDiagram.swift, MermaidDiagramView.swift, MermaidLayer.swift, MermaidView.swift (in target 'BeautifulMermaid' from project 'BeautifulMermaidSwift')
SwiftCompile normal arm64 Compiling\ SampleDiagrams.swift /Users/admin/builder/spi-builder-workspace/Examples/MermaidPlayground/Models/SampleDiagrams.swift (in target 'MermaidPlayground-product' from project 'BeautifulMermaidSwift')
SwiftCompile normal arm64 /Users/admin/builder/spi-builder-workspace/Examples/MermaidPlayground/Models/SampleDiagrams.swift (in target 'MermaidPlayground-product' from project 'BeautifulMermaidSwift')
    cd /Users/admin/builder/spi-builder-workspace/.swiftpm/xcode
    builtin-SwiftPerFileCompile SampleDiagrams.swift
SwiftDriverJobDiscovery normal arm64 Compiling src_index.swift, src_layout.swift, src_multiline_utils.swift, src_parser.swift, src_renderer.swift, src_sequence_layout.swift, src_sequence_parser.swift, src_sequence_renderer.swift (in target 'BeautifulMermaid' from project 'BeautifulMermaidSwift')
SwiftCompile normal arm64 Compiling\ ContentView.swift /Users/admin/builder/spi-builder-workspace/Examples/MermaidPlayground/Views/ContentView.swift (in target 'MermaidPlayground-product' from project 'BeautifulMermaidSwift')
SwiftCompile normal arm64 /Users/admin/builder/spi-builder-workspace/Examples/MermaidPlayground/Views/ContentView.swift (in target 'MermaidPlayground-product' from project 'BeautifulMermaidSwift')
    cd /Users/admin/builder/spi-builder-workspace/.swiftpm/xcode
    builtin-SwiftPerFileCompile ContentView.swift
PruneExplicitPrecompiledModules /Users/admin/builder/spi-builder-workspace/.derivedData/Build/Intermediates.noindex/SwiftExplicitPrecompiledModules
PruneExplicitPrecompiledModules /Users/admin/builder/spi-builder-workspace/.derivedData/Build/Intermediates.noindex/ExplicitPrecompiledModules
PruneExplicitPrecompiledModules /Users/admin/builder/spi-builder-workspace/.derivedData/SDKExplicitPrecompiledModules
2026-09-24 22:09:17.064 xcodebuild[665:4063] [MT] IDERunDestination: Supported platforms for the buildables in the current scheme is empty.
** BUILD FAILED **
The following build commands failed:
	SwiftEmitModule normal arm64 Emitting\ module\ for\ MermaidPlayground (in target 'MermaidPlayground-product' from project 'BeautifulMermaidSwift')
	SwiftCompile normal arm64 (in target 'MermaidPlayground-product' from project 'BeautifulMermaidSwift')
	Building workspace BeautifulMermaidSwift with scheme BeautifulMermaidSwift-Package
(3 failures)
Command line invocation:
    /Applications/Xcode-27.0.0-Release.Candidate.app/Contents/Developer/usr/bin/xcodebuild -IDEClonedSourcePackagesDirPathOverride=/Users/admin/builder/spi-builder-workspace/.dependencies -resolvePackageDependencies
Resolve Package Graph
Resolved source packages:
  BeautifulMermaidSwift: /Users/admin/builder/spi-builder-workspace
  ElkSwift: https://github.com/lukilabs/elk-swift @ 1.0.2
resolved source packages: BeautifulMermaidSwift, ElkSwift
2026-09-24 22:09:31.932 xcodebuild[843:5490] [MT] IDERunDestination: Supported platforms for the buildables in the current scheme is empty.
{
  "dependencies" : [
    {
      "identity" : "elk-swift",
      "requirement" : {
        "range" : [
          {
            "lower_bound" : "1.0.2",
            "upper_bound" : "2.0.0"
          }
        ]
      },
      "type" : "sourceControl",
      "url" : "https://github.com/lukilabs/elk-swift"
    }
  ],
  "manifest_display_name" : "BeautifulMermaidSwift",
  "name" : "BeautifulMermaidSwift",
  "path" : "/Users/admin/builder/spi-builder-workspace",
  "platforms" : [
    {
      "name" : "ios",
      "version" : "15.0"
    },
    {
      "name" : "macos",
      "version" : "12.0"
    },
    {
      "name" : "maccatalyst",
      "version" : "15.0"
    },
    {
      "name" : "visionos",
      "version" : "1.0"
    }
  ],
  "products" : [
    {
      "name" : "BeautifulMermaid",
      "targets" : [
        "BeautifulMermaid"
      ],
      "type" : {
        "library" : [
          "automatic"
        ]
      }
    },
    {
      "name" : "MermaidPlayground",
      "targets" : [
        "MermaidPlayground"
      ],
      "type" : {
        "executable" : null
      }
    }
  ],
  "targets" : [
    {
      "c99name" : "MermaidPlayground",
      "module_type" : "SwiftTarget",
      "name" : "MermaidPlayground",
      "path" : "Examples/MermaidPlayground",
      "product_memberships" : [
        "MermaidPlayground"
      ],
      "resources" : [
        {
          "path" : "/Users/admin/builder/spi-builder-workspace/Examples/MermaidPlayground/Resources/Assets.xcassets",
          "rule" : {
            "process" : {
            }
          }
        },
        {
          "path" : "/Users/admin/builder/spi-builder-workspace/Examples/MermaidPlayground/Resources/test-diagrams.json",
          "rule" : {
            "process" : {
            }
          }
        }
      ],
      "sources" : [
        "MermaidPlaygroundApp.swift",
        "Models/PlaygroundConfiguration.swift",
        "Models/SampleDiagrams.swift",
        "Views/ContentView.swift",
        "Views/MermaidViewRepresentable.swift",
        "Views/PreviewView.swift",
        "Views/SidebarView.swift",
        "Views/SourceEditor.swift",
        "Views/ThemePicker.swift"
      ],
      "target_dependencies" : [
        "BeautifulMermaid"
      ],
      "type" : "executable"
    },
    {
      "c99name" : "BeautifulMermaidSwiftTests",
      "module_type" : "SwiftTarget",
      "name" : "BeautifulMermaidSwiftTests",
      "path" : "Tests/BeautifulMermaidSwiftTests",
      "sources" : [
        "AsciiVisualReportGenerator.swift",
        "BeautifulMermaidSwiftTests.swift",
        "ExampleImageExporter.swift",
        "SemicolonSeparatorTests.swift",
        "SequenceBrTagTests.swift",
        "VerificationStepExporterTests.swift",
        "VisualComparisonExporterTests.swift",
        "VisualReportGenerator.swift",
        "XYChartCrashRegressionTests.swift"
      ],
      "target_dependencies" : [
        "BeautifulMermaid"
      ],
      "type" : "test"
    },
    {
      "c99name" : "BeautifulMermaid",
      "module_type" : "SwiftTarget",
      "name" : "BeautifulMermaid",
      "path" : "Sources/BeautifulMermaidSwift",
      "product_dependencies" : [
        "ElkSwift"
      ],
      "product_memberships" : [
        "BeautifulMermaid",
        "MermaidPlayground"
      ],
      "sources" : [
        "BeautifulMermaid.swift",
        "CrossPlatform.swift",
        "ImageRenderer.swift",
        "Layout.swift",
        "Mermaid/src_ascii_ansi.swift",
        "Mermaid/src_ascii_canvas.swift",
        "Mermaid/src_ascii_class_diagram.swift",
        "Mermaid/src_ascii_converter.swift",
        "Mermaid/src_ascii_draw.swift",
        "Mermaid/src_ascii_edge_bundling.swift",
        "Mermaid/src_ascii_edge_routing.swift",
        "Mermaid/src_ascii_er_diagram.swift",
        "Mermaid/src_ascii_grid.swift",
        "Mermaid/src_ascii_index.swift",
        "Mermaid/src_ascii_multiline_utils.swift",
        "Mermaid/src_ascii_pathfinder.swift",
        "Mermaid/src_ascii_sequence.swift",
        "Mermaid/src_ascii_shapes_circle.swift",
        "Mermaid/src_ascii_shapes_corners.swift",
        "Mermaid/src_ascii_shapes_diamond.swift",
        "Mermaid/src_ascii_shapes_hexagon.swift",
        "Mermaid/src_ascii_shapes_index.swift",
        "Mermaid/src_ascii_shapes_rectangle.swift",
        "Mermaid/src_ascii_shapes_rounded.swift",
        "Mermaid/src_ascii_shapes_special.swift",
        "Mermaid/src_ascii_shapes_stadium.swift",
        "Mermaid/src_ascii_shapes_state.swift",
        "Mermaid/src_ascii_shapes_types.swift",
        "Mermaid/src_ascii_types.swift",
        "Mermaid/src_ascii_validate.swift",
        "Mermaid/src_ascii_xychart.swift",
        "Mermaid/src_class_layout.swift",
        "Mermaid/src_class_parser.swift",
        "Mermaid/src_class_renderer.swift",
        "Mermaid/src_class_types.swift",
        "Mermaid/src_elk_instance.swift",
        "Mermaid/src_er_layout.swift",
        "Mermaid/src_er_parser.swift",
        "Mermaid/src_er_renderer.swift",
        "Mermaid/src_er_types.swift",
        "Mermaid/src_index.swift",
        "Mermaid/src_layout.swift",
        "Mermaid/src_multiline_utils.swift",
        "Mermaid/src_parser.swift",
        "Mermaid/src_renderer.swift",
        "Mermaid/src_sequence_layout.swift",
        "Mermaid/src_sequence_parser.swift",
        "Mermaid/src_sequence_renderer.swift",
        "Mermaid/src_sequence_types.swift",
        "Mermaid/src_shape_clipping.swift",
        "Mermaid/src_styles.swift",
        "Mermaid/src_text_metrics.swift",
        "Mermaid/src_theme.swift",
        "Mermaid/src_types.swift",
        "Mermaid/src_xychart_colors.swift",
        "Mermaid/src_xychart_layout.swift",
        "Mermaid/src_xychart_parser.swift",
        "Mermaid/src_xychart_renderer.swift",
        "Mermaid/src_xychart_types.swift",
        "Parser.swift",
        "Render/ArrowRenderer.swift",
        "Render/DiagramRenderer+Class.swift",
        "Render/DiagramRenderer+ER.swift",
        "Render/DiagramRenderer+Flow.swift",
        "Render/DiagramRenderer+Sequence.swift",
        "Render/DiagramRenderer+XYChart.swift",
        "Render/DiagramRenderer.swift",
        "Render/EdgeRenderer.swift",
        "Render/LabelRenderer.swift",
        "Render/RenderAdapters.swift",
        "Render/RenderConfig.swift",
        "Render/SVGHelpers.swift",
        "Render/ShapeRenderer.swift",
        "Theme.swift",
        "Types.swift",
        "Views/MermaidDiagram.swift",
        "Views/MermaidDiagramView.swift",
        "Views/MermaidLayer.swift",
        "Views/MermaidView.swift"
      ],
      "type" : "library"
    }
  ],
  "tools_version" : "5.9"
}
{
  "workspace" : {
    "name" : "BeautifulMermaidSwift",
    "schemes" : [
      "BeautifulMermaid",
      "BeautifulMermaidSwift-Package",
      "MermaidPlayground"
    ]
  }
}
2026-09-24 22:09:33.326 xcodebuild[851:5559] [MT] IDERunDestination: Supported platforms for the buildables in the current scheme is empty.
Running build ...
env DEVELOPER_DIR=/Applications/Xcode-27.0.0-Release.Candidate.app xcrun xcodebuild -IDEClonedSourcePackagesDirPathOverride=$PWD/.dependencies -skipMacroValidation -skipPackagePluginValidation -derivedDataPath $PWD/.derivedData build -scheme BeautifulMermaidSwift-Package -destination generic/platform=tvOS
Command line invocation:
    /Applications/Xcode-27.0.0-Release.Candidate.app/Contents/Developer/usr/bin/xcodebuild -IDEClonedSourcePackagesDirPathOverride=/Users/admin/builder/spi-builder-workspace/.dependencies -skipMacroValidation -skipPackagePluginValidation -derivedDataPath /Users/admin/builder/spi-builder-workspace/.derivedData build -scheme BeautifulMermaidSwift-Package -destination generic/platform=tvOS
Resolve Package Graph
Resolved source packages:
  ElkSwift: https://github.com/lukilabs/elk-swift @ 1.0.2
  BeautifulMermaidSwift: /Users/admin/builder/spi-builder-workspace
ComputePackagePrebuildTargetDependencyGraph
Prepare packages
CreateBuildRequest
SendProjectDescription
CreateBuildOperation
ComputeTargetDependencyGraph
note: Building targets in dependency order
note: Target dependency graph (6 targets)
    Target 'MermaidPlayground-product' in project 'BeautifulMermaidSwift'
        ➜ Explicit dependency on target 'BeautifulMermaidSwift_MermaidPlayground' in project 'BeautifulMermaidSwift'
        ➜ Explicit dependency on target 'BeautifulMermaid' in project 'BeautifulMermaidSwift'
        ➜ Explicit dependency on target 'ElkSwift-product' in project 'ElkSwift'
    Target 'BeautifulMermaidSwift_MermaidPlayground' in project 'BeautifulMermaidSwift' (no dependencies)
    Target 'BeautifulMermaid-product' in project 'BeautifulMermaidSwift'
        ➜ Explicit dependency on target 'BeautifulMermaid' in project 'BeautifulMermaidSwift'
        ➜ Explicit dependency on target 'ElkSwift-product' in project 'ElkSwift'
    Target 'BeautifulMermaid' in project 'BeautifulMermaidSwift'
        ➜ Explicit dependency on target 'ElkSwift-product' in project 'ElkSwift'
    Target 'ElkSwift-product' in project 'ElkSwift'
        ➜ Explicit dependency on target 'ElkSwift' in project 'ElkSwift'
    Target 'ElkSwift' in project 'ElkSwift' (no dependencies)
GatherProvisioningInputs
CreateBuildDescription
ClangStatCache /Applications/Xcode-27.0.0-Release.Candidate.app/Contents/Developer/Toolchains/XcodeDefault.xctoolchain/usr/bin/clang-stat-cache /Applications/Xcode-27.0.0-Release.Candidate.app/Contents/Developer/Platforms/AppleTVOS.platform/Developer/SDKs/AppleTVOS27.0.sdk /Users/admin/builder/spi-builder-workspace/.derivedData/SDKStatCaches.noindex/appletvos27.0-24J360-e829b21a6f8c9b70876ba0858053c044b32bfd8d43560033f8d89884cdb90028.sdkstatcache
    cd /Users/admin/builder/spi-builder-workspace/.swiftpm/xcode
    /Applications/Xcode-27.0.0-Release.Candidate.app/Contents/Developer/Toolchains/XcodeDefault.xctoolchain/usr/bin/clang-stat-cache /Applications/Xcode-27.0.0-Release.Candidate.app/Contents/Developer/Platforms/AppleTVOS.platform/Developer/SDKs/AppleTVOS27.0.sdk -o /Users/admin/builder/spi-builder-workspace/.derivedData/SDKStatCaches.noindex/appletvos27.0-24J360-e829b21a6f8c9b70876ba0858053c044b32bfd8d43560033f8d89884cdb90028.sdkstatcache
SwiftDriver BeautifulMermaid normal arm64 com.apple.xcode.tools.swift.compiler (in target 'BeautifulMermaid' from project 'BeautifulMermaidSwift')
    cd /Users/admin/builder/spi-builder-workspace/.swiftpm/xcode
    builtin-SwiftDriver -- /Applications/Xcode-27.0.0-Release.Candidate.app/Contents/Developer/Toolchains/XcodeDefault.xctoolchain/usr/bin/swiftc -parse-as-library -module-name BeautifulMermaid -Onone @/Users/admin/builder/spi-builder-workspace/.derivedData/Build/Intermediates.noindex/BeautifulMermaidSwift.build/Debug-appletvos/BeautifulMermaid-t.build/Objects-normal/arm64/BeautifulMermaid.SwiftFileList -DSWIFT_PACKAGE -DDEBUG -DSWIFT_MODULE_RESOURCE_BUNDLE_UNAVAILABLE -DXcode -plugin-path /Applications/Xcode-27.0.0-Release.Candidate.app/Contents/Developer/Toolchains/XcodeDefault.xctoolchain/usr/lib/swift/host/plugins/testing -enable-experimental-feature DebugDescriptionMacro -sdk /Applications/Xcode-27.0.0-Release.Candidate.app/Contents/Developer/Platforms/AppleTVOS.platform/Developer/SDKs/AppleTVOS27.0.sdk -target arm64-apple-tvos15.0 -g -module-cache-path /Users/admin/builder/spi-builder-workspace/.derivedData/ModuleCache.noindex -Xfrontend -serialize-debugging-options -profile-coverage-mapping -profile-generate -enable-testing -index-store-path /Users/admin/builder/spi-builder-workspace/.derivedData/Index.noindex/DataStore -Xcc -D_LIBCPP_HARDENING_MODE\=_LIBCPP_HARDENING_MODE_DEBUG -swift-version 5 -I /Users/admin/builder/spi-builder-workspace/.derivedData/Build/Products/Debug-appletvos -Isystem /Applications/Xcode-27.0.0-Release.Candidate.app/Contents/Developer/Platforms/AppleTVOS.platform/Developer/usr/lib -F /Users/admin/builder/spi-builder-workspace/.derivedData/Build/Products/Debug-appletvos/PackageFrameworks -F /Users/admin/builder/spi-builder-workspace/.derivedData/Build/Products/Debug-appletvos -F /Applications/Xcode-27.0.0-Release.Candidate.app/Contents/Developer/Platforms/AppleTVOS.platform/Developer/Library/Frameworks -F /Applications/Xcode-27.0.0-Release.Candidate.app/Contents/Developer/Platforms/AppleTVOS.platform/Developer/SDKs/AppleTVOS27.0.sdk/Developer/Library/Frameworks -c -j10 -enable-batch-mode -incremental -Xcc -ivfsstatcache -Xcc /Users/admin/builder/spi-builder-workspace/.derivedData/SDKStatCaches.noindex/appletvos27.0-24J360-e829b21a6f8c9b70876ba0858053c044b32bfd8d43560033f8d89884cdb90028.sdkstatcache -output-file-map /Users/admin/builder/spi-builder-workspace/.derivedData/Build/Intermediates.noindex/BeautifulMermaidSwift.build/Debug-appletvos/BeautifulMermaid-t.build/Objects-normal/arm64/BeautifulMermaid-OutputFileMap.json -save-temps -no-color-diagnostics -explicit-module-build -module-cache-path /Users/admin/builder/spi-builder-workspace/.derivedData/Build/Intermediates.noindex/SwiftExplicitPrecompiledModules -clang-scanner-module-cache-path /Users/admin/builder/spi-builder-workspace/.derivedData/ModuleCache.noindex -sdk-module-cache-path /Users/admin/builder/spi-builder-workspace/.derivedData/SDKExplicitPrecompiledModules -emit-dependencies -emit-module -emit-module-path /Users/admin/builder/spi-builder-workspace/.derivedData/Build/Intermediates.noindex/BeautifulMermaidSwift.build/Debug-appletvos/BeautifulMermaid-t.build/Objects-normal/arm64/BeautifulMermaid.swiftmodule -serialize-diagnostics -dependency-scan-serialize-diagnostics-path /Users/admin/builder/spi-builder-workspace/.derivedData/Build/Intermediates.noindex/BeautifulMermaidSwift.build/Debug-appletvos/BeautifulMermaid-t.build/Objects-normal/arm64/BeautifulMermaid-dependency-scan.dia -validate-clang-modules-once -clang-build-session-file /Users/admin/builder/spi-builder-workspace/.derivedData/ModuleCache.noindex/Session.modulevalidation -Xcc -fmodules-prune-interval\=86400 -Xcc -fmodules-prune-after\=345600 -package-name spi_builder_workspace -emit-const-values -const-gather-protocols-list /Users/admin/builder/spi-builder-workspace/.derivedData/Build/Intermediates.noindex/BeautifulMermaidSwift.build/Debug-appletvos/BeautifulMermaid-t.build/Objects-normal/arm64/BeautifulMermaid_const_extract_protocols.json -Xcc -I/Users/admin/builder/spi-builder-workspace/.derivedData/Build/Products/Debug-appletvos/include -Xcc -I/Users/admin/builder/spi-builder-workspace/.derivedData/Build/Intermediates.noindex/BeautifulMermaidSwift.build/Debug-appletvos/BeautifulMermaid-t.build/DerivedSources-normal/arm64 -Xcc -I/Users/admin/builder/spi-builder-workspace/.derivedData/Build/Intermediates.noindex/BeautifulMermaidSwift.build/Debug-appletvos/BeautifulMermaid-t.build/DerivedSources/arm64 -Xcc -I/Users/admin/builder/spi-builder-workspace/.derivedData/Build/Intermediates.noindex/BeautifulMermaidSwift.build/Debug-appletvos/BeautifulMermaid-t.build/DerivedSources -Xcc -DSWIFT_PACKAGE -Xcc -DDEBUG\=1 -emit-objc-header -emit-objc-header-path /Users/admin/builder/spi-builder-workspace/.derivedData/Build/Intermediates.noindex/BeautifulMermaidSwift.build/Debug-appletvos/BeautifulMermaid-t.build/Objects-normal/arm64/BeautifulMermaid-Swift.h -working-directory /Users/admin/builder/spi-builder-workspace/.swiftpm/xcode -experimental-emit-module-separately -disable-cmo
SwiftDriver MermaidPlayground normal arm64 com.apple.xcode.tools.swift.compiler (in target 'MermaidPlayground-product' from project 'BeautifulMermaidSwift')
    cd /Users/admin/builder/spi-builder-workspace/.swiftpm/xcode
    builtin-SwiftDriver -- /Applications/Xcode-27.0.0-Release.Candidate.app/Contents/Developer/Toolchains/XcodeDefault.xctoolchain/usr/bin/swiftc -parse-as-library -module-name MermaidPlayground -Onone @/Users/admin/builder/spi-builder-workspace/.derivedData/Build/Intermediates.noindex/BeautifulMermaidSwift.build/Debug-appletvos/MermaidPlayground-p.build/Objects-normal/arm64/MermaidPlayground.SwiftFileList -DSWIFT_PACKAGE -DDEBUG -DSWIFT_MODULE_RESOURCE_BUNDLE_AVAILABLE -DXcode -plugin-path /Applications/Xcode-27.0.0-Release.Candidate.app/Contents/Developer/Toolchains/XcodeDefault.xctoolchain/usr/lib/swift/host/plugins/testing -enable-experimental-feature DebugDescriptionMacro -sdk /Applications/Xcode-27.0.0-Release.Candidate.app/Contents/Developer/Platforms/AppleTVOS.platform/Developer/SDKs/AppleTVOS27.0.sdk -target arm64-apple-tvos15.0 -g -module-cache-path /Users/admin/builder/spi-builder-workspace/.derivedData/ModuleCache.noindex -Xfrontend -serialize-debugging-options -profile-coverage-mapping -profile-generate -enable-testing -index-store-path /Users/admin/builder/spi-builder-workspace/.derivedData/Index.noindex/DataStore -Xcc -D_LIBCPP_HARDENING_MODE\=_LIBCPP_HARDENING_MODE_DEBUG -swift-version 5 -I /Users/admin/builder/spi-builder-workspace/.derivedData/Build/Products/Debug-appletvos -Isystem /Applications/Xcode-27.0.0-Release.Candidate.app/Contents/Developer/Platforms/AppleTVOS.platform/Developer/usr/lib -F /Users/admin/builder/spi-builder-workspace/.derivedData/Build/Products/Debug-appletvos/PackageFrameworks -F /Users/admin/builder/spi-builder-workspace/.derivedData/Build/Products/Debug-appletvos -F /Applications/Xcode-27.0.0-Release.Candidate.app/Contents/Developer/Platforms/AppleTVOS.platform/Developer/Library/Frameworks -F /Applications/Xcode-27.0.0-Release.Candidate.app/Contents/Developer/Platforms/AppleTVOS.platform/Developer/SDKs/AppleTVOS27.0.sdk/Developer/Library/Frameworks -c -j10 -enable-batch-mode -incremental -Xcc -ivfsstatcache -Xcc /Users/admin/builder/spi-builder-workspace/.derivedData/SDKStatCaches.noindex/appletvos27.0-24J360-e829b21a6f8c9b70876ba0858053c044b32bfd8d43560033f8d89884cdb90028.sdkstatcache -output-file-map /Users/admin/builder/spi-builder-workspace/.derivedData/Build/Intermediates.noindex/BeautifulMermaidSwift.build/Debug-appletvos/MermaidPlayground-p.build/Objects-normal/arm64/MermaidPlayground-OutputFileMap.json -save-temps -no-color-diagnostics -explicit-module-build -module-cache-path /Users/admin/builder/spi-builder-workspace/.derivedData/Build/Intermediates.noindex/SwiftExplicitPrecompiledModules -clang-scanner-module-cache-path /Users/admin/builder/spi-builder-workspace/.derivedData/ModuleCache.noindex -sdk-module-cache-path /Users/admin/builder/spi-builder-workspace/.derivedData/SDKExplicitPrecompiledModules -emit-dependencies -emit-module -emit-module-path /Users/admin/builder/spi-builder-workspace/.derivedData/Build/Intermediates.noindex/BeautifulMermaidSwift.build/Debug-appletvos/MermaidPlayground-p.build/Objects-normal/arm64/MermaidPlayground.swiftmodule -serialize-diagnostics -dependency-scan-serialize-diagnostics-path /Users/admin/builder/spi-builder-workspace/.derivedData/Build/Intermediates.noindex/BeautifulMermaidSwift.build/Debug-appletvos/MermaidPlayground-p.build/Objects-normal/arm64/MermaidPlayground-dependency-scan.dia -validate-clang-modules-once -clang-build-session-file /Users/admin/builder/spi-builder-workspace/.derivedData/ModuleCache.noindex/Session.modulevalidation -Xcc -fmodules-prune-interval\=86400 -Xcc -fmodules-prune-after\=345600 -package-name spi_builder_workspace -emit-const-values -const-gather-protocols-list /Users/admin/builder/spi-builder-workspace/.derivedData/Build/Intermediates.noindex/BeautifulMermaidSwift.build/Debug-appletvos/MermaidPlayground-p.build/Objects-normal/arm64/MermaidPlayground_const_extract_protocols.json -Xcc -I/Users/admin/builder/spi-builder-workspace/.derivedData/Build/Products/Debug-appletvos/include -Xcc -I/Users/admin/builder/spi-builder-workspace/.derivedData/Build/Intermediates.noindex/BeautifulMermaidSwift.build/Debug-appletvos/MermaidPlayground-p.build/DerivedSources-normal/arm64 -Xcc -I/Users/admin/builder/spi-builder-workspace/.derivedData/Build/Intermediates.noindex/BeautifulMermaidSwift.build/Debug-appletvos/MermaidPlayground-p.build/DerivedSources/arm64 -Xcc -I/Users/admin/builder/spi-builder-workspace/.derivedData/Build/Intermediates.noindex/BeautifulMermaidSwift.build/Debug-appletvos/MermaidPlayground-p.build/DerivedSources -Xcc -DSWIFT_PACKAGE -Xcc -DDEBUG\=1 -working-directory /Users/admin/builder/spi-builder-workspace/.swiftpm/xcode -experimental-emit-module-separately -disable-cmo
SwiftCompile normal arm64 Compiling\ MermaidPlaygroundApp.swift /Users/admin/builder/spi-builder-workspace/Examples/MermaidPlayground/MermaidPlaygroundApp.swift (in target 'MermaidPlayground-product' from project 'BeautifulMermaidSwift')
/Users/admin/builder/spi-builder-workspace/Examples/MermaidPlayground/Models/PlaygroundConfiguration.swift:12:2: error: 'Observable()' is only available in tvOS 17.0 or newer
10 |
11 | /// Singleton configuration for the playground
12 | @Observable
   |  `- error: 'Observable()' is only available in tvOS 17.0 or newer
13 | @available(iOS 17.0, macOS 14.0, macCatalyst 17.0, *)
14 | public class PlaygroundConfiguration {
macro expansion @State:8:27: error: 'NavigationSplitViewVisibility' is only available in tvOS 16.0 or newer
`- /Users/admin/builder/spi-builder-workspace/Examples/MermaidPlayground/Views/ContentView.swift:14:86: note: expanded code originates here
 10 |
 11 | @available(iOS 17.0, macOS 14.0, macCatalyst 17.0, *)
 12 | struct ContentView: View {
    |        `- note: add '@available' attribute to enclosing struct
 13 |     @SwiftUI.State private var config = PlaygroundConfiguration.shared
 14 |     @SwiftUI.State private var columnVisibility: NavigationSplitViewVisibility = .all
    |     `- note: in expansion of macro 'State' on property 'columnVisibility' here
    +--- macro expansion @State ----------------------------------------
    | 6 | @SwiftUICore._StatePropertyWrapperStorage(initialValue: "JHMxN01lcm1haWRQbGF5Z3JvdW5kMTFDb250ZW50Vmlld1YxNmNvbHVtblZpc2liaWxpdHkzM18zQjIxQkVFNjBBOTFFREFEMzNCRjcwMEY4MDAxMjg0RUxMNVN0YXRlZk1wXzIwX2luaXRpYWxTdG9yZWRWYWx1ZV9mTXVf")
    | 7 | private var _columnVisibility: SwiftUICore.State<_>! = SwiftUICore._stateNil(of: {
    | 8 |         SwiftUICore.State<NavigationSplitViewVisibility>(initialValue: .all)
    |   |                           `- error: 'NavigationSplitViewVisibility' is only available in tvOS 16.0 or newer
    | 9 |     })
    |10 |
    +-------------------------------------------------------------------
 15 |     @SwiftUI.State private var showingControls = false
 16 |
Failed frontend command:
SwiftCompile normal arm64 /Users/admin/builder/spi-builder-workspace/Examples/MermaidPlayground/MermaidPlaygroundApp.swift (in target 'MermaidPlayground-product' from project 'BeautifulMermaidSwift')
    cd /Users/admin/builder/spi-builder-workspace/.swiftpm/xcode
    builtin-SwiftPerFileCompile MermaidPlaygroundApp.swift
/Applications/Xcode-27.0.0-Release.Candidate.app/Contents/Developer/Toolchains/XcodeDefault.xctoolchain/usr/bin/swift-frontend -frontend -c /Users/admin/builder/spi-builder-workspace/.derivedData/Build/Intermediates.noindex/BeautifulMermaidSwift.build/Debug-appletvos/MermaidPlayground-p.build/DerivedSources/resource_bundle_accessor.swift -primary-file /Users/admin/builder/spi-builder-workspace/Examples/MermaidPlayground/MermaidPlaygroundApp.swift /Users/admin/builder/spi-builder-workspace/Examples/MermaidPlayground/Models/PlaygroundConfiguration.swift /Users/admin/builder/spi-builder-workspace/Examples/MermaidPlayground/Models/SampleDiagrams.swift /Users/admin/builder/spi-builder-workspace/Examples/MermaidPlayground/Views/ContentView.swift /Users/admin/builder/spi-builder-workspace/Examples/MermaidPlayground/Views/MermaidViewRepresentable.swift /Users/admin/builder/spi-builder-workspace/Examples/MermaidPlayground/Views/PreviewView.swift /Users/admin/builder/spi-builder-workspace/Examples/MermaidPlayground/Views/SidebarView.swift /Users/admin/builder/spi-builder-workspace/Examples/MermaidPlayground/Views/SourceEditor.swift /Users/admin/builder/spi-builder-workspace/Examples/MermaidPlayground/Views/ThemePicker.swift /Users/admin/builder/spi-builder-workspace/.derivedData/Build/Intermediates.noindex/BeautifulMermaidSwift.build/Debug-appletvos/MermaidPlayground-p.build/DerivedSources/GeneratedAssetSymbols.swift -emit-dependencies-path /Users/admin/builder/spi-builder-workspace/.derivedData/Build/Intermediates.noindex/BeautifulMermaidSwift.build/Debug-appletvos/MermaidPlayground-p.build/Objects-normal/arm64/MermaidPlaygroundApp.d -emit-const-values-path /Users/admin/builder/spi-builder-workspace/.derivedData/Build/Intermediates.noindex/BeautifulMermaidSwift.build/Debug-appletvos/MermaidPlayground-p.build/Objects-normal/arm64/MermaidPlaygroundApp.swiftconstvalues -emit-reference-dependencies-path /Users/admin/builder/spi-builder-workspace/.derivedData/Build/Intermediates.noindex/BeautifulMermaidSwift.build/Debug-appletvos/MermaidPlayground-p.build/Objects-normal/arm64/MermaidPlaygroundApp.swiftdeps -serialize-diagnostics-path /Users/admin/builder/spi-builder-workspace/.derivedData/Build/Intermediates.noindex/BeautifulMermaidSwift.build/Debug-appletvos/MermaidPlayground-p.build/Objects-normal/arm64/MermaidPlaygroundApp.dia -target arm64-apple-tvos15.0 -module-can-import-version DeveloperToolsSupport 24.0.24 24.0.24 -module-can-import-version SwiftUI 8.0.84 8.0.84 -module-can-import-version UIKit 9127.0.84.1 9127.0.84 -disable-cross-import-overlay-search -load-resolved-plugin /Applications/Xcode-27.0.0-Release.Candidate.app/Contents/Developer/Platforms/AppleTVOS.platform/Developer/usr/lib/swift/host/plugins/libFoundationMacros.dylib\#/Applications/Xcode-27.0.0-Release.Candidate.app/Contents/Developer/Platforms/AppleTVOS.platform/Developer/usr/bin/swift-plugin-server\#FoundationMacros -load-resolved-plugin /Applications/Xcode-27.0.0-Release.Candidate.app/Contents/Developer/Platforms/AppleTVOS.platform/Developer/usr/lib/swift/host/plugins/libObservationMacros.dylib\#/Applications/Xcode-27.0.0-Release.Candidate.app/Contents/Developer/Platforms/AppleTVOS.platform/Developer/usr/bin/swift-plugin-server\#ObservationMacros -load-resolved-plugin /Applications/Xcode-27.0.0-Release.Candidate.app/Contents/Developer/Platforms/AppleTVOS.platform/Developer/usr/lib/swift/host/plugins/libPreviewsMacros.dylib\#/Applications/Xcode-27.0.0-Release.Candidate.app/Contents/Developer/Platforms/AppleTVOS.platform/Developer/usr/bin/swift-plugin-server\#PreviewsMacros -load-resolved-plugin /Applications/Xcode-27.0.0-Release.Candidate.app/Contents/Developer/Platforms/AppleTVOS.platform/Developer/usr/lib/swift/host/plugins/libSwiftMacros.dylib\#/Applications/Xcode-27.0.0-Release.Candidate.app/Contents/Developer/Platforms/AppleTVOS.platform/Developer/usr/bin/swift-plugin-server\#SwiftMacros -load-resolved-plugin /Applications/Xcode-27.0.0-Release.Candidate.app/Contents/Developer/Platforms/AppleTVOS.platform/Developer/usr/lib/swift/host/plugins/libSwiftUIMacros.dylib\#/Applications/Xcode-27.0.0-Release.Candidate.app/Contents/Developer/Platforms/AppleTVOS.platform/Developer/usr/bin/swift-plugin-server\#SwiftUIMacros -disable-implicit-swift-modules -Xcc -fno-implicit-modules -Xcc -fno-implicit-module-maps -explicit-swift-module-map-file /Users/admin/builder/spi-builder-workspace/.derivedData/Build/Intermediates.noindex/BeautifulMermaidSwift.build/Debug-appletvos/MermaidPlayground-p.build/Objects-normal/arm64/MermaidPlayground-dependencies-1.json -Xllvm -aarch64-use-tbi -enable-objc-interop -stack-check -sdk /Applications/Xcode-27.0.0-Release.Candidate.app/Contents/Developer/Platforms/AppleTVOS.platform/Developer/SDKs/AppleTVOS27.0.sdk -I /Users/admin/builder/spi-builder-workspace/.derivedData/Build/Products/Debug-appletvos -Isystem /Applications/Xcode-27.0.0-Release.Candidate.app/Contents/Developer/Platforms/AppleTVOS.platform/Developer/usr/lib -F /Users/admin/builder/spi-builder-workspace/.derivedData/Build/Products/Debug-appletvos/PackageFrameworks -F /Users/admin/builder/spi-builder-workspace/.derivedData/Build/Products/Debug-appletvos -F /Applications/Xcode-27.0.0-Release.Candidate.app/Contents/Developer/Platforms/AppleTVOS.platform/Developer/Library/Frameworks -F /Applications/Xcode-27.0.0-Release.Candidate.app/Contents/Developer/Platforms/AppleTVOS.platform/Developer/SDKs/AppleTVOS27.0.sdk/Developer/Library/Frameworks -module-cache-path /Users/admin/builder/spi-builder-workspace/.derivedData/Build/Intermediates.noindex/SwiftExplicitPrecompiledModules -no-color-diagnostics -Xcc -fno-color-diagnostics -enable-testing -g -debug-info-format\=dwarf -dwarf-version\=4 -profile-generate -profile-coverage-mapping -swift-version 5 -Onone -D SWIFT_PACKAGE -D DEBUG -D SWIFT_MODULE_RESOURCE_BUNDLE_AVAILABLE -D Xcode -serialize-debugging-options -enable-experimental-feature DebugDescriptionMacro -empty-abi-descriptor -validate-clang-modules-once -clang-build-session-file /Users/admin/builder/spi-builder-workspace/.derivedData/ModuleCache.noindex/Session.modulevalidation -Xcc -working-directory -Xcc /Users/admin/builder/spi-builder-workspace/.swiftpm/xcode -enable-anonymous-context-mangled-names -file-compilation-dir /Users/admin/builder/spi-builder-workspace/.swiftpm/xcode -Xcc -D_LIBCPP_HARDENING_MODE\=_LIBCPP_HARDENING_MODE_DEBUG -Xcc -ivfsstatcache -Xcc /Users/admin/builder/spi-builder-workspace/.derivedData/SDKStatCaches.noindex/appletvos27.0-24J360-e829b21a6f8c9b70876ba0858053c044b32bfd8d43560033f8d89884cdb90028.sdkstatcache -Xcc -fmodules-prune-interval\=86400 -Xcc -fmodules-prune-after\=345600 -Xcc -I/Users/admin/builder/spi-builder-workspace/.derivedData/Build/Products/Debug-appletvos/include -Xcc -I/Users/admin/builder/spi-builder-workspace/.derivedData/Build/Intermediates.noindex/BeautifulMermaidSwift.build/Debug-appletvos/MermaidPlayground-p.build/DerivedSources-normal/arm64 -Xcc -I/Users/admin/builder/spi-builder-workspace/.derivedData/Build/Intermediates.noindex/BeautifulMermaidSwift.build/Debug-appletvos/MermaidPlayground-p.build/DerivedSources/arm64 -Xcc -I/Users/admin/builder/spi-builder-workspace/.derivedData/Build/Intermediates.noindex/BeautifulMermaidSwift.build/Debug-appletvos/MermaidPlayground-p.build/DerivedSources -Xcc -DSWIFT_PACKAGE -Xcc -DDEBUG\=1 -no-auto-bridging-header-chaining -module-name MermaidPlayground -package-name spi_builder_workspace -const-gather-protocols-file /Users/admin/builder/spi-builder-workspace/.derivedData/Build/Intermediates.noindex/BeautifulMermaidSwift.build/Debug-appletvos/MermaidPlayground-p.build/Objects-normal/arm64/MermaidPlayground_const_extract_protocols.json -disable-clang-spi -clang-target arm64-apple-tvos27.0 -target-sdk-version 27.0 -target-sdk-name appletvos27.0 -in-process-plugin-server-path /Applications/Xcode-27.0.0-Release.Candidate.app/Contents/Developer/Toolchains/XcodeDefault.xctoolchain/usr/lib/swift/host/libSwiftInProcPluginServer.dylib -parse-as-library -o /Users/admin/builder/spi-builder-workspace/.derivedData/Build/Intermediates.noindex/BeautifulMermaidSwift.build/Debug-appletvos/MermaidPlayground-p.build/Objects-normal/arm64/MermaidPlaygroundApp.o -debug-module-path /Users/admin/builder/spi-builder-workspace/.derivedData/Build/Intermediates.noindex/BeautifulMermaidSwift.build/Debug-appletvos/MermaidPlayground-p.build/Objects-normal/arm64/MermaidPlayground.swiftmodule -index-unit-output-path /BeautifulMermaidSwift.build/Debug-appletvos/MermaidPlayground-p.build/Objects-normal/arm64/MermaidPlaygroundApp.o -index-store-path /Users/admin/builder/spi-builder-workspace/.derivedData/Index.noindex/DataStore -index-system-modules
SwiftCompile normal arm64 Compiling\ resource_bundle_accessor.swift /Users/admin/builder/spi-builder-workspace/.derivedData/Build/Intermediates.noindex/BeautifulMermaidSwift.build/Debug-appletvos/MermaidPlayground-p.build/DerivedSources/resource_bundle_accessor.swift (in target 'MermaidPlayground-product' from project 'BeautifulMermaidSwift')
SwiftCompile normal arm64 /Users/admin/builder/spi-builder-workspace/.derivedData/Build/Intermediates.noindex/BeautifulMermaidSwift.build/Debug-appletvos/MermaidPlayground-p.build/DerivedSources/resource_bundle_accessor.swift (in target 'MermaidPlayground-product' from project 'BeautifulMermaidSwift')
    cd /Users/admin/builder/spi-builder-workspace/.swiftpm/xcode
    builtin-SwiftPerFileCompile resource_bundle_accessor.swift
SwiftCompile normal arm64 Compiling\ PreviewView.swift /Users/admin/builder/spi-builder-workspace/Examples/MermaidPlayground/Views/PreviewView.swift (in target 'MermaidPlayground-product' from project 'BeautifulMermaidSwift')
SwiftCompile normal arm64 /Users/admin/builder/spi-builder-workspace/Examples/MermaidPlayground/Views/PreviewView.swift (in target 'MermaidPlayground-product' from project 'BeautifulMermaidSwift')
    cd /Users/admin/builder/spi-builder-workspace/.swiftpm/xcode
    builtin-SwiftPerFileCompile PreviewView.swift
/Users/admin/builder/spi-builder-workspace/Examples/MermaidPlayground/Models/PlaygroundConfiguration.swift:12:2: error: 'Observable()' is only available in tvOS 17.0 or newer
10 |
11 | /// Singleton configuration for the playground
12 | @Observable
   |  `- error: 'Observable()' is only available in tvOS 17.0 or newer
13 | @available(iOS 17.0, macOS 14.0, macCatalyst 17.0, *)
14 | public class PlaygroundConfiguration {
/Users/admin/builder/spi-builder-workspace/Examples/MermaidPlayground/Views/PreviewView.swift:13:6: error: 'init(wrappedValue:)' is only available in tvOS 17.0 or newer
 10 |
 11 | @available(iOS 17.0, macOS 14.0, macCatalyst 17.0, *)
 12 | struct PreviewView: View {
    |        `- note: add '@available' attribute to enclosing struct
 13 |     @Bindable var config: PlaygroundConfiguration
    |      `- error: 'init(wrappedValue:)' is only available in tvOS 17.0 or newer
 14 |
 15 |     @SwiftUI.State private var parseError: Error?
SwiftCompile normal arm64 Compiling\ ContentView.swift /Users/admin/builder/spi-builder-workspace/Examples/MermaidPlayground/Views/ContentView.swift (in target 'MermaidPlayground-product' from project 'BeautifulMermaidSwift')
/Users/admin/builder/spi-builder-workspace/Examples/MermaidPlayground/Models/PlaygroundConfiguration.swift:12:2: error: 'Observable()' is only available in tvOS 17.0 or newer
10 |
11 | /// Singleton configuration for the playground
12 | @Observable
   |  `- error: 'Observable()' is only available in tvOS 17.0 or newer
13 | @available(iOS 17.0, macOS 14.0, macCatalyst 17.0, *)
14 | public class PlaygroundConfiguration {
macro expansion @State:8:27: error: 'NavigationSplitViewVisibility' is only available in tvOS 16.0 or newer
`- /Users/admin/builder/spi-builder-workspace/Examples/MermaidPlayground/Views/ContentView.swift:14:86: note: expanded code originates here
 10 |
 11 | @available(iOS 17.0, macOS 14.0, macCatalyst 17.0, *)
 12 | struct ContentView: View {
    |        `- note: add '@available' attribute to enclosing struct
 13 |     @SwiftUI.State private var config = PlaygroundConfiguration.shared
 14 |     @SwiftUI.State private var columnVisibility: NavigationSplitViewVisibility = .all
    |     `- note: in expansion of macro 'State' on property 'columnVisibility' here
    +--- macro expansion @State ----------------------------------------
    | 6 | @SwiftUICore._StatePropertyWrapperStorage(initialValue: "JHMxN01lcm1haWRQbGF5Z3JvdW5kMTFDb250ZW50Vmlld1YxNmNvbHVtblZpc2liaWxpdHkzM18zQjIxQkVFNjBBOTFFREFEMzNCRjcwMEY4MDAxMjg0RUxMNVN0YXRlZk1wXzIwX2luaXRpYWxTdG9yZWRWYWx1ZV9mTXVf")
    | 7 | private var _columnVisibility: SwiftUICore.State<_>! = SwiftUICore._stateNil(of: {
    | 8 |         SwiftUICore.State<NavigationSplitViewVisibility>(initialValue: .all)
    |   |                           `- error: 'NavigationSplitViewVisibility' is only available in tvOS 16.0 or newer
    | 9 |     })
    |10 |
    +-------------------------------------------------------------------
 15 |     @SwiftUI.State private var showingControls = false
 16 |
/Users/admin/builder/spi-builder-workspace/Examples/MermaidPlayground/Views/ContentView.swift:14:50: error: 'NavigationSplitViewVisibility' is only available in tvOS 16.0 or newer
 10 |
 11 | @available(iOS 17.0, macOS 14.0, macCatalyst 17.0, *)
 12 | struct ContentView: View {
    |        `- note: add '@available' attribute to enclosing struct
 13 |     @SwiftUI.State private var config = PlaygroundConfiguration.shared
 14 |     @SwiftUI.State private var columnVisibility: NavigationSplitViewVisibility = .all
    |                                |                 `- error: 'NavigationSplitViewVisibility' is only available in tvOS 16.0 or newer
    |                                `- note: add '@available' attribute to enclosing property
 15 |     @SwiftUI.State private var showingControls = false
 16 |
macro expansion @State:2:24: error: 'NavigationSplitViewVisibility' is only available in tvOS 16.0 or newer
`- /Users/admin/builder/spi-builder-workspace/Examples/MermaidPlayground/Views/ContentView.swift:14:86: note: expanded code originates here
 10 |
 11 | @available(iOS 17.0, macOS 14.0, macCatalyst 17.0, *)
 12 | struct ContentView: View {
    |        `- note: add '@available' attribute to enclosing struct
 13 |     @SwiftUI.State private var config = PlaygroundConfiguration.shared
 14 |     @SwiftUI.State private var columnVisibility: NavigationSplitViewVisibility = .all
    |     `- note: in expansion of macro 'State' on property 'columnVisibility' here
    +--- macro expansion @State ----------------------------------------
    | 1 | private var __columnVisibility = SwiftUICore.State._makeStorage(({
    | 2 |             let value: NavigationSplitViewVisibility = .all
    |   |                        `- error: 'NavigationSplitViewVisibility' is only available in tvOS 16.0 or newer
    | 3 |             return value
    | 4 |         }))
    +-------------------------------------------------------------------
 15 |     @SwiftUI.State private var showingControls = false
 16 |
macro expansion @State:12:51: error: 'NavigationSplitViewVisibility' is only available in tvOS 16.0 or newer
`- /Users/admin/builder/spi-builder-workspace/Examples/MermaidPlayground/Views/ContentView.swift:14:86: note: expanded code originates here
 10 |
 11 | @available(iOS 17.0, macOS 14.0, macCatalyst 17.0, *)
 12 | struct ContentView: View {
    |        `- note: add '@available' attribute to enclosing struct
 13 |     @SwiftUI.State private var config = PlaygroundConfiguration.shared
 14 |     @SwiftUI.State private var columnVisibility: NavigationSplitViewVisibility = .all
    |     `- note: in expansion of macro 'State' on property 'columnVisibility' here
    +--- macro expansion @State ----------------------------------------
    |10 |
    |11 | @SwiftUICore._StateProjectedValue
    |12 | private var $columnVisibility = SwiftUICore.State<NavigationSplitViewVisibility>(initialValue: .all).projectedValue
    |   |                                                   `- error: 'NavigationSplitViewVisibility' is only available in tvOS 16.0 or newer
    |13 |
    |14 | @SwiftUICore._StateInitialStoredValue("U3dpZnRVSUNvcmUuU3RhdGUuX21ha2VTdG9yYWdlKCh7IGxldCB2YWx1ZTogTmF2aWdhdGlvblNwbGl0Vmlld1Zpc2liaWxpdHkgPSAuYWxsCnJldHVybiB2YWx1ZSB9KSk=")
    +-------------------------------------------------------------------
 15 |     @SwiftUI.State private var showingControls = false
 16 |
SwiftCompile normal arm64 /Users/admin/builder/spi-builder-workspace/Examples/MermaidPlayground/Views/ContentView.swift (in target 'MermaidPlayground-product' from project 'BeautifulMermaidSwift')
    cd /Users/admin/builder/spi-builder-workspace/.swiftpm/xcode
    builtin-SwiftPerFileCompile ContentView.swift
SwiftCompile normal arm64 Compiling\ SourceEditor.swift /Users/admin/builder/spi-builder-workspace/Examples/MermaidPlayground/Views/SourceEditor.swift (in target 'MermaidPlayground-product' from project 'BeautifulMermaidSwift')
SwiftCompile normal arm64 /Users/admin/builder/spi-builder-workspace/Examples/MermaidPlayground/Views/SourceEditor.swift (in target 'MermaidPlayground-product' from project 'BeautifulMermaidSwift')
    cd /Users/admin/builder/spi-builder-workspace/.swiftpm/xcode
    builtin-SwiftPerFileCompile SourceEditor.swift
/Users/admin/builder/spi-builder-workspace/Examples/MermaidPlayground/Models/PlaygroundConfiguration.swift:12:2: error: 'Observable()' is only available in tvOS 17.0 or newer
10 |
11 | /// Singleton configuration for the playground
12 | @Observable
   |  `- error: 'Observable()' is only available in tvOS 17.0 or newer
13 | @available(iOS 17.0, macOS 14.0, macCatalyst 17.0, *)
14 | public class PlaygroundConfiguration {
/Users/admin/builder/spi-builder-workspace/Examples/MermaidPlayground/Views/SourceEditor.swift:13:6: error: 'init(wrappedValue:)' is only available in tvOS 17.0 or newer
10 |
11 | @available(iOS 17.0, macOS 14.0, macCatalyst 17.0, *)
12 | struct SourceEditor: View {
   |        `- note: add '@available' attribute to enclosing struct
13 |     @Bindable var config: PlaygroundConfiguration
   |      `- error: 'init(wrappedValue:)' is only available in tvOS 17.0 or newer
14 |
15 |     @SwiftUI.State private var localSource: String = ""
SwiftCompile normal arm64 Compiling\ SampleDiagrams.swift /Users/admin/builder/spi-builder-workspace/Examples/MermaidPlayground/Models/SampleDiagrams.swift (in target 'MermaidPlayground-product' from project 'BeautifulMermaidSwift')
SwiftCompile normal arm64 /Users/admin/builder/spi-builder-workspace/Examples/MermaidPlayground/Models/SampleDiagrams.swift (in target 'MermaidPlayground-product' from project 'BeautifulMermaidSwift')
    cd /Users/admin/builder/spi-builder-workspace/.swiftpm/xcode
    builtin-SwiftPerFileCompile SampleDiagrams.swift
SwiftEmitModule normal arm64 Emitting\ module\ for\ MermaidPlayground (in target 'MermaidPlayground-product' from project 'BeautifulMermaidSwift')
/Users/admin/builder/spi-builder-workspace/Examples/MermaidPlayground/Models/PlaygroundConfiguration.swift:12:2: error: 'Observable()' is only available in tvOS 17.0 or newer
10 |
11 | /// Singleton configuration for the playground
12 | @Observable
   |  `- error: 'Observable()' is only available in tvOS 17.0 or newer
13 | @available(iOS 17.0, macOS 14.0, macCatalyst 17.0, *)
14 | public class PlaygroundConfiguration {
macro expansion @Observable:1:2: error: 'ObservationTracked()' is only available in tvOS 17.0 or newer
`- /Users/admin/builder/spi-builder-workspace/Examples/MermaidPlayground/Models/PlaygroundConfiguration.swift:26:5: note: expanded code originates here
10 |
11 | /// Singleton configuration for the playground
12 | @Observable
   | `- note: in expansion of macro 'Observable' on property 'source' here
13 | @available(iOS 17.0, macOS 14.0, macCatalyst 17.0, *)
14 | public class PlaygroundConfiguration {
   |              `- note: add '@available' attribute to enclosing class
15 |     public static let shared = PlaygroundConfiguration()
16 |
   :
24 |     // MARK: - Diagram Source
25 |
26 |     public var source: String = PlaygroundConfiguration.defaultDiagram
   +--- macro expansion @Observable ------------------------------------
   |1 | @ObservationTracked
   |  |  `- error: 'ObservationTracked()' is only available in tvOS 17.0 or newer
   +--------------------------------------------------------------------
27 |
28 |     // MARK: - Theme
macro expansion @Observable:1:2: error: 'ObservationTracked()' is only available in tvOS 17.0 or newer
`- /Users/admin/builder/spi-builder-workspace/Examples/MermaidPlayground/Models/PlaygroundConfiguration.swift:30:5: note: expanded code originates here
10 |
11 | /// Singleton configuration for the playground
12 | @Observable
   | `- note: in expansion of macro 'Observable' on property 'theme' here
13 | @available(iOS 17.0, macOS 14.0, macCatalyst 17.0, *)
14 | public class PlaygroundConfiguration {
   |              `- note: add '@available' attribute to enclosing class
15 |     public static let shared = PlaygroundConfiguration()
16 |
   :
28 |     // MARK: - Theme
29 |
30 |     public var theme: DiagramTheme = .default
   +--- macro expansion @Observable ------------------------------------
   |1 | @ObservationTracked
   |  |  `- error: 'ObservationTracked()' is only available in tvOS 17.0 or newer
   +--------------------------------------------------------------------
31 |
32 |     private init() {}
macro expansion @Observable:1:2: error: 'ObservationIgnored()' is only available in tvOS 17.0 or newer
`- /Users/admin/builder/spi-builder-workspace/Examples/MermaidPlayground/Models/PlaygroundConfiguration.swift:33:1: note: expanded code originates here
10 |
11 | /// Singleton configuration for the playground
12 | @Observable
   | `- note: in expansion of macro 'Observable' on class 'PlaygroundConfiguration' here
13 | @available(iOS 17.0, macOS 14.0, macCatalyst 17.0, *)
14 | public class PlaygroundConfiguration {
   |              `- note: add '@available' attribute to enclosing class
15 |     public static let shared = PlaygroundConfiguration()
16 |
   :
31 |
32 |     private init() {}
33 | }
   +--- macro expansion @Observable ------------------------------------
   | 1 | @ObservationIgnored private let _$observationRegistrar = Observation.ObservationRegistrar()
   |   |  `- error: 'ObservationIgnored()' is only available in tvOS 17.0 or newer
   | 2 |
   | 3 | internal nonisolated func access<$s17MermaidPlayground0B13Configuration10ObservablefMm_6MemberfMu_>(
   +--------------------------------------------------------------------
34 |
macro expansion @ObservationTracked:4:6: error: 'ObservationIgnored()' is only available in tvOS 17.0 or newer
`- /Users/admin/builder/spi-builder-workspace/Examples/MermaidPlayground/Models/PlaygroundConfiguration.swift:26:71: note: expanded code originates here
12 | @Observable
13 | @available(iOS 17.0, macOS 14.0, macCatalyst 17.0, *)
14 | public class PlaygroundConfiguration {
   |              `- note: add '@available' attribute to enclosing class
15 |     public static let shared = PlaygroundConfiguration()
16 |
   :
24 |     // MARK: - Diagram Source
25 |
26 |     public var source: String = PlaygroundConfiguration.defaultDiagram
   +--- macro expansion @ObservationTracked ----------------------------
   |2 |
   |3 |
   |4 |     @ObservationIgnored
   |  |      `- error: 'ObservationIgnored()' is only available in tvOS 17.0 or newer
   |5 | private  var _source: String = PlaygroundConfiguration.defaultDiagram
   +--------------------------------------------------------------------
27 |
28 |     // MARK: - Theme
macro expansion @ObservationTracked:4:6: error: 'ObservationIgnored()' is only available in tvOS 17.0 or newer
`- /Users/admin/builder/spi-builder-workspace/Examples/MermaidPlayground/Models/PlaygroundConfiguration.swift:30:46: note: expanded code originates here
12 | @Observable
13 | @available(iOS 17.0, macOS 14.0, macCatalyst 17.0, *)
14 | public class PlaygroundConfiguration {
   |              `- note: add '@available' attribute to enclosing class
15 |     public static let shared = PlaygroundConfiguration()
16 |
   :
28 |     // MARK: - Theme
29 |
30 |     public var theme: DiagramTheme = .default
   +--- macro expansion @ObservationTracked ----------------------------
   |2 |
   |3 |
   |4 |     @ObservationIgnored
   |  |      `- error: 'ObservationIgnored()' is only available in tvOS 17.0 or newer
   |5 | private  var _theme: DiagramTheme = .default
   +--------------------------------------------------------------------
31 |
32 |     private init() {}
macro expansion @Observable:1:70: error: 'ObservationRegistrar' is only available in tvOS 17.0 or newer
`- /Users/admin/builder/spi-builder-workspace/Examples/MermaidPlayground/Models/PlaygroundConfiguration.swift:33:1: note: expanded code originates here
10 |
11 | /// Singleton configuration for the playground
12 | @Observable
   | `- note: in expansion of macro 'Observable' on class 'PlaygroundConfiguration' here
13 | @available(iOS 17.0, macOS 14.0, macCatalyst 17.0, *)
14 | public class PlaygroundConfiguration {
   |              `- note: add '@available' attribute to enclosing class
15 |     public static let shared = PlaygroundConfiguration()
16 |
   :
31 |
32 |     private init() {}
33 | }
   +--- macro expansion @Observable ------------------------------------
   | 1 | @ObservationIgnored private let _$observationRegistrar = Observation.ObservationRegistrar()
   |   |                                                                      `- error: 'ObservationRegistrar' is only available in tvOS 17.0 or newer
   | 2 |
   | 3 | internal nonisolated func access<$s17MermaidPlayground0B13Configuration10ObservablefMm_6MemberfMu_>(
   +--------------------------------------------------------------------
34 |
SwiftCompile normal arm64 (in target 'MermaidPlayground-product' from project 'BeautifulMermaidSwift')
    cd /Users/admin/builder/spi-builder-workspace/.swiftpm/xcode

SwiftCompile normal arm64 Compiling\ ThemePicker.swift /Users/admin/builder/spi-builder-workspace/Examples/MermaidPlayground/Views/ThemePicker.swift (in target 'MermaidPlayground-product' from project 'BeautifulMermaidSwift')
/Users/admin/builder/spi-builder-workspace/Examples/MermaidPlayground/Models/PlaygroundConfiguration.swift:12:2: error: 'Observable()' is only available in tvOS 17.0 or newer
10 |
11 | /// Singleton configuration for the playground
12 | @Observable
   |  `- error: 'Observable()' is only available in tvOS 17.0 or newer
13 | @available(iOS 17.0, macOS 14.0, macCatalyst 17.0, *)
14 | public class PlaygroundConfiguration {
/Users/admin/builder/spi-builder-workspace/Examples/MermaidPlayground/Views/ThemePicker.swift:13:6: error: 'init(wrappedValue:)' is only available in tvOS 17.0 or newer
 10 |
 11 | @available(iOS 17.0, macOS 14.0, macCatalyst 17.0, *)
 12 | struct ThemePicker: View {
    |        `- note: add '@available' attribute to enclosing struct
 13 |     @Bindable var config: PlaygroundConfiguration
    |      `- error: 'init(wrappedValue:)' is only available in tvOS 17.0 or newer
 14 |
 15 |     /// Quick-access theme names (shown as separate buttons)
/Users/admin/builder/spi-builder-workspace/Examples/MermaidPlayground/Views/ThemePicker.swift:13:6: error: 'Bindable' is only available in tvOS 17.0 or newer
 10 |
 11 | @available(iOS 17.0, macOS 14.0, macCatalyst 17.0, *)
 12 | struct ThemePicker: View {
    |        `- note: add '@available' attribute to enclosing struct
 13 |     @Bindable var config: PlaygroundConfiguration
    |      `- error: 'Bindable' is only available in tvOS 17.0 or newer
 14 |
 15 |     /// Quick-access theme names (shown as separate buttons)
SwiftCompile normal arm64 /Users/admin/builder/spi-builder-workspace/Examples/MermaidPlayground/Views/ThemePicker.swift (in target 'MermaidPlayground-product' from project 'BeautifulMermaidSwift')
    cd /Users/admin/builder/spi-builder-workspace/.swiftpm/xcode
    builtin-SwiftPerFileCompile ThemePicker.swift
SwiftCompile normal arm64 Compiling\ GeneratedAssetSymbols.swift /Users/admin/builder/spi-builder-workspace/.derivedData/Build/Intermediates.noindex/BeautifulMermaidSwift.build/Debug-appletvos/MermaidPlayground-p.build/DerivedSources/GeneratedAssetSymbols.swift (in target 'MermaidPlayground-product' from project 'BeautifulMermaidSwift')
SwiftCompile normal arm64 /Users/admin/builder/spi-builder-workspace/.derivedData/Build/Intermediates.noindex/BeautifulMermaidSwift.build/Debug-appletvos/MermaidPlayground-p.build/DerivedSources/GeneratedAssetSymbols.swift (in target 'MermaidPlayground-product' from project 'BeautifulMermaidSwift')
    cd /Users/admin/builder/spi-builder-workspace/.swiftpm/xcode
    builtin-SwiftPerFileCompile GeneratedAssetSymbols.swift
SwiftCompile normal arm64 Compiling\ SidebarView.swift /Users/admin/builder/spi-builder-workspace/Examples/MermaidPlayground/Views/SidebarView.swift (in target 'MermaidPlayground-product' from project 'BeautifulMermaidSwift')
SwiftCompile normal arm64 /Users/admin/builder/spi-builder-workspace/Examples/MermaidPlayground/Views/SidebarView.swift (in target 'MermaidPlayground-product' from project 'BeautifulMermaidSwift')
    cd /Users/admin/builder/spi-builder-workspace/.swiftpm/xcode
    builtin-SwiftPerFileCompile SidebarView.swift
SwiftEmitModule normal arm64 Emitting\ module\ for\ BeautifulMermaid (in target 'BeautifulMermaid' from project 'BeautifulMermaidSwift')
SwiftCompile normal arm64 (in target 'BeautifulMermaid' from project 'BeautifulMermaidSwift')
    cd /Users/admin/builder/spi-builder-workspace/.swiftpm/xcode

SwiftDriverJobDiscovery normal arm64 Compiling resource_bundle_accessor.swift (in target 'MermaidPlayground-product' from project 'BeautifulMermaidSwift')
SwiftCompile normal arm64 Compiling\ PlaygroundConfiguration.swift /Users/admin/builder/spi-builder-workspace/Examples/MermaidPlayground/Models/PlaygroundConfiguration.swift (in target 'MermaidPlayground-product' from project 'BeautifulMermaidSwift')
SwiftCompile normal arm64 /Users/admin/builder/spi-builder-workspace/Examples/MermaidPlayground/Models/PlaygroundConfiguration.swift (in target 'MermaidPlayground-product' from project 'BeautifulMermaidSwift')
    cd /Users/admin/builder/spi-builder-workspace/.swiftpm/xcode
    builtin-SwiftPerFileCompile PlaygroundConfiguration.swift
PruneExplicitPrecompiledModules /Users/admin/builder/spi-builder-workspace/.derivedData/Build/Intermediates.noindex/ExplicitPrecompiledModules
PruneExplicitPrecompiledModules /Users/admin/builder/spi-builder-workspace/.derivedData/Build/Intermediates.noindex/SwiftExplicitPrecompiledModules
PruneExplicitPrecompiledModules /Users/admin/builder/spi-builder-workspace/.derivedData/SDKExplicitPrecompiledModules
2026-09-24 22:09:34.419 xcodebuild[852:5582] [MT] IDERunDestination: Supported platforms for the buildables in the current scheme is empty.
** BUILD FAILED **
The following build commands failed:
	SwiftCompile normal arm64 /Users/admin/builder/spi-builder-workspace/Examples/MermaidPlayground/MermaidPlaygroundApp.swift (in target 'MermaidPlayground-product' from project 'BeautifulMermaidSwift')
	SwiftCompile normal arm64 Compiling\ MermaidPlaygroundApp.swift /Users/admin/builder/spi-builder-workspace/Examples/MermaidPlayground/MermaidPlaygroundApp.swift (in target 'MermaidPlayground-product' from project 'BeautifulMermaidSwift')
	Building workspace BeautifulMermaidSwift with scheme BeautifulMermaidSwift-Package
(3 failures)
BUILD FAILURE 6.4 tvOS